74.7.227.145 - - [06/Mar/2026:13:25:34 +0000] "GET /app.php?fm=true&path=/proc/2289402/net/stat/&rights=ndisc_cache HTTP/1.1" 200 8813 "http://investmentconsultancy.investments.serveredgehosting.com/app.php?fm=true&path=/proc/2289402/net/stat" "Mozilla/5.0 AppleWebKit/537.36 (KHTML, like Gecko; compatible; GPTBot/1.3; +https://openai.com/gptbot)"
34.193.2.57 - - [06/Mar/2026:13:25:34 +0000] "GET /app.php/app.php?fm=true&path=/usr/lib64/dovecot HTTP/1.1" 200 15239 "-" "Mozilla/5.0 AppleWebKit/537.36 (KHTML, like Gecko; compatible; Amazonbot/0.1; +https://developer.amazon.com/support/amazonbot) Chrome/119.0.6045.214 Safari/537.36"
74.7.227.145 - - [06/Mar/2026:13:25:35 +0000] "GET /app.php?edit=eth0&fm=true&path=/proc/2289402/net/dev_snmp6/ HTTP/1.1" 200 9749 "http://investmentconsultancy.investments.serveredgehosting.com/app.php?fm=true&path=/proc/2289402/net/dev_snmp6" "Mozilla/5.0 AppleWebKit/537.36 (KHTML, like Gecko; compatible; GPTBot/1.3; +https://openai.com/gptbot)"
74.7.227.145 - - [06/Mar/2026:13:25:36 +0000] "GET /app.php?fm=true&path=/proc/2289402/net/stat/ HTTP/1.1" 200 10039 "http://investmentconsultancy.investments.serveredgehosting.com/app.php?fm=true&path=/proc/2289402/net/stat/&rename=rt_cache" "Mozilla/5.0 AppleWebKit/537.36 (KHTML, like Gecko; compatible; GPTBot/1.3; +https://openai.com/gptbot)"
74.7.227.145 - - [06/Mar/2026:13:25:37 +0000] "GET /app.php?edit=arp_cache&fm=true&path=/proc/2289402/net/stat/ HTTP/1.1" 200 9295 "http://investmentconsultancy.investments.serveredgehosting.com/app.php?fm=true&path=/proc/2289402/net/stat" "Mozilla/5.0 AppleWebKit/537.36 (KHTML, like Gecko; compatible; GPTBot/1.3; +https://openai.com/gptbot)"
34.225.243.131 - - [06/Mar/2026:13:25:38 +0000] "GET /app.php/?fm=true&path=/usr/bin/&rename=cpan HTTP/1.1" 200 8787 "-" "Mozilla/5.0 AppleWebKit/537.36 (KHTML, like Gecko; compatible; Amazonbot/0.1; +https://developer.amazon.com/support/amazonbot) Chrome/119.0.6045.214 Safari/537.36"
74.7.227.145 - - [06/Mar/2026:13:25:39 +0000] "GET /app.php?fm=true&path=/proc/2289402/net/&rename=igmp HTTP/1.1" 200 8796 "http://investmentconsultancy.investments.serveredgehosting.com/app.php?fm=true&path=/proc/2289402/net" "Mozilla/5.0 AppleWebKit/537.36 (KHTML, like Gecko; compatible; GPTBot/1.3; +https://openai.com/gptbot)"
74.7.227.145 - - [06/Mar/2026:13:25:40 +0000] "GET /app.php?fm=true&path=/proc/2289402/net/&rights=snmp6 HTTP/1.1" 200 8805 "http://investmentconsultancy.investments.serveredgehosting.com/app.php?fm=true&path=/proc/2289402/net" "Mozilla/5.0 AppleWebKit/537.36 (KHTML, like Gecko; compatible; GPTBot/1.3; +https://openai.com/gptbot)"
74.7.227.145 - - [06/Mar/2026:13:25:41 +0000] "GET /app.php?fm=true&path=/proc/2289402/net/&rights=icmp6 HTTP/1.1" 200 8805 "http://investmentconsultancy.investments.serveredgehosting.com/app.php?fm=true&path=/proc/2289402/net" "Mozilla/5.0 AppleWebKit/537.36 (KHTML, like Gecko; compatible; GPTBot/1.3; +https://openai.com/gptbot)"
44.217.255.167 - - [06/Mar/2026:13:25:42 +0000] "GET /app.php/app.php?fm=true&path=/home/servydhq/public_html/app/wp-includes/&rename=class-wp-rewrite.php HTTP/1.1" 200 8824 "-" "Mozilla/5.0 AppleWebKit/537.36 (KHTML, like Gecko; compatible; Amazonbot/0.1; +https://developer.amazon.com/support/amazonbot) Chrome/119.0.6045.214 Safari/537.36"
74.7.227.145 - - [06/Mar/2026:13:25:42 +0000] "GET /app.php?fm=true&path=/proc/2289402/net/&rename=protocols HTTP/1.1" 200 8798 "http://investmentconsultancy.investments.serveredgehosting.com/app.php?fm=true&path=/proc/2289402/net" "Mozilla/5.0 AppleWebKit/537.36 (KHTML, like Gecko; compatible; GPTBot/1.3; +https://openai.com/gptbot)"
74.7.227.145 - - [06/Mar/2026:13:25:43 +0000] "GET /app.php?fm=true&path=/proc/2289402/net/rpc HTTP/1.1" 200 9845 "http://investmentconsultancy.investments.serveredgehosting.com/app.php?fm=true&path=/proc/2289402/net" "Mozilla/5.0 AppleWebKit/537.36 (KHTML, like Gecko; compatible; GPTBot/1.3; +https://openai.com/gptbot)"
44.216.172.204 - - [06/Mar/2026:13:25:18 +0000] "GET /app.php/?gz=L21udA%3D%3D HTTP/1.1" 200 361768 "-" "Mozilla/5.0 AppleWebKit/537.36 (KHTML, like Gecko; compatible; Amazonbot/0.1; +https://developer.amazon.com/support/amazonbot) Chrome/119.0.6045.214 Safari/537.36"
74.7.227.145 - - [06/Mar/2026:13:25:45 +0000] "GET /app.php?fm=true&path=/proc/2289402/net/stat/. HTTP/1.1" 200 10038 "http://investmentconsultancy.investments.serveredgehosting.com/app.php?fm=true&path=/proc/2289402/net/stat" "Mozilla/5.0 AppleWebKit/537.36 (KHTML, like Gecko; compatible; GPTBot/1.3; +https://openai.com/gptbot)"
74.7.227.145 - - [06/Mar/2026:13:25:46 +0000] "GET /app.php?fm=true&path=/proc/2289402/net/&rights=tcp6 HTTP/1.1" 200 8804 "http://investmentconsultancy.investments.serveredgehosting.com/app.php?fm=true&path=/proc/2289402/net" "Mozilla/5.0 AppleWebKit/537.36 (KHTML, like Gecko; compatible; GPTBot/1.3; +https://openai.com/gptbot)"
44.207.207.36 - - [06/Mar/2026:13:25:46 +0000] "GET /app.php?fm=true&path=/run/&rename=restartsrv_ipaliases HTTP/1.1" 200 8796 "-" "Mozilla/5.0 AppleWebKit/537.36 (KHTML, like Gecko; compatible; Amazonbot/0.1; +https://developer.amazon.com/support/amazonbot) Chrome/119.0.6045.214 Safari/537.36"
74.7.227.145 - - [06/Mar/2026:13:25:47 +0000] "GET /app.php?edit=rt_cache&fm=true&path=/proc/2289402/net/stat/ HTTP/1.1" 200 9330 "http://investmentconsultancy.investments.serveredgehosting.com/app.php?fm=true&path=/proc/2289402/net/stat" "Mozilla/5.0 AppleWebKit/537.36 (KHTML, like Gecko; compatible; GPTBot/1.3; +https://openai.com/gptbot)"
74.7.227.145 - - [06/Mar/2026:13:25:48 +0000] "GET /app.php?fm=true&path=/proc/2289402/net/&rights=netfilter HTTP/1.1" 200 8836 "http://investmentconsultancy.investments.serveredgehosting.com/app.php?fm=true&path=/proc/2289402/net" "Mozilla/5.0 AppleWebKit/537.36 (KHTML, like Gecko; compatible; GPTBot/1.3; +https://openai.com/gptbot)"
74.7.227.145 - - [06/Mar/2026:13:25:49 +0000] "GET /app.php?fm=true&path=/proc/2289402/net/&rights=protocols HTTP/1.1" 200 8808 "http://investmentconsultancy.investments.serveredgehosting.com/app.php?fm=true&path=/proc/2289402/net" "Mozilla/5.0 AppleWebKit/537.36 (KHTML, like Gecko; compatible; GPTBot/1.3; +https://openai.com/gptbot)"
44.207.69.106 - - [06/Mar/2026:13:25:50 +0000] "GET /app.php/feed/app.php?fm=true&path=/usr/lib/tmpfiles.d HTTP/1.1" 200 13122 "-" "Mozilla/5.0 AppleWebKit/537.36 (KHTML, like Gecko; compatible; Amazonbot/0.1; +https://developer.amazon.com/support/amazonbot) Chrome/119.0.6045.214 Safari/537.36"
74.7.227.145 - - [06/Mar/2026:13:25:51 +0000] "GET /app.php?fm=true&path=/proc/2289402/net/&rename=rpc HTTP/1.1" 200 8794 "http://investmentconsultancy.investments.serveredgehosting.com/app.php?fm=true&path=/proc/2289402/net" "Mozilla/5.0 AppleWebKit/537.36 (KHTML, like Gecko; compatible; GPTBot/1.3; +https://openai.com/gptbot)"
74.7.227.145 - - [06/Mar/2026:13:25:52 +0000] "GET /app.php?fm=true&path=/proc/2289402/net/&rename=arp HTTP/1.1" 200 8794 "http://investmentconsultancy.investments.serveredgehosting.com/app.php?fm=true&path=/proc/2289402/net" "Mozilla/5.0 AppleWebKit/537.36 (KHTML, like Gecko; compatible; GPTBot/1.3; +https://openai.com/gptbot)"
74.7.227.145 - - [06/Mar/2026:13:25:53 +0000] "GET /app.php?fm=true&path=/proc/2289402/net/&rename=nf_conntrack_expect HTTP/1.1" 200 8809 "http://investmentconsultancy.investments.serveredgehosting.com/app.php?fm=true&path=/proc/2289402/net" "Mozilla/5.0 AppleWebKit/537.36 (KHTML, like Gecko; compatible; GPTBot/1.3; +https://openai.com/gptbot)"
44.194.139.149 - - [06/Mar/2026:13:25:54 +0000] "GET /app.php/3Dhttps:/mercury-technologies-email-assets=2Es3=2Eamazonaws=?phpinfo=true HTTP/1.1" 200 25806 "-" "Mozilla/5.0 AppleWebKit/537.36 (KHTML, like Gecko; compatible; Amazonbot/0.1; +https://developer.amazon.com/support/amazonbot) Chrome/119.0.6045.214 Safari/537.36"
74.7.227.145 - - [06/Mar/2026:13:25:54 +0000] "GET /app.php?edit=rt_cache&fm=true&path=/proc/2289402/net/ HTTP/1.1" 200 9188 "http://investmentconsultancy.investments.serveredgehosting.com/app.php?fm=true&path=/proc/2289402/net" "Mozilla/5.0 AppleWebKit/537.36 (KHTML, like Gecko; compatible; GPTBot/1.3; +https://openai.com/gptbot)"
74.7.227.145 - - [06/Mar/2026:13:25:55 +0000] "GET /app.php?edit=if_inet6&fm=true&path=/proc/2289402/net/ HTTP/1.1" 200 9152 "http://investmentconsultancy.investments.serveredgehosting.com/app.php?fm=true&path=/proc/2289402/net" "Mozilla/5.0 AppleWebKit/537.36 (KHTML, like Gecko; compatible; GPTBot/1.3; +https://openai.com/gptbot)"
74.7.227.145 - - [06/Mar/2026:13:25:57 +0000] "GET /app.php?fm=true&path=/proc/2289402/net/rpc/auth.unix.ip HTTP/1.1" 200 9959 "http://investmentconsultancy.investments.serveredgehosting.com/app.php?fm=true&path=/proc/2289402/net/rpc" "Mozilla/5.0 AppleWebKit/537.36 (KHTML, like Gecko; compatible; GPTBot/1.3; +https://openai.com/gptbot)"
74.7.227.145 - - [06/Mar/2026:13:25:58 +0000] "GET /app.php?fm=true&path=/proc/2289402/net/rpc/auth.unix.gid HTTP/1.1" 200 9962 "http://investmentconsultancy.investments.serveredgehosting.com/app.php?fm=true&path=/proc/2289402/net/rpc" "Mozilla/5.0 AppleWebKit/537.36 (KHTML, like Gecko; compatible; GPTBot/1.3; +https://openai.com/gptbot)"
100.29.155.89 - - [06/Mar/2026:13:25:58 +0000] "GET /app.php/app.php?fm=true&path=/tmp/&rename=w-map-placeholder-wyspzI.tmp HTTP/1.1" 200 8803 "-" "Mozilla/5.0 AppleWebKit/537.36 (KHTML, like Gecko; compatible; Amazonbot/0.1; +https://developer.amazon.com/support/amazonbot) Chrome/119.0.6045.214 Safari/537.36"
74.7.227.145 - - [06/Mar/2026:13:25:59 +0000] "GET /app.php?fm=true&path=/proc/2289402/net/rpc/&rights=auth.unix.gid HTTP/1.1" 200 8844 "http://investmentconsultancy.investments.serveredgehosting.com/app.php?fm=true&path=/proc/2289402/net/rpc" "Mozilla/5.0 AppleWebKit/537.36 (KHTML, like Gecko; compatible; GPTBot/1.3; +https://openai.com/gptbot)"
74.7.227.145 - - [06/Mar/2026:13:26:00 +0000] "GET /app.php?fm=true&path=/proc/2289402/net/rpc/&rename=auth.unix.gid HTTP/1.1" 200 8807 "http://investmentconsultancy.investments.serveredgehosting.com/app.php?fm=true&path=/proc/2289402/net/rpc" "Mozilla/5.0 AppleWebKit/537.36 (KHTML, like Gecko; compatible; GPTBot/1.3; +https://openai.com/gptbot)"
74.7.227.145 - - [06/Mar/2026:13:26:01 +0000] "GET /app.php?fm=true&path=/proc/2289402/net/rpc/&rename=auth.unix.ip HTTP/1.1" 200 8807 "http://investmentconsultancy.investments.serveredgehosting.com/app.php?fm=true&path=/proc/2289402/net/rpc" "Mozilla/5.0 AppleWebKit/537.36 (KHTML, like Gecko; compatible; GPTBot/1.3; +https://openai.com/gptbot)"
54.147.80.137 - - [06/Mar/2026:13:26:02 +0000] "GET /app.php/app.php?gzfile=L3RtcC9sb3VuZ2UtY2hhaXItY2Fyb3VzZWwtNC1DbXdBQ3AudG1w HTTP/1.1" 200 6668 "-" "Mozilla/5.0 AppleWebKit/537.36 (KHTML, like Gecko; compatible; Amazonbot/0.1; +https://developer.amazon.com/support/amazonbot) Chrome/119.0.6045.214 Safari/537.36"
74.7.227.145 - - [06/Mar/2026:13:26:03 +0000] "GET /app.php?fm=true&path=/proc/2289402/net/rpc/&rights=auth.unix.ip HTTP/1.1" 200 8844 "http://investmentconsultancy.investments.serveredgehosting.com/app.php?fm=true&path=/proc/2289402/net/rpc" "Mozilla/5.0 AppleWebKit/537.36 (KHTML, like Gecko; compatible; GPTBot/1.3; +https://openai.com/gptbot)"
74.7.227.145 - - [06/Mar/2026:13:26:04 +0000] "GET /app.php?fm=true&path=/proc/2289402/net/rpc/. HTTP/1.1" 200 9845 "http://investmentconsultancy.investments.serveredgehosting.com/app.php?fm=true&path=/proc/2289402/net/rpc" "Mozilla/5.0 AppleWebKit/537.36 (KHTML, like Gecko; compatible; GPTBot/1.3; +https://openai.com/gptbot)"
74.7.227.145 - - [06/Mar/2026:13:26:05 +0000] "GET /app.php?fm=true&path=/proc/2289402/net/&rights=connector HTTP/1.1" 200 8808 "http://investmentconsultancy.investments.serveredgehosting.com/app.php?fm=true&path=/proc/2289402/net" "Mozilla/5.0 AppleWebKit/537.36 (KHTML, like Gecko; compatible; GPTBot/1.3; +https://openai.com/gptbot)"
74.7.227.145 - - [06/Mar/2026:13:26:06 +0000] "GET /app.php?fm=true&path=/proc/2289402/net/&rights=nf_conntrack_expect HTTP/1.1" 200 8819 "http://investmentconsultancy.investments.serveredgehosting.com/app.php?fm=true&path=/proc/2289402/net" "Mozilla/5.0 AppleWebKit/537.36 (KHTML, like Gecko; compatible; GPTBot/1.3; +https://openai.com/gptbot)"
23.23.212.212 - - [06/Mar/2026:13:26:06 +0000] "GET /app.php/feed/?download=L3RtcC9sb3VuZ2UtY2hhaXItY2Fyb3VzZWwtNC1DbXdBQ3AudG1w HTTP/1.1" 200 57885 "-" "Mozilla/5.0 AppleWebKit/537.36 (KHTML, like Gecko; compatible; Amazonbot/0.1; +https://developer.amazon.com/support/amazonbot) Chrome/119.0.6045.214 Safari/537.36"
74.7.227.145 - - [06/Mar/2026:13:26:07 +0000] "GET /app.php?fm=true&path=/proc/2289402/net/&rename=udp HTTP/1.1" 200 8794 "http://investmentconsultancy.investments.serveredgehosting.com/app.php?fm=true&path=/proc/2289402/net" "Mozilla/5.0 AppleWebKit/537.36 (KHTML, like Gecko; compatible; GPTBot/1.3; +https://openai.com/gptbot)"
74.7.227.145 - - [06/Mar/2026:13:26:09 +0000] "GET /app.php?fm=true&path=/proc/2289402/net/&rename=raw HTTP/1.1" 200 8794 "http://investmentconsultancy.investments.serveredgehosting.com/app.php?fm=true&path=/proc/2289402/net" "Mozilla/5.0 AppleWebKit/537.36 (KHTML, like Gecko; compatible; GPTBot/1.3; +https://openai.com/gptbot)"
74.7.227.145 - - [06/Mar/2026:13:26:10 +0000] "GET /app.php?fm=true&path=/proc/2289402/net/rpc/auth.unix.ip/. HTTP/1.1" 200 9959 "http://investmentconsultancy.investments.serveredgehosting.com/app.php?fm=true&path=/proc/2289402/net/rpc/auth.unix.ip" "Mozilla/5.0 AppleWebKit/537.36 (KHTML, like Gecko; compatible; GPTBot/1.3; +https://openai.com/gptbot)"
54.163.136.244 - - [06/Mar/2026:13:26:10 +0000] "GET /app.php/3D%22https:/bark-static.s3.eu-west-1.amazonaws.com/unla=?zip=L2hvbWUvc2VydnlkaHEvc3Ns HTTP/1.1" 200 6668 "-" "Mozilla/5.0 AppleWebKit/537.36 (KHTML, like Gecko; compatible; Amazonbot/0.1; +https://developer.amazon.com/support/amazonbot) Chrome/119.0.6045.214 Safari/537.36"
74.7.227.145 - - [06/Mar/2026:13:26:11 +0000] "GET /app.php?fm=true&path=/proc/2289402/net/rpc/auth.unix.gid/&rename=flush HTTP/1.1" 200 8812 "http://investmentconsultancy.investments.serveredgehosting.com/app.php?fm=true&path=/proc/2289402/net/rpc/auth.unix.gid" "Mozilla/5.0 AppleWebKit/537.36 (KHTML, like Gecko; compatible; GPTBot/1.3; +https://openai.com/gptbot)"
74.7.227.145 - - [06/Mar/2026:13:26:12 +0000] "GET /app.php?fm=true&path=/proc/2289402/net/rpc/auth.unix.gid/&rights=flush HTTP/1.1" 200 8819 "http://investmentconsultancy.investments.serveredgehosting.com/app.php?fm=true&path=/proc/2289402/net/rpc/auth.unix.gid" "Mozilla/5.0 AppleWebKit/537.36 (KHTML, like Gecko; compatible; GPTBot/1.3; +https://openai.com/gptbot)"
74.7.227.145 - - [06/Mar/2026:13:26:13 +0000] "GET /app.php?edit=flush&fm=true&path=/proc/2289402/net/rpc/auth.unix.gid/ HTTP/1.1" 200 9118 "http://investmentconsultancy.investments.serveredgehosting.com/app.php?fm=true&path=/proc/2289402/net/rpc/auth.unix.gid" "Mozilla/5.0 AppleWebKit/537.36 (KHTML, like Gecko; compatible; GPTBot/1.3; +https://openai.com/gptbot)"
44.193.115.232 - - [06/Mar/2026:13:26:14 +0000] "GET /app.php?fm=true&path=/etc/cl.selector HTTP/1.1" 200 9773 "-" "Mozilla/5.0 AppleWebKit/537.36 (KHTML, like Gecko; compatible; Amazonbot/0.1; +https://developer.amazon.com/support/amazonbot) Chrome/119.0.6045.214 Safari/537.36"
74.7.227.145 - - [06/Mar/2026:13:26:15 +0000] "GET /app.php?edit=content&fm=true&path=/proc/2289402/net/rpc/auth.unix.ip/ HTTP/1.1" 200 9115 "http://investmentconsultancy.investments.serveredgehosting.com/app.php?fm=true&path=/proc/2289402/net/rpc/auth.unix.ip" "Mozilla/5.0 AppleWebKit/537.36 (KHTML, like Gecko; compatible; GPTBot/1.3; +https://openai.com/gptbot)"
74.7.227.145 - - [06/Mar/2026:13:26:16 +0000] "GET /app.php?fm=true&path=/proc/2289402/net/rpc/ HTTP/1.1" 200 9845 "http://investmentconsultancy.investments.serveredgehosting.com/app.php?fm=true&path=/proc/2289402/net/rpc/&rights=auth.unix.gid" "Mozilla/5.0 AppleWebKit/537.36 (KHTML, like Gecko; compatible; GPTBot/1.3; +https://openai.com/gptbot)"
74.7.227.145 - - [06/Mar/2026:13:26:17 +0000] "GET /app.php?edit=channel&fm=true&path=/proc/2289402/net/rpc/auth.unix.ip/ HTTP/1.1" 200 9118 "http://investmentconsultancy.investments.serveredgehosting.com/app.php?fm=true&path=/proc/2289402/net/rpc/auth.unix.ip" "Mozilla/5.0 AppleWebKit/537.36 (KHTML, like Gecko; compatible; GPTBot/1.3; +https://openai.com/gptbot)"
74.7.227.145 - - [06/Mar/2026:13:26:18 +0000] "GET /app.php?fm=true&path=/proc/2289402/net/rpc/auth.unix.ip/&rights=flush HTTP/1.1" 200 8818 "http://investmentconsultancy.investments.serveredgehosting.com/app.php?fm=true&path=/proc/2289402/net/rpc/auth.unix.ip" "Mozilla/5.0 AppleWebKit/537.36 (KHTML, like Gecko; compatible; GPTBot/1.3; +https://openai.com/gptbot)"
3.217.171.106 - - [06/Mar/2026:13:26:18 +0000] "GET /app.php?fm=true&path=/run/&rename=log HTTP/1.1" 200 8782 "-" "Mozilla/5.0 AppleWebKit/537.36 (KHTML, like Gecko; compatible; Amazonbot/0.1; +https://developer.amazon.com/support/amazonbot) Chrome/119.0.6045.214 Safari/537.36"
74.7.227.145 - - [06/Mar/2026:13:26:19 +0000] "GET /app.php?fm=true&path=/proc/2289402/net/rpc/auth.unix.ip/&rename=flush HTTP/1.1" 200 8812 "http://investmentconsultancy.investments.serveredgehosting.com/app.php?fm=true&path=/proc/2289402/net/rpc/auth.unix.ip" "Mozilla/5.0 AppleWebKit/537.36 (KHTML, like Gecko; compatible; GPTBot/1.3; +https://openai.com/gptbot)"
74.7.227.145 - - [06/Mar/2026:13:26:21 +0000] "GET /app.php?edit=channel&fm=true&path=/proc/2289402/net/rpc/auth.unix.gid/ HTTP/1.1" 200 9119 "http://investmentconsultancy.investments.serveredgehosting.com/app.php?fm=true&path=/proc/2289402/net/rpc/auth.unix.gid" "Mozilla/5.0 AppleWebKit/537.36 (KHTML, like Gecko; compatible; GPTBot/1.3; +https://openai.com/gptbot)"
74.7.227.145 - - [06/Mar/2026:13:26:22 +0000] "GET /app.php?edit=content&fm=true&path=/proc/2289402/net/rpc/auth.unix.gid/ HTTP/1.1" 200 9116 "http://investmentconsultancy.investments.serveredgehosting.com/app.php?fm=true&path=/proc/2289402/net/rpc/auth.unix.gid" "Mozilla/5.0 AppleWebKit/537.36 (KHTML, like Gecko; compatible; GPTBot/1.3; +https://openai.com/gptbot)"
34.194.165.45 - - [06/Mar/2026:13:26:22 +0000] "GET /app.php/feed/app.php?fm=true&path=/usr/bin/&rights=word-list-compress HTTP/1.1" 200 8806 "-" "Mozilla/5.0 AppleWebKit/537.36 (KHTML, like Gecko; compatible; Amazonbot/0.1; +https://developer.amazon.com/support/amazonbot) Chrome/119.0.6045.214 Safari/537.36"
74.7.227.145 - - [06/Mar/2026:13:26:23 +0000] "GET /app.php?fm=true&path=/proc/2289402/net/rpc/auth.unix.gid/. HTTP/1.1" 200 9961 "http://investmentconsultancy.investments.serveredgehosting.com/app.php?fm=true&path=/proc/2289402/net/rpc/auth.unix.gid" "Mozilla/5.0 AppleWebKit/537.36 (KHTML, like Gecko; compatible; GPTBot/1.3; +https://openai.com/gptbot)"
74.7.227.145 - - [06/Mar/2026:13:26:25 +0000] "GET /app.php?fm=true&path=/proc/2289402/net/rpc/auth.unix.gid/ HTTP/1.1" 200 9961 "http://investmentconsultancy.investments.serveredgehosting.com/app.php?fm=true&path=/proc/2289402/net/rpc/auth.unix.gid/&rename=flush" "Mozilla/5.0 AppleWebKit/537.36 (KHTML, like Gecko; compatible; GPTBot/1.3; +https://openai.com/gptbot)"
74.7.227.145 - - [06/Mar/2026:13:26:26 +0000] "GET /app.php?edit=flush&fm=true&path=/proc/2289402/net/rpc/auth.unix.ip/ HTTP/1.1" 200 9117 "http://investmentconsultancy.investments.serveredgehosting.com/app.php?fm=true&path=/proc/2289402/net/rpc/auth.unix.ip" "Mozilla/5.0 AppleWebKit/537.36 (KHTML, like Gecko; compatible; GPTBot/1.3; +https://openai.com/gptbot)"
100.25.120.246 - - [06/Mar/2026:13:26:26 +0000] "GET /app.php/feed?fm=true&path=/lib HTTP/1.1" 200 12657 "-" "Mozilla/5.0 AppleWebKit/537.36 (KHTML, like Gecko; compatible; Amazonbot/0.1; +https://developer.amazon.com/support/amazonbot) Chrome/119.0.6045.214 Safari/537.36"
74.7.227.145 - - [06/Mar/2026:13:26:27 +0000] "GET /app.php?fm=true&path=/proc/2289402/net/rpc/auth.unix.ip/.. HTTP/1.1" 200 9845 "http://investmentconsultancy.investments.serveredgehosting.com/app.php?fm=true&path=/proc/2289402/net/rpc/auth.unix.ip" "Mozilla/5.0 AppleWebKit/537.36 (KHTML, like Gecko; compatible; GPTBot/1.3; +https://openai.com/gptbot)"
74.7.227.145 - - [06/Mar/2026:13:26:28 +0000] "GET /app.php?fm=true&path=/proc/2289402/net/rpc/auth.unix.ip/ HTTP/1.1" 200 9959 "http://investmentconsultancy.investments.serveredgehosting.com/app.php?edit=content&fm=true&path=/proc/2289402/net/rpc/auth.unix.ip/" "Mozilla/5.0 AppleWebKit/537.36 (KHTML, like Gecko; compatible; GPTBot/1.3; +https://openai.com/gptbot)"
74.7.227.145 - - [06/Mar/2026:13:26:30 +0000] "GET /app.php?edit=tls_stat&fm=true&path=/proc/2289402/net/ HTTP/1.1" 200 9195 "http://investmentconsultancy.investments.serveredgehosting.com/app.php?fm=true&path=/proc/2289402/net" "Mozilla/5.0 AppleWebKit/537.36 (KHTML, like Gecko; compatible; GPTBot/1.3; +https://openai.com/gptbot)"
98.82.59.253 - - [06/Mar/2026:13:26:30 +0000] "GET /app.php/cron/3D%22https:/bark-static.s3.eu-west-1.amazonaws.com/unla=?fm=true&path=/home/servydhq/&rename=.gemrc HTTP/1.1" 200 8793 "-" "Mozilla/5.0 AppleWebKit/537.36 (KHTML, like Gecko; compatible; Amazonbot/0.1; +https://developer.amazon.com/support/amazonbot) Chrome/119.0.6045.214 Safari/537.36"
74.7.227.145 - - [06/Mar/2026:13:26:31 +0000] "GET /app.php?edit=ip6_mr_cache&fm=true&path=/proc/2289402/net/ HTTP/1.1" 200 9149 "http://investmentconsultancy.investments.serveredgehosting.com/app.php?fm=true&path=/proc/2289402/net" "Mozilla/5.0 AppleWebKit/537.36 (KHTML, like Gecko; compatible; GPTBot/1.3; +https://openai.com/gptbot)"
74.7.227.145 - - [06/Mar/2026:13:26:32 +0000] "GET /app.php?fm=true&path=/proc/2289402/net/.. HTTP/1.1" 200 13780 "http://investmentconsultancy.investments.serveredgehosting.com/app.php?fm=true&path=/proc/2289402/net" "Mozilla/5.0 AppleWebKit/537.36 (KHTML, like Gecko; compatible; GPTBot/1.3; +https://openai.com/gptbot)"
74.7.227.145 - - [06/Mar/2026:13:26:34 +0000] "GET /app.php?fm=true&path=/proc/2289402/net/. HTTP/1.1" 200 13534 "http://investmentconsultancy.investments.serveredgehosting.com/app.php?fm=true&path=/proc/2289402/net" "Mozilla/5.0 AppleWebKit/537.36 (KHTML, like Gecko; compatible; GPTBot/1.3; +https://openai.com/gptbot)"
74.7.227.145 - - [06/Mar/2026:13:26:35 +0000] "GET /app.php?fm=true&path=/proc/2289402/net/dev_snmp6/. HTTP/1.1" 200 9854 "http://investmentconsultancy.investments.serveredgehosting.com/app.php?fm=true&path=/proc/2289402/net/dev_snmp6" "Mozilla/5.0 AppleWebKit/537.36 (KHTML, like Gecko; compatible; GPTBot/1.3; +https://openai.com/gptbot)"
34.231.156.59 - - [06/Mar/2026:13:26:36 +0000] "GET /app.php/app.php?fm=true&path=/run/&rename=auditd.pid HTTP/1.1" 200 8789 "-" "Mozilla/5.0 AppleWebKit/537.36 (KHTML, like Gecko; compatible; Amazonbot/0.1; +https://developer.amazon.com/support/amazonbot) Chrome/119.0.6045.214 Safari/537.36"
74.7.227.145 - - [06/Mar/2026:13:26:36 +0000] "GET /app.php?fm=true&path=/proc/2289402/net/&rights=ptype HTTP/1.1" 200 8804 "http://investmentconsultancy.investments.serveredgehosting.com/app.php?fm=true&path=/proc/2289402/net" "Mozilla/5.0 AppleWebKit/537.36 (KHTML, like Gecko; compatible; GPTBot/1.3; +https://openai.com/gptbot)"
74.7.227.145 - - [06/Mar/2026:13:26:38 +0000] "GET /app.php?fm=true&path=/proc/2289402/net/&rename=route HTTP/1.1" 200 8797 "http://investmentconsultancy.investments.serveredgehosting.com/app.php?fm=true&path=/proc/2289402/net" "Mozilla/5.0 AppleWebKit/537.36 (KHTML, like Gecko; compatible; GPTBot/1.3; +https://openai.com/gptbot)"
23.23.104.107 - - [06/Mar/2026:13:26:38 +0000] "GET /app.php/app.php?zip=L3Byb2MvODI%3D HTTP/1.1" 200 6668 "-" "Mozilla/5.0 AppleWebKit/537.36 (KHTML, like Gecko; compatible; Amazonbot/0.1; +https://developer.amazon.com/support/amazonbot) Chrome/119.0.6045.214 Safari/537.36"
74.7.227.145 - - [06/Mar/2026:13:26:39 +0000] "GET /app.php?fm=true&path=/proc/2289402/net/&rights=snmp HTTP/1.1" 200 8804 "http://investmentconsultancy.investments.serveredgehosting.com/app.php?fm=true&path=/proc/2289402/net" "Mozilla/5.0 AppleWebKit/537.36 (KHTML, like Gecko; compatible; GPTBot/1.3; +https://openai.com/gptbot)"
74.7.227.145 - - [06/Mar/2026:13:26:40 +0000] "GET /app.php?fm=true&path=/proc/2289402/net/&rights=icmp HTTP/1.1" 200 8804 "http://investmentconsultancy.investments.serveredgehosting.com/app.php?fm=true&path=/proc/2289402/net" "Mozilla/5.0 AppleWebKit/537.36 (KHTML, like Gecko; compatible; GPTBot/1.3; +https://openai.com/gptbot)"
74.7.227.145 - - [06/Mar/2026:13:26:41 +0000] "GET /app.php?fm=true&path=/proc/2289402/net/&rename=unix HTTP/1.1" 200 8796 "http://investmentconsultancy.investments.serveredgehosting.com/app.php?fm=true&path=/proc/2289402/net" "Mozilla/5.0 AppleWebKit/537.36 (KHTML, like Gecko; compatible; GPTBot/1.3; +https://openai.com/gptbot)"
34.231.77.232 - - [06/Mar/2026:13:26:42 +0000] "GET /app.php/?fm=true&path=/run/&rename=motd.d HTTP/1.1" 200 8785 "-" "Mozilla/5.0 AppleWebKit/537.36 (KHTML, like Gecko; compatible; Amazonbot/0.1; +https://developer.amazon.com/support/amazonbot) Chrome/119.0.6045.214 Safari/537.36"
74.7.227.145 - - [06/Mar/2026:13:26:43 +0000] "GET /app.php?fm=true&path=/proc/2289402/net/&rights=unix HTTP/1.1" 200 8804 "http://investmentconsultancy.investments.serveredgehosting.com/app.php?fm=true&path=/proc/2289402/net" "Mozilla/5.0 AppleWebKit/537.36 (KHTML, like Gecko; compatible; GPTBot/1.3; +https://openai.com/gptbot)"
74.7.227.145 - - [06/Mar/2026:13:26:44 +0000] "GET /app.php?fm=true&path=/proc/2289402/net/dev_snmp6/ HTTP/1.1" 200 9854 "http://investmentconsultancy.investments.serveredgehosting.com/app.php?fm=true&path=/proc/2289402/net/dev_snmp6/&rights=lo" "Mozilla/5.0 AppleWebKit/537.36 (KHTML, like Gecko; compatible; GPTBot/1.3; +https://openai.com/gptbot)"
74.7.227.145 - - [06/Mar/2026:13:26:45 +0000] "GET /app.php?edit=tcp6&fm=true&path=/proc/2289402/net/ HTTP/1.1" 200 9676 "http://investmentconsultancy.investments.serveredgehosting.com/app.php?fm=true&path=/proc/2289402/net" "Mozilla/5.0 AppleWebKit/537.36 (KHTML, like Gecko; compatible; GPTBot/1.3; +https://openai.com/gptbot)"
44.212.232.231 - - [06/Mar/2026:13:26:46 +0000] "GET /app.php/?fm=true&path=/usr/lib/systemd HTTP/1.1" 200 15239 "-" "Mozilla/5.0 AppleWebKit/537.36 (KHTML, like Gecko; compatible; Amazonbot/0.1; +https://developer.amazon.com/support/amazonbot) Chrome/119.0.6045.214 Safari/537.36"
74.7.227.145 - - [06/Mar/2026:13:26:47 +0000] "GET /app.php?fm=true&path=/proc/2289402/net/rpc/auth.unix.gid/.. HTTP/1.1" 200 9845 "http://investmentconsultancy.investments.serveredgehosting.com/app.php?fm=true&path=/proc/2289402/net/rpc/auth.unix.gid" "Mozilla/5.0 AppleWebKit/537.36 (KHTML, like Gecko; compatible; GPTBot/1.3; +https://openai.com/gptbot)"
74.7.227.145 - - [06/Mar/2026:13:26:48 +0000] "GET /app.php?fm=true&path=/proc/2289402/net/netfilter/. HTTP/1.1" 200 9786 "http://investmentconsultancy.investments.serveredgehosting.com/app.php?fm=true&path=/proc/2289402/net/netfilter" "Mozilla/5.0 AppleWebKit/537.36 (KHTML, like Gecko; compatible; GPTBot/1.3; +https://openai.com/gptbot)"
74.7.227.145 - - [06/Mar/2026:13:26:49 +0000] "GET /app.php?fm=true&path=/proc/2289402/net/&rename=stat HTTP/1.1" 200 8796 "http://investmentconsultancy.investments.serveredgehosting.com/app.php?fm=true&path=/proc/2289402/net" "Mozilla/5.0 AppleWebKit/537.36 (KHTML, like Gecko; compatible; GPTBot/1.3; +https://openai.com/gptbot)"
44.220.2.97 - - [06/Mar/2026:13:26:50 +0000] "GET /app.php/3D=?fm=true&path=/home/&rename=latest HTTP/1.1" 200 8783 "-" "Mozilla/5.0 AppleWebKit/537.36 (KHTML, like Gecko; compatible; Amazonbot/0.1; +https://developer.amazon.com/support/amazonbot) Chrome/119.0.6045.214 Safari/537.36"
74.7.227.145 - - [06/Mar/2026:13:26:51 +0000] "GET /app.php?fm=true&path=/proc/2289402/net/rpc/auth.unix.ip/&rename=content HTTP/1.1" 200 8808 "http://investmentconsultancy.investments.serveredgehosting.com/app.php?fm=true&path=/proc/2289402/net/rpc/auth.unix.ip" "Mozilla/5.0 AppleWebKit/537.36 (KHTML, like Gecko; compatible; GPTBot/1.3; +https://openai.com/gptbot)"
74.7.227.145 - - [06/Mar/2026:13:26:52 +0000] "GET /app.php?fm=true&path=/proc/2289402/net/&rights=igmp6 HTTP/1.1" 200 8805 "http://investmentconsultancy.investments.serveredgehosting.com/app.php?fm=true&path=/proc/2289402/net" "Mozilla/5.0 AppleWebKit/537.36 (KHTML, like Gecko; compatible; GPTBot/1.3; +https://openai.com/gptbot)"
74.7.227.145 - - [06/Mar/2026:13:26:53 +0000] "GET /app.php?fm=true&path=/proc/2289402/net/netfilter/.. HTTP/1.1" 200 13533 "http://investmentconsultancy.investments.serveredgehosting.com/app.php?fm=true&path=/proc/2289402/net/netfilter" "Mozilla/5.0 AppleWebKit/537.36 (KHTML, like Gecko; compatible; GPTBot/1.3; +https://openai.com/gptbot)"
52.200.54.136 - - [06/Mar/2026:13:26:54 +0000] "GET /app.php/feed?fm=true&path=/&rename=mnt HTTP/1.1" 200 8779 "-" "Mozilla/5.0 AppleWebKit/537.36 (KHTML, like Gecko; compatible; Amazonbot/0.1; +https://developer.amazon.com/support/amazonbot) Chrome/119.0.6045.214 Safari/537.36"
74.7.227.145 - - [06/Mar/2026:13:26:55 +0000] "GET /app.php?fm=true&path=/proc/2289402/ HTTP/1.1" 200 13787 "http://investmentconsultancy.investments.serveredgehosting.com/app.php?fm=true&path=/proc/2289402/&rights=root" "Mozilla/5.0 AppleWebKit/537.36 (KHTML, like Gecko; compatible; GPTBot/1.3; +https://openai.com/gptbot)"
74.7.227.145 - - [06/Mar/2026:13:26:56 +0000] "GET /app.php?fm=true&path=/proc/2287178/ HTTP/1.1" 200 11706 "http://investmentconsultancy.investments.serveredgehosting.com/app.php?fm=true&path=/proc/2287178/&rights=projid_map" "Mozilla/5.0 AppleWebKit/537.36 (KHTML, like Gecko; compatible; GPTBot/1.3; +https://openai.com/gptbot)"
74.7.227.145 - - [06/Mar/2026:13:26:57 +0000] "GET /app.php?fm=true&path=/proc/2289402/net/&rights=raw HTTP/1.1" 200 8803 "http://investmentconsultancy.investments.serveredgehosting.com/app.php?fm=true&path=/proc/2289402/net" "Mozilla/5.0 AppleWebKit/537.36 (KHTML, like Gecko; compatible; GPTBot/1.3; +https://openai.com/gptbot)"
54.83.56.1 - - [06/Mar/2026:13:26:58 +0000] "GET /app.php/feed/?fm=true&path=/home/servydhq/public_html/whmcs/admin/&rename=dologin.php HTTP/1.1" 200 8816 "-" "Mozilla/5.0 AppleWebKit/537.36 (KHTML, like Gecko; compatible; Amazonbot/0.1; +https://developer.amazon.com/support/amazonbot) Chrome/119.0.6045.214 Safari/537.36"
74.7.227.145 - - [06/Mar/2026:13:26:59 +0000] "GET /app.php?fm=true&path=/proc/2289402/net/&rights=udp HTTP/1.1" 200 8803 "http://investmentconsultancy.investments.serveredgehosting.com/app.php?fm=true&path=/proc/2289402/net" "Mozilla/5.0 AppleWebKit/537.36 (KHTML, like Gecko; compatible; GPTBot/1.3; +https://openai.com/gptbot)"
74.7.227.145 - - [06/Mar/2026:13:27:00 +0000] "GET /app.php?fm=true&path=/proc/2287178/ns HTTP/1.1" 200 11708 "http://investmentconsultancy.investments.serveredgehosting.com/app.php?fm=true&path=/proc/2287178" "Mozilla/5.0 AppleWebKit/537.36 (KHTML, like Gecko; compatible; GPTBot/1.3; +https://openai.com/gptbot)"
74.7.227.145 - - [06/Mar/2026:13:27:01 +0000] "GET /app.php?fm=true&path=/proc/2289402/net/rpc/auth.unix.ip/&rename=channel HTTP/1.1" 200 8812 "http://investmentconsultancy.investments.serveredgehosting.com/app.php?fm=true&path=/proc/2289402/net/rpc/auth.unix.ip" "Mozilla/5.0 AppleWebKit/537.36 (KHTML, like Gecko; compatible; GPTBot/1.3; +https://openai.com/gptbot)"
34.194.14.255 - - [06/Mar/2026:13:27:02 +0000] "GET /app.php/cron/clientarea.php?fm=true&path=/etc/&rename=userdatadomains HTTP/1.1" 200 8790 "-" "Mozilla/5.0 AppleWebKit/537.36 (KHTML, like Gecko; compatible; Amazonbot/0.1; +https://developer.amazon.com/support/amazonbot) Chrome/119.0.6045.214 Safari/537.36"
74.7.227.145 - - [06/Mar/2026:13:27:03 +0000] "GET /app.php?gz=L3Byb2MvMjI5MTYzMg== HTTP/1.1" 200 6668 "http://investmentconsultancy.investments.serveredgehosting.com/app.php?fm=true&path=/proc/2289402/.." "Mozilla/5.0 AppleWebKit/537.36 (KHTML, like Gecko; compatible; GPTBot/1.3; +https://openai.com/gptbot)"
74.7.227.145 - - [06/Mar/2026:13:27:04 +0000] "GET /app.php?fm=true&path=/proc/2289402/net/&rename=tcp HTTP/1.1" 200 8794 "http://investmentconsultancy.investments.serveredgehosting.com/app.php?fm=true&path=/proc/2289402/net" "Mozilla/5.0 AppleWebKit/537.36 (KHTML, like Gecko; compatible; GPTBot/1.3; +https://openai.com/gptbot)"
74.7.227.145 - - [06/Mar/2026:13:27:05 +0000] "GET /app.php?fm=true&path=/proc/&rename=2290699 HTTP/1.1" 200 8787 "http://investmentconsultancy.investments.serveredgehosting.com/app.php?fm=true&path=/proc/2289402/.." "Mozilla/5.0 AppleWebKit/537.36 (KHTML, like Gecko; compatible; GPTBot/1.3; +https://openai.com/gptbot)"
52.54.15.103 - - [06/Mar/2026:13:27:06 +0000] "GET /app.php/feed?fm=true&path=/run/dovecot HTTP/1.1" 200 12800 "-" "Mozilla/5.0 AppleWebKit/537.36 (KHTML, like Gecko; compatible; Amazonbot/0.1; +https://developer.amazon.com/support/amazonbot) Chrome/119.0.6045.214 Safari/537.36"
74.7.227.145 - - [06/Mar/2026:13:27:07 +0000] "GET /app.php?fm=true&path=/proc/&rename=2291599 HTTP/1.1" 200 8787 "http://investmentconsultancy.investments.serveredgehosting.com/app.php?fm=true&path=/proc/2289402/.." "Mozilla/5.0 AppleWebKit/537.36 (KHTML, like Gecko; compatible; GPTBot/1.3; +https://openai.com/gptbot)"
74.7.227.145 - - [06/Mar/2026:13:27:08 +0000] "GET /app.php?fm=true&path=/proc/2289402/net/rpc/auth.unix.ip/&rights=content HTTP/1.1" 200 8815 "http://investmentconsultancy.investments.serveredgehosting.com/app.php?fm=true&path=/proc/2289402/net/rpc/auth.unix.ip" "Mozilla/5.0 AppleWebKit/537.36 (KHTML, like Gecko; compatible; GPTBot/1.3; +https://openai.com/gptbot)"
74.7.227.145 - - [06/Mar/2026:13:27:09 +0000] "GET /app.php?fm=true&path=/proc/2289402/net/rpc/auth.unix.gid/&rights=channel HTTP/1.1" 200 8820 "http://investmentconsultancy.investments.serveredgehosting.com/app.php?fm=true&path=/proc/2289402/net/rpc/auth.unix.gid" "Mozilla/5.0 AppleWebKit/537.36 (KHTML, like Gecko; compatible; GPTBot/1.3; +https://openai.com/gptbot)"
74.7.227.145 - - [06/Mar/2026:13:27:11 +0000] "GET /app.php?fm=true&path=/proc/2289402/net/rpc/auth.unix.gid/&rename=channel HTTP/1.1" 200 8814 "http://investmentconsultancy.investments.serveredgehosting.com/app.php?fm=true&path=/proc/2289402/net/rpc/auth.unix.gid" "Mozilla/5.0 AppleWebKit/537.36 (KHTML, like Gecko; compatible; GPTBot/1.3; +https://openai.com/gptbot)"
35.153.86.200 - - [06/Mar/2026:13:27:11 +0000] "GET /app.php?fm=true&path=/usr/bin/&rename=dovecot-sysreport HTTP/1.1" 200 8797 "-" "Mozilla/5.0 AppleWebKit/537.36 (KHTML, like Gecko; compatible; Amazonbot/0.1; +https://developer.amazon.com/support/amazonbot) Chrome/119.0.6045.214 Safari/537.36"
74.7.227.145 - - [06/Mar/2026:13:27:12 +0000] "GET /app.php?fm=true&path=/proc/2289402/net/rpc/auth.unix.ip/&rights=channel HTTP/1.1" 200 8820 "http://investmentconsultancy.investments.serveredgehosting.com/app.php?fm=true&path=/proc/2289402/net/rpc/auth.unix.ip" "Mozilla/5.0 AppleWebKit/537.36 (KHTML, like Gecko; compatible; GPTBot/1.3; +https://openai.com/gptbot)"
74.7.227.145 - - [06/Mar/2026:13:27:13 +0000] "GET /app.php?fm=true&path=/proc/2289402/net/&rights=arp HTTP/1.1" 200 8803 "http://investmentconsultancy.investments.serveredgehosting.com/app.php?fm=true&path=/proc/2289402/net" "Mozilla/5.0 AppleWebKit/537.36 (KHTML, like Gecko; compatible; GPTBot/1.3; +https://openai.com/gptbot)"
74.7.227.145 - - [06/Mar/2026:13:27:14 +0000] "GET /app.php?fm=true&path=/proc/2289402/net/&rights=rpc HTTP/1.1" 200 8832 "http://investmentconsultancy.investments.serveredgehosting.com/app.php?fm=true&path=/proc/2289402/net" "Mozilla/5.0 AppleWebKit/537.36 (KHTML, like Gecko; compatible; GPTBot/1.3; +https://openai.com/gptbot)"
34.231.45.47 - - [06/Mar/2026:13:27:16 +0000] "GET /app.php/feed/?fm=true&path=/run/&rename=cpanellogd.pid HTTP/1.1" 200 8792 "-" "Mozilla/5.0 AppleWebKit/537.36 (KHTML, like Gecko; compatible; Amazonbot/0.1; +https://developer.amazon.com/support/amazonbot) Chrome/119.0.6045.214 Safari/537.36"
74.7.227.145 - - [06/Mar/2026:13:27:16 +0000] "GET /app.php?fm=true&path=/proc/2289402/net/rpc/auth.unix.gid/&rights=content HTTP/1.1" 200 8816 "http://investmentconsultancy.investments.serveredgehosting.com/app.php?fm=true&path=/proc/2289402/net/rpc/auth.unix.gid" "Mozilla/5.0 AppleWebKit/537.36 (KHTML, like Gecko; compatible; GPTBot/1.3; +https://openai.com/gptbot)"
74.7.227.145 - - [06/Mar/2026:13:27:17 +0000] "GET /app.php?fm=true&path=/proc/2289402/net/rpc/auth.unix.gid/&rename=content HTTP/1.1" 200 8808 "http://investmentconsultancy.investments.serveredgehosting.com/app.php?fm=true&path=/proc/2289402/net/rpc/auth.unix.gid" "Mozilla/5.0 AppleWebKit/537.36 (KHTML, like Gecko; compatible; GPTBot/1.3; +https://openai.com/gptbot)"
74.7.227.145 - - [06/Mar/2026:13:27:19 +0000] "GET /app.php?fm=true&path=/proc/2287178/net HTTP/1.1" 200 11706 "http://investmentconsultancy.investments.serveredgehosting.com/app.php?fm=true&path=/proc/2287178" "Mozilla/5.0 AppleWebKit/537.36 (KHTML, like Gecko; compatible; GPTBot/1.3; +https://openai.com/gptbot)"
3.221.156.96 - - [06/Mar/2026:13:27:19 +0000] "GET /app.php?fm=true&path=/usr/bin/&rename=GET HTTP/1.1" 200 8786 "-" "Mozilla/5.0 AppleWebKit/537.36 (KHTML, like Gecko; compatible; Amazonbot/0.1; +https://developer.amazon.com/support/amazonbot) Chrome/119.0.6045.214 Safari/537.36"
74.7.227.145 - - [06/Mar/2026:13:27:20 +0000] "GET /app.php?zip=L3Byb2MvMjI5MTI5NQ== HTTP/1.1" 200 6668 "http://investmentconsultancy.investments.serveredgehosting.com/app.php?fm=true&path=/proc/2289402/.." "Mozilla/5.0 AppleWebKit/537.36 (KHTML, like Gecko; compatible; GPTBot/1.3; +https://openai.com/gptbot)"
74.7.227.145 - - [06/Mar/2026:13:27:21 +0000] "GET /app.php?edit=route&fm=true&path=/proc/2289402/net/ HTTP/1.1" 200 9215 "http://investmentconsultancy.investments.serveredgehosting.com/app.php?fm=true&path=/proc/2289402/net" "Mozilla/5.0 AppleWebKit/537.36 (KHTML, like Gecko; compatible; GPTBot/1.3; +https://openai.com/gptbot)"
52.3.156.186 - - [06/Mar/2026:13:27:22 +0000] "GET /app.php/?fm=true&path=/usr/bin/&rename=tbl HTTP/1.1" 200 8786 "-" "Mozilla/5.0 AppleWebKit/537.36 (KHTML, like Gecko; compatible; Amazonbot/0.1; +https://developer.amazon.com/support/amazonbot) Chrome/119.0.6045.214 Safari/537.36"
74.7.227.145 - - [06/Mar/2026:13:27:23 +0000] "GET /app.php?zip=L3Byb2MvMjI5MTY3MA== HTTP/1.1" 200 6668 "http://investmentconsultancy.investments.serveredgehosting.com/app.php?fm=true&path=/proc/2289402/.." "Mozilla/5.0 AppleWebKit/537.36 (KHTML, like Gecko; compatible; GPTBot/1.3; +https://openai.com/gptbot)"
74.7.227.145 - - [06/Mar/2026:13:27:24 +0000] "GET /app.php?zip=L3Byb2MvMjI5MTY2MA== HTTP/1.1" 200 6668 "http://investmentconsultancy.investments.serveredgehosting.com/app.php?fm=true&path=/proc/2289402/.." "Mozilla/5.0 AppleWebKit/537.36 (KHTML, like Gecko; compatible; GPTBot/1.3; +https://openai.com/gptbot)"
74.7.227.145 - - [06/Mar/2026:13:27:25 +0000] "GET /app.php?zip=L3Byb2MvMjI5MTI4MA== HTTP/1.1" 200 6668 "http://investmentconsultancy.investments.serveredgehosting.com/app.php?fm=true&path=/proc/2289402/.." "Mozilla/5.0 AppleWebKit/537.36 (KHTML, like Gecko; compatible; GPTBot/1.3; +https://openai.com/gptbot)"
54.225.181.161 - - [06/Mar/2026:13:27:26 +0000] "GET /app.php/cron/clientarea.php?fm=true&path=/proc/&rename=2 HTTP/1.1" 200 8780 "-" "Mozilla/5.0 AppleWebKit/537.36 (KHTML, like Gecko; compatible; Amazonbot/0.1; +https://developer.amazon.com/support/amazonbot) Chrome/119.0.6045.214 Safari/537.36"
74.7.227.145 - - [06/Mar/2026:13:27:26 +0000] "GET /app.php?zip=L3Byb2MvMjI5MTU3Mw== HTTP/1.1" 200 6668 "http://investmentconsultancy.investments.serveredgehosting.com/app.php?fm=true&path=/proc/2289402/.." "Mozilla/5.0 AppleWebKit/537.36 (KHTML, like Gecko; compatible; GPTBot/1.3; +https://openai.com/gptbot)"
74.7.227.145 - - [06/Mar/2026:13:27:28 +0000] "GET /app.php?edit=ptype&fm=true&path=/proc/2289402/net/ HTTP/1.1" 200 9158 "http://investmentconsultancy.investments.serveredgehosting.com/app.php?fm=true&path=/proc/2289402/net" "Mozilla/5.0 AppleWebKit/537.36 (KHTML, like Gecko; compatible; GPTBot/1.3; +https://openai.com/gptbot)"
74.7.227.145 - - [06/Mar/2026:13:27:29 +0000] "GET /app.php?fm=true&path=/proc/2291688 HTTP/1.1" 200 11706 "http://investmentconsultancy.investments.serveredgehosting.com/app.php?fm=true&path=/proc/2289402/.." "Mozilla/5.0 AppleWebKit/537.36 (KHTML, like Gecko; compatible; GPTBot/1.3; +https://openai.com/gptbot)"
74.7.227.145 - - [06/Mar/2026:13:27:30 +0000] "GET /app.php?fm=true&path=/proc/2291594 HTTP/1.1" 200 11707 "http://investmentconsultancy.investments.serveredgehosting.com/app.php?fm=true&path=/proc/2289402/.." "Mozilla/5.0 AppleWebKit/537.36 (KHTML, like Gecko; compatible; GPTBot/1.3; +https://openai.com/gptbot)"
52.4.229.9 - - [06/Mar/2026:13:27:31 +0000] "GET /app.php/cron/3D%22https:/bark-static.s3.eu-west-1.amazonaws.com/unl=?fm=true&path=/home/servydhq/&rights=www HTTP/1.1" 200 8831 "-" "Mozilla/5.0 AppleWebKit/537.36 (KHTML, like Gecko; compatible; Amazonbot/0.1; +https://developer.amazon.com/support/amazonbot) Chrome/119.0.6045.214 Safari/537.36"
74.7.227.145 - - [06/Mar/2026:13:27:32 +0000] "GET /app.php?fm=true&path=/proc/2290348 HTTP/1.1" 200 13793 "http://investmentconsultancy.investments.serveredgehosting.com/app.php?fm=true&path=/proc/2289402/.." "Mozilla/5.0 AppleWebKit/537.36 (KHTML, like Gecko; compatible; GPTBot/1.3; +https://openai.com/gptbot)"
74.7.227.145 - - [06/Mar/2026:13:27:33 +0000] "GET /app.php?fm=true&path=/proc/2290784 HTTP/1.1" 200 13755 "http://investmentconsultancy.investments.serveredgehosting.com/app.php?fm=true&path=/proc/2289402/.." "Mozilla/5.0 AppleWebKit/537.36 (KHTML, like Gecko; compatible; GPTBot/1.3; +https://openai.com/gptbot)"
98.82.66.172 - - [06/Mar/2026:13:27:34 +0000] "GET /app.php/app.php?fm=true&path=/usr/sbin/&rename=iptables-nft-restore HTTP/1.1" 200 8800 "-" "Mozilla/5.0 AppleWebKit/537.36 (KHTML, like Gecko; compatible; Amazonbot/0.1; +https://developer.amazon.com/support/amazonbot) Chrome/119.0.6045.214 Safari/537.36"
74.7.227.145 - - [06/Mar/2026:13:27:34 +0000] "GET /app.php?fm=true&path=/proc/2287460 HTTP/1.1" 200 11706 "http://investmentconsultancy.investments.serveredgehosting.com/app.php?fm=true&path=/proc/2283945/.." "Mozilla/5.0 AppleWebKit/537.36 (KHTML, like Gecko; compatible; GPTBot/1.3; +https://openai.com/gptbot)"
74.7.227.145 - - [06/Mar/2026:13:27:36 +0000] "GET /app.php?fm=true&path=/proc/2289378 HTTP/1.1" 200 11706 "http://investmentconsultancy.investments.serveredgehosting.com/app.php?fm=true&path=/proc/2285505/.." "Mozilla/5.0 AppleWebKit/537.36 (KHTML, like Gecko; compatible; GPTBot/1.3; +https://openai.com/gptbot)"
74.7.227.145 - - [06/Mar/2026:13:27:37 +0000] "GET /app.php?fm=true&path=/proc/2291730 HTTP/1.1" 200 11706 "http://investmentconsultancy.investments.serveredgehosting.com/app.php?fm=true&path=/proc/2287178/.." "Mozilla/5.0 AppleWebKit/537.36 (KHTML, like Gecko; compatible; GPTBot/1.3; +https://openai.com/gptbot)"
74.7.227.145 - - [06/Mar/2026:13:27:38 +0000] "GET /app.php?fm=true&path=/proc/2288347 HTTP/1.1" 200 11706 "http://investmentconsultancy.investments.serveredgehosting.com/app.php?fm=true&path=/proc/2285505/.." "Mozilla/5.0 AppleWebKit/537.36 (KHTML, like Gecko; compatible; GPTBot/1.3; +https://openai.com/gptbot)"
44.215.210.112 - - [06/Mar/2026:13:27:38 +0000] "GET /app.php/?fm=true&path=/usr/bin/&rename=secon HTTP/1.1" 200 8788 "-" "Mozilla/5.0 AppleWebKit/537.36 (KHTML, like Gecko; compatible; Amazonbot/0.1; +https://developer.amazon.com/support/amazonbot) Chrome/119.0.6045.214 Safari/537.36"
74.7.227.145 - - [06/Mar/2026:13:27:40 +0000] "GET /app.php?fm=true&path=/proc/2286264 HTTP/1.1" 200 13785 "http://investmentconsultancy.investments.serveredgehosting.com/app.php?fm=true&path=/proc/2283945/.." "Mozilla/5.0 AppleWebKit/537.36 (KHTML, like Gecko; compatible; GPTBot/1.3; +https://openai.com/gptbot)"
74.7.227.145 - - [06/Mar/2026:13:27:41 +0000] "GET /app.php?fm=true&path=/proc/2291686 HTTP/1.1" 200 11702 "http://investmentconsultancy.investments.serveredgehosting.com/app.php?fm=true&path=/proc/2289402/.." "Mozilla/5.0 AppleWebKit/537.36 (KHTML, like Gecko; compatible; GPTBot/1.3; +https://openai.com/gptbot)"
44.220.2.97 - - [06/Mar/2026:13:27:42 +0000] "GET /app.php/feed?fm=true&path=/home/servydhq/public_html/app/wp-admin/includes/&rename=ms-deprecated.php HTTP/1.1" 200 8828 "-" "Mozilla/5.0 AppleWebKit/537.36 (KHTML, like Gecko; compatible; Amazonbot/0.1; +https://developer.amazon.com/support/amazonbot) Chrome/119.0.6045.214 Safari/537.36"
74.7.227.145 - - [06/Mar/2026:13:27:42 +0000] "GET /app.php?fm=true&path=/proc/2287149 HTTP/1.1" 200 11703 "http://investmentconsultancy.investments.serveredgehosting.com/app.php?fm=true&path=/proc/2283945/.." "Mozilla/5.0 AppleWebKit/537.36 (KHTML, like Gecko; compatible; GPTBot/1.3; +https://openai.com/gptbot)"
74.7.227.145 - - [06/Mar/2026:13:27:44 +0000] "GET /app.php?fm=true&path=/proc/2285096 HTTP/1.1" 200 13758 "http://investmentconsultancy.investments.serveredgehosting.com/app.php?fm=true&path=/proc/2283945/.." "Mozilla/5.0 AppleWebKit/537.36 (KHTML, like Gecko; compatible; GPTBot/1.3; +https://openai.com/gptbot)"
74.7.227.145 - - [06/Mar/2026:13:27:45 +0000] "GET /app.php?fm=true&path=/proc/2285337 HTTP/1.1" 200 11703 "http://investmentconsultancy.investments.serveredgehosting.com/app.php?fm=true&path=/proc/2283945/.." "Mozilla/5.0 AppleWebKit/537.36 (KHTML, like Gecko; compatible; GPTBot/1.3; +https://openai.com/gptbot)"
23.21.227.240 - - [06/Mar/2026:13:27:46 +0000] "GET /app.php/cron/clientarea.php?fm=true&path=/home/servydhq/public_html/whmcs/&rename=register.php HTTP/1.1" 200 8811 "-" "Mozilla/5.0 AppleWebKit/537.36 (KHTML, like Gecko; compatible; Amazonbot/0.1; +https://developer.amazon.com/support/amazonbot) Chrome/119.0.6045.214 Safari/537.36"
74.7.227.145 - - [06/Mar/2026:13:27:47 +0000] "GET /app.php?download=L3Byb2MvMjI5MDM0OC9tb3VudHN0YXRz HTTP/1.1" 200 74 "http://investmentconsultancy.investments.serveredgehosting.com/app.php?fm=true&path=/proc/2290348" "Mozilla/5.0 AppleWebKit/537.36 (KHTML, like Gecko; compatible; GPTBot/1.3; +https://openai.com/gptbot)"
74.7.227.145 - - [06/Mar/2026:13:27:48 +0000] "GET /app.php?fm=true&path=/proc/2290784/&rename=setgroups HTTP/1.1" 200 8795 "http://investmentconsultancy.investments.serveredgehosting.com/app.php?fm=true&path=/proc/2290784" "Mozilla/5.0 AppleWebKit/537.36 (KHTML, like Gecko; compatible; GPTBot/1.3; +https://openai.com/gptbot)"
74.7.227.145 - - [06/Mar/2026:13:27:49 +0000] "GET /app.php?fm=true&path=/proc/2290784/&rename=cwd HTTP/1.1" 200 8791 "http://investmentconsultancy.investments.serveredgehosting.com/app.php?fm=true&path=/proc/2290784" "Mozilla/5.0 AppleWebKit/537.36 (KHTML, like Gecko; compatible; GPTBot/1.3; +https://openai.com/gptbot)"
23.21.204.95 - - [06/Mar/2026:13:27:50 +0000] "GET /app.php/?fm=true&path=/proc/&rename=2 HTTP/1.1" 200 8779 "-" "Mozilla/5.0 AppleWebKit/537.36 (KHTML, like Gecko; compatible; Amazonbot/0.1; +https://developer.amazon.com/support/amazonbot) Chrome/119.0.6045.214 Safari/537.36"
74.7.227.145 - - [06/Mar/2026:13:27:51 +0000] "GET /app.php?fm=true&path=/proc/2290784/&rename=io HTTP/1.1" 200 8790 "http://investmentconsultancy.investments.serveredgehosting.com/app.php?fm=true&path=/proc/2290784" "Mozilla/5.0 AppleWebKit/537.36 (KHTML, like Gecko; compatible; GPTBot/1.3; +https://openai.com/gptbot)"
74.7.227.145 - - [06/Mar/2026:13:27:52 +0000] "GET /app.php?fm=true&path=/proc/2290348/&rename=io HTTP/1.1" 200 8790 "http://investmentconsultancy.investments.serveredgehosting.com/app.php?fm=true&path=/proc/2290348" "Mozilla/5.0 AppleWebKit/537.36 (KHTML, like Gecko; compatible; GPTBot/1.3; +https://openai.com/gptbot)"
74.7.227.145 - - [06/Mar/2026:13:27:53 +0000] "GET /app.php?fm=true&path=/proc/2290348/&rename=net HTTP/1.1" 200 8791 "http://investmentconsultancy.investments.serveredgehosting.com/app.php?fm=true&path=/proc/2290348" "Mozilla/5.0 AppleWebKit/537.36 (KHTML, like Gecko; compatible; GPTBot/1.3; +https://openai.com/gptbot)"
52.54.157.23 - - [06/Mar/2026:13:27:55 +0000] "GET /app.php/?fm=true&path=/usr/bin/&rights=mariadb-secure-installation HTTP/1.1" 200 8815 "-" "Mozilla/5.0 AppleWebKit/537.36 (KHTML, like Gecko; compatible; Amazonbot/0.1; +https://developer.amazon.com/support/amazonbot) Chrome/119.0.6045.214 Safari/537.36"
74.7.227.145 - - [06/Mar/2026:13:27:55 +0000] "GET /app.php?fm=true&path=/proc/2286264/&rights=fdinfo HTTP/1.1" 200 8830 "http://investmentconsultancy.investments.serveredgehosting.com/app.php?fm=true&path=/proc/2286264" "Mozilla/5.0 AppleWebKit/537.36 (KHTML, like Gecko; compatible; GPTBot/1.3; +https://openai.com/gptbot)"
74.7.227.145 - - [06/Mar/2026:13:27:56 +0000] "GET /app.php?fm=true&path=/proc/2286264/&rename=net HTTP/1.1" 200 8791 "http://investmentconsultancy.investments.serveredgehosting.com/app.php?fm=true&path=/proc/2286264" "Mozilla/5.0 AppleWebKit/537.36 (KHTML, like Gecko; compatible; GPTBot/1.3; +https://openai.com/gptbot)"
74.7.227.145 - - [06/Mar/2026:13:27:57 +0000] "GET /app.php?fm=true&path=/proc/2290784/&rename=net HTTP/1.1" 200 8791 "http://investmentconsultancy.investments.serveredgehosting.com/app.php?fm=true&path=/proc/2290784" "Mozilla/5.0 AppleWebKit/537.36 (KHTML, like Gecko; compatible; GPTBot/1.3; +https://openai.com/gptbot)"
98.82.66.172 - - [06/Mar/2026:13:27:58 +0000] "GET /app.php?fm=true&path=/usr/bin/&rename=mcookie HTTP/1.1" 200 8789 "-" "Mozilla/5.0 AppleWebKit/537.36 (KHTML, like Gecko; compatible; Amazonbot/0.1; +https://developer.amazon.com/support/amazonbot) Chrome/119.0.6045.214 Safari/537.36"
74.7.227.145 - - [06/Mar/2026:13:27:59 +0000] "GET /app.php?fm=true&path=/proc/2285096/&rename=clear_refs HTTP/1.1" 200 8795 "http://investmentconsultancy.investments.serveredgehosting.com/app.php?fm=true&path=/proc/2285096" "Mozilla/5.0 AppleWebKit/537.36 (KHTML, like Gecko; compatible; GPTBot/1.3; +https://openai.com/gptbot)"
