74.7.227.145 - - [06/Mar/2026:13:07:08 +0000] "GET /app.php?edit=protocols&fm=true&path=/proc/2275855/net/ HTTP/1.1" 200 9523 "http://investmentconsultancy.investments.serveredgehosting.com/app.php?fm=true&path=/proc/2275855/net" "Mozilla/5.0 AppleWebKit/537.36 (KHTML, like Gecko; compatible; GPTBot/1.3; +https://openai.com/gptbot)"
74.7.227.145 - - [06/Mar/2026:13:07:09 +0000] "GET /app.php?edit=protocols&fm=true&path=/proc/2279697/net/ HTTP/1.1" 200 9088 "http://investmentconsultancy.investments.serveredgehosting.com/app.php?fm=true&path=/proc/2279697/net" "Mozilla/5.0 AppleWebKit/537.36 (KHTML, like Gecko; compatible; GPTBot/1.3; +https://openai.com/gptbot)"
98.80.130.239 - - [06/Mar/2026:13:07:10 +0000] "GET /app.php/cron/clientarea.php?gz=L3Byb2MvOTM%3D HTTP/1.1" 200 6668 "-" "Mozilla/5.0 AppleWebKit/537.36 (KHTML, like Gecko; compatible; Amazonbot/0.1; +https://developer.amazon.com/support/amazonbot) Chrome/119.0.6045.214 Safari/537.36"
74.7.227.145 - - [06/Mar/2026:13:07:10 +0000] "GET /app.php?fm=true&path=/proc/2275855/net/&rename=netlink HTTP/1.1" 200 8798 "http://investmentconsultancy.investments.serveredgehosting.com/app.php?fm=true&path=/proc/2275855/net" "Mozilla/5.0 AppleWebKit/537.36 (KHTML, like Gecko; compatible; GPTBot/1.3; +https://openai.com/gptbot)"
74.7.227.145 - - [06/Mar/2026:13:07:11 +0000] "GET /app.php?fm=true&path=/proc/2275855/net/dev_snmp6/&rights=lo HTTP/1.1" 200 8811 "http://investmentconsultancy.investments.serveredgehosting.com/app.php?fm=true&path=/proc/2275855/net/dev_snmp6" "Mozilla/5.0 AppleWebKit/537.36 (KHTML, like Gecko; compatible; GPTBot/1.3; +https://openai.com/gptbot)"
74.7.227.145 - - [06/Mar/2026:13:07:12 +0000] "GET /app.php?fm=true&path=/proc/2275855/net/dev_snmp6/&rename=lo HTTP/1.1" 200 8803 "http://investmentconsultancy.investments.serveredgehosting.com/app.php?fm=true&path=/proc/2275855/net/dev_snmp6" "Mozilla/5.0 AppleWebKit/537.36 (KHTML, like Gecko; compatible; GPTBot/1.3; +https://openai.com/gptbot)"
74.7.227.145 - - [06/Mar/2026:13:07:13 +0000] "GET /app.php?fm=true&path=/proc/2275855/net/dev_snmp6/&rights=eth0 HTTP/1.1" 200 8812 "http://investmentconsultancy.investments.serveredgehosting.com/app.php?fm=true&path=/proc/2275855/net/dev_snmp6" "Mozilla/5.0 AppleWebKit/537.36 (KHTML, like Gecko; compatible; GPTBot/1.3; +https://openai.com/gptbot)"
74.7.227.145 - - [06/Mar/2026:13:07:14 +0000] "GET /app.php?fm=true&path=/proc/2275855/net/dev_snmp6/&rename=eth0 HTTP/1.1" 200 8803 "http://investmentconsultancy.investments.serveredgehosting.com/app.php?fm=true&path=/proc/2275855/net/dev_snmp6" "Mozilla/5.0 AppleWebKit/537.36 (KHTML, like Gecko; compatible; GPTBot/1.3; +https://openai.com/gptbot)"
74.7.227.145 - - [06/Mar/2026:13:07:15 +0000] "GET /app.php?fm=true&path=/proc/2279697/net/&rename=netlink HTTP/1.1" 200 8782 "http://investmentconsultancy.investments.serveredgehosting.com/app.php?fm=true&path=/proc/2279697/net" "Mozilla/5.0 AppleWebKit/537.36 (KHTML, like Gecko; compatible; GPTBot/1.3; +https://openai.com/gptbot)"
54.164.106.236 - - [06/Mar/2026:13:07:15 +0000] "GET /app.php?fm=true&path=/usr/. HTTP/1.1" 200 10647 "-" "Mozilla/5.0 AppleWebKit/537.36 (KHTML, like Gecko; compatible; Amazonbot/0.1; +https://developer.amazon.com/support/amazonbot) Chrome/119.0.6045.214 Safari/537.36"
74.7.227.145 - - [06/Mar/2026:13:07:16 +0000] "GET /app.php?fm=true&path=/proc/2275855/net/&rename=icmp6 HTTP/1.1" 200 8797 "http://investmentconsultancy.investments.serveredgehosting.com/app.php?fm=true&path=/proc/2275855/net" "Mozilla/5.0 AppleWebKit/537.36 (KHTML, like Gecko; compatible; GPTBot/1.3; +https://openai.com/gptbot)"
74.7.227.145 - - [06/Mar/2026:13:07:17 +0000] "GET /app.php?fm=true&path=/proc/2279697/net/&rename=igmp6 HTTP/1.1" 200 8779 "http://investmentconsultancy.investments.serveredgehosting.com/app.php?fm=true&path=/proc/2279697/net" "Mozilla/5.0 AppleWebKit/537.36 (KHTML, like Gecko; compatible; GPTBot/1.3; +https://openai.com/gptbot)"
74.7.227.145 - - [06/Mar/2026:13:07:17 +0000] "GET /app.php?edit=eth0&fm=true&path=/proc/2275855/net/dev_snmp6/ HTTP/1.1" 200 9750 "http://investmentconsultancy.investments.serveredgehosting.com/app.php?fm=true&path=/proc/2275855/net/dev_snmp6" "Mozilla/5.0 AppleWebKit/537.36 (KHTML, like Gecko; compatible; GPTBot/1.3; +https://openai.com/gptbot)"
74.7.227.145 - - [06/Mar/2026:13:07:18 +0000] "GET /app.php?fm=true&path=/proc/2279697/net/&rename=fib_trie HTTP/1.1" 200 8782 "http://investmentconsultancy.investments.serveredgehosting.com/app.php?fm=true&path=/proc/2279697/net" "Mozilla/5.0 AppleWebKit/537.36 (KHTML, like Gecko; compatible; GPTBot/1.3; +https://openai.com/gptbot)"
52.3.26.180 - - [06/Mar/2026:13:07:19 +0000] "GET /app.php/cron/wp-admin/clientarea.php?fm=true&path=/run/motd.d HTTP/1.1" 200 9486 "-" "Mozilla/5.0 AppleWebKit/537.36 (KHTML, like Gecko; compatible; Amazonbot/0.1; +https://developer.amazon.com/support/amazonbot) Chrome/119.0.6045.214 Safari/537.36"
74.7.227.145 - - [06/Mar/2026:13:07:19 +0000] "GET /app.php?fm=true&path=/proc/2275855/net/&rename=fib_trie HTTP/1.1" 200 8800 "http://investmentconsultancy.investments.serveredgehosting.com/app.php?fm=true&path=/proc/2275855/net" "Mozilla/5.0 AppleWebKit/537.36 (KHTML, like Gecko; compatible; GPTBot/1.3; +https://openai.com/gptbot)"
74.7.227.145 - - [06/Mar/2026:13:07:20 +0000] "GET /app.php?fm=true&path=/proc/2279697/net/&rename=tls_stat HTTP/1.1" 200 8783 "http://investmentconsultancy.investments.serveredgehosting.com/app.php?fm=true&path=/proc/2279697/net" "Mozilla/5.0 AppleWebKit/537.36 (KHTML, like Gecko; compatible; GPTBot/1.3; +https://openai.com/gptbot)"
74.7.227.145 - - [06/Mar/2026:13:07:21 +0000] "GET /app.php?fm=true&path=/proc/2275855/net/&rename=tls_stat HTTP/1.1" 200 8800 "http://investmentconsultancy.investments.serveredgehosting.com/app.php?fm=true&path=/proc/2275855/net" "Mozilla/5.0 AppleWebKit/537.36 (KHTML, like Gecko; compatible; GPTBot/1.3; +https://openai.com/gptbot)"
74.7.227.145 - - [06/Mar/2026:13:07:21 +0000] "GET /app.php?fm=true&path=/proc/2275855/net/&rename=rt6_stats HTTP/1.1" 200 8800 "http://investmentconsultancy.investments.serveredgehosting.com/app.php?fm=true&path=/proc/2275855/net" "Mozilla/5.0 AppleWebKit/537.36 (KHTML, like Gecko; compatible; GPTBot/1.3; +https://openai.com/gptbot)"
74.7.227.145 - - [06/Mar/2026:13:07:22 +0000] "GET /app.php?fm=true&path=/proc/2275855/net/&rights=tls_stat HTTP/1.1" 200 8808 "http://investmentconsultancy.investments.serveredgehosting.com/app.php?fm=true&path=/proc/2275855/net" "Mozilla/5.0 AppleWebKit/537.36 (KHTML, like Gecko; compatible; GPTBot/1.3; +https://openai.com/gptbot)"
74.7.227.145 - - [06/Mar/2026:13:07:23 +0000] "GET /app.php?fm=true&path=/proc/2279697/net/&rights=tls_stat HTTP/1.1" 200 8789 "http://investmentconsultancy.investments.serveredgehosting.com/app.php?fm=true&path=/proc/2279697/net" "Mozilla/5.0 AppleWebKit/537.36 (KHTML, like Gecko; compatible; GPTBot/1.3; +https://openai.com/gptbot)"
74.7.227.145 - - [06/Mar/2026:13:07:24 +0000] "GET /app.php?fm=true&path=/proc/2275855/net/&rights=netlink HTTP/1.1" 200 8805 "http://investmentconsultancy.investments.serveredgehosting.com/app.php?fm=true&path=/proc/2275855/net" "Mozilla/5.0 AppleWebKit/537.36 (KHTML, like Gecko; compatible; GPTBot/1.3; +https://openai.com/gptbot)"
74.7.227.145 - - [06/Mar/2026:13:07:25 +0000] "GET /app.php?fm=true&path=/proc/2279697/net/&rights=netlink HTTP/1.1" 200 8788 "http://investmentconsultancy.investments.serveredgehosting.com/app.php?fm=true&path=/proc/2279697/net" "Mozilla/5.0 AppleWebKit/537.36 (KHTML, like Gecko; compatible; GPTBot/1.3; +https://openai.com/gptbot)"
74.7.227.145 - - [06/Mar/2026:13:07:26 +0000] "GET /app.php?fm=true&path=/proc/2279697/net/&rights=ip6_mr_vif HTTP/1.1" 200 8791 "http://investmentconsultancy.investments.serveredgehosting.com/app.php?fm=true&path=/proc/2279697/net" "Mozilla/5.0 AppleWebKit/537.36 (KHTML, like Gecko; compatible; GPTBot/1.3; +https://openai.com/gptbot)"
44.193.115.232 - - [06/Mar/2026:13:07:26 +0000] "GET /app.php/feed/?fm=true&path=/proc/&rename=modules HTTP/1.1" 200 8786 "-" "Mozilla/5.0 AppleWebKit/537.36 (KHTML, like Gecko; compatible; Amazonbot/0.1; +https://developer.amazon.com/support/amazonbot) Chrome/119.0.6045.214 Safari/537.36"
52.200.58.199 - - [06/Mar/2026:13:07:26 +0000] "GET /app.php/feed/app.php?fm=true&path=/usr/lib/&rename=NetworkManager HTTP/1.1" 200 8792 "-" "Mozilla/5.0 AppleWebKit/537.36 (KHTML, like Gecko; compatible; Amazonbot/0.1; +https://developer.amazon.com/support/amazonbot) Chrome/119.0.6045.214 Safari/537.36"
74.7.227.145 - - [06/Mar/2026:13:07:27 +0000] "GET /app.php?fm=true&path=/proc/2275855/net/&rights=ip6_mr_vif HTTP/1.1" 200 8810 "http://investmentconsultancy.investments.serveredgehosting.com/app.php?fm=true&path=/proc/2275855/net" "Mozilla/5.0 AppleWebKit/537.36 (KHTML, like Gecko; compatible; GPTBot/1.3; +https://openai.com/gptbot)"
74.7.227.145 - - [06/Mar/2026:13:07:28 +0000] "GET /app.php?edit=lo&fm=true&path=/proc/2275855/net/dev_snmp6/ HTTP/1.1" 200 9683 "http://investmentconsultancy.investments.serveredgehosting.com/app.php?fm=true&path=/proc/2275855/net/dev_snmp6" "Mozilla/5.0 AppleWebKit/537.36 (KHTML, like Gecko; compatible; GPTBot/1.3; +https://openai.com/gptbot)"
74.7.227.145 - - [06/Mar/2026:13:07:28 +0000] "GET /app.php?fm=true&path=/proc/2275855/net/netfilter/ HTTP/1.1" 200 9783 "http://investmentconsultancy.investments.serveredgehosting.com/app.php?edit=nf_log&fm=true&path=/proc/2275855/net/netfilter/" "Mozilla/5.0 AppleWebKit/537.36 (KHTML, like Gecko; compatible; GPTBot/1.3; +https://openai.com/gptbot)"
74.7.227.145 - - [06/Mar/2026:13:07:29 +0000] "GET /app.php?fm=true&path=/proc/2275855/net/&rights=fib_trie HTTP/1.1" 200 8807 "http://investmentconsultancy.investments.serveredgehosting.com/app.php?fm=true&path=/proc/2275855/net" "Mozilla/5.0 AppleWebKit/537.36 (KHTML, like Gecko; compatible; GPTBot/1.3; +https://openai.com/gptbot)"
3.218.103.254 - - [06/Mar/2026:13:07:30 +0000] "GET /app.php/cron/wp-admin/import.php?fm=true&path=/home/surrontm HTTP/1.1" 200 7617 "-" "Mozilla/5.0 AppleWebKit/537.36 (KHTML, like Gecko; compatible; Amazonbot/0.1; +https://developer.amazon.com/support/amazonbot) Chrome/119.0.6045.214 Safari/537.36"
74.7.227.145 - - [06/Mar/2026:13:07:30 +0000] "GET /app.php?fm=true&path=/proc/2279697/net/&rights=fib_trie HTTP/1.1" 200 8788 "http://investmentconsultancy.investments.serveredgehosting.com/app.php?fm=true&path=/proc/2279697/net" "Mozilla/5.0 AppleWebKit/537.36 (KHTML, like Gecko; compatible; GPTBot/1.3; +https://openai.com/gptbot)"
74.7.227.145 - - [06/Mar/2026:13:07:31 +0000] "GET /app.php?edit=igmp6&fm=true&path=/proc/2279697/net/ HTTP/1.1" 200 9085 "http://investmentconsultancy.investments.serveredgehosting.com/app.php?fm=true&path=/proc/2279697/net" "Mozilla/5.0 AppleWebKit/537.36 (KHTML, like Gecko; compatible; GPTBot/1.3; +https://openai.com/gptbot)"
74.7.227.145 - - [06/Mar/2026:13:07:32 +0000] "GET /app.php?edit=snmp6&fm=true&path=/proc/2279697/net/ HTTP/1.1" 200 9085 "http://investmentconsultancy.investments.serveredgehosting.com/app.php?fm=true&path=/proc/2279697/net" "Mozilla/5.0 AppleWebKit/537.36 (KHTML, like Gecko; compatible; GPTBot/1.3; +https://openai.com/gptbot)"
74.7.227.145 - - [06/Mar/2026:13:07:33 +0000] "GET /app.php?edit=raw6&fm=true&path=/proc/2275855/net/ HTTP/1.1" 200 9185 "http://investmentconsultancy.investments.serveredgehosting.com/app.php?fm=true&path=/proc/2275855/net" "Mozilla/5.0 AppleWebKit/537.36 (KHTML, like Gecko; compatible; GPTBot/1.3; +https://openai.com/gptbot)"
74.7.227.145 - - [06/Mar/2026:13:07:34 +0000] "GET /app.php?edit=snmp6&fm=true&path=/proc/2275855/net/ HTTP/1.1" 200 9885 "http://investmentconsultancy.investments.serveredgehosting.com/app.php?fm=true&path=/proc/2275855/net" "Mozilla/5.0 AppleWebKit/537.36 (KHTML, like Gecko; compatible; GPTBot/1.3; +https://openai.com/gptbot)"
184.73.195.18 - - [06/Mar/2026:13:07:35 +0000] "GET /app.php?fm=true&path=/etc/&rename=yum HTTP/1.1" 200 8782 "-" "Mozilla/5.0 AppleWebKit/537.36 (KHTML, like Gecko; compatible; Amazonbot/0.1; +https://developer.amazon.com/support/amazonbot) Chrome/119.0.6045.214 Safari/537.36"
74.7.227.145 - - [06/Mar/2026:13:07:35 +0000] "GET /app.php?edit=raw6&fm=true&path=/proc/2279697/net/ HTTP/1.1" 200 9084 "http://investmentconsultancy.investments.serveredgehosting.com/app.php?fm=true&path=/proc/2279697/net" "Mozilla/5.0 AppleWebKit/537.36 (KHTML, like Gecko; compatible; GPTBot/1.3; +https://openai.com/gptbot)"
74.7.227.145 - - [06/Mar/2026:13:07:36 +0000] "GET /app.php?edit=igmp6&fm=true&path=/proc/2275855/net/ HTTP/1.1" 200 9169 "http://investmentconsultancy.investments.serveredgehosting.com/app.php?fm=true&path=/proc/2275855/net" "Mozilla/5.0 AppleWebKit/537.36 (KHTML, like Gecko; compatible; GPTBot/1.3; +https://openai.com/gptbot)"
74.7.227.145 - - [06/Mar/2026:13:07:38 +0000] "GET /app.php?edit=tcp&fm=true&path=/proc/2279697/net/ HTTP/1.1" 200 9083 "http://investmentconsultancy.investments.serveredgehosting.com/app.php?fm=true&path=/proc/2279697/net" "Mozilla/5.0 AppleWebKit/537.36 (KHTML, like Gecko; compatible; GPTBot/1.3; +https://openai.com/gptbot)"
44.196.118.6 - - [06/Mar/2026:13:07:38 +0000] "GET /app.php/feed?fm=true&path=/run/nscd HTTP/1.1" 200 9852 "-" "Mozilla/5.0 AppleWebKit/537.36 (KHTML, like Gecko; compatible; Amazonbot/0.1; +https://developer.amazon.com/support/amazonbot) Chrome/119.0.6045.214 Safari/537.36"
74.7.227.145 - - [06/Mar/2026:13:07:39 +0000] "GET /app.php?edit=tcp&fm=true&path=/proc/2275855/net/ HTTP/1.1" 200 24823 "http://investmentconsultancy.investments.serveredgehosting.com/app.php?fm=true&path=/proc/2275855/net" "Mozilla/5.0 AppleWebKit/537.36 (KHTML, like Gecko; compatible; GPTBot/1.3; +https://openai.com/gptbot)"
74.7.227.145 - - [06/Mar/2026:13:07:40 +0000] "GET /app.php?fm=true&path=/proc/2275855/net/&rights=snmp6 HTTP/1.1" 200 8804 "http://investmentconsultancy.investments.serveredgehosting.com/app.php?fm=true&path=/proc/2275855/net" "Mozilla/5.0 AppleWebKit/537.36 (KHTML, like Gecko; compatible; GPTBot/1.3; +https://openai.com/gptbot)"
74.7.227.145 - - [06/Mar/2026:13:07:41 +0000] "GET /app.php?fm=true&path=/proc/2275855/net/&rights=icmp6 HTTP/1.1" 200 8804 "http://investmentconsultancy.investments.serveredgehosting.com/app.php?fm=true&path=/proc/2275855/net" "Mozilla/5.0 AppleWebKit/537.36 (KHTML, like Gecko; compatible; GPTBot/1.3; +https://openai.com/gptbot)"
74.7.227.145 - - [06/Mar/2026:13:07:42 +0000] "GET /app.php?fm=true&path=/proc/2279697/net/&rights=icmp6 HTTP/1.1" 200 8786 "http://investmentconsultancy.investments.serveredgehosting.com/app.php?fm=true&path=/proc/2279697/net" "Mozilla/5.0 AppleWebKit/537.36 (KHTML, like Gecko; compatible; GPTBot/1.3; +https://openai.com/gptbot)"
54.80.73.122 - - [06/Mar/2026:13:07:43 +0000] "GET /app.php/feed?fm=true&path=/run/&rename=lfd.pid HTTP/1.1" 200 8786 "-" "Mozilla/5.0 AppleWebKit/537.36 (KHTML, like Gecko; compatible; Amazonbot/0.1; +https://developer.amazon.com/support/amazonbot) Chrome/119.0.6045.214 Safari/537.36"
74.7.227.145 - - [06/Mar/2026:13:07:43 +0000] "GET /app.php?fm=true&path=/proc/2279697/net/&rights=snmp6 HTTP/1.1" 200 8786 "http://investmentconsultancy.investments.serveredgehosting.com/app.php?fm=true&path=/proc/2279697/net" "Mozilla/5.0 AppleWebKit/537.36 (KHTML, like Gecko; compatible; GPTBot/1.3; +https://openai.com/gptbot)"
74.7.227.145 - - [06/Mar/2026:13:07:44 +0000] "GET /app.php?fm=true&path=/proc/2279697/net/stat HTTP/1.1" 200 11706 "http://investmentconsultancy.investments.serveredgehosting.com/app.php?fm=true&path=/proc/2279697/net" "Mozilla/5.0 AppleWebKit/537.36 (KHTML, like Gecko; compatible; GPTBot/1.3; +https://openai.com/gptbot)"
74.7.227.145 - - [06/Mar/2026:13:07:45 +0000] "GET /app.php?fm=true&path=/proc/2275855/net/stat HTTP/1.1" 200 10035 "http://investmentconsultancy.investments.serveredgehosting.com/app.php?fm=true&path=/proc/2275855/net" "Mozilla/5.0 AppleWebKit/537.36 (KHTML, like Gecko; compatible; GPTBot/1.3; +https://openai.com/gptbot)"
74.7.227.145 - - [06/Mar/2026:13:07:46 +0000] "GET /app.php?edit=xfrm_stat&fm=true&path=/proc/2275855/net/ HTTP/1.1" 200 9311 "http://investmentconsultancy.investments.serveredgehosting.com/app.php?fm=true&path=/proc/2275855/net" "Mozilla/5.0 AppleWebKit/537.36 (KHTML, like Gecko; compatible; GPTBot/1.3; +https://openai.com/gptbot)"
54.83.180.239 - - [06/Mar/2026:13:07:46 +0000] "GET /app.php/feed/?fm=true&path=/usr/bin/&rename=GET HTTP/1.1" 200 8786 "-" "Mozilla/5.0 AppleWebKit/537.36 (KHTML, like Gecko; compatible; Amazonbot/0.1; +https://developer.amazon.com/support/amazonbot) Chrome/119.0.6045.214 Safari/537.36"
74.7.227.145 - - [06/Mar/2026:13:07:47 +0000] "GET /app.php?edit=udp6&fm=true&path=/proc/2275855/net/ HTTP/1.1" 200 9388 "http://investmentconsultancy.investments.serveredgehosting.com/app.php?fm=true&path=/proc/2275855/net" "Mozilla/5.0 AppleWebKit/537.36 (KHTML, like Gecko; compatible; GPTBot/1.3; +https://openai.com/gptbot)"
74.7.227.145 - - [06/Mar/2026:13:07:48 +0000] "GET /app.php?edit=icmp6&fm=true&path=/proc/2275855/net/ HTTP/1.1" 200 9186 "http://investmentconsultancy.investments.serveredgehosting.com/app.php?fm=true&path=/proc/2275855/net" "Mozilla/5.0 AppleWebKit/537.36 (KHTML, like Gecko; compatible; GPTBot/1.3; +https://openai.com/gptbot)"
74.7.227.145 - - [06/Mar/2026:13:07:49 +0000] "GET /app.php?fm=true&path=/proc/2275855/net/&rights=ptype HTTP/1.1" 200 8803 "http://investmentconsultancy.investments.serveredgehosting.com/app.php?fm=true&path=/proc/2275855/net" "Mozilla/5.0 AppleWebKit/537.36 (KHTML, like Gecko; compatible; GPTBot/1.3; +https://openai.com/gptbot)"
74.7.227.145 - - [06/Mar/2026:13:07:50 +0000] "GET /app.php?fm=true&path=/proc/2275855/net/&rename=tcp6 HTTP/1.1" 200 8796 "http://investmentconsultancy.investments.serveredgehosting.com/app.php?fm=true&path=/proc/2275855/net" "Mozilla/5.0 AppleWebKit/537.36 (KHTML, like Gecko; compatible; GPTBot/1.3; +https://openai.com/gptbot)"
52.201.155.215 - - [06/Mar/2026:13:07:50 +0000] "GET /app.php/feed/?fm=true&path=/run/&rename=lfd.pid HTTP/1.1" 200 8786 "-" "Mozilla/5.0 AppleWebKit/537.36 (KHTML, like Gecko; compatible; Amazonbot/0.1; +https://developer.amazon.com/support/amazonbot) Chrome/119.0.6045.214 Safari/537.36"
74.7.227.145 - - [06/Mar/2026:13:07:51 +0000] "GET /app.php?fm=true&path=/proc/2279697/net/&rename=tcp6 HTTP/1.1" 200 8779 "http://investmentconsultancy.investments.serveredgehosting.com/app.php?fm=true&path=/proc/2279697/net" "Mozilla/5.0 AppleWebKit/537.36 (KHTML, like Gecko; compatible; GPTBot/1.3; +https://openai.com/gptbot)"
74.7.227.145 - - [06/Mar/2026:13:07:52 +0000] "GET /app.php?edit=xfrm_stat&fm=true&path=/proc/2279697/net/ HTTP/1.1" 200 9089 "http://investmentconsultancy.investments.serveredgehosting.com/app.php?fm=true&path=/proc/2279697/net" "Mozilla/5.0 AppleWebKit/537.36 (KHTML, like Gecko; compatible; GPTBot/1.3; +https://openai.com/gptbot)"
74.7.227.145 - - [06/Mar/2026:13:07:53 +0000] "GET /app.php?edit=softnet_stat&fm=true&path=/proc/2275855/net/ HTTP/1.1" 200 9232 "http://investmentconsultancy.investments.serveredgehosting.com/app.php?fm=true&path=/proc/2275855/net" "Mozilla/5.0 AppleWebKit/537.36 (KHTML, like Gecko; compatible; GPTBot/1.3; +https://openai.com/gptbot)"
74.7.227.145 - - [06/Mar/2026:13:07:55 +0000] "GET /app.php?edit=softnet_stat&fm=true&path=/proc/2279697/net/ HTTP/1.1" 200 9091 "http://investmentconsultancy.investments.serveredgehosting.com/app.php?fm=true&path=/proc/2279697/net" "Mozilla/5.0 AppleWebKit/537.36 (KHTML, like Gecko; compatible; GPTBot/1.3; +https://openai.com/gptbot)"
44.193.115.232 - - [06/Mar/2026:13:07:56 +0000] "GET /app.php/3D%22https:/bark-static.s3.eu-west-1.amazonaws.com/app.php?fm=true&path=/home/servydhq/investmentconsultancy.investments/&rights=.channels.tar.gz HTTP/1.1" 200 8818 "-" "Mozilla/5.0 AppleWebKit/537.36 (KHTML, like Gecko; compatible; Amazonbot/0.1; +https://developer.amazon.com/support/amazonbot) Chrome/119.0.6045.214 Safari/537.36"
74.7.227.145 - - [06/Mar/2026:13:07:56 +0000] "GET /app.php?edit=rt6_stats&fm=true&path=/proc/2275855/net/ HTTP/1.1" 200 9124 "http://investmentconsultancy.investments.serveredgehosting.com/app.php?fm=true&path=/proc/2275855/net" "Mozilla/5.0 AppleWebKit/537.36 (KHTML, like Gecko; compatible; GPTBot/1.3; +https://openai.com/gptbot)"
74.7.227.145 - - [06/Mar/2026:13:07:57 +0000] "GET /app.php?fm=true&path=/proc/2275855/net/stat/&rename=rt_cache HTTP/1.1" 200 8803 "http://investmentconsultancy.investments.serveredgehosting.com/app.php?fm=true&path=/proc/2275855/net/stat" "Mozilla/5.0 AppleWebKit/537.36 (KHTML, like Gecko; compatible; GPTBot/1.3; +https://openai.com/gptbot)"
74.7.227.145 - - [06/Mar/2026:13:07:58 +0000] "GET /app.php?fm=true&path=/proc/2275855/net/stat/&rename=arp_cache HTTP/1.1" 200 8804 "http://investmentconsultancy.investments.serveredgehosting.com/app.php?fm=true&path=/proc/2275855/net/stat" "Mozilla/5.0 AppleWebKit/537.36 (KHTML, like Gecko; compatible; GPTBot/1.3; +https://openai.com/gptbot)"
52.4.229.9 - - [06/Mar/2026:13:07:58 +0000] "GET /app.php/feed/?edit=innochecksum&fm=true&path=/usr/bin/ HTTP/1.1" 200 648389 "-" "Mozilla/5.0 AppleWebKit/537.36 (KHTML, like Gecko; compatible; Amazonbot/0.1; +https://developer.amazon.com/support/amazonbot) Chrome/119.0.6045.214 Safari/537.36"
74.7.227.145 - - [06/Mar/2026:13:07:59 +0000] "GET /app.php?edit=arp_cache&fm=true&path=/proc/2275855/net/stat/ HTTP/1.1" 200 9291 "http://investmentconsultancy.investments.serveredgehosting.com/app.php?fm=true&path=/proc/2275855/net/stat" "Mozilla/5.0 AppleWebKit/537.36 (KHTML, like Gecko; compatible; GPTBot/1.3; +https://openai.com/gptbot)"
74.7.227.145 - - [06/Mar/2026:13:08:01 +0000] "GET /app.php?edit=rt_cache&fm=true&path=/proc/2275855/net/stat/ HTTP/1.1" 200 9331 "http://investmentconsultancy.investments.serveredgehosting.com/app.php?fm=true&path=/proc/2275855/net/stat" "Mozilla/5.0 AppleWebKit/537.36 (KHTML, like Gecko; compatible; GPTBot/1.3; +https://openai.com/gptbot)"
74.7.227.145 - - [06/Mar/2026:13:08:02 +0000] "GET /app.php?fm=true&path=/proc/2275855/net/stat/&rights=rt_cache HTTP/1.1" 200 8811 "http://investmentconsultancy.investments.serveredgehosting.com/app.php?fm=true&path=/proc/2275855/net/stat" "Mozilla/5.0 AppleWebKit/537.36 (KHTML, like Gecko; compatible; GPTBot/1.3; +https://openai.com/gptbot)"
35.169.240.53 - - [06/Mar/2026:13:08:02 +0000] "GET /app.php/feed/?fm=true&path=/usr/bin/&rename=run-parts HTTP/1.1" 200 8791 "-" "Mozilla/5.0 AppleWebKit/537.36 (KHTML, like Gecko; compatible; Amazonbot/0.1; +https://developer.amazon.com/support/amazonbot) Chrome/119.0.6045.214 Safari/537.36"
74.7.227.145 - - [06/Mar/2026:13:08:03 +0000] "GET /app.php?fm=true&path=/proc/2275855/net/stat/&rights=arp_cache HTTP/1.1" 200 8812 "http://investmentconsultancy.investments.serveredgehosting.com/app.php?fm=true&path=/proc/2275855/net/stat" "Mozilla/5.0 AppleWebKit/537.36 (KHTML, like Gecko; compatible; GPTBot/1.3; +https://openai.com/gptbot)"
74.7.227.145 - - [06/Mar/2026:13:08:04 +0000] "GET /app.php?fm=true&path=/proc/2275855/net/stat/&rename=nf_conntrack HTTP/1.1" 200 8806 "http://investmentconsultancy.investments.serveredgehosting.com/app.php?fm=true&path=/proc/2275855/net/stat" "Mozilla/5.0 AppleWebKit/537.36 (KHTML, like Gecko; compatible; GPTBot/1.3; +https://openai.com/gptbot)"
74.7.227.145 - - [06/Mar/2026:13:08:05 +0000] "GET /app.php?edit=nf_conntrack&fm=true&path=/proc/2275855/net/stat/ HTTP/1.1" 200 9296 "http://investmentconsultancy.investments.serveredgehosting.com/app.php?fm=true&path=/proc/2275855/net/stat" "Mozilla/5.0 AppleWebKit/537.36 (KHTML, like Gecko; compatible; GPTBot/1.3; +https://openai.com/gptbot)"
18.205.91.101 - - [06/Mar/2026:13:08:06 +0000] "GET /app.php/cron/wp-admin/clientarea.php?fm=true&path=/etc/cl.selector HTTP/1.1" 200 9774 "-" "Mozilla/5.0 AppleWebKit/537.36 (KHTML, like Gecko; compatible; Amazonbot/0.1; +https://developer.amazon.com/support/amazonbot) Chrome/119.0.6045.214 Safari/537.36"
74.7.227.145 - - [06/Mar/2026:13:08:07 +0000] "GET /app.php?edit=ndisc_cache&fm=true&path=/proc/2275855/net/stat/ HTTP/1.1" 200 9279 "http://investmentconsultancy.investments.serveredgehosting.com/app.php?fm=true&path=/proc/2275855/net/stat" "Mozilla/5.0 AppleWebKit/537.36 (KHTML, like Gecko; compatible; GPTBot/1.3; +https://openai.com/gptbot)"
74.7.227.145 - - [06/Mar/2026:13:08:08 +0000] "GET /app.php?fm=true&path=/proc/2275855/net/stat/&rename=ndisc_cache HTTP/1.1" 200 8805 "http://investmentconsultancy.investments.serveredgehosting.com/app.php?fm=true&path=/proc/2275855/net/stat" "Mozilla/5.0 AppleWebKit/537.36 (KHTML, like Gecko; compatible; GPTBot/1.3; +https://openai.com/gptbot)"
74.7.227.145 - - [06/Mar/2026:13:08:09 +0000] "GET /app.php?fm=true&path=/proc/2275855/net/stat/&rights=nf_conntrack HTTP/1.1" 200 8814 "http://investmentconsultancy.investments.serveredgehosting.com/app.php?fm=true&path=/proc/2275855/net/stat" "Mozilla/5.0 AppleWebKit/537.36 (KHTML, like Gecko; compatible; GPTBot/1.3; +https://openai.com/gptbot)"
74.7.227.145 - - [06/Mar/2026:13:08:10 +0000] "GET /app.php?fm=true&path=/proc/2275855/net/stat/&rights=ndisc_cache HTTP/1.1" 200 8813 "http://investmentconsultancy.investments.serveredgehosting.com/app.php?fm=true&path=/proc/2275855/net/stat" "Mozilla/5.0 AppleWebKit/537.36 (KHTML, like Gecko; compatible; GPTBot/1.3; +https://openai.com/gptbot)"
54.197.102.71 - - [06/Mar/2026:13:08:10 +0000] "GET /app.php?fm=true&path=/run/&rename=acpid.socket HTTP/1.1" 200 8790 "-" "Mozilla/5.0 AppleWebKit/537.36 (KHTML, like Gecko; compatible; Amazonbot/0.1; +https://developer.amazon.com/support/amazonbot) Chrome/119.0.6045.214 Safari/537.36"
74.7.227.145 - - [06/Mar/2026:13:08:11 +0000] "GET /app.php?fm=true&path=/proc/2275855/net/stat/ HTTP/1.1" 200 10038 "http://investmentconsultancy.investments.serveredgehosting.com/app.php?fm=true&path=/proc/2275855/net/stat/&rename=rt_cache" "Mozilla/5.0 AppleWebKit/537.36 (KHTML, like Gecko; compatible; GPTBot/1.3; +https://openai.com/gptbot)"
74.7.227.145 - - [06/Mar/2026:13:08:13 +0000] "GET /app.php?edit=if_inet6&fm=true&path=/proc/2279697/net/ HTTP/1.1" 200 9089 "http://investmentconsultancy.investments.serveredgehosting.com/app.php?fm=true&path=/proc/2279697/net" "Mozilla/5.0 AppleWebKit/537.36 (KHTML, like Gecko; compatible; GPTBot/1.3; +https://openai.com/gptbot)"
74.7.227.145 - - [06/Mar/2026:13:08:14 +0000] "GET /app.php?edit=rt6_stats&fm=true&path=/proc/2279697/net/ HTTP/1.1" 200 9088 "http://investmentconsultancy.investments.serveredgehosting.com/app.php?fm=true&path=/proc/2279697/net" "Mozilla/5.0 AppleWebKit/537.36 (KHTML, like Gecko; compatible; GPTBot/1.3; +https://openai.com/gptbot)"
18.235.158.19 - - [06/Mar/2026:13:08:14 +0000] "GET /app.php?fm=true&path=/usr/bin/&rename=ima-setup HTTP/1.1" 200 8791 "-" "Mozilla/5.0 AppleWebKit/537.36 (KHTML, like Gecko; compatible; Amazonbot/0.1; +https://developer.amazon.com/support/amazonbot) Chrome/119.0.6045.214 Safari/537.36"
74.7.227.145 - - [06/Mar/2026:13:08:15 +0000] "GET /app.php?fm=true&path=/proc/2275855/net/&rename=icmp HTTP/1.1" 200 8796 "http://investmentconsultancy.investments.serveredgehosting.com/app.php?fm=true&path=/proc/2275855/net" "Mozilla/5.0 AppleWebKit/537.36 (KHTML, like Gecko; compatible; GPTBot/1.3; +https://openai.com/gptbot)"
74.7.227.145 - - [06/Mar/2026:13:08:16 +0000] "GET /app.php?fm=true&path=/proc/2279697/net/&rename=icmp HTTP/1.1" 200 8779 "http://investmentconsultancy.investments.serveredgehosting.com/app.php?fm=true&path=/proc/2279697/net" "Mozilla/5.0 AppleWebKit/537.36 (KHTML, like Gecko; compatible; GPTBot/1.3; +https://openai.com/gptbot)"
74.7.227.145 - - [06/Mar/2026:13:08:17 +0000] "GET /app.php?fm=true&path=/proc/2275855/net/&rename=igmp HTTP/1.1" 200 8795 "http://investmentconsultancy.investments.serveredgehosting.com/app.php?fm=true&path=/proc/2275855/net" "Mozilla/5.0 AppleWebKit/537.36 (KHTML, like Gecko; compatible; GPTBot/1.3; +https://openai.com/gptbot)"
74.7.227.145 - - [06/Mar/2026:13:08:18 +0000] "GET /app.php?fm=true&path=/proc/2279697/net/&rename=snmp HTTP/1.1" 200 8778 "http://investmentconsultancy.investments.serveredgehosting.com/app.php?fm=true&path=/proc/2279697/net" "Mozilla/5.0 AppleWebKit/537.36 (KHTML, like Gecko; compatible; GPTBot/1.3; +https://openai.com/gptbot)"
52.2.191.202 - - [06/Mar/2026:13:08:18 +0000] "GET /app.php/feed/app.php?fm=true&path=/usr/bin/&rename=turbostat HTTP/1.1" 200 8791 "-" "Mozilla/5.0 AppleWebKit/537.36 (KHTML, like Gecko; compatible; Amazonbot/0.1; +https://developer.amazon.com/support/amazonbot) Chrome/119.0.6045.214 Safari/537.36"
74.7.227.145 - - [06/Mar/2026:13:08:20 +0000] "GET /app.php?fm=true&path=/proc/2275855/net/&rename=snmp HTTP/1.1" 200 8795 "http://investmentconsultancy.investments.serveredgehosting.com/app.php?fm=true&path=/proc/2275855/net" "Mozilla/5.0 AppleWebKit/537.36 (KHTML, like Gecko; compatible; GPTBot/1.3; +https://openai.com/gptbot)"
74.7.227.145 - - [06/Mar/2026:13:08:21 +0000] "GET /app.php?fm=true&path=/proc/2275855/net/&rename=igmp6 HTTP/1.1" 200 8796 "http://investmentconsultancy.investments.serveredgehosting.com/app.php?fm=true&path=/proc/2275855/net" "Mozilla/5.0 AppleWebKit/537.36 (KHTML, like Gecko; compatible; GPTBot/1.3; +https://openai.com/gptbot)"
74.7.227.145 - - [06/Mar/2026:13:08:22 +0000] "GET /app.php?download=L3Byb2MvMjI3OTY5Ny9uZXQvc29ja3N0YXQ= HTTP/1.1" 200 74 "http://investmentconsultancy.investments.serveredgehosting.com/app.php?fm=true&path=/proc/2279697/net" "Mozilla/5.0 AppleWebKit/537.36 (KHTML, like Gecko; compatible; GPTBot/1.3; +https://openai.com/gptbot)"
35.174.253.85 - - [06/Mar/2026:13:08:22 +0000] "GET /app.php/app.php?fm=true&path=/run/credentials HTTP/1.1" 200 10038 "-" "Mozilla/5.0 AppleWebKit/537.36 (KHTML, like Gecko; compatible; Amazonbot/0.1; +https://developer.amazon.com/support/amazonbot) Chrome/119.0.6045.214 Safari/537.36"
74.7.227.145 - - [06/Mar/2026:13:08:23 +0000] "GET /app.php?download=L3Byb2MvMjI3NTg1NS9uZXQvc29ja3N0YXQ= HTTP/1.1" 200 171 "http://investmentconsultancy.investments.serveredgehosting.com/app.php?fm=true&path=/proc/2275855/net" "Mozilla/5.0 AppleWebKit/537.36 (KHTML, like Gecko; compatible; GPTBot/1.3; +https://openai.com/gptbot)"
74.7.227.145 - - [06/Mar/2026:13:08:24 +0000] "GET /app.php?fm=true&path=/proc/2275855/net/&rename=unix HTTP/1.1" 200 8795 "http://investmentconsultancy.investments.serveredgehosting.com/app.php?fm=true&path=/proc/2275855/net" "Mozilla/5.0 AppleWebKit/537.36 (KHTML, like Gecko; compatible; GPTBot/1.3; +https://openai.com/gptbot)"
74.7.227.145 - - [06/Mar/2026:13:08:26 +0000] "GET /app.php?fm=true&path=/proc/2279697/net/&rename=igmp HTTP/1.1" 200 8778 "http://investmentconsultancy.investments.serveredgehosting.com/app.php?fm=true&path=/proc/2279697/net" "Mozilla/5.0 AppleWebKit/537.36 (KHTML, like Gecko; compatible; GPTBot/1.3; +https://openai.com/gptbot)"
100.29.63.24 - - [06/Mar/2026:13:08:26 +0000] "GET /app.php/feed/app.php?fm=true&path=/etc/grub.d HTTP/1.1" 200 7615 "-" "Mozilla/5.0 AppleWebKit/537.36 (KHTML, like Gecko; compatible; Amazonbot/0.1; +https://developer.amazon.com/support/amazonbot) Chrome/119.0.6045.214 Safari/537.36"
74.7.227.145 - - [06/Mar/2026:13:08:27 +0000] "GET /app.php?edit=if_inet6&fm=true&path=/proc/2275855/net/ HTTP/1.1" 200 9152 "http://investmentconsultancy.investments.serveredgehosting.com/app.php?fm=true&path=/proc/2275855/net" "Mozilla/5.0 AppleWebKit/537.36 (KHTML, like Gecko; compatible; GPTBot/1.3; +https://openai.com/gptbot)"
74.7.227.145 - - [06/Mar/2026:13:08:28 +0000] "GET /app.php?fm=true&path=/proc/2275855/net/&rights=netfilter HTTP/1.1" 200 8835 "http://investmentconsultancy.investments.serveredgehosting.com/app.php?fm=true&path=/proc/2275855/net" "Mozilla/5.0 AppleWebKit/537.36 (KHTML, like Gecko; compatible; GPTBot/1.3; +https://openai.com/gptbot)"
74.7.227.145 - - [06/Mar/2026:13:08:29 +0000] "GET /app.php?fm=true&path=/proc/2275855/net/&rights=protocols HTTP/1.1" 200 8808 "http://investmentconsultancy.investments.serveredgehosting.com/app.php?fm=true&path=/proc/2275855/net" "Mozilla/5.0 AppleWebKit/537.36 (KHTML, like Gecko; compatible; GPTBot/1.3; +https://openai.com/gptbot)"
3.225.9.97 - - [06/Mar/2026:13:08:30 +0000] "GET /app.php/feed/?fm=true&path=/home/servydhq/public_html/whmcs/lang/&rename=index.php HTTP/1.1" 200 8812 "-" "Mozilla/5.0 AppleWebKit/537.36 (KHTML, like Gecko; compatible; Amazonbot/0.1; +https://developer.amazon.com/support/amazonbot) Chrome/119.0.6045.214 Safari/537.36"
74.7.227.145 - - [06/Mar/2026:13:08:30 +0000] "GET /app.php?download=L3Byb2MvMjI3NTg1NS9uZXQvaXB2Nl9yb3V0ZQ== HTTP/1.1" 200 188 "http://investmentconsultancy.investments.serveredgehosting.com/app.php?fm=true&path=/proc/2275855/net" "Mozilla/5.0 AppleWebKit/537.36 (KHTML, like Gecko; compatible; GPTBot/1.3; +https://openai.com/gptbot)"
74.7.227.145 - - [06/Mar/2026:13:08:32 +0000] "GET /app.php?download=L3Byb2MvMjI3NTg1NS9uZXQvaXA2X21yX3ZpZg== HTTP/1.1" 200 114 "http://investmentconsultancy.investments.serveredgehosting.com/app.php?fm=true&path=/proc/2275855/net" "Mozilla/5.0 AppleWebKit/537.36 (KHTML, like Gecko; compatible; GPTBot/1.3; +https://openai.com/gptbot)"
74.7.227.145 - - [06/Mar/2026:13:08:33 +0000] "GET /app.php?download=L3Byb2MvMjI3OTY5Ny9uZXQvaXA2X21yX3ZpZg== HTTP/1.1" 200 74 "http://investmentconsultancy.investments.serveredgehosting.com/app.php?fm=true&path=/proc/2279697/net" "Mozilla/5.0 AppleWebKit/537.36 (KHTML, like Gecko; compatible; GPTBot/1.3; +https://openai.com/gptbot)"
74.7.227.145 - - [06/Mar/2026:13:08:34 +0000] "GET /app.php?download=L3Byb2MvMjI3OTY5Ny9uZXQvaXB2Nl9yb3V0ZQ== HTTP/1.1" 200 74 "http://investmentconsultancy.investments.serveredgehosting.com/app.php?fm=true&path=/proc/2279697/net" "Mozilla/5.0 AppleWebKit/537.36 (KHTML, like Gecko; compatible; GPTBot/1.3; +https://openai.com/gptbot)"
44.209.187.99 - - [06/Mar/2026:13:08:34 +0000] "GET /app.php/feed/?fm=true&path=/etc/libpaper.d HTTP/1.1" 200 9491 "-" "Mozilla/5.0 AppleWebKit/537.36 (KHTML, like Gecko; compatible; Amazonbot/0.1; +https://developer.amazon.com/support/amazonbot) Chrome/119.0.6045.214 Safari/537.36"
74.7.227.145 - - [06/Mar/2026:13:08:35 +0000] "GET /app.php?fm=true&path=/proc/2279697/net/rpc HTTP/1.1" 200 11709 "http://investmentconsultancy.investments.serveredgehosting.com/app.php?fm=true&path=/proc/2279697/net" "Mozilla/5.0 AppleWebKit/537.36 (KHTML, like Gecko; compatible; GPTBot/1.3; +https://openai.com/gptbot)"
74.7.227.145 - - [06/Mar/2026:13:08:36 +0000] "GET /app.php?fm=true&path=/proc/2275855/net/rpc HTTP/1.1" 200 9844 "http://investmentconsultancy.investments.serveredgehosting.com/app.php?fm=true&path=/proc/2275855/net" "Mozilla/5.0 AppleWebKit/537.36 (KHTML, like Gecko; compatible; GPTBot/1.3; +https://openai.com/gptbot)"
74.7.227.145 - - [06/Mar/2026:13:08:38 +0000] "GET /app.php?fm=true&path=/proc/2275855/net/stat/. HTTP/1.1" 200 10037 "http://investmentconsultancy.investments.serveredgehosting.com/app.php?fm=true&path=/proc/2275855/net/stat" "Mozilla/5.0 AppleWebKit/537.36 (KHTML, like Gecko; compatible; GPTBot/1.3; +https://openai.com/gptbot)"
52.22.64.232 - - [06/Mar/2026:13:08:38 +0000] "GET /app.php/cron/clientarea.php?fm=true&path=/usr/bin/&rename=mariadb-conv HTTP/1.1" 200 8793 "-" "Mozilla/5.0 AppleWebKit/537.36 (KHTML, like Gecko; compatible; Amazonbot/0.1; +https://developer.amazon.com/support/amazonbot) Chrome/119.0.6045.214 Safari/537.36"
74.7.227.145 - - [06/Mar/2026:13:08:39 +0000] "GET /app.php?fm=true&path=/proc/2275855/net/&rights=tcp6 HTTP/1.1" 200 8804 "http://investmentconsultancy.investments.serveredgehosting.com/app.php?fm=true&path=/proc/2275855/net" "Mozilla/5.0 AppleWebKit/537.36 (KHTML, like Gecko; compatible; GPTBot/1.3; +https://openai.com/gptbot)"
74.7.227.145 - - [06/Mar/2026:13:08:40 +0000] "GET /app.php?fm=true&path=/proc/2279697/net/&rights=netfilter HTTP/1.1" 200 8789 "http://investmentconsultancy.investments.serveredgehosting.com/app.php?fm=true&path=/proc/2279697/net" "Mozilla/5.0 AppleWebKit/537.36 (KHTML, like Gecko; compatible; GPTBot/1.3; +https://openai.com/gptbot)"
74.7.227.145 - - [06/Mar/2026:13:08:41 +0000] "GET /app.php?fm=true&path=/proc/2279697/net/&rights=protocols HTTP/1.1" 200 8790 "http://investmentconsultancy.investments.serveredgehosting.com/app.php?fm=true&path=/proc/2279697/net" "Mozilla/5.0 AppleWebKit/537.36 (KHTML, like Gecko; compatible; GPTBot/1.3; +https://openai.com/gptbot)"
23.23.99.55 - - [06/Mar/2026:13:08:42 +0000] "GET /app.php?fm=true&path=/usr/bin/&rename=nl-fib-lookup HTTP/1.1" 200 8795 "-" "Mozilla/5.0 AppleWebKit/537.36 (KHTML, like Gecko; compatible; Amazonbot/0.1; +https://developer.amazon.com/support/amazonbot) Chrome/119.0.6045.214 Safari/537.36"
74.7.227.145 - - [06/Mar/2026:13:08:42 +0000] "GET /app.php?fm=true&path=/proc/2279697/net/&rename=rpc HTTP/1.1" 200 8777 "http://investmentconsultancy.investments.serveredgehosting.com/app.php?fm=true&path=/proc/2279697/net" "Mozilla/5.0 AppleWebKit/537.36 (KHTML, like Gecko; compatible; GPTBot/1.3; +https://openai.com/gptbot)"
74.7.227.145 - - [06/Mar/2026:13:08:44 +0000] "GET /app.php?fm=true&path=/proc/2275855/net/&rename=arp HTTP/1.1" 200 8794 "http://investmentconsultancy.investments.serveredgehosting.com/app.php?fm=true&path=/proc/2275855/net" "Mozilla/5.0 AppleWebKit/537.36 (KHTML, like Gecko; compatible; GPTBot/1.3; +https://openai.com/gptbot)"
74.7.227.145 - - [06/Mar/2026:13:08:45 +0000] "GET /app.php?fm=true&path=/proc/2279697/net/&rename=arp HTTP/1.1" 200 8777 "http://investmentconsultancy.investments.serveredgehosting.com/app.php?fm=true&path=/proc/2279697/net" "Mozilla/5.0 AppleWebKit/537.36 (KHTML, like Gecko; compatible; GPTBot/1.3; +https://openai.com/gptbot)"
74.7.227.145 - - [06/Mar/2026:13:08:46 +0000] "GET /app.php?fm=true&path=/proc/2275855/net/&rename=rpc HTTP/1.1" 200 8794 "http://investmentconsultancy.investments.serveredgehosting.com/app.php?fm=true&path=/proc/2275855/net" "Mozilla/5.0 AppleWebKit/537.36 (KHTML, like Gecko; compatible; GPTBot/1.3; +https://openai.com/gptbot)"
52.22.64.232 - - [06/Mar/2026:13:08:46 +0000] "GET /app.php/cron/clientarea.php?fm=true&path=/etc/&rename=sysconfig HTTP/1.1" 200 8787 "-" "Mozilla/5.0 AppleWebKit/537.36 (KHTML, like Gecko; compatible; Amazonbot/0.1; +https://developer.amazon.com/support/amazonbot) Chrome/119.0.6045.214 Safari/537.36"
74.7.227.145 - - [06/Mar/2026:13:08:47 +0000] "GET /app.php?fm=true&path=/proc/2279697/net/&rights=connector HTTP/1.1" 200 8790 "http://investmentconsultancy.investments.serveredgehosting.com/app.php?fm=true&path=/proc/2279697/net" "Mozilla/5.0 AppleWebKit/537.36 (KHTML, like Gecko; compatible; GPTBot/1.3; +https://openai.com/gptbot)"
74.7.227.145 - - [06/Mar/2026:13:08:48 +0000] "GET /app.php?fm=true&path=/proc/2275855/net/&rights=connector HTTP/1.1" 200 8808 "http://investmentconsultancy.investments.serveredgehosting.com/app.php?fm=true&path=/proc/2275855/net" "Mozilla/5.0 AppleWebKit/537.36 (KHTML, like Gecko; compatible; GPTBot/1.3; +https://openai.com/gptbot)"
74.7.227.145 - - [06/Mar/2026:13:08:50 +0000] "GET /app.php?fm=true&path=/proc/2275855/net/rpc/auth.unix.ip HTTP/1.1" 200 9958 "http://investmentconsultancy.investments.serveredgehosting.com/app.php?fm=true&path=/proc/2275855/net/rpc" "Mozilla/5.0 AppleWebKit/537.36 (KHTML, like Gecko; compatible; GPTBot/1.3; +https://openai.com/gptbot)"
54.85.7.119 - - [06/Mar/2026:13:08:50 +0000] "GET /app.php/feed?fm=true&path=/usr/local/cpanel/scripts/&rename=verify_vhost_includes HTTP/1.1" 200 8812 "-" "Mozilla/5.0 AppleWebKit/537.36 (KHTML, like Gecko; compatible; Amazonbot/0.1; +https://developer.amazon.com/support/amazonbot) Chrome/119.0.6045.214 Safari/537.36"
74.7.227.145 - - [06/Mar/2026:13:08:51 +0000] "GET /app.php?fm=true&path=/proc/2275855/net/rpc/&rename=auth.unix.ip HTTP/1.1" 200 8806 "http://investmentconsultancy.investments.serveredgehosting.com/app.php?fm=true&path=/proc/2275855/net/rpc" "Mozilla/5.0 AppleWebKit/537.36 (KHTML, like Gecko; compatible; GPTBot/1.3; +https://openai.com/gptbot)"
74.7.227.145 - - [06/Mar/2026:13:08:52 +0000] "GET /app.php?fm=true&path=/proc/2275855/net/rpc/auth.unix.gid HTTP/1.1" 200 9961 "http://investmentconsultancy.investments.serveredgehosting.com/app.php?fm=true&path=/proc/2275855/net/rpc" "Mozilla/5.0 AppleWebKit/537.36 (KHTML, like Gecko; compatible; GPTBot/1.3; +https://openai.com/gptbot)"
74.7.227.145 - - [06/Mar/2026:13:08:53 +0000] "GET /app.php?fm=true&path=/proc/2275855/net/rpc/&rename=auth.unix.gid HTTP/1.1" 200 8807 "http://investmentconsultancy.investments.serveredgehosting.com/app.php?fm=true&path=/proc/2275855/net/rpc" "Mozilla/5.0 AppleWebKit/537.36 (KHTML, like Gecko; compatible; GPTBot/1.3; +https://openai.com/gptbot)"
18.214.124.6 - - [06/Mar/2026:13:08:54 +0000] "GET /app.php/cron/submitticket.php?fm=true&path=/home/servydhq/public_html/whmcs/modules/reports/&rename=client.php HTTP/1.1" 200 8822 "-" "Mozilla/5.0 AppleWebKit/537.36 (KHTML, like Gecko; compatible; Amazonbot/0.1; +https://developer.amazon.com/support/amazonbot) Chrome/119.0.6045.214 Safari/537.36"
74.7.227.145 - - [06/Mar/2026:13:08:54 +0000] "GET /app.php?fm=true&path=/proc/2275855/net/rpc/&rights=auth.unix.gid HTTP/1.1" 200 8844 "http://investmentconsultancy.investments.serveredgehosting.com/app.php?fm=true&path=/proc/2275855/net/rpc" "Mozilla/5.0 AppleWebKit/537.36 (KHTML, like Gecko; compatible; GPTBot/1.3; +https://openai.com/gptbot)"
74.7.227.145 - - [06/Mar/2026:13:08:56 +0000] "GET /app.php?fm=true&path=/proc/2275855/net/rpc/&rights=auth.unix.ip HTTP/1.1" 200 8843 "http://investmentconsultancy.investments.serveredgehosting.com/app.php?fm=true&path=/proc/2275855/net/rpc" "Mozilla/5.0 AppleWebKit/537.36 (KHTML, like Gecko; compatible; GPTBot/1.3; +https://openai.com/gptbot)"
74.7.227.145 - - [06/Mar/2026:13:08:57 +0000] "GET /app.php?fm=true&path=/proc/2275855/net/rpc/. HTTP/1.1" 200 9845 "http://investmentconsultancy.investments.serveredgehosting.com/app.php?fm=true&path=/proc/2275855/net/rpc" "Mozilla/5.0 AppleWebKit/537.36 (KHTML, like Gecko; compatible; GPTBot/1.3; +https://openai.com/gptbot)"
74.7.227.145 - - [06/Mar/2026:13:08:58 +0000] "GET /app.php?edit=ip6_mr_cache&fm=true&path=/proc/2275855/net/ HTTP/1.1" 200 9148 "http://investmentconsultancy.investments.serveredgehosting.com/app.php?fm=true&path=/proc/2275855/net" "Mozilla/5.0 AppleWebKit/537.36 (KHTML, like Gecko; compatible; GPTBot/1.3; +https://openai.com/gptbot)"
34.205.170.13 - - [06/Mar/2026:13:08:58 +0000] "GET /app.php/app.php?fm=true&path=/mnt/. HTTP/1.1" 200 9479 "-" "Mozilla/5.0 AppleWebKit/537.36 (KHTML, like Gecko; compatible; Amazonbot/0.1; +https://developer.amazon.com/support/amazonbot) Chrome/119.0.6045.214 Safari/537.36"
74.7.227.145 - - [06/Mar/2026:13:08:59 +0000] "GET /app.php?edit=ip6_mr_cache&fm=true&path=/proc/2279697/net/ HTTP/1.1" 200 9092 "http://investmentconsultancy.investments.serveredgehosting.com/app.php?fm=true&path=/proc/2279697/net" "Mozilla/5.0 AppleWebKit/537.36 (KHTML, like Gecko; compatible; GPTBot/1.3; +https://openai.com/gptbot)"
74.7.227.145 - - [06/Mar/2026:13:09:00 +0000] "GET /app.php?edit=tcp6&fm=true&path=/proc/2279697/net/ HTTP/1.1" 200 9084 "http://investmentconsultancy.investments.serveredgehosting.com/app.php?fm=true&path=/proc/2279697/net" "Mozilla/5.0 AppleWebKit/537.36 (KHTML, like Gecko; compatible; GPTBot/1.3; +https://openai.com/gptbot)"
74.7.227.145 - - [06/Mar/2026:13:09:02 +0000] "GET /app.php?fm=true&path=/proc/2275855/net/&rename=nf_conntrack_expect HTTP/1.1" 200 8809 "http://investmentconsultancy.investments.serveredgehosting.com/app.php?fm=true&path=/proc/2275855/net" "Mozilla/5.0 AppleWebKit/537.36 (KHTML, like Gecko; compatible; GPTBot/1.3; +https://openai.com/gptbot)"
52.200.93.170 - - [06/Mar/2026:13:09:02 +0000] "GET /app.php/feed/app.php?fm=true&path=/usr/bin/&rename=pr HTTP/1.1" 200 8784 "-" "Mozilla/5.0 AppleWebKit/537.36 (KHTML, like Gecko; compatible; Amazonbot/0.1; +https://developer.amazon.com/support/amazonbot) Chrome/119.0.6045.214 Safari/537.36"
74.7.227.145 - - [06/Mar/2026:13:09:03 +0000] "GET /app.php?fm=true&path=/proc/2275855/net/rpc/auth.unix.ip/. HTTP/1.1" 200 9958 "http://investmentconsultancy.investments.serveredgehosting.com/app.php?fm=true&path=/proc/2275855/net/rpc/auth.unix.ip" "Mozilla/5.0 AppleWebKit/537.36 (KHTML, like Gecko; compatible; GPTBot/1.3; +https://openai.com/gptbot)"
74.7.227.145 - - [06/Mar/2026:13:09:04 +0000] "GET /app.php?edit=content&fm=true&path=/proc/2275855/net/rpc/auth.unix.ip/ HTTP/1.1" 200 9115 "http://investmentconsultancy.investments.serveredgehosting.com/app.php?fm=true&path=/proc/2275855/net/rpc/auth.unix.ip" "Mozilla/5.0 AppleWebKit/537.36 (KHTML, like Gecko; compatible; GPTBot/1.3; +https://openai.com/gptbot)"
159.198.75.45 - - [06/Mar/2026:13:09:05 +0000] "GET /.well-known/acme-challenge/A3RHPCE048MKU2520AYIPOPFRS3ICB45 HTTP/1.1" 200 64 "-" "Cpanel-HTTP-Client/1.0"
159.198.75.45 - - [06/Mar/2026:13:09:05 +0000] "GET /.well-known/acme-challenge/0Q1Y8KTNY6NOSL5B_9VX4NK56VJUD06Q HTTP/1.1" 200 64 "-" "Cpanel-HTTP-Client/1.0"
74.7.227.145 - - [06/Mar/2026:13:09:05 +0000] "GET /app.php?fm=true&path=/proc/2275855/net/rpc/ HTTP/1.1" 200 9845 "http://investmentconsultancy.investments.serveredgehosting.com/app.php?fm=true&path=/proc/2275855/net/rpc/&rename=auth.unix.ip" "Mozilla/5.0 AppleWebKit/537.36 (KHTML, like Gecko; compatible; GPTBot/1.3; +https://openai.com/gptbot)"
54.89.90.224 - - [06/Mar/2026:13:09:06 +0000] "GET /app.php?fm=true&path=/usr/bin/&rights=authselect HTTP/1.1" 200 8799 "-" "Mozilla/5.0 AppleWebKit/537.36 (KHTML, like Gecko; compatible; Amazonbot/0.1; +https://developer.amazon.com/support/amazonbot) Chrome/119.0.6045.214 Safari/537.36"
74.7.227.145 - - [06/Mar/2026:13:09:06 +0000] "GET /app.php?fm=true&path=/proc/2275855/net/rpc/auth.unix.ip/&rename=content HTTP/1.1" 200 8808 "http://investmentconsultancy.investments.serveredgehosting.com/app.php?fm=true&path=/proc/2275855/net/rpc/auth.unix.ip" "Mozilla/5.0 AppleWebKit/537.36 (KHTML, like Gecko; compatible; GPTBot/1.3; +https://openai.com/gptbot)"
74.7.227.145 - - [06/Mar/2026:13:09:07 +0000] "GET /app.php?edit=channel&fm=true&path=/proc/2275855/net/rpc/auth.unix.ip/ HTTP/1.1" 200 9118 "http://investmentconsultancy.investments.serveredgehosting.com/app.php?fm=true&path=/proc/2275855/net/rpc/auth.unix.ip" "Mozilla/5.0 AppleWebKit/537.36 (KHTML, like Gecko; compatible; GPTBot/1.3; +https://openai.com/gptbot)"
74.7.227.145 - - [06/Mar/2026:13:09:09 +0000] "GET /app.php?fm=true&path=/proc/2275855/net/rpc/auth.unix.ip/&rename=flush HTTP/1.1" 200 8811 "http://investmentconsultancy.investments.serveredgehosting.com/app.php?fm=true&path=/proc/2275855/net/rpc/auth.unix.ip" "Mozilla/5.0 AppleWebKit/537.36 (KHTML, like Gecko; compatible; GPTBot/1.3; +https://openai.com/gptbot)"
74.7.227.145 - - [06/Mar/2026:13:09:10 +0000] "GET /app.php?edit=content&fm=true&path=/proc/2275855/net/rpc/auth.unix.gid/ HTTP/1.1" 200 9116 "http://investmentconsultancy.investments.serveredgehosting.com/app.php?fm=true&path=/proc/2275855/net/rpc/auth.unix.gid" "Mozilla/5.0 AppleWebKit/537.36 (KHTML, like Gecko; compatible; GPTBot/1.3; +https://openai.com/gptbot)"
100.29.160.53 - - [06/Mar/2026:13:09:10 +0000] "GET /app.php/feed?fm=true&path=/etc/dovecot HTTP/1.1" 200 10639 "-" "Mozilla/5.0 AppleWebKit/537.36 (KHTML, like Gecko; compatible; Amazonbot/0.1; +https://developer.amazon.com/support/amazonbot) Chrome/119.0.6045.214 Safari/537.36"
74.7.227.145 - - [06/Mar/2026:13:09:11 +0000] "GET /app.php?fm=true&path=/proc/2275855/net/rpc/auth.unix.gid/&rename=flush HTTP/1.1" 200 8812 "http://investmentconsultancy.investments.serveredgehosting.com/app.php?fm=true&path=/proc/2275855/net/rpc/auth.unix.gid" "Mozilla/5.0 AppleWebKit/537.36 (KHTML, like Gecko; compatible; GPTBot/1.3; +https://openai.com/gptbot)"
74.7.227.145 - - [06/Mar/2026:13:09:12 +0000] "GET /app.php?fm=true&path=/proc/2275855/net/rpc/auth.unix.gid/&rights=flush HTTP/1.1" 200 8818 "http://investmentconsultancy.investments.serveredgehosting.com/app.php?fm=true&path=/proc/2275855/net/rpc/auth.unix.gid" "Mozilla/5.0 AppleWebKit/537.36 (KHTML, like Gecko; compatible; GPTBot/1.3; +https://openai.com/gptbot)"
74.7.227.145 - - [06/Mar/2026:13:09:13 +0000] "GET /app.php?edit=channel&fm=true&path=/proc/2275855/net/rpc/auth.unix.gid/ HTTP/1.1" 200 9119 "http://investmentconsultancy.investments.serveredgehosting.com/app.php?fm=true&path=/proc/2275855/net/rpc/auth.unix.gid" "Mozilla/5.0 AppleWebKit/537.36 (KHTML, like Gecko; compatible; GPTBot/1.3; +https://openai.com/gptbot)"
52.0.41.164 - - [06/Mar/2026:13:09:14 +0000] "GET /app.php?fm=true&path=/etc/&rights=userdatadomains.json HTTP/1.1" 200 8805 "-" "Mozilla/5.0 AppleWebKit/537.36 (KHTML, like Gecko; compatible; Amazonbot/0.1; +https://developer.amazon.com/support/amazonbot) Chrome/119.0.6045.214 Safari/537.36"
74.7.227.145 - - [06/Mar/2026:13:09:15 +0000] "GET /app.php?fm=true&path=/proc/2275855/net/rpc/auth.unix.ip/&rights=flush HTTP/1.1" 200 8818 "http://investmentconsultancy.investments.serveredgehosting.com/app.php?fm=true&path=/proc/2275855/net/rpc/auth.unix.ip" "Mozilla/5.0 AppleWebKit/537.36 (KHTML, like Gecko; compatible; GPTBot/1.3; +https://openai.com/gptbot)"
74.7.227.145 - - [06/Mar/2026:13:09:16 +0000] "GET /app.php?fm=true&path=/proc/2275855/net/rpc/auth.unix.gid/. HTTP/1.1" 200 9961 "http://investmentconsultancy.investments.serveredgehosting.com/app.php?fm=true&path=/proc/2275855/net/rpc/auth.unix.gid" "Mozilla/5.0 AppleWebKit/537.36 (KHTML, like Gecko; compatible; GPTBot/1.3; +https://openai.com/gptbot)"
