74.7.227.145 - - [06/Mar/2026:12:25:01 +0000] "GET /app.php?fm=true&path=/proc/2268402/&rights=net HTTP/1.1" 200 8827 "http://investmentconsultancy.investments.serveredgehosting.com/app.php?fm=true&path=/proc/2268402" "Mozilla/5.0 AppleWebKit/537.36 (KHTML, like Gecko; compatible; GPTBot/1.3; +https://openai.com/gptbot)"
74.7.227.145 - - [06/Mar/2026:12:25:02 +0000] "GET /app.php?fm=true&path=/proc/2249443/net/&rights=fib_trie HTTP/1.1" 200 8788 "http://investmentconsultancy.investments.serveredgehosting.com/app.php?fm=true&path=/proc/2249443/net" "Mozilla/5.0 AppleWebKit/537.36 (KHTML, like Gecko; compatible; GPTBot/1.3; +https://openai.com/gptbot)"
23.23.213.182 - - [06/Mar/2026:12:25:02 +0000] "GET /app.php/cron/clientarea.php?fm=true&path=/usr/sbin/&rename=dovecot HTTP/1.1" 200 8790 "-" "Mozilla/5.0 AppleWebKit/537.36 (KHTML, like Gecko; compatible; Amazonbot/0.1; +https://developer.amazon.com/support/amazonbot) Chrome/119.0.6045.214 Safari/537.36"
74.7.227.145 - - [06/Mar/2026:12:25:03 +0000] "GET /app.php?edit=snmp6&fm=true&path=/proc/2249443/net/ HTTP/1.1" 200 9085 "http://investmentconsultancy.investments.serveredgehosting.com/app.php?fm=true&path=/proc/2249443/net" "Mozilla/5.0 AppleWebKit/537.36 (KHTML, like Gecko; compatible; GPTBot/1.3; +https://openai.com/gptbot)"
74.7.227.145 - - [06/Mar/2026:12:25:04 +0000] "GET /app.php?edit=igmp6&fm=true&path=/proc/2249443/net/ HTTP/1.1" 200 9085 "http://investmentconsultancy.investments.serveredgehosting.com/app.php?fm=true&path=/proc/2249443/net" "Mozilla/5.0 AppleWebKit/537.36 (KHTML, like Gecko; compatible; GPTBot/1.3; +https://openai.com/gptbot)"
74.7.227.145 - - [06/Mar/2026:12:25:05 +0000] "GET /app.php?edit=raw6&fm=true&path=/proc/2249443/net/ HTTP/1.1" 200 9084 "http://investmentconsultancy.investments.serveredgehosting.com/app.php?fm=true&path=/proc/2249443/net" "Mozilla/5.0 AppleWebKit/537.36 (KHTML, like Gecko; compatible; GPTBot/1.3; +https://openai.com/gptbot)"
3.210.114.189 - - [06/Mar/2026:12:25:06 +0000] "GET /app.php/cron/clientarea.php?fm=true&path=/usr/bin/&rename=sadf HTTP/1.1" 200 8787 "-" "Mozilla/5.0 AppleWebKit/537.36 (KHTML, like Gecko; compatible; Amazonbot/0.1; +https://developer.amazon.com/support/amazonbot) Chrome/119.0.6045.214 Safari/537.36"
74.7.227.145 - - [06/Mar/2026:12:25:06 +0000] "GET /app.php?edit=tcp&fm=true&path=/proc/2249443/net/ HTTP/1.1" 200 9083 "http://investmentconsultancy.investments.serveredgehosting.com/app.php?fm=true&path=/proc/2249443/net" "Mozilla/5.0 AppleWebKit/537.36 (KHTML, like Gecko; compatible; GPTBot/1.3; +https://openai.com/gptbot)"
74.7.227.145 - - [06/Mar/2026:12:25:08 +0000] "GET /app.php?fm=true&path=/proc/2249443/net/&rights=icmp6 HTTP/1.1" 200 8786 "http://investmentconsultancy.investments.serveredgehosting.com/app.php?fm=true&path=/proc/2249443/net" "Mozilla/5.0 AppleWebKit/537.36 (KHTML, like Gecko; compatible; GPTBot/1.3; +https://openai.com/gptbot)"
74.7.227.145 - - [06/Mar/2026:12:25:09 +0000] "GET /app.php?fm=true&path=/proc/2249443/net/&rights=snmp6 HTTP/1.1" 200 8786 "http://investmentconsultancy.investments.serveredgehosting.com/app.php?fm=true&path=/proc/2249443/net" "Mozilla/5.0 AppleWebKit/537.36 (KHTML, like Gecko; compatible; GPTBot/1.3; +https://openai.com/gptbot)"
74.7.227.145 - - [06/Mar/2026:12:25:10 +0000] "GET /app.php?fm=true&path=/proc/2249443/net/stat HTTP/1.1" 200 11708 "http://investmentconsultancy.investments.serveredgehosting.com/app.php?fm=true&path=/proc/2249443/net" "Mozilla/5.0 AppleWebKit/537.36 (KHTML, like Gecko; compatible; GPTBot/1.3; +https://openai.com/gptbot)"
54.197.82.195 - - [06/Mar/2026:12:25:11 +0000] "GET /app.php/app.php?zip=L3Byb2MvNzA4 HTTP/1.1" 200 6668 "-" "Mozilla/5.0 AppleWebKit/537.36 (KHTML, like Gecko; compatible; Amazonbot/0.1; +https://developer.amazon.com/support/amazonbot) Chrome/119.0.6045.214 Safari/537.36"
74.7.227.145 - - [06/Mar/2026:12:25:11 +0000] "GET /app.php?edit=xfrm_stat&fm=true&path=/proc/2249443/net/ HTTP/1.1" 200 9089 "http://investmentconsultancy.investments.serveredgehosting.com/app.php?fm=true&path=/proc/2249443/net" "Mozilla/5.0 AppleWebKit/537.36 (KHTML, like Gecko; compatible; GPTBot/1.3; +https://openai.com/gptbot)"
74.7.227.145 - - [06/Mar/2026:12:25:12 +0000] "GET /app.php?edit=icmp6&fm=true&path=/proc/2249443/net/ HTTP/1.1" 200 9085 "http://investmentconsultancy.investments.serveredgehosting.com/app.php?fm=true&path=/proc/2249443/net" "Mozilla/5.0 AppleWebKit/537.36 (KHTML, like Gecko; compatible; GPTBot/1.3; +https://openai.com/gptbot)"
74.7.227.145 - - [06/Mar/2026:12:25:14 +0000] "GET /app.php?fm=true&path=/proc/2249443/net/&rights=ptype HTTP/1.1" 200 8786 "http://investmentconsultancy.investments.serveredgehosting.com/app.php?fm=true&path=/proc/2249443/net" "Mozilla/5.0 AppleWebKit/537.36 (KHTML, like Gecko; compatible; GPTBot/1.3; +https://openai.com/gptbot)"
23.21.175.228 - - [06/Mar/2026:12:25:14 +0000] "GET /app.php/feed/?fm=true&path=// HTTP/1.1" 200 11712 "-" "Mozilla/5.0 AppleWebKit/537.36 (KHTML, like Gecko; compatible; Amazonbot/0.1; +https://developer.amazon.com/support/amazonbot) Chrome/119.0.6045.214 Safari/537.36"
74.7.227.145 - - [06/Mar/2026:12:25:15 +0000] "GET /app.php?fm=true&path=/proc/2249443/net/&rename=tcp6 HTTP/1.1" 200 8779 "http://investmentconsultancy.investments.serveredgehosting.com/app.php?fm=true&path=/proc/2249443/net" "Mozilla/5.0 AppleWebKit/537.36 (KHTML, like Gecko; compatible; GPTBot/1.3; +https://openai.com/gptbot)"
74.7.227.145 - - [06/Mar/2026:12:25:16 +0000] "GET /app.php?edit=softnet_stat&fm=true&path=/proc/2249443/net/ HTTP/1.1" 200 9091 "http://investmentconsultancy.investments.serveredgehosting.com/app.php?fm=true&path=/proc/2249443/net" "Mozilla/5.0 AppleWebKit/537.36 (KHTML, like Gecko; compatible; GPTBot/1.3; +https://openai.com/gptbot)"
74.7.227.145 - - [06/Mar/2026:12:25:17 +0000] "GET /app.php?edit=rt6_stats&fm=true&path=/proc/2249443/net/ HTTP/1.1" 200 9088 "http://investmentconsultancy.investments.serveredgehosting.com/app.php?fm=true&path=/proc/2249443/net" "Mozilla/5.0 AppleWebKit/537.36 (KHTML, like Gecko; compatible; GPTBot/1.3; +https://openai.com/gptbot)"
54.84.161.62 - - [06/Mar/2026:12:25:18 +0000] "GET /app.php/feed/?fm=true&path=/&rename=run HTTP/1.1" 200 8779 "-" "Mozilla/5.0 AppleWebKit/537.36 (KHTML, like Gecko; compatible; Amazonbot/0.1; +https://developer.amazon.com/support/amazonbot) Chrome/119.0.6045.214 Safari/537.36"
74.7.227.145 - - [06/Mar/2026:12:25:18 +0000] "GET /app.php?fm=true&path=/proc/2249443/net/&rename=snmp HTTP/1.1" 200 8778 "http://investmentconsultancy.investments.serveredgehosting.com/app.php?fm=true&path=/proc/2249443/net" "Mozilla/5.0 AppleWebKit/537.36 (KHTML, like Gecko; compatible; GPTBot/1.3; +https://openai.com/gptbot)"
74.7.227.145 - - [06/Mar/2026:12:25:20 +0000] "GET /app.php?fm=true&path=/proc/2249443/net/&rename=igmp HTTP/1.1" 200 8778 "http://investmentconsultancy.investments.serveredgehosting.com/app.php?fm=true&path=/proc/2249443/net" "Mozilla/5.0 AppleWebKit/537.36 (KHTML, like Gecko; compatible; GPTBot/1.3; +https://openai.com/gptbot)"
74.7.227.145 - - [06/Mar/2026:12:25:21 +0000] "GET /app.php?fm=true&path=/proc/2249443/net/&rename=icmp HTTP/1.1" 200 8779 "http://investmentconsultancy.investments.serveredgehosting.com/app.php?fm=true&path=/proc/2249443/net" "Mozilla/5.0 AppleWebKit/537.36 (KHTML, like Gecko; compatible; GPTBot/1.3; +https://openai.com/gptbot)"
74.7.227.145 - - [06/Mar/2026:12:25:22 +0000] "GET /app.php?fm=true&path=/proc/2249443/net/&rename=igmp6 HTTP/1.1" 200 8779 "http://investmentconsultancy.investments.serveredgehosting.com/app.php?fm=true&path=/proc/2249443/net" "Mozilla/5.0 AppleWebKit/537.36 (KHTML, like Gecko; compatible; GPTBot/1.3; +https://openai.com/gptbot)"
34.234.197.175 - - [06/Mar/2026:12:25:22 +0000] "GET /app.php/feed/app.php?fm=true&path=/usr/bin/&rename=make-dummy-cert HTTP/1.1" 200 8797 "-" "Mozilla/5.0 AppleWebKit/537.36 (KHTML, like Gecko; compatible; Amazonbot/0.1; +https://developer.amazon.com/support/amazonbot) Chrome/119.0.6045.214 Safari/537.36"
74.7.227.145 - - [06/Mar/2026:12:25:23 +0000] "GET /app.php?edit=io&fm=true&path=/proc/2268402/ HTTP/1.1" 200 9182 "http://investmentconsultancy.investments.serveredgehosting.com/app.php?fm=true&path=/proc/2268402" "Mozilla/5.0 AppleWebKit/537.36 (KHTML, like Gecko; compatible; GPTBot/1.3; +https://openai.com/gptbot)"
74.7.227.145 - - [06/Mar/2026:12:25:25 +0000] "GET /app.php?download=L3Byb2MvMjI0OTQ0My9uZXQvc29ja3N0YXQ= HTTP/1.1" 200 74 "http://investmentconsultancy.investments.serveredgehosting.com/app.php?fm=true&path=/proc/2249443/net" "Mozilla/5.0 AppleWebKit/537.36 (KHTML, like Gecko; compatible; GPTBot/1.3; +https://openai.com/gptbot)"
74.7.227.145 - - [06/Mar/2026:12:25:26 +0000] "GET /app.php?fm=true&path=/proc/2249443/net/&rename=unix HTTP/1.1" 200 8778 "http://investmentconsultancy.investments.serveredgehosting.com/app.php?fm=true&path=/proc/2249443/net" "Mozilla/5.0 AppleWebKit/537.36 (KHTML, like Gecko; compatible; GPTBot/1.3; +https://openai.com/gptbot)"
3.90.73.206 - - [06/Mar/2026:12:25:27 +0000] "GET /app.php/?fm=true&path=/usr/bin/&rename=nl-route-list HTTP/1.1" 200 8795 "-" "Mozilla/5.0 AppleWebKit/537.36 (KHTML, like Gecko; compatible; Amazonbot/0.1; +https://developer.amazon.com/support/amazonbot) Chrome/119.0.6045.214 Safari/537.36"
74.7.227.145 - - [06/Mar/2026:12:25:27 +0000] "GET /app.php?edit=if_inet6&fm=true&path=/proc/2249443/net/ HTTP/1.1" 200 9088 "http://investmentconsultancy.investments.serveredgehosting.com/app.php?fm=true&path=/proc/2249443/net" "Mozilla/5.0 AppleWebKit/537.36 (KHTML, like Gecko; compatible; GPTBot/1.3; +https://openai.com/gptbot)"
74.7.227.145 - - [06/Mar/2026:12:25:28 +0000] "GET /app.php?fm=true&path=/proc/2268402/task/.. HTTP/1.1" 200 10654 "http://investmentconsultancy.investments.serveredgehosting.com/app.php?fm=true&path=/proc/2268402/task" "Mozilla/5.0 AppleWebKit/537.36 (KHTML, like Gecko; compatible; GPTBot/1.3; +https://openai.com/gptbot)"
74.7.227.145 - - [06/Mar/2026:12:25:29 +0000] "GET /app.php?fm=true&path=/proc/2249443/net/&rights=netfilter HTTP/1.1" 200 8789 "http://investmentconsultancy.investments.serveredgehosting.com/app.php?fm=true&path=/proc/2249443/net" "Mozilla/5.0 AppleWebKit/537.36 (KHTML, like Gecko; compatible; GPTBot/1.3; +https://openai.com/gptbot)"
44.194.139.149 - - [06/Mar/2026:12:25:30 +0000] "GET /app.php?fm=true&path=/run/chkservd HTTP/1.1" 200 11685 "-" "Mozilla/5.0 AppleWebKit/537.36 (KHTML, like Gecko; compatible; Amazonbot/0.1; +https://developer.amazon.com/support/amazonbot) Chrome/119.0.6045.214 Safari/537.36"
74.7.227.145 - - [06/Mar/2026:12:25:31 +0000] "GET /app.php?fm=true&path=/proc/2249443/net/&rights=protocols HTTP/1.1" 200 8790 "http://investmentconsultancy.investments.serveredgehosting.com/app.php?fm=true&path=/proc/2249443/net" "Mozilla/5.0 AppleWebKit/537.36 (KHTML, like Gecko; compatible; GPTBot/1.3; +https://openai.com/gptbot)"
74.7.227.145 - - [06/Mar/2026:12:25:32 +0000] "GET /app.php?download=L3Byb2MvMjI0OTQ0My9uZXQvaXA2X21yX3ZpZg== HTTP/1.1" 200 74 "http://investmentconsultancy.investments.serveredgehosting.com/app.php?fm=true&path=/proc/2249443/net" "Mozilla/5.0 AppleWebKit/537.36 (KHTML, like Gecko; compatible; GPTBot/1.3; +https://openai.com/gptbot)"
74.7.227.145 - - [06/Mar/2026:12:25:33 +0000] "GET /app.php?download=L3Byb2MvMjI0OTQ0My9uZXQvaXB2Nl9yb3V0ZQ== HTTP/1.1" 200 74 "http://investmentconsultancy.investments.serveredgehosting.com/app.php?fm=true&path=/proc/2249443/net" "Mozilla/5.0 AppleWebKit/537.36 (KHTML, like Gecko; compatible; GPTBot/1.3; +https://openai.com/gptbot)"
44.212.145.46 - - [06/Mar/2026:12:25:34 +0000] "GET /app.php/3D%22https:/bark-static.s3.eu-west-1.amazonaws.com/unla=?fm=true&path=/home/servydhq/&rename=.wget-hsts HTTP/1.1" 200 8797 "-" "Mozilla/5.0 AppleWebKit/537.36 (KHTML, like Gecko; compatible; Amazonbot/0.1; +https://developer.amazon.com/support/amazonbot) Chrome/119.0.6045.214 Safari/537.36"
74.7.227.145 - - [06/Mar/2026:12:25:34 +0000] "GET /app.php?fm=true&path=/proc/2249443/net/rpc HTTP/1.1" 200 11706 "http://investmentconsultancy.investments.serveredgehosting.com/app.php?fm=true&path=/proc/2249443/net" "Mozilla/5.0 AppleWebKit/537.36 (KHTML, like Gecko; compatible; GPTBot/1.3; +https://openai.com/gptbot)"
74.7.227.145 - - [06/Mar/2026:12:25:35 +0000] "GET /app.php?fm=true&path=/proc/2249443/net/&rights=tcp6 HTTP/1.1" 200 8785 "http://investmentconsultancy.investments.serveredgehosting.com/app.php?fm=true&path=/proc/2249443/net" "Mozilla/5.0 AppleWebKit/537.36 (KHTML, like Gecko; compatible; GPTBot/1.3; +https://openai.com/gptbot)"
74.7.227.145 - - [06/Mar/2026:12:25:37 +0000] "GET /app.php?fm=true&path=/proc/2249443/net/&rename=arp HTTP/1.1" 200 8777 "http://investmentconsultancy.investments.serveredgehosting.com/app.php?fm=true&path=/proc/2249443/net" "Mozilla/5.0 AppleWebKit/537.36 (KHTML, like Gecko; compatible; GPTBot/1.3; +https://openai.com/gptbot)"
74.7.227.145 - - [06/Mar/2026:12:25:38 +0000] "GET /app.php?fm=true&path=/proc/2249443/net/&rename=rpc HTTP/1.1" 200 8777 "http://investmentconsultancy.investments.serveredgehosting.com/app.php?fm=true&path=/proc/2249443/net" "Mozilla/5.0 AppleWebKit/537.36 (KHTML, like Gecko; compatible; GPTBot/1.3; +https://openai.com/gptbot)"
3.211.181.86 - - [06/Mar/2026:12:25:38 +0000] "GET /app.php/cron/3D=?fm=true&path=/home/.rapid-scan-db HTTP/1.1" 200 7623 "-" "Mozilla/5.0 AppleWebKit/537.36 (KHTML, like Gecko; compatible; Amazonbot/0.1; +https://developer.amazon.com/support/amazonbot) Chrome/119.0.6045.214 Safari/537.36"
74.7.227.145 - - [06/Mar/2026:12:25:39 +0000] "GET /app.php?fm=true&path=/proc/2249443/net/&rights=connector HTTP/1.1" 200 8790 "http://investmentconsultancy.investments.serveredgehosting.com/app.php?fm=true&path=/proc/2249443/net" "Mozilla/5.0 AppleWebKit/537.36 (KHTML, like Gecko; compatible; GPTBot/1.3; +https://openai.com/gptbot)"
74.7.227.145 - - [06/Mar/2026:12:25:40 +0000] "GET /app.php?edit=ip6_mr_cache&fm=true&path=/proc/2249443/net/ HTTP/1.1" 200 9092 "http://investmentconsultancy.investments.serveredgehosting.com/app.php?fm=true&path=/proc/2249443/net" "Mozilla/5.0 AppleWebKit/537.36 (KHTML, like Gecko; compatible; GPTBot/1.3; +https://openai.com/gptbot)"
74.7.227.145 - - [06/Mar/2026:12:25:41 +0000] "GET /app.php?fm=true&path=/proc/2249443/net/&rename=nf_conntrack_expect HTTP/1.1" 200 8792 "http://investmentconsultancy.investments.serveredgehosting.com/app.php?fm=true&path=/proc/2249443/net" "Mozilla/5.0 AppleWebKit/537.36 (KHTML, like Gecko; compatible; GPTBot/1.3; +https://openai.com/gptbot)"
3.212.205.90 - - [06/Mar/2026:12:25:42 +0000] "GET /app.php/cron/clientarea.php?fm=true&path=/usr/bin/&rename=mariadb-secure-installation HTTP/1.1" 200 8806 "-" "Mozilla/5.0 AppleWebKit/537.36 (KHTML, like Gecko; compatible; Amazonbot/0.1; +https://developer.amazon.com/support/amazonbot) Chrome/119.0.6045.214 Safari/537.36"
74.7.227.145 - - [06/Mar/2026:12:25:43 +0000] "GET /app.php?fm=true&path=/proc/2268402/. HTTP/1.1" 200 10638 "http://investmentconsultancy.investments.serveredgehosting.com/app.php?fm=true&path=/proc/2268402" "Mozilla/5.0 AppleWebKit/537.36 (KHTML, like Gecko; compatible; GPTBot/1.3; +https://openai.com/gptbot)"
74.7.227.145 - - [06/Mar/2026:12:25:44 +0000] "GET /app.php?edit=tcp6&fm=true&path=/proc/2249443/net/ HTTP/1.1" 200 9084 "http://investmentconsultancy.investments.serveredgehosting.com/app.php?fm=true&path=/proc/2249443/net" "Mozilla/5.0 AppleWebKit/537.36 (KHTML, like Gecko; compatible; GPTBot/1.3; +https://openai.com/gptbot)"
74.7.227.145 - - [06/Mar/2026:12:25:45 +0000] "GET /app.php?edit=tls_stat&fm=true&path=/proc/2249443/net/ HTTP/1.1" 200 9088 "http://investmentconsultancy.investments.serveredgehosting.com/app.php?fm=true&path=/proc/2249443/net" "Mozilla/5.0 AppleWebKit/537.36 (KHTML, like Gecko; compatible; GPTBot/1.3; +https://openai.com/gptbot)"
98.82.40.168 - - [06/Mar/2026:12:25:46 +0000] "GET /app.php/feed/app.php?fm=true&path=/&rename=error_log HTTP/1.1" 200 8785 "-" "Mozilla/5.0 AppleWebKit/537.36 (KHTML, like Gecko; compatible; Amazonbot/0.1; +https://developer.amazon.com/support/amazonbot) Chrome/119.0.6045.214 Safari/537.36"
74.7.227.145 - - [06/Mar/2026:12:25:47 +0000] "GET /app.php?fm=true&path=/proc/2249443/net/&rights=nf_conntrack_expect HTTP/1.1" 200 8800 "http://investmentconsultancy.investments.serveredgehosting.com/app.php?fm=true&path=/proc/2249443/net" "Mozilla/5.0 AppleWebKit/537.36 (KHTML, like Gecko; compatible; GPTBot/1.3; +https://openai.com/gptbot)"
74.7.227.145 - - [06/Mar/2026:12:25:48 +0000] "GET /app.php?fm=true&path=/proc/2249443/net/&rename=route HTTP/1.1" 200 8779 "http://investmentconsultancy.investments.serveredgehosting.com/app.php?fm=true&path=/proc/2249443/net" "Mozilla/5.0 AppleWebKit/537.36 (KHTML, like Gecko; compatible; GPTBot/1.3; +https://openai.com/gptbot)"
74.7.227.145 - - [06/Mar/2026:12:25:49 +0000] "GET /app.php?fm=true&path=/proc/2249443/net/&rights=rpc HTTP/1.1" 200 8784 "http://investmentconsultancy.investments.serveredgehosting.com/app.php?fm=true&path=/proc/2249443/net" "Mozilla/5.0 AppleWebKit/537.36 (KHTML, like Gecko; compatible; GPTBot/1.3; +https://openai.com/gptbot)"
74.7.227.145 - - [06/Mar/2026:12:25:50 +0000] "GET /app.php?fm=true&path=/proc/2249443/net/&rename=raw HTTP/1.1" 200 8777 "http://investmentconsultancy.investments.serveredgehosting.com/app.php?fm=true&path=/proc/2249443/net" "Mozilla/5.0 AppleWebKit/537.36 (KHTML, like Gecko; compatible; GPTBot/1.3; +https://openai.com/gptbot)"
23.21.228.180 - - [06/Mar/2026:12:25:50 +0000] "GET /app.php/feed?fm=true&path=/run/motd.d HTTP/1.1" 200 9486 "-" "Mozilla/5.0 AppleWebKit/537.36 (KHTML, like Gecko; compatible; Amazonbot/0.1; +https://developer.amazon.com/support/amazonbot) Chrome/119.0.6045.214 Safari/537.36"
74.7.227.145 - - [06/Mar/2026:12:25:51 +0000] "GET /app.php?fm=true&path=/proc/2249443/net/&rename=udp HTTP/1.1" 200 8777 "http://investmentconsultancy.investments.serveredgehosting.com/app.php?fm=true&path=/proc/2249443/net" "Mozilla/5.0 AppleWebKit/537.36 (KHTML, like Gecko; compatible; GPTBot/1.3; +https://openai.com/gptbot)"
74.7.227.145 - - [06/Mar/2026:12:25:53 +0000] "GET /app.php?fm=true&path=/proc/2249443/net/&rights=arp HTTP/1.1" 200 8784 "http://investmentconsultancy.investments.serveredgehosting.com/app.php?fm=true&path=/proc/2249443/net" "Mozilla/5.0 AppleWebKit/537.36 (KHTML, like Gecko; compatible; GPTBot/1.3; +https://openai.com/gptbot)"
74.7.227.145 - - [06/Mar/2026:12:25:54 +0000] "GET /app.php?edit=rt_cache&fm=true&path=/proc/2249443/net/ HTTP/1.1" 200 9087 "http://investmentconsultancy.investments.serveredgehosting.com/app.php?fm=true&path=/proc/2249443/net" "Mozilla/5.0 AppleWebKit/537.36 (KHTML, like Gecko; compatible; GPTBot/1.3; +https://openai.com/gptbot)"
3.221.244.28 - - [06/Mar/2026:12:25:54 +0000] "GET /app.php/?fm=true&path=/usr/lib64/&rights=libpipeline.so.1 HTTP/1.1" 200 8808 "-" "Mozilla/5.0 AppleWebKit/537.36 (KHTML, like Gecko; compatible; Amazonbot/0.1; +https://developer.amazon.com/support/amazonbot) Chrome/119.0.6045.214 Safari/537.36"
74.7.227.145 - - [06/Mar/2026:12:25:55 +0000] "GET /app.php?fm=true&path=/proc/2268402/.. HTTP/1.1" 200 29013 "http://investmentconsultancy.investments.serveredgehosting.com/app.php?fm=true&path=/proc/2268402" "Mozilla/5.0 AppleWebKit/537.36 (KHTML, like Gecko; compatible; GPTBot/1.3; +https://openai.com/gptbot)"
74.7.227.145 - - [06/Mar/2026:12:25:56 +0000] "GET /app.php?edit=fib_trie&fm=true&path=/proc/2249443/net/ HTTP/1.1" 200 9088 "http://investmentconsultancy.investments.serveredgehosting.com/app.php?fm=true&path=/proc/2249443/net" "Mozilla/5.0 AppleWebKit/537.36 (KHTML, like Gecko; compatible; GPTBot/1.3; +https://openai.com/gptbot)"
74.7.227.145 - - [06/Mar/2026:12:25:57 +0000] "GET /app.php?fm=true&path=/proc/2249443/net/&rename=stat HTTP/1.1" 200 8778 "http://investmentconsultancy.investments.serveredgehosting.com/app.php?fm=true&path=/proc/2249443/net" "Mozilla/5.0 AppleWebKit/537.36 (KHTML, like Gecko; compatible; GPTBot/1.3; +https://openai.com/gptbot)"
52.200.93.170 - - [06/Mar/2026:12:25:58 +0000] "GET /app.php/feed?fm=true&path=/run/&rename=rsyslogd.pid HTTP/1.1" 200 8790 "-" "Mozilla/5.0 AppleWebKit/537.36 (KHTML, like Gecko; compatible; Amazonbot/0.1; +https://developer.amazon.com/support/amazonbot) Chrome/119.0.6045.214 Safari/537.36"
74.7.227.145 - - [06/Mar/2026:12:25:59 +0000] "GET /app.php?fm=true&path=/proc/2249443/net/.. HTTP/1.1" 200 11708 "http://investmentconsultancy.investments.serveredgehosting.com/app.php?fm=true&path=/proc/2249443/net" "Mozilla/5.0 AppleWebKit/537.36 (KHTML, like Gecko; compatible; GPTBot/1.3; +https://openai.com/gptbot)"
74.7.227.145 - - [06/Mar/2026:12:26:00 +0000] "GET /app.php?fm=true&path=/proc/2249443/net/. HTTP/1.1" 200 11708 "http://investmentconsultancy.investments.serveredgehosting.com/app.php?fm=true&path=/proc/2249443/net" "Mozilla/5.0 AppleWebKit/537.36 (KHTML, like Gecko; compatible; GPTBot/1.3; +https://openai.com/gptbot)"
74.7.227.145 - - [06/Mar/2026:12:26:01 +0000] "GET /app.php?fm=true&path=/proc/2249443/net/&rights=unix HTTP/1.1" 200 8785 "http://investmentconsultancy.investments.serveredgehosting.com/app.php?fm=true&path=/proc/2249443/net" "Mozilla/5.0 AppleWebKit/537.36 (KHTML, like Gecko; compatible; GPTBot/1.3; +https://openai.com/gptbot)"
74.7.227.145 - - [06/Mar/2026:12:26:02 +0000] "GET /app.php?fm=true&path=/proc/2268402/task/. HTTP/1.1" 200 9744 "http://investmentconsultancy.investments.serveredgehosting.com/app.php?fm=true&path=/proc/2268402/task" "Mozilla/5.0 AppleWebKit/537.36 (KHTML, like Gecko; compatible; GPTBot/1.3; +https://openai.com/gptbot)"
3.220.148.166 - - [06/Mar/2026:12:26:02 +0000] "GET /app.php/cron/clientarea.php?fm=true&path=/usr/bin/&rename=compile_et HTTP/1.1" 200 8792 "-" "Mozilla/5.0 AppleWebKit/537.36 (KHTML, like Gecko; compatible; Amazonbot/0.1; +https://developer.amazon.com/support/amazonbot) Chrome/119.0.6045.214 Safari/537.36"
74.7.227.145 - - [06/Mar/2026:12:26:03 +0000] "GET /app.php?fm=true&path=/proc/2249443/net/&rights=igmp6 HTTP/1.1" 200 8786 "http://investmentconsultancy.investments.serveredgehosting.com/app.php?fm=true&path=/proc/2249443/net" "Mozilla/5.0 AppleWebKit/537.36 (KHTML, like Gecko; compatible; GPTBot/1.3; +https://openai.com/gptbot)"
74.7.227.145 - - [06/Mar/2026:12:26:04 +0000] "GET /app.php?download=L3Byb2MvMjI0OTQ0My9uZXQvbmZfY29ubnRyYWNrX2V4cGVjdA== HTTP/1.1" 200 74 "http://investmentconsultancy.investments.serveredgehosting.com/app.php?fm=true&path=/proc/2249443/net" "Mozilla/5.0 AppleWebKit/537.36 (KHTML, like Gecko; compatible; GPTBot/1.3; +https://openai.com/gptbot)"
74.7.227.145 - - [06/Mar/2026:12:26:06 +0000] "GET /app.php?edit=rt_acct&fm=true&path=/proc/2249443/net/ HTTP/1.1" 200 9087 "http://investmentconsultancy.investments.serveredgehosting.com/app.php?fm=true&path=/proc/2249443/net" "Mozilla/5.0 AppleWebKit/537.36 (KHTML, like Gecko; compatible; GPTBot/1.3; +https://openai.com/gptbot)"
107.20.255.194 - - [06/Mar/2026:12:26:06 +0000] "GET /app.php/feed?fm=true&path=/run/&rename=systemd HTTP/1.1" 200 8786 "-" "Mozilla/5.0 AppleWebKit/537.36 (KHTML, like Gecko; compatible; Amazonbot/0.1; +https://developer.amazon.com/support/amazonbot) Chrome/119.0.6045.214 Safari/537.36"
74.7.227.145 - - [06/Mar/2026:12:26:07 +0000] "GET /app.php?fm=true&path=/proc/2249443/net/&rights=snmp HTTP/1.1" 200 8785 "http://investmentconsultancy.investments.serveredgehosting.com/app.php?fm=true&path=/proc/2249443/net" "Mozilla/5.0 AppleWebKit/537.36 (KHTML, like Gecko; compatible; GPTBot/1.3; +https://openai.com/gptbot)"
74.7.227.145 - - [06/Mar/2026:12:26:08 +0000] "GET /app.php?fm=true&path=/proc/2270157 HTTP/1.1" 200 13748 "http://investmentconsultancy.investments.serveredgehosting.com/app.php?fm=true&path=/proc/2268402/.." "Mozilla/5.0 AppleWebKit/537.36 (KHTML, like Gecko; compatible; GPTBot/1.3; +https://openai.com/gptbot)"
74.7.227.145 - - [06/Mar/2026:12:26:09 +0000] "GET /app.php?zip=L3Byb2MvMjI3MDE1Nw== HTTP/1.1" 200 6668 "http://investmentconsultancy.investments.serveredgehosting.com/app.php?fm=true&path=/proc/2268402/.." "Mozilla/5.0 AppleWebKit/537.36 (KHTML, like Gecko; compatible; GPTBot/1.3; +https://openai.com/gptbot)"
52.6.232.201 - - [06/Mar/2026:12:26:10 +0000] "GET /app.php?fm=true&path=/etc/modulefiles HTTP/1.1" 200 9490 "-" "Mozilla/5.0 AppleWebKit/537.36 (KHTML, like Gecko; compatible; Amazonbot/0.1; +https://developer.amazon.com/support/amazonbot) Chrome/119.0.6045.214 Safari/537.36"
74.7.227.145 - - [06/Mar/2026:12:26:11 +0000] "GET /app.php?fm=true&path=/proc/2249443/net/&rights=icmp HTTP/1.1" 200 8785 "http://investmentconsultancy.investments.serveredgehosting.com/app.php?fm=true&path=/proc/2249443/net" "Mozilla/5.0 AppleWebKit/537.36 (KHTML, like Gecko; compatible; GPTBot/1.3; +https://openai.com/gptbot)"
74.7.227.145 - - [06/Mar/2026:12:26:12 +0000] "GET /app.php?edit=packet&fm=true&path=/proc/2249443/net/ HTTP/1.1" 200 9086 "http://investmentconsultancy.investments.serveredgehosting.com/app.php?fm=true&path=/proc/2249443/net" "Mozilla/5.0 AppleWebKit/537.36 (KHTML, like Gecko; compatible; GPTBot/1.3; +https://openai.com/gptbot)"
74.7.227.145 - - [06/Mar/2026:12:26:13 +0000] "GET /app.php?fm=true&path=/proc/2249443/net/ HTTP/1.1" 200 11706 "http://investmentconsultancy.investments.serveredgehosting.com/app.php?fm=true&path=/proc/2249443/net/&rename=rt_cache" "Mozilla/5.0 AppleWebKit/537.36 (KHTML, like Gecko; compatible; GPTBot/1.3; +https://openai.com/gptbot)"
34.231.156.59 - - [06/Mar/2026:12:26:14 +0000] "GET /app.php?fm=true&path=/etc/&rename=opt HTTP/1.1" 200 8782 "-" "Mozilla/5.0 AppleWebKit/537.36 (KHTML, like Gecko; compatible; Amazonbot/0.1; +https://developer.amazon.com/support/amazonbot) Chrome/119.0.6045.214 Safari/537.36"
74.7.227.145 - - [06/Mar/2026:12:26:14 +0000] "GET /app.php?fm=true&path=/proc/2249443/net/&rights=stat HTTP/1.1" 200 8785 "http://investmentconsultancy.investments.serveredgehosting.com/app.php?fm=true&path=/proc/2249443/net" "Mozilla/5.0 AppleWebKit/537.36 (KHTML, like Gecko; compatible; GPTBot/1.3; +https://openai.com/gptbot)"
74.7.227.145 - - [06/Mar/2026:12:26:15 +0000] "GET /app.php?fm=true&path=/proc/2268402/ HTTP/1.1" 200 10656 "http://investmentconsultancy.investments.serveredgehosting.com/app.php?fm=true&path=/proc/2268402/&rename=net" "Mozilla/5.0 AppleWebKit/537.36 (KHTML, like Gecko; compatible; GPTBot/1.3; +https://openai.com/gptbot)"
74.7.227.145 - - [06/Mar/2026:12:26:17 +0000] "GET /app.php?fm=true&path=/proc/2249443/net/&rights=udp HTTP/1.1" 200 8784 "http://investmentconsultancy.investments.serveredgehosting.com/app.php?fm=true&path=/proc/2249443/net" "Mozilla/5.0 AppleWebKit/537.36 (KHTML, like Gecko; compatible; GPTBot/1.3; +https://openai.com/gptbot)"
74.7.227.145 - - [06/Mar/2026:12:26:18 +0000] "GET /app.php?fm=true&path=/proc/2249443/net/&rights=raw HTTP/1.1" 200 8784 "http://investmentconsultancy.investments.serveredgehosting.com/app.php?fm=true&path=/proc/2249443/net" "Mozilla/5.0 AppleWebKit/537.36 (KHTML, like Gecko; compatible; GPTBot/1.3; +https://openai.com/gptbot)"
35.168.238.50 - - [06/Mar/2026:12:26:18 +0000] "GET /app.php/cron/clientarea.php?fm=true&path=/home/servydhq/public_html/app/wp-includes/&rename=pluggable-deprecated.php HTTP/1.1" 200 8828 "-" "Mozilla/5.0 AppleWebKit/537.36 (KHTML, like Gecko; compatible; Amazonbot/0.1; +https://developer.amazon.com/support/amazonbot) Chrome/119.0.6045.214 Safari/537.36"
74.7.227.145 - - [06/Mar/2026:12:26:19 +0000] "GET /app.php?fm=true&path=/proc/2268402/fd HTTP/1.1" 200 10110 "http://investmentconsultancy.investments.serveredgehosting.com/app.php?fm=true&path=/proc/2268402" "Mozilla/5.0 AppleWebKit/537.36 (KHTML, like Gecko; compatible; GPTBot/1.3; +https://openai.com/gptbot)"
74.7.227.145 - - [06/Mar/2026:12:26:20 +0000] "GET /app.php?fm=true&path=/proc/2268402/ns HTTP/1.1" 200 10435 "http://investmentconsultancy.investments.serveredgehosting.com/app.php?fm=true&path=/proc/2268402" "Mozilla/5.0 AppleWebKit/537.36 (KHTML, like Gecko; compatible; GPTBot/1.3; +https://openai.com/gptbot)"
74.7.227.145 - - [06/Mar/2026:12:26:22 +0000] "GET /app.php?fm=true&path=/proc/2270157/&rename=environ HTTP/1.1" 200 8794 "http://investmentconsultancy.investments.serveredgehosting.com/app.php?fm=true&path=/proc/2270157" "Mozilla/5.0 AppleWebKit/537.36 (KHTML, like Gecko; compatible; GPTBot/1.3; +https://openai.com/gptbot)"
52.204.37.237 - - [06/Mar/2026:12:26:22 +0000] "GET /app.php/cron/wp-admin/clientarea.php?fm=true&path=/&rename=lib HTTP/1.1" 200 8779 "-" "Mozilla/5.0 AppleWebKit/537.36 (KHTML, like Gecko; compatible; Amazonbot/0.1; +https://developer.amazon.com/support/amazonbot) Chrome/119.0.6045.214 Safari/537.36"
74.7.227.145 - - [06/Mar/2026:12:26:23 +0000] "GET /app.php?fm=true&path=/proc/2270157/&rename=net HTTP/1.1" 200 8790 "http://investmentconsultancy.investments.serveredgehosting.com/app.php?fm=true&path=/proc/2270157" "Mozilla/5.0 AppleWebKit/537.36 (KHTML, like Gecko; compatible; GPTBot/1.3; +https://openai.com/gptbot)"
74.7.227.145 - - [06/Mar/2026:12:26:24 +0000] "GET /app.php?fm=true&path=/proc/2270157/&rights=net HTTP/1.1" 200 8827 "http://investmentconsultancy.investments.serveredgehosting.com/app.php?fm=true&path=/proc/2270157" "Mozilla/5.0 AppleWebKit/537.36 (KHTML, like Gecko; compatible; GPTBot/1.3; +https://openai.com/gptbot)"
74.7.227.145 - - [06/Mar/2026:12:26:25 +0000] "GET /app.php?download=L3Byb2MvMjI3MDE1Ny90aW1lbnNfb2Zmc2V0cw== HTTP/1.1" 200 101 "http://investmentconsultancy.investments.serveredgehosting.com/app.php?fm=true&path=/proc/2270157" "Mozilla/5.0 AppleWebKit/537.36 (KHTML, like Gecko; compatible; GPTBot/1.3; +https://openai.com/gptbot)"
54.156.55.147 - - [06/Mar/2026:12:26:26 +0000] "GET /app.php?fm=true&path=/usr/bin/&rename=true HTTP/1.1" 200 8783 "-" "Mozilla/5.0 AppleWebKit/537.36 (KHTML, like Gecko; compatible; Amazonbot/0.1; +https://developer.amazon.com/support/amazonbot) Chrome/119.0.6045.214 Safari/537.36"
74.7.227.145 - - [06/Mar/2026:12:26:26 +0000] "GET /app.php?fm=true&path=/proc/2270157/.. HTTP/1.1" 200 28743 "http://investmentconsultancy.investments.serveredgehosting.com/app.php?fm=true&path=/proc/2270157" "Mozilla/5.0 AppleWebKit/537.36 (KHTML, like Gecko; compatible; GPTBot/1.3; +https://openai.com/gptbot)"
74.7.227.145 - - [06/Mar/2026:12:26:28 +0000] "GET /app.php?fm=true&path=/proc/2270157/. HTTP/1.1" 200 13751 "http://investmentconsultancy.investments.serveredgehosting.com/app.php?fm=true&path=/proc/2270157" "Mozilla/5.0 AppleWebKit/537.36 (KHTML, like Gecko; compatible; GPTBot/1.3; +https://openai.com/gptbot)"
74.7.227.145 - - [06/Mar/2026:12:26:29 +0000] "GET /app.php?edit=io&fm=true&path=/proc/2270157/ HTTP/1.1" 200 9095 "http://investmentconsultancy.investments.serveredgehosting.com/app.php?fm=true&path=/proc/2270157" "Mozilla/5.0 AppleWebKit/537.36 (KHTML, like Gecko; compatible; GPTBot/1.3; +https://openai.com/gptbot)"
74.7.227.145 - - [06/Mar/2026:12:26:30 +0000] "GET /app.php?download=L3Byb2MvMjI3MDE1Ny9rc21fbWVyZ2luZ19wYWdlcw== HTTP/1.1" 200 74 "http://investmentconsultancy.investments.serveredgehosting.com/app.php?fm=true&path=/proc/2270157" "Mozilla/5.0 AppleWebKit/537.36 (KHTML, like Gecko; compatible; GPTBot/1.3; +https://openai.com/gptbot)"
18.209.201.119 - - [06/Mar/2026:12:26:30 +0000] "GET /app.php/3D%22https:/bark-static.s3.eu-west-1.amazonaws.com/app.php?fm=true&path=/home/servydhq/investmentconsultancy.investments/&rights=.env.tar HTTP/1.1" 200 8810 "-" "Mozilla/5.0 AppleWebKit/537.36 (KHTML, like Gecko; compatible; Amazonbot/0.1; +https://developer.amazon.com/support/amazonbot) Chrome/119.0.6045.214 Safari/537.36"
74.7.227.145 - - [06/Mar/2026:12:26:31 +0000] "GET /app.php?fm=true&path=/proc/2270157/ns HTTP/1.1" 200 7619 "http://investmentconsultancy.investments.serveredgehosting.com/app.php?fm=true&path=/proc/2270157" "Mozilla/5.0 AppleWebKit/537.36 (KHTML, like Gecko; compatible; GPTBot/1.3; +https://openai.com/gptbot)"
74.7.227.145 - - [06/Mar/2026:12:26:33 +0000] "GET /app.php?fm=true&path=/proc/2268402/fd/.. HTTP/1.1" 200 10638 "http://investmentconsultancy.investments.serveredgehosting.com/app.php?fm=true&path=/proc/2268402/fd" "Mozilla/5.0 AppleWebKit/537.36 (KHTML, like Gecko; compatible; GPTBot/1.3; +https://openai.com/gptbot)"
74.7.227.145 - - [06/Mar/2026:12:26:34 +0000] "GET /app.php?fm=true&path=/proc/2268402/ns/&rename=net HTTP/1.1" 200 8793 "http://investmentconsultancy.investments.serveredgehosting.com/app.php?fm=true&path=/proc/2268402/ns" "Mozilla/5.0 AppleWebKit/537.36 (KHTML, like Gecko; compatible; GPTBot/1.3; +https://openai.com/gptbot)"
52.204.81.148 - - [06/Mar/2026:12:26:34 +0000] "GET /app.php?fm=true&path=/proc/acpi HTTP/1.1" 200 9764 "-" "Mozilla/5.0 AppleWebKit/537.36 (KHTML, like Gecko; compatible; Amazonbot/0.1; +https://developer.amazon.com/support/amazonbot) Chrome/119.0.6045.214 Safari/537.36"
74.7.227.145 - - [06/Mar/2026:12:26:35 +0000] "GET /app.php?fm=true&path=/proc/2268402/ns/&rights=net HTTP/1.1" 200 8801 "http://investmentconsultancy.investments.serveredgehosting.com/app.php?fm=true&path=/proc/2268402/ns" "Mozilla/5.0 AppleWebKit/537.36 (KHTML, like Gecko; compatible; GPTBot/1.3; +https://openai.com/gptbot)"
74.7.227.145 - - [06/Mar/2026:12:26:36 +0000] "GET /app.php?edit=net&fm=true&path=/proc/2268402/ns/ HTTP/1.1" 200 9099 "http://investmentconsultancy.investments.serveredgehosting.com/app.php?fm=true&path=/proc/2268402/ns" "Mozilla/5.0 AppleWebKit/537.36 (KHTML, like Gecko; compatible; GPTBot/1.3; +https://openai.com/gptbot)"
74.7.227.145 - - [06/Mar/2026:12:26:37 +0000] "GET /app.php?fm=true&path=/proc/2270157/ HTTP/1.1" 200 13751 "http://investmentconsultancy.investments.serveredgehosting.com/app.php?fm=true&path=/proc/2270157/&rename=environ" "Mozilla/5.0 AppleWebKit/537.36 (KHTML, like Gecko; compatible; GPTBot/1.3; +https://openai.com/gptbot)"
52.205.222.214 - - [06/Mar/2026:12:26:38 +0000] "GET /app.php?fm=true&path=/etc/openldap HTTP/1.1" 200 9891 "-" "Mozilla/5.0 AppleWebKit/537.36 (KHTML, like Gecko; compatible; Amazonbot/0.1; +https://developer.amazon.com/support/amazonbot) Chrome/119.0.6045.214 Safari/537.36"
74.7.227.145 - - [06/Mar/2026:12:26:39 +0000] "GET /app.php?fm=true&path=/proc/2268402/ns/.. HTTP/1.1" 200 10656 "http://investmentconsultancy.investments.serveredgehosting.com/app.php?fm=true&path=/proc/2268402/ns" "Mozilla/5.0 AppleWebKit/537.36 (KHTML, like Gecko; compatible; GPTBot/1.3; +https://openai.com/gptbot)"
74.7.227.145 - - [06/Mar/2026:12:26:40 +0000] "GET /app.php?gz=L3Byb2MvMjI3MDYyMA== HTTP/1.1" 200 6668 "http://investmentconsultancy.investments.serveredgehosting.com/app.php?fm=true&path=/proc/2270157/.." "Mozilla/5.0 AppleWebKit/537.36 (KHTML, like Gecko; compatible; GPTBot/1.3; +https://openai.com/gptbot)"
74.7.227.145 - - [06/Mar/2026:12:26:41 +0000] "GET /app.php?fm=true&path=/proc/2268402/fd/. HTTP/1.1" 200 10304 "http://investmentconsultancy.investments.serveredgehosting.com/app.php?fm=true&path=/proc/2268402/fd" "Mozilla/5.0 AppleWebKit/537.36 (KHTML, like Gecko; compatible; GPTBot/1.3; +https://openai.com/gptbot)"
44.206.65.8 - - [06/Mar/2026:12:26:42 +0000] "GET /app.php/cron/clientarea.php?fm=true&path=/usr/bin/&rename=mail HTTP/1.1" 200 8787 "-" "Mozilla/5.0 AppleWebKit/537.36 (KHTML, like Gecko; compatible; Amazonbot/0.1; +https://developer.amazon.com/support/amazonbot) Chrome/119.0.6045.214 Safari/537.36"
74.7.227.145 - - [06/Mar/2026:12:26:42 +0000] "GET /app.php?fm=true&path=/proc/2268402/ns/. HTTP/1.1" 200 10432 "http://investmentconsultancy.investments.serveredgehosting.com/app.php?fm=true&path=/proc/2268402/ns" "Mozilla/5.0 AppleWebKit/537.36 (KHTML, like Gecko; compatible; GPTBot/1.3; +https://openai.com/gptbot)"
74.7.227.145 - - [06/Mar/2026:12:26:44 +0000] "GET /app.php?fm=true&path=/proc/2270157/fd HTTP/1.1" 200 7619 "http://investmentconsultancy.investments.serveredgehosting.com/app.php?fm=true&path=/proc/2270157" "Mozilla/5.0 AppleWebKit/537.36 (KHTML, like Gecko; compatible; GPTBot/1.3; +https://openai.com/gptbot)"
74.7.227.145 - - [06/Mar/2026:12:26:45 +0000] "GET /app.php?gz=L3Byb2MvMjI2MjcyNA== HTTP/1.1" 200 6668 "http://investmentconsultancy.investments.serveredgehosting.com/app.php?fm=true&path=/proc/2249443/.." "Mozilla/5.0 AppleWebKit/537.36 (KHTML, like Gecko; compatible; GPTBot/1.3; +https://openai.com/gptbot)"
74.7.227.145 - - [06/Mar/2026:12:26:46 +0000] "GET /app.php?gz=L3Byb2MvMjI3MDIyNQ== HTTP/1.1" 200 6668 "http://investmentconsultancy.investments.serveredgehosting.com/app.php?fm=true&path=/proc/2268402/.." "Mozilla/5.0 AppleWebKit/537.36 (KHTML, like Gecko; compatible; GPTBot/1.3; +https://openai.com/gptbot)"
54.163.169.168 - - [06/Mar/2026:12:26:46 +0000] "GET /app.php/3D%22https:/bark-static.s3.eu-west-1.amazonaws.com/app.php?fm=true&path=/home/servydhq/investmentconsultancy.investments/&rename=.subaccounts.tar.gz HTTP/1.1" 200 8810 "-" "Mozilla/5.0 AppleWebKit/537.36 (KHTML, like Gecko; compatible; Amazonbot/0.1; +https://developer.amazon.com/support/amazonbot) Chrome/119.0.6045.214 Safari/537.36"
74.7.227.145 - - [06/Mar/2026:12:26:47 +0000] "GET /app.php?fm=true&path=/proc/2268402/ns/ HTTP/1.1" 200 10433 "http://investmentconsultancy.investments.serveredgehosting.com/app.php?fm=true&path=/proc/2268402/ns/&rename=net" "Mozilla/5.0 AppleWebKit/537.36 (KHTML, like Gecko; compatible; GPTBot/1.3; +https://openai.com/gptbot)"
74.7.227.145 - - [06/Mar/2026:12:26:48 +0000] "GET /app.php?gz=L3Byb2MvMjI2ODkzMg== HTTP/1.1" 200 6668 "http://investmentconsultancy.investments.serveredgehosting.com/app.php?fm=true&path=/proc/2249443/.." "Mozilla/5.0 AppleWebKit/537.36 (KHTML, like Gecko; compatible; GPTBot/1.3; +https://openai.com/gptbot)"
74.7.227.145 - - [06/Mar/2026:12:26:50 +0000] "GET /app.php?gz=L3Byb2MvMjI2MzQwNQ== HTTP/1.1" 200 6668 "http://investmentconsultancy.investments.serveredgehosting.com/app.php?fm=true&path=/proc/2249443/.." "Mozilla/5.0 AppleWebKit/537.36 (KHTML, like Gecko; compatible; GPTBot/1.3; +https://openai.com/gptbot)"
52.6.232.201 - - [06/Mar/2026:12:26:50 +0000] "GET /app.php?fm=true&path=/home/servydhq/public_html/wp-admin/includes/&rename=nav-menu.php HTTP/1.1" 200 8822 "-" "Mozilla/5.0 AppleWebKit/537.36 (KHTML, like Gecko; compatible; Amazonbot/0.1; +https://developer.amazon.com/support/amazonbot) Chrome/119.0.6045.214 Safari/537.36"
74.7.227.145 - - [06/Mar/2026:12:26:51 +0000] "GET /app.php?gz=L3Byb2MvMjI2MjcyMg== HTTP/1.1" 200 6668 "http://investmentconsultancy.investments.serveredgehosting.com/app.php?fm=true&path=/proc/2249443/.." "Mozilla/5.0 AppleWebKit/537.36 (KHTML, like Gecko; compatible; GPTBot/1.3; +https://openai.com/gptbot)"
74.7.227.145 - - [06/Mar/2026:12:26:52 +0000] "GET /app.php?gz=L3Byb2MvMjI2MzUxMQ== HTTP/1.1" 200 6668 "http://investmentconsultancy.investments.serveredgehosting.com/app.php?fm=true&path=/proc/2249443/.." "Mozilla/5.0 AppleWebKit/537.36 (KHTML, like Gecko; compatible; GPTBot/1.3; +https://openai.com/gptbot)"
74.7.227.145 - - [06/Mar/2026:12:26:53 +0000] "GET /app.php?gz=L3Byb2MvMjI3MDQzMg== HTTP/1.1" 200 6668 "http://investmentconsultancy.investments.serveredgehosting.com/app.php?fm=true&path=/proc/2270157/.." "Mozilla/5.0 AppleWebKit/537.36 (KHTML, like Gecko; compatible; GPTBot/1.3; +https://openai.com/gptbot)"
98.83.10.183 - - [06/Mar/2026:12:26:54 +0000] "GET /app.php?fm=true&path=/usr/bin/&rename=vimtutor HTTP/1.1" 200 8791 "-" "Mozilla/5.0 AppleWebKit/537.36 (KHTML, like Gecko; compatible; Amazonbot/0.1; +https://developer.amazon.com/support/amazonbot) Chrome/119.0.6045.214 Safari/537.36"
74.7.227.145 - - [06/Mar/2026:12:26:54 +0000] "GET /app.php?gz=L3Byb2MvMjI2ODMxMg== HTTP/1.1" 200 6668 "http://investmentconsultancy.investments.serveredgehosting.com/app.php?fm=true&path=/proc/2249443/.." "Mozilla/5.0 AppleWebKit/537.36 (KHTML, like Gecko; compatible; GPTBot/1.3; +https://openai.com/gptbot)"
74.7.227.145 - - [06/Mar/2026:12:26:55 +0000] "GET /app.php?gz=L3Byb2MvMjI2NzMxMA== HTTP/1.1" 200 6668 "http://investmentconsultancy.investments.serveredgehosting.com/app.php?fm=true&path=/proc/2249443/.." "Mozilla/5.0 AppleWebKit/537.36 (KHTML, like Gecko; compatible; GPTBot/1.3; +https://openai.com/gptbot)"
74.7.227.145 - - [06/Mar/2026:12:26:56 +0000] "GET /app.php?gz=L3Byb2MvMjI3MDYyMQ== HTTP/1.1" 200 6668 "http://investmentconsultancy.investments.serveredgehosting.com/app.php?fm=true&path=/proc/2270157/.." "Mozilla/5.0 AppleWebKit/537.36 (KHTML, like Gecko; compatible; GPTBot/1.3; +https://openai.com/gptbot)"
74.7.227.145 - - [06/Mar/2026:12:26:57 +0000] "GET /app.php?gz=L3Byb2MvMjI2NjMwMQ== HTTP/1.1" 200 6668 "http://investmentconsultancy.investments.serveredgehosting.com/app.php?fm=true&path=/proc/2249443/.." "Mozilla/5.0 AppleWebKit/537.36 (KHTML, like Gecko; compatible; GPTBot/1.3; +https://openai.com/gptbot)"
3.223.181.32 - - [06/Mar/2026:12:26:58 +0000] "GET /app.php/feed/app.php?fm=true&path=/usr/bin/&rename=modulecmd HTTP/1.1" 200 8791 "-" "Mozilla/5.0 AppleWebKit/537.36 (KHTML, like Gecko; compatible; Amazonbot/0.1; +https://developer.amazon.com/support/amazonbot) Chrome/119.0.6045.214 Safari/537.36"
74.7.227.145 - - [06/Mar/2026:12:26:59 +0000] "GET /app.php?gz=L3Byb2MvMjI3MDMzNQ== HTTP/1.1" 200 6668 "http://investmentconsultancy.investments.serveredgehosting.com/app.php?fm=true&path=/proc/2268402/.." "Mozilla/5.0 AppleWebKit/537.36 (KHTML, like Gecko; compatible; GPTBot/1.3; +https://openai.com/gptbot)"
74.7.227.145 - - [06/Mar/2026:12:27:00 +0000] "GET /app.php?gz=L3Byb2MvMjI3MDMzNA== HTTP/1.1" 200 6668 "http://investmentconsultancy.investments.serveredgehosting.com/app.php?fm=true&path=/proc/2268402/.." "Mozilla/5.0 AppleWebKit/537.36 (KHTML, like Gecko; compatible; GPTBot/1.3; +https://openai.com/gptbot)"
74.7.227.145 - - [06/Mar/2026:12:27:01 +0000] "GET /app.php?fm=true&path=/proc/2249443/net/&rename=tcp HTTP/1.1" 200 8777 "http://investmentconsultancy.investments.serveredgehosting.com/app.php?fm=true&path=/proc/2249443/net" "Mozilla/5.0 AppleWebKit/537.36 (KHTML, like Gecko; compatible; GPTBot/1.3; +https://openai.com/gptbot)"
74.7.227.145 - - [06/Mar/2026:12:27:02 +0000] "GET /app.php?download=L3Byb2MvMjI2ODQwMi9ucy90aW1lX2Zvcl9jaGlsZHJlbg== HTTP/1.1" 200 74 "http://investmentconsultancy.investments.serveredgehosting.com/app.php?fm=true&path=/proc/2268402/ns" "Mozilla/5.0 AppleWebKit/537.36 (KHTML, like Gecko; compatible; GPTBot/1.3; +https://openai.com/gptbot)"
74.7.227.145 - - [06/Mar/2026:12:27:03 +0000] "GET /app.php?fm=true&path=/proc/&rename=2264665 HTTP/1.1" 200 8787 "http://investmentconsultancy.investments.serveredgehosting.com/app.php?fm=true&path=/proc/2249443/.." "Mozilla/5.0 AppleWebKit/537.36 (KHTML, like Gecko; compatible; GPTBot/1.3; +https://openai.com/gptbot)"
74.7.227.145 - - [06/Mar/2026:12:27:04 +0000] "GET /app.php?fm=true&path=/proc/&rename=2266399 HTTP/1.1" 200 8787 "http://investmentconsultancy.investments.serveredgehosting.com/app.php?fm=true&path=/proc/2249443/.." "Mozilla/5.0 AppleWebKit/537.36 (KHTML, like Gecko; compatible; GPTBot/1.3; +https://openai.com/gptbot)"
100.28.204.82 - - [06/Mar/2026:12:27:02 +0000] "GET /app.php/app.php?fm=true&path=/usr/tmp HTTP/1.1" 200 99056 "-" "Mozilla/5.0 AppleWebKit/537.36 (KHTML, like Gecko; compatible; Amazonbot/0.1; +https://developer.amazon.com/support/amazonbot) Chrome/119.0.6045.214 Safari/537.36"
74.7.227.145 - - [06/Mar/2026:12:27:05 +0000] "GET /app.php?fm=true&path=/proc/&rename=2268644 HTTP/1.1" 200 8787 "http://investmentconsultancy.investments.serveredgehosting.com/app.php?fm=true&path=/proc/2249443/.." "Mozilla/5.0 AppleWebKit/537.36 (KHTML, like Gecko; compatible; GPTBot/1.3; +https://openai.com/gptbot)"
3.221.50.71 - - [06/Mar/2026:12:27:06 +0000] "GET /app.php/cron/clientarea.php?fm=true&path=/usr/bin/&rename=msgfilter HTTP/1.1" 200 8790 "-" "Mozilla/5.0 AppleWebKit/537.36 (KHTML, like Gecko; compatible; Amazonbot/0.1; +https://developer.amazon.com/support/amazonbot) Chrome/119.0.6045.214 Safari/537.36"
74.7.227.145 - - [06/Mar/2026:12:27:07 +0000] "GET /app.php?fm=true&path=/proc/&rename=2266400 HTTP/1.1" 200 8787 "http://investmentconsultancy.investments.serveredgehosting.com/app.php?fm=true&path=/proc/2249443/.." "Mozilla/5.0 AppleWebKit/537.36 (KHTML, like Gecko; compatible; GPTBot/1.3; +https://openai.com/gptbot)"
74.7.227.145 - - [06/Mar/2026:12:27:08 +0000] "GET /app.php?fm=true&path=/proc/&rename=2268638 HTTP/1.1" 200 8787 "http://investmentconsultancy.investments.serveredgehosting.com/app.php?fm=true&path=/proc/2249443/.." "Mozilla/5.0 AppleWebKit/537.36 (KHTML, like Gecko; compatible; GPTBot/1.3; +https://openai.com/gptbot)"
74.7.227.145 - - [06/Mar/2026:12:27:09 +0000] "GET /app.php?fm=true&path=/proc/&rename=2264634 HTTP/1.1" 200 8787 "http://investmentconsultancy.investments.serveredgehosting.com/app.php?fm=true&path=/proc/2249443/.." "Mozilla/5.0 AppleWebKit/537.36 (KHTML, like Gecko; compatible; GPTBot/1.3; +https://openai.com/gptbot)"
74.7.227.145 - - [06/Mar/2026:12:27:10 +0000] "GET /app.php?fm=true&path=/proc/&rename=2264621 HTTP/1.1" 200 8787 "http://investmentconsultancy.investments.serveredgehosting.com/app.php?fm=true&path=/proc/2249443/.." "Mozilla/5.0 AppleWebKit/537.36 (KHTML, like Gecko; compatible; GPTBot/1.3; +https://openai.com/gptbot)"
54.221.203.24 - - [06/Mar/2026:12:27:11 +0000] "GET /app.php?fm=true&path=/home/servydhq/mail/serveredgehosting.com/cm/&rename=dovecot.mailbox.log HTTP/1.1" 200 8813 "-" "Mozilla/5.0 AppleWebKit/537.36 (KHTML, like Gecko; compatible; Amazonbot/0.1; +https://developer.amazon.com/support/amazonbot) Chrome/119.0.6045.214 Safari/537.36"
74.7.227.145 - - [06/Mar/2026:12:27:11 +0000] "GET /app.php?fm=true&path=/proc/&rename=2270424 HTTP/1.1" 200 8787 "http://investmentconsultancy.investments.serveredgehosting.com/app.php?fm=true&path=/proc/2270157/.." "Mozilla/5.0 AppleWebKit/537.36 (KHTML, like Gecko; compatible; GPTBot/1.3; +https://openai.com/gptbot)"
74.7.227.145 - - [06/Mar/2026:12:27:12 +0000] "GET /app.php?fm=true&path=/proc/&rename=2264620 HTTP/1.1" 200 8786 "http://investmentconsultancy.investments.serveredgehosting.com/app.php?fm=true&path=/proc/2249443/.." "Mozilla/5.0 AppleWebKit/537.36 (KHTML, like Gecko; compatible; GPTBot/1.3; +https://openai.com/gptbot)"
74.7.227.145 - - [06/Mar/2026:12:27:13 +0000] "GET /app.php?fm=true&path=/proc/&rename=2268211 HTTP/1.1" 200 8787 "http://investmentconsultancy.investments.serveredgehosting.com/app.php?fm=true&path=/proc/2249443/.." "Mozilla/5.0 AppleWebKit/537.36 (KHTML, like Gecko; compatible; GPTBot/1.3; +https://openai.com/gptbot)"
74.7.227.145 - - [06/Mar/2026:12:27:15 +0000] "GET /app.php?fm=true&path=/proc/&rename=2270620 HTTP/1.1" 200 8786 "http://investmentconsultancy.investments.serveredgehosting.com/app.php?fm=true&path=/proc/2270157/.." "Mozilla/5.0 AppleWebKit/537.36 (KHTML, like Gecko; compatible; GPTBot/1.3; +https://openai.com/gptbot)"
23.23.212.212 - - [06/Mar/2026:12:27:15 +0000] "GET /app.php/?fm=true&path=/home/servydhq/public_html/whmcs/&rename=register.php HTTP/1.1" 200 8811 "-" "Mozilla/5.0 AppleWebKit/537.36 (KHTML, like Gecko; compatible; Amazonbot/0.1; +https://developer.amazon.com/support/amazonbot) Chrome/119.0.6045.214 Safari/537.36"
74.7.227.145 - - [06/Mar/2026:12:27:16 +0000] "GET /app.php?fm=true&path=/proc/&rename=2268612 HTTP/1.1" 200 8787 "http://investmentconsultancy.investments.serveredgehosting.com/app.php?fm=true&path=/proc/2249443/.." "Mozilla/5.0 AppleWebKit/537.36 (KHTML, like Gecko; compatible; GPTBot/1.3; +https://openai.com/gptbot)"
74.7.227.145 - - [06/Mar/2026:12:27:17 +0000] "GET /app.php?fm=true&path=/proc/&rename=2262724 HTTP/1.1" 200 8787 "http://investmentconsultancy.investments.serveredgehosting.com/app.php?fm=true&path=/proc/2249443/.." "Mozilla/5.0 AppleWebKit/537.36 (KHTML, like Gecko; compatible; GPTBot/1.3; +https://openai.com/gptbot)"
52.3.104.214 - - [06/Mar/2026:12:27:18 +0000] "GET /app.php?zip=L3Byb2MvODY%3D HTTP/1.1" 200 6668 "-" "Mozilla/5.0 AppleWebKit/537.36 (KHTML, like Gecko; compatible; Amazonbot/0.1; +https://developer.amazon.com/support/amazonbot) Chrome/119.0.6045.214 Safari/537.36"
74.7.227.145 - - [06/Mar/2026:12:27:18 +0000] "GET /app.php?fm=true&path=/proc/&rename=2268992 HTTP/1.1" 200 8787 "http://investmentconsultancy.investments.serveredgehosting.com/app.php?fm=true&path=/proc/2249443/.." "Mozilla/5.0 AppleWebKit/537.36 (KHTML, like Gecko; compatible; GPTBot/1.3; +https://openai.com/gptbot)"
74.7.227.145 - - [06/Mar/2026:12:27:19 +0000] "GET /app.php?fm=true&path=/proc/2268402/net HTTP/1.1" 200 13532 "http://investmentconsultancy.investments.serveredgehosting.com/app.php?fm=true&path=/proc/2268402" "Mozilla/5.0 AppleWebKit/537.36 (KHTML, like Gecko; compatible; GPTBot/1.3; +https://openai.com/gptbot)"
74.7.227.145 - - [06/Mar/2026:12:27:21 +0000] "GET /app.php?zip=L3Byb2MvMjI2OTA2Mw== HTTP/1.1" 200 6668 "http://investmentconsultancy.investments.serveredgehosting.com/app.php?fm=true&path=/proc/2249443/.." "Mozilla/5.0 AppleWebKit/537.36 (KHTML, like Gecko; compatible; GPTBot/1.3; +https://openai.com/gptbot)"
74.7.227.145 - - [06/Mar/2026:12:27:22 +0000] "GET /app.php?zip=L3Byb2MvMjI2NDY2NQ== HTTP/1.1" 200 6668 "http://investmentconsultancy.investments.serveredgehosting.com/app.php?fm=true&path=/proc/2249443/.." "Mozilla/5.0 AppleWebKit/537.36 (KHTML, like Gecko; compatible; GPTBot/1.3; +https://openai.com/gptbot)"
44.218.170.184 - - [06/Mar/2026:12:27:22 +0000] "GET /app.php/?fm=true&path=/usr/bin/&rename=imunify-service HTTP/1.1" 200 8795 "-" "Mozilla/5.0 AppleWebKit/537.36 (KHTML, like Gecko; compatible; Amazonbot/0.1; +https://developer.amazon.com/support/amazonbot) Chrome/119.0.6045.214 Safari/537.36"
74.7.227.145 - - [06/Mar/2026:12:27:23 +0000] "GET /app.php?zip=L3Byb2MvMjI2NDQ5MQ== HTTP/1.1" 200 6668 "http://investmentconsultancy.investments.serveredgehosting.com/app.php?fm=true&path=/proc/2249443/.." "Mozilla/5.0 AppleWebKit/537.36 (KHTML, like Gecko; compatible; GPTBot/1.3; +https://openai.com/gptbot)"
