54.157.84.74 - - [06/Mar/2026:13:37:11 +0000] "GET /app.php/cron/clientarea.php?fm=true&path=/usr/sbin/&rename=iptables-restore HTTP/1.1" 200 8796 "-" "Mozilla/5.0 AppleWebKit/537.36 (KHTML, like Gecko; compatible; Amazonbot/0.1; +https://developer.amazon.com/support/amazonbot) Chrome/119.0.6045.214 Safari/537.36"
74.7.227.145 - - [06/Mar/2026:13:37:12 +0000] "GET /app.php?fm=true&path=/proc/2286264/net/&rights=arp HTTP/1.1" 200 8803 "http://investmentconsultancy.investments.serveredgehosting.com/app.php?fm=true&path=/proc/2286264/net" "Mozilla/5.0 AppleWebKit/537.36 (KHTML, like Gecko; compatible; GPTBot/1.3; +https://openai.com/gptbot)"
74.7.227.145 - - [06/Mar/2026:13:37:13 +0000] "GET /app.php?edit=rt_cache&fm=true&path=/proc/2286264/net/ HTTP/1.1" 200 9188 "http://investmentconsultancy.investments.serveredgehosting.com/app.php?fm=true&path=/proc/2286264/net" "Mozilla/5.0 AppleWebKit/537.36 (KHTML, like Gecko; compatible; GPTBot/1.3; +https://openai.com/gptbot)"
74.7.227.145 - - [06/Mar/2026:13:37:14 +0000] "GET /app.php?edit=fib_trie&fm=true&path=/proc/2286264/net/ HTTP/1.1" 200 9289 "http://investmentconsultancy.investments.serveredgehosting.com/app.php?fm=true&path=/proc/2286264/net" "Mozilla/5.0 AppleWebKit/537.36 (KHTML, like Gecko; compatible; GPTBot/1.3; +https://openai.com/gptbot)"
74.7.227.145 - - [06/Mar/2026:13:37:15 +0000] "GET /app.php?edit=fib_trie&fm=true&path=/proc/2293821/net/ HTTP/1.1" 200 9288 "http://investmentconsultancy.investments.serveredgehosting.com/app.php?fm=true&path=/proc/2293821/net" "Mozilla/5.0 AppleWebKit/537.36 (KHTML, like Gecko; compatible; GPTBot/1.3; +https://openai.com/gptbot)"
3.232.102.111 - - [06/Mar/2026:13:37:15 +0000] "GET /app.php/?fm=true&path=/usr/lib64/&rename=libpoco-plesk-1.12.4 HTTP/1.1" 200 8804 "-" "Mozilla/5.0 AppleWebKit/537.36 (KHTML, like Gecko; compatible; Amazonbot/0.1; +https://developer.amazon.com/support/amazonbot) Chrome/119.0.6045.214 Safari/537.36"
74.7.227.145 - - [06/Mar/2026:13:37:16 +0000] "GET /app.php?edit=tls_stat&fm=true&path=/proc/2293821/net/ HTTP/1.1" 200 9195 "http://investmentconsultancy.investments.serveredgehosting.com/app.php?fm=true&path=/proc/2293821/net" "Mozilla/5.0 AppleWebKit/537.36 (KHTML, like Gecko; compatible; GPTBot/1.3; +https://openai.com/gptbot)"
74.7.227.145 - - [06/Mar/2026:13:37:17 +0000] "GET /app.php?edit=ip6_mr_cache&fm=true&path=/proc/2293821/net/ HTTP/1.1" 200 9149 "http://investmentconsultancy.investments.serveredgehosting.com/app.php?fm=true&path=/proc/2293821/net" "Mozilla/5.0 AppleWebKit/537.36 (KHTML, like Gecko; compatible; GPTBot/1.3; +https://openai.com/gptbot)"
74.7.227.145 - - [06/Mar/2026:13:37:19 +0000] "GET /app.php?fm=true&path=/proc/2286264/net/&rename=stat HTTP/1.1" 200 8796 "http://investmentconsultancy.investments.serveredgehosting.com/app.php?fm=true&path=/proc/2286264/net" "Mozilla/5.0 AppleWebKit/537.36 (KHTML, like Gecko; compatible; GPTBot/1.3; +https://openai.com/gptbot)"
44.197.76.210 - - [06/Mar/2026:13:37:19 +0000] "GET /app.php/cron/clientarea.php?fm=true&path=/etc/&rename=statetab.d HTTP/1.1" 200 8789 "-" "Mozilla/5.0 AppleWebKit/537.36 (KHTML, like Gecko; compatible; Amazonbot/0.1; +https://developer.amazon.com/support/amazonbot) Chrome/119.0.6045.214 Safari/537.36"
74.7.227.145 - - [06/Mar/2026:13:37:20 +0000] "GET /app.php?fm=true&path=/proc/2286264/net/.. HTTP/1.1" 200 13769 "http://investmentconsultancy.investments.serveredgehosting.com/app.php?fm=true&path=/proc/2286264/net" "Mozilla/5.0 AppleWebKit/537.36 (KHTML, like Gecko; compatible; GPTBot/1.3; +https://openai.com/gptbot)"
74.7.227.145 - - [06/Mar/2026:13:37:21 +0000] "GET /app.php?fm=true&path=/proc/2293821/net/.. HTTP/1.1" 200 13766 "http://investmentconsultancy.investments.serveredgehosting.com/app.php?fm=true&path=/proc/2293821/net" "Mozilla/5.0 AppleWebKit/537.36 (KHTML, like Gecko; compatible; GPTBot/1.3; +https://openai.com/gptbot)"
74.7.227.145 - - [06/Mar/2026:13:37:22 +0000] "GET /app.php?fm=true&path=/proc/2286264/net/. HTTP/1.1" 200 13534 "http://investmentconsultancy.investments.serveredgehosting.com/app.php?fm=true&path=/proc/2286264/net" "Mozilla/5.0 AppleWebKit/537.36 (KHTML, like Gecko; compatible; GPTBot/1.3; +https://openai.com/gptbot)"
44.205.180.155 - - [06/Mar/2026:13:37:22 +0000] "GET /app.php/?fm=true&path=/usr/bin/&rename=sg_write_verify HTTP/1.1" 200 8797 "-" "Mozilla/5.0 AppleWebKit/537.36 (KHTML, like Gecko; compatible; Amazonbot/0.1; +https://developer.amazon.com/support/amazonbot) Chrome/119.0.6045.214 Safari/537.36"
74.7.227.145 - - [06/Mar/2026:13:37:23 +0000] "GET /app.php?fm=true&path=/proc/2293821/net/. HTTP/1.1" 200 13534 "http://investmentconsultancy.investments.serveredgehosting.com/app.php?fm=true&path=/proc/2293821/net" "Mozilla/5.0 AppleWebKit/537.36 (KHTML, like Gecko; compatible; GPTBot/1.3; +https://openai.com/gptbot)"
74.7.227.145 - - [06/Mar/2026:13:37:24 +0000] "GET /app.php?fm=true&path=/proc/2293821/net/dev_snmp6/. HTTP/1.1" 200 9853 "http://investmentconsultancy.investments.serveredgehosting.com/app.php?fm=true&path=/proc/2293821/net/dev_snmp6" "Mozilla/5.0 AppleWebKit/537.36 (KHTML, like Gecko; compatible; GPTBot/1.3; +https://openai.com/gptbot)"
74.7.227.145 - - [06/Mar/2026:13:37:25 +0000] "GET /app.php?fm=true&path=/proc/2286264/net/&rights=unix HTTP/1.1" 200 8804 "http://investmentconsultancy.investments.serveredgehosting.com/app.php?fm=true&path=/proc/2286264/net" "Mozilla/5.0 AppleWebKit/537.36 (KHTML, like Gecko; compatible; GPTBot/1.3; +https://openai.com/gptbot)"
23.23.212.212 - - [06/Mar/2026:13:37:26 +0000] "GET /app.php/feed?fm=true&path=/run/fsck HTTP/1.1" 200 9757 "-" "Mozilla/5.0 AppleWebKit/537.36 (KHTML, like Gecko; compatible; Amazonbot/0.1; +https://developer.amazon.com/support/amazonbot) Chrome/119.0.6045.214 Safari/537.36"
74.7.227.145 - - [06/Mar/2026:13:37:26 +0000] "GET /app.php?fm=true&path=/proc/2293821/net/&rights=ptype HTTP/1.1" 200 8804 "http://investmentconsultancy.investments.serveredgehosting.com/app.php?fm=true&path=/proc/2293821/net" "Mozilla/5.0 AppleWebKit/537.36 (KHTML, like Gecko; compatible; GPTBot/1.3; +https://openai.com/gptbot)"
74.7.227.145 - - [06/Mar/2026:13:37:28 +0000] "GET /app.php?fm=true&path=/proc/2293821/net/&rename=route HTTP/1.1" 200 8797 "http://investmentconsultancy.investments.serveredgehosting.com/app.php?fm=true&path=/proc/2293821/net" "Mozilla/5.0 AppleWebKit/537.36 (KHTML, like Gecko; compatible; GPTBot/1.3; +https://openai.com/gptbot)"
74.7.227.145 - - [06/Mar/2026:13:37:29 +0000] "GET /app.php?fm=true&path=/proc/2286264/net/rpc/auth.unix.gid/.. HTTP/1.1" 200 9845 "http://investmentconsultancy.investments.serveredgehosting.com/app.php?fm=true&path=/proc/2286264/net/rpc/auth.unix.gid" "Mozilla/5.0 AppleWebKit/537.36 (KHTML, like Gecko; compatible; GPTBot/1.3; +https://openai.com/gptbot)"
74.7.227.145 - - [06/Mar/2026:13:37:30 +0000] "GET /app.php?fm=true&path=/proc/2293821/net/&rights=snmp HTTP/1.1" 200 8803 "http://investmentconsultancy.investments.serveredgehosting.com/app.php?fm=true&path=/proc/2293821/net" "Mozilla/5.0 AppleWebKit/537.36 (KHTML, like Gecko; compatible; GPTBot/1.3; +https://openai.com/gptbot)"
34.196.6.199 - - [06/Mar/2026:13:37:30 +0000] "GET /app.php/feed/?fm=true&path=/var/opt HTTP/1.1" 200 9483 "-" "Mozilla/5.0 AppleWebKit/537.36 (KHTML, like Gecko; compatible; Amazonbot/0.1; +https://developer.amazon.com/support/amazonbot) Chrome/119.0.6045.214 Safari/537.36"
74.7.227.145 - - [06/Mar/2026:13:37:31 +0000] "GET /app.php?fm=true&path=/proc/2293821/net/&rename=unix HTTP/1.1" 200 8795 "http://investmentconsultancy.investments.serveredgehosting.com/app.php?fm=true&path=/proc/2293821/net" "Mozilla/5.0 AppleWebKit/537.36 (KHTML, like Gecko; compatible; GPTBot/1.3; +https://openai.com/gptbot)"
74.7.227.145 - - [06/Mar/2026:13:37:32 +0000] "GET /app.php?fm=true&path=/proc/2293821/net/&rights=icmp HTTP/1.1" 200 8804 "http://investmentconsultancy.investments.serveredgehosting.com/app.php?fm=true&path=/proc/2293821/net" "Mozilla/5.0 AppleWebKit/537.36 (KHTML, like Gecko; compatible; GPTBot/1.3; +https://openai.com/gptbot)"
74.7.227.145 - - [06/Mar/2026:13:37:33 +0000] "GET /app.php?download=L3Byb2MvMjI4NjI2NC9uZXQvbmZfY29ubnRyYWNrX2V4cGVjdA== HTTP/1.1" 200 74 "http://investmentconsultancy.investments.serveredgehosting.com/app.php?fm=true&path=/proc/2286264/net" "Mozilla/5.0 AppleWebKit/537.36 (KHTML, like Gecko; compatible; GPTBot/1.3; +https://openai.com/gptbot)"
98.82.38.120 - - [06/Mar/2026:13:37:34 +0000] "GET /app.php/app.php?fm=true&path=/home/servydhq/public_html/whmcs/&rename=init.php HTTP/1.1" 200 8808 "-" "Mozilla/5.0 AppleWebKit/537.36 (KHTML, like Gecko; compatible; Amazonbot/0.1; +https://developer.amazon.com/support/amazonbot) Chrome/119.0.6045.214 Safari/537.36"
74.7.227.145 - - [06/Mar/2026:13:37:35 +0000] "GET /app.php?fm=true&path=/proc/2293821/net/&rights=unix HTTP/1.1" 200 8804 "http://investmentconsultancy.investments.serveredgehosting.com/app.php?fm=true&path=/proc/2293821/net" "Mozilla/5.0 AppleWebKit/537.36 (KHTML, like Gecko; compatible; GPTBot/1.3; +https://openai.com/gptbot)"
74.7.227.145 - - [06/Mar/2026:13:37:36 +0000] "GET /app.php?fm=true&path=/proc/2293821/net/dev_snmp6/ HTTP/1.1" 200 9853 "http://investmentconsultancy.investments.serveredgehosting.com/app.php?fm=true&path=/proc/2293821/net/dev_snmp6/&rights=lo" "Mozilla/5.0 AppleWebKit/537.36 (KHTML, like Gecko; compatible; GPTBot/1.3; +https://openai.com/gptbot)"
74.7.227.145 - - [06/Mar/2026:13:37:37 +0000] "GET /app.php?edit=tcp6&fm=true&path=/proc/2293821/net/ HTTP/1.1" 200 9677 "http://investmentconsultancy.investments.serveredgehosting.com/app.php?fm=true&path=/proc/2293821/net" "Mozilla/5.0 AppleWebKit/537.36 (KHTML, like Gecko; compatible; GPTBot/1.3; +https://openai.com/gptbot)"
74.7.227.145 - - [06/Mar/2026:13:37:38 +0000] "GET /app.php?fm=true&path=/proc/2293821/net/rpc/auth.unix.gid/.. HTTP/1.1" 200 9845 "http://investmentconsultancy.investments.serveredgehosting.com/app.php?fm=true&path=/proc/2293821/net/rpc/auth.unix.gid" "Mozilla/5.0 AppleWebKit/537.36 (KHTML, like Gecko; compatible; GPTBot/1.3; +https://openai.com/gptbot)"
3.221.50.71 - - [06/Mar/2026:13:37:38 +0000] "GET /app.php/app.php?fm=true&path=/home/servydhq/public_html/wp-includes/&rename=nav-menu.php HTTP/1.1" 200 8817 "-" "Mozilla/5.0 AppleWebKit/537.36 (KHTML, like Gecko; compatible; Amazonbot/0.1; +https://developer.amazon.com/support/amazonbot) Chrome/119.0.6045.214 Safari/537.36"
74.7.227.145 - - [06/Mar/2026:13:37:39 +0000] "GET /app.php?fm=true&path=/proc/2293821/net/netfilter/. HTTP/1.1" 200 9786 "http://investmentconsultancy.investments.serveredgehosting.com/app.php?fm=true&path=/proc/2293821/net/netfilter" "Mozilla/5.0 AppleWebKit/537.36 (KHTML, like Gecko; compatible; GPTBot/1.3; +https://openai.com/gptbot)"
74.7.227.145 - - [06/Mar/2026:13:37:41 +0000] "GET /app.php?fm=true&path=/proc/2286264/net/netfilter/. HTTP/1.1" 200 9785 "http://investmentconsultancy.investments.serveredgehosting.com/app.php?fm=true&path=/proc/2286264/net/netfilter" "Mozilla/5.0 AppleWebKit/537.36 (KHTML, like Gecko; compatible; GPTBot/1.3; +https://openai.com/gptbot)"
74.7.227.145 - - [06/Mar/2026:13:37:42 +0000] "GET /app.php?edit=flush&fm=true&path=/proc/2286264/net/rpc/auth.unix.gid/ HTTP/1.1" 200 9118 "http://investmentconsultancy.investments.serveredgehosting.com/app.php?fm=true&path=/proc/2286264/net/rpc/auth.unix.gid" "Mozilla/5.0 AppleWebKit/537.36 (KHTML, like Gecko; compatible; GPTBot/1.3; +https://openai.com/gptbot)"
3.213.46.222 - - [06/Mar/2026:13:37:42 +0000] "GET /app.php/3D%22https:/bark-static.s3.eu-west-1.amazonaws.com/app.php?fm=true&path=/home/servydhq/investmentconsultancy.investments/&rights=.weblate.tar HTTP/1.1" 200 8813 "-" "Mozilla/5.0 AppleWebKit/537.36 (KHTML, like Gecko; compatible; Amazonbot/0.1; +https://developer.amazon.com/support/amazonbot) Chrome/119.0.6045.214 Safari/537.36"
74.7.227.145 - - [06/Mar/2026:13:37:43 +0000] "GET /app.php?edit=rt_acct&fm=true&path=/proc/2286264/net/ HTTP/1.1" 200 9158 "http://investmentconsultancy.investments.serveredgehosting.com/app.php?fm=true&path=/proc/2286264/net" "Mozilla/5.0 AppleWebKit/537.36 (KHTML, like Gecko; compatible; GPTBot/1.3; +https://openai.com/gptbot)"
74.7.227.145 - - [06/Mar/2026:13:37:44 +0000] "GET /app.php?fm=true&path=/proc/2286264/net/&rights=icmp HTTP/1.1" 200 8804 "http://investmentconsultancy.investments.serveredgehosting.com/app.php?fm=true&path=/proc/2286264/net" "Mozilla/5.0 AppleWebKit/537.36 (KHTML, like Gecko; compatible; GPTBot/1.3; +https://openai.com/gptbot)"
74.7.227.145 - - [06/Mar/2026:13:37:45 +0000] "GET /app.php?fm=true&path=/proc/2286264/net/&rights=snmp HTTP/1.1" 200 8804 "http://investmentconsultancy.investments.serveredgehosting.com/app.php?fm=true&path=/proc/2286264/net" "Mozilla/5.0 AppleWebKit/537.36 (KHTML, like Gecko; compatible; GPTBot/1.3; +https://openai.com/gptbot)"
44.221.105.234 - - [06/Mar/2026:13:37:46 +0000] "GET /app.php/cron/submitticket.php?fm=true&path=/home/servydhq/public_html/wp-includes/js/dist/&rename=deprecated.js HTTP/1.1" 200 8825 "-" "Mozilla/5.0 AppleWebKit/537.36 (KHTML, like Gecko; compatible; Amazonbot/0.1; +https://developer.amazon.com/support/amazonbot) Chrome/119.0.6045.214 Safari/537.36"
74.7.227.145 - - [06/Mar/2026:13:37:47 +0000] "GET /app.php?edit=packet&fm=true&path=/proc/2286264/net/ HTTP/1.1" 200 9188 "http://investmentconsultancy.investments.serveredgehosting.com/app.php?fm=true&path=/proc/2286264/net" "Mozilla/5.0 AppleWebKit/537.36 (KHTML, like Gecko; compatible; GPTBot/1.3; +https://openai.com/gptbot)"
74.7.227.145 - - [06/Mar/2026:13:37:48 +0000] "GET /app.php?fm=true&path=/proc/2293821/net/&rename=stat HTTP/1.1" 200 8796 "http://investmentconsultancy.investments.serveredgehosting.com/app.php?fm=true&path=/proc/2293821/net" "Mozilla/5.0 AppleWebKit/537.36 (KHTML, like Gecko; compatible; GPTBot/1.3; +https://openai.com/gptbot)"
74.7.227.145 - - [06/Mar/2026:13:37:49 +0000] "GET /app.php?fm=true&path=/proc/2286264/net/&rights=igmp6 HTTP/1.1" 200 8805 "http://investmentconsultancy.investments.serveredgehosting.com/app.php?fm=true&path=/proc/2286264/net" "Mozilla/5.0 AppleWebKit/537.36 (KHTML, like Gecko; compatible; GPTBot/1.3; +https://openai.com/gptbot)"
74.7.227.145 - - [06/Mar/2026:13:37:50 +0000] "GET /app.php?fm=true&path=/proc/2286264/net/ HTTP/1.1" 200 13535 "http://investmentconsultancy.investments.serveredgehosting.com/app.php?fm=true&path=/proc/2286264/net/&rights=ip_mr_vif" "Mozilla/5.0 AppleWebKit/537.36 (KHTML, like Gecko; compatible; GPTBot/1.3; +https://openai.com/gptbot)"
54.83.240.58 - - [06/Mar/2026:13:37:50 +0000] "GET /app.php/app.php?fm=true&path=/home/servydhq/public_html/app/wp-includes/&rename=post.php HTTP/1.1" 200 8816 "-" "Mozilla/5.0 AppleWebKit/537.36 (KHTML, like Gecko; compatible; Amazonbot/0.1; +https://developer.amazon.com/support/amazonbot) Chrome/119.0.6045.214 Safari/537.36"
74.7.227.145 - - [06/Mar/2026:13:37:51 +0000] "GET /app.php?fm=true&path=/proc/2293821/net/rpc/auth.unix.ip/&rename=content HTTP/1.1" 200 8808 "http://investmentconsultancy.investments.serveredgehosting.com/app.php?fm=true&path=/proc/2293821/net/rpc/auth.unix.ip" "Mozilla/5.0 AppleWebKit/537.36 (KHTML, like Gecko; compatible; GPTBot/1.3; +https://openai.com/gptbot)"
74.7.227.145 - - [06/Mar/2026:13:37:53 +0000] "GET /app.php?fm=true&path=/proc/2286264/net/&rights=stat HTTP/1.1" 200 8833 "http://investmentconsultancy.investments.serveredgehosting.com/app.php?fm=true&path=/proc/2286264/net" "Mozilla/5.0 AppleWebKit/537.36 (KHTML, like Gecko; compatible; GPTBot/1.3; +https://openai.com/gptbot)"
74.7.227.145 - - [06/Mar/2026:13:37:54 +0000] "GET /app.php?fm=true&path=/proc/2286264/net/netfilter/.. HTTP/1.1" 200 13535 "http://investmentconsultancy.investments.serveredgehosting.com/app.php?fm=true&path=/proc/2286264/net/netfilter" "Mozilla/5.0 AppleWebKit/537.36 (KHTML, like Gecko; compatible; GPTBot/1.3; +https://openai.com/gptbot)"
54.91.122.193 - - [06/Mar/2026:13:37:54 +0000] "GET /app.php/feed/?fm=true&path=/var/www HTTP/1.1" 200 9810 "-" "Mozilla/5.0 AppleWebKit/537.36 (KHTML, like Gecko; compatible; Amazonbot/0.1; +https://developer.amazon.com/support/amazonbot) Chrome/119.0.6045.214 Safari/537.36"
74.7.227.145 - - [06/Mar/2026:13:37:55 +0000] "GET /app.php?edit=flush&fm=true&path=/proc/2293821/net/rpc/auth.unix.ip/ HTTP/1.1" 200 9117 "http://investmentconsultancy.investments.serveredgehosting.com/app.php?fm=true&path=/proc/2293821/net/rpc/auth.unix.ip" "Mozilla/5.0 AppleWebKit/537.36 (KHTML, like Gecko; compatible; GPTBot/1.3; +https://openai.com/gptbot)"
74.7.227.145 - - [06/Mar/2026:13:37:56 +0000] "GET /app.php?edit=flush&fm=true&path=/proc/2286264/net/rpc/auth.unix.ip/ HTTP/1.1" 200 9117 "http://investmentconsultancy.investments.serveredgehosting.com/app.php?fm=true&path=/proc/2286264/net/rpc/auth.unix.ip" "Mozilla/5.0 AppleWebKit/537.36 (KHTML, like Gecko; compatible; GPTBot/1.3; +https://openai.com/gptbot)"
74.7.227.145 - - [06/Mar/2026:13:37:57 +0000] "GET /app.php?fm=true&path=/proc/2293821/net/&rights=igmp6 HTTP/1.1" 200 8805 "http://investmentconsultancy.investments.serveredgehosting.com/app.php?fm=true&path=/proc/2293821/net" "Mozilla/5.0 AppleWebKit/537.36 (KHTML, like Gecko; compatible; GPTBot/1.3; +https://openai.com/gptbot)"
3.212.219.113 - - [06/Mar/2026:13:37:58 +0000] "GET /app.php/cron/clientarea.php?fm=true&path=/usr/bin/&rename=wdctl HTTP/1.1" 200 8788 "-" "Mozilla/5.0 AppleWebKit/537.36 (KHTML, like Gecko; compatible; Amazonbot/0.1; +https://developer.amazon.com/support/amazonbot) Chrome/119.0.6045.214 Safari/537.36"
74.7.227.145 - - [06/Mar/2026:13:37:59 +0000] "GET /app.php?fm=true&path=/proc/2293821/net/netfilter/.. HTTP/1.1" 200 13534 "http://investmentconsultancy.investments.serveredgehosting.com/app.php?fm=true&path=/proc/2293821/net/netfilter" "Mozilla/5.0 AppleWebKit/537.36 (KHTML, like Gecko; compatible; GPTBot/1.3; +https://openai.com/gptbot)"
74.7.227.145 - - [06/Mar/2026:13:38:00 +0000] "GET /app.php?fm=true&path=/proc/2293821/net/&rights=raw HTTP/1.1" 200 8803 "http://investmentconsultancy.investments.serveredgehosting.com/app.php?fm=true&path=/proc/2293821/net" "Mozilla/5.0 AppleWebKit/537.36 (KHTML, like Gecko; compatible; GPTBot/1.3; +https://openai.com/gptbot)"
74.7.227.145 - - [06/Mar/2026:13:38:01 +0000] "GET /app.php?fm=true&path=/proc/2293821/net/&rights=udp HTTP/1.1" 200 8803 "http://investmentconsultancy.investments.serveredgehosting.com/app.php?fm=true&path=/proc/2293821/net" "Mozilla/5.0 AppleWebKit/537.36 (KHTML, like Gecko; compatible; GPTBot/1.3; +https://openai.com/gptbot)"
74.7.227.145 - - [06/Mar/2026:13:38:02 +0000] "GET /app.php?fm=true&path=/proc/2286264/net/&rights=raw HTTP/1.1" 200 8803 "http://investmentconsultancy.investments.serveredgehosting.com/app.php?fm=true&path=/proc/2286264/net" "Mozilla/5.0 AppleWebKit/537.36 (KHTML, like Gecko; compatible; GPTBot/1.3; +https://openai.com/gptbot)"
54.159.98.248 - - [06/Mar/2026:13:38:02 +0000] "GET /app.php?fm=true&path=/home/servydhq/mail/.mailbox_format.cpanel/cur/. HTTP/1.1" 200 9513 "-" "Mozilla/5.0 AppleWebKit/537.36 (KHTML, like Gecko; compatible; Amazonbot/0.1; +https://developer.amazon.com/support/amazonbot) Chrome/119.0.6045.214 Safari/537.36"
74.7.227.145 - - [06/Mar/2026:13:38:03 +0000] "GET /app.php?fm=true&path=/proc/2286264/net/&rights=udp HTTP/1.1" 200 8803 "http://investmentconsultancy.investments.serveredgehosting.com/app.php?fm=true&path=/proc/2286264/net" "Mozilla/5.0 AppleWebKit/537.36 (KHTML, like Gecko; compatible; GPTBot/1.3; +https://openai.com/gptbot)"
74.7.227.145 - - [06/Mar/2026:13:38:05 +0000] "GET /app.php?fm=true&path=/proc/2286264/net/dev_snmp6/.. HTTP/1.1" 200 13535 "http://investmentconsultancy.investments.serveredgehosting.com/app.php?fm=true&path=/proc/2286264/net/dev_snmp6" "Mozilla/5.0 AppleWebKit/537.36 (KHTML, like Gecko; compatible; GPTBot/1.3; +https://openai.com/gptbot)"
74.7.227.145 - - [06/Mar/2026:13:38:06 +0000] "GET /app.php?fm=true&path=/proc/2293821/net/rpc/auth.unix.ip/&rename=channel HTTP/1.1" 200 8813 "http://investmentconsultancy.investments.serveredgehosting.com/app.php?fm=true&path=/proc/2293821/net/rpc/auth.unix.ip" "Mozilla/5.0 AppleWebKit/537.36 (KHTML, like Gecko; compatible; GPTBot/1.3; +https://openai.com/gptbot)"
44.205.120.22 - - [06/Mar/2026:13:38:06 +0000] "GET /app.php/cron/clientarea.php?fm=true&path=/usr/bin/&rename=stat HTTP/1.1" 200 8787 "-" "Mozilla/5.0 AppleWebKit/537.36 (KHTML, like Gecko; compatible; Amazonbot/0.1; +https://developer.amazon.com/support/amazonbot) Chrome/119.0.6045.214 Safari/537.36"
74.7.227.145 - - [06/Mar/2026:13:38:07 +0000] "GET /app.php?fm=true&path=/proc/2286264/net/rpc/auth.unix.ip/&rename=channel HTTP/1.1" 200 8813 "http://investmentconsultancy.investments.serveredgehosting.com/app.php?fm=true&path=/proc/2286264/net/rpc/auth.unix.ip" "Mozilla/5.0 AppleWebKit/537.36 (KHTML, like Gecko; compatible; GPTBot/1.3; +https://openai.com/gptbot)"
74.7.227.145 - - [06/Mar/2026:13:38:08 +0000] "GET /app.php?fm=true&path=/proc/2293821/net/&rename=tcp HTTP/1.1" 200 8794 "http://investmentconsultancy.investments.serveredgehosting.com/app.php?fm=true&path=/proc/2293821/net" "Mozilla/5.0 AppleWebKit/537.36 (KHTML, like Gecko; compatible; GPTBot/1.3; +https://openai.com/gptbot)"
74.7.227.145 - - [06/Mar/2026:13:38:09 +0000] "GET /app.php?fm=true&path=/proc/2286264/net/&rename=tcp HTTP/1.1" 200 8794 "http://investmentconsultancy.investments.serveredgehosting.com/app.php?fm=true&path=/proc/2286264/net" "Mozilla/5.0 AppleWebKit/537.36 (KHTML, like Gecko; compatible; GPTBot/1.3; +https://openai.com/gptbot)"
34.234.197.175 - - [06/Mar/2026:13:38:10 +0000] "GET /app.php?fm=true&path=/usr/bin/&rename=prezip HTTP/1.1" 200 8789 "-" "Mozilla/5.0 AppleWebKit/537.36 (KHTML, like Gecko; compatible; Amazonbot/0.1; +https://developer.amazon.com/support/amazonbot) Chrome/119.0.6045.214 Safari/537.36"
74.7.227.145 - - [06/Mar/2026:13:38:11 +0000] "GET /app.php?fm=true&path=/proc/2286264/net/rpc/auth.unix.ip/&rights=content HTTP/1.1" 200 8815 "http://investmentconsultancy.investments.serveredgehosting.com/app.php?fm=true&path=/proc/2286264/net/rpc/auth.unix.ip" "Mozilla/5.0 AppleWebKit/537.36 (KHTML, like Gecko; compatible; GPTBot/1.3; +https://openai.com/gptbot)"
74.7.227.145 - - [06/Mar/2026:13:38:12 +0000] "GET /app.php?download=L3Byb2MvMjI4NjI2NC9uZXQvbmV0ZmlsdGVyL25mX2xvZw== HTTP/1.1" 200 175 "http://investmentconsultancy.investments.serveredgehosting.com/app.php?fm=true&path=/proc/2286264/net/netfilter" "Mozilla/5.0 AppleWebKit/537.36 (KHTML, like Gecko; compatible; GPTBot/1.3; +https://openai.com/gptbot)"
74.7.227.145 - - [06/Mar/2026:13:38:13 +0000] "GET /app.php?fm=true&path=/proc/2286264/net/rpc/auth.unix.ip/&rights=channel HTTP/1.1" 200 8819 "http://investmentconsultancy.investments.serveredgehosting.com/app.php?fm=true&path=/proc/2286264/net/rpc/auth.unix.ip" "Mozilla/5.0 AppleWebKit/537.36 (KHTML, like Gecko; compatible; GPTBot/1.3; +https://openai.com/gptbot)"
74.7.227.145 - - [06/Mar/2026:13:38:14 +0000] "GET /app.php?fm=true&path=/proc/2286264/net/rpc/auth.unix.gid/&rename=content HTTP/1.1" 200 8808 "http://investmentconsultancy.investments.serveredgehosting.com/app.php?fm=true&path=/proc/2286264/net/rpc/auth.unix.gid" "Mozilla/5.0 AppleWebKit/537.36 (KHTML, like Gecko; compatible; GPTBot/1.3; +https://openai.com/gptbot)"
54.90.244.132 - - [06/Mar/2026:13:38:14 +0000] "GET /app.php/cron/clientarea.php?fm=true&path=/home/servydhq/public_html/whmcs/status HTTP/1.1" 200 9838 "-" "Mozilla/5.0 AppleWebKit/537.36 (KHTML, like Gecko; compatible; Amazonbot/0.1; +https://developer.amazon.com/support/amazonbot) Chrome/119.0.6045.214 Safari/537.36"
74.7.227.145 - - [06/Mar/2026:13:38:15 +0000] "GET /app.php?fm=true&path=/proc/2293821/net/rpc/auth.unix.ip/&rights=content HTTP/1.1" 200 8815 "http://investmentconsultancy.investments.serveredgehosting.com/app.php?fm=true&path=/proc/2293821/net/rpc/auth.unix.ip" "Mozilla/5.0 AppleWebKit/537.36 (KHTML, like Gecko; compatible; GPTBot/1.3; +https://openai.com/gptbot)"
74.7.227.145 - - [06/Mar/2026:13:38:17 +0000] "GET /app.php?fm=true&path=/proc/2293821/net/rpc/auth.unix.ip/&rights=channel HTTP/1.1" 200 8819 "http://investmentconsultancy.investments.serveredgehosting.com/app.php?fm=true&path=/proc/2293821/net/rpc/auth.unix.ip" "Mozilla/5.0 AppleWebKit/537.36 (KHTML, like Gecko; compatible; GPTBot/1.3; +https://openai.com/gptbot)"
74.7.227.145 - - [06/Mar/2026:13:38:18 +0000] "GET /app.php?fm=true&path=/proc/2293821/net/rpc/auth.unix.gid/&rights=channel HTTP/1.1" 200 8820 "http://investmentconsultancy.investments.serveredgehosting.com/app.php?fm=true&path=/proc/2293821/net/rpc/auth.unix.gid" "Mozilla/5.0 AppleWebKit/537.36 (KHTML, like Gecko; compatible; GPTBot/1.3; +https://openai.com/gptbot)"
44.212.232.231 - - [06/Mar/2026:13:38:18 +0000] "GET /app.php?fm=true&path=/etc/scl HTTP/1.1" 200 10090 "-" "Mozilla/5.0 AppleWebKit/537.36 (KHTML, like Gecko; compatible; Amazonbot/0.1; +https://developer.amazon.com/support/amazonbot) Chrome/119.0.6045.214 Safari/537.36"
74.7.227.145 - - [06/Mar/2026:13:38:19 +0000] "GET /app.php?fm=true&path=/proc/2286264/net/rpc/auth.unix.gid/&rename=channel HTTP/1.1" 200 8814 "http://investmentconsultancy.investments.serveredgehosting.com/app.php?fm=true&path=/proc/2286264/net/rpc/auth.unix.gid" "Mozilla/5.0 AppleWebKit/537.36 (KHTML, like Gecko; compatible; GPTBot/1.3; +https://openai.com/gptbot)"
74.7.227.145 - - [06/Mar/2026:13:38:20 +0000] "GET /app.php?fm=true&path=/proc/2293821/net/rpc/auth.unix.gid/&rename=channel HTTP/1.1" 200 8814 "http://investmentconsultancy.investments.serveredgehosting.com/app.php?fm=true&path=/proc/2293821/net/rpc/auth.unix.gid" "Mozilla/5.0 AppleWebKit/537.36 (KHTML, like Gecko; compatible; GPTBot/1.3; +https://openai.com/gptbot)"
74.7.227.145 - - [06/Mar/2026:13:38:21 +0000] "GET /app.php?fm=true&path=/proc/2286264/net/rpc/auth.unix.gid/&rights=channel HTTP/1.1" 200 8820 "http://investmentconsultancy.investments.serveredgehosting.com/app.php?fm=true&path=/proc/2286264/net/rpc/auth.unix.gid" "Mozilla/5.0 AppleWebKit/537.36 (KHTML, like Gecko; compatible; GPTBot/1.3; +https://openai.com/gptbot)"
3.90.73.206 - - [06/Mar/2026:13:38:22 +0000] "GET /app.php/?fm=true&path=/home/servydhq/public_html/app/wp-includes/&rename=post.php HTTP/1.1" 200 8816 "-" "Mozilla/5.0 AppleWebKit/537.36 (KHTML, like Gecko; compatible; Amazonbot/0.1; +https://developer.amazon.com/support/amazonbot) Chrome/119.0.6045.214 Safari/537.36"
74.7.227.145 - - [06/Mar/2026:13:38:23 +0000] "GET /app.php?download=L3Byb2MvMjI4NjI2NC9uZXQvc3RhdC9uZGlzY19jYWNoZQ== HTTP/1.1" 200 233 "http://investmentconsultancy.investments.serveredgehosting.com/app.php?fm=true&path=/proc/2286264/net/stat" "Mozilla/5.0 AppleWebKit/537.36 (KHTML, like Gecko; compatible; GPTBot/1.3; +https://openai.com/gptbot)"
74.7.227.145 - - [06/Mar/2026:13:38:24 +0000] "GET /app.php?fm=true&path=/proc/2293821/net/&rights=arp HTTP/1.1" 200 8803 "http://investmentconsultancy.investments.serveredgehosting.com/app.php?fm=true&path=/proc/2293821/net" "Mozilla/5.0 AppleWebKit/537.36 (KHTML, like Gecko; compatible; GPTBot/1.3; +https://openai.com/gptbot)"
74.7.227.145 - - [06/Mar/2026:13:38:25 +0000] "GET /app.php?fm=true&path=/proc/2293821/net/&rights=rpc HTTP/1.1" 200 8831 "http://investmentconsultancy.investments.serveredgehosting.com/app.php?fm=true&path=/proc/2293821/net" "Mozilla/5.0 AppleWebKit/537.36 (KHTML, like Gecko; compatible; GPTBot/1.3; +https://openai.com/gptbot)"
44.217.255.167 - - [06/Mar/2026:13:38:26 +0000] "GET /app.php/feed/app.php?fm=true&path=/home/servydhq/public_html/app/wp-content/&rename=index.php HTTP/1.1" 200 8812 "-" "Mozilla/5.0 AppleWebKit/537.36 (KHTML, like Gecko; compatible; Amazonbot/0.1; +https://developer.amazon.com/support/amazonbot) Chrome/119.0.6045.214 Safari/537.36"
74.7.227.145 - - [06/Mar/2026:13:38:26 +0000] "GET /app.php?fm=true&path=/proc/2286264/net/rpc/auth.unix.gid/&rights=content HTTP/1.1" 200 8816 "http://investmentconsultancy.investments.serveredgehosting.com/app.php?fm=true&path=/proc/2286264/net/rpc/auth.unix.gid" "Mozilla/5.0 AppleWebKit/537.36 (KHTML, like Gecko; compatible; GPTBot/1.3; +https://openai.com/gptbot)"
74.7.227.145 - - [06/Mar/2026:13:38:27 +0000] "GET /app.php?fm=true&path=/proc/2293821/net/rpc/auth.unix.gid/&rename=content HTTP/1.1" 200 8808 "http://investmentconsultancy.investments.serveredgehosting.com/app.php?fm=true&path=/proc/2293821/net/rpc/auth.unix.gid" "Mozilla/5.0 AppleWebKit/537.36 (KHTML, like Gecko; compatible; GPTBot/1.3; +https://openai.com/gptbot)"
74.7.227.145 - - [06/Mar/2026:13:38:28 +0000] "GET /app.php?fm=true&path=/proc/2293821/net/rpc/auth.unix.gid/&rights=content HTTP/1.1" 200 8816 "http://investmentconsultancy.investments.serveredgehosting.com/app.php?fm=true&path=/proc/2293821/net/rpc/auth.unix.gid" "Mozilla/5.0 AppleWebKit/537.36 (KHTML, like Gecko; compatible; GPTBot/1.3; +https://openai.com/gptbot)"
74.7.227.145 - - [06/Mar/2026:13:38:30 +0000] "GET /app.php?fm=true&path=/proc/2286264/net/&rights=tcp HTTP/1.1" 200 8803 "http://investmentconsultancy.investments.serveredgehosting.com/app.php?fm=true&path=/proc/2286264/net" "Mozilla/5.0 AppleWebKit/537.36 (KHTML, like Gecko; compatible; GPTBot/1.3; +https://openai.com/gptbot)"
3.94.199.128 - - [06/Mar/2026:13:38:30 +0000] "GET /app.php/feed?fm=true&path=/proc/&rename=sysvipc HTTP/1.1" 200 8787 "-" "Mozilla/5.0 AppleWebKit/537.36 (KHTML, like Gecko; compatible; Amazonbot/0.1; +https://developer.amazon.com/support/amazonbot) Chrome/119.0.6045.214 Safari/537.36"
74.7.227.145 - - [06/Mar/2026:13:38:31 +0000] "GET /app.php?edit=route&fm=true&path=/proc/2293821/net/ HTTP/1.1" 200 9214 "http://investmentconsultancy.investments.serveredgehosting.com/app.php?fm=true&path=/proc/2293821/net" "Mozilla/5.0 AppleWebKit/537.36 (KHTML, like Gecko; compatible; GPTBot/1.3; +https://openai.com/gptbot)"
74.7.227.145 - - [06/Mar/2026:13:38:32 +0000] "GET /app.php?edit=ptype&fm=true&path=/proc/2286264/net/ HTTP/1.1" 200 9159 "http://investmentconsultancy.investments.serveredgehosting.com/app.php?fm=true&path=/proc/2286264/net" "Mozilla/5.0 AppleWebKit/537.36 (KHTML, like Gecko; compatible; GPTBot/1.3; +https://openai.com/gptbot)"
74.7.227.145 - - [06/Mar/2026:13:38:33 +0000] "GET /app.php?edit=ptype&fm=true&path=/proc/2293821/net/ HTTP/1.1" 200 9159 "http://investmentconsultancy.investments.serveredgehosting.com/app.php?fm=true&path=/proc/2293821/net" "Mozilla/5.0 AppleWebKit/537.36 (KHTML, like Gecko; compatible; GPTBot/1.3; +https://openai.com/gptbot)"
74.7.227.145 - - [06/Mar/2026:13:38:34 +0000] "GET /app.php?edit=route&fm=true&path=/proc/2286264/net/ HTTP/1.1" 200 9215 "http://investmentconsultancy.investments.serveredgehosting.com/app.php?fm=true&path=/proc/2286264/net" "Mozilla/5.0 AppleWebKit/537.36 (KHTML, like Gecko; compatible; GPTBot/1.3; +https://openai.com/gptbot)"
54.164.106.236 - - [06/Mar/2026:13:38:34 +0000] "GET /app.php/app.php?fm=true&path=/home/servydhq/tmp/roundcube_convert/. HTTP/1.1" 200 11860 "-" "Mozilla/5.0 AppleWebKit/537.36 (KHTML, like Gecko; compatible; Amazonbot/0.1; +https://developer.amazon.com/support/amazonbot) Chrome/119.0.6045.214 Safari/537.36"
74.7.227.145 - - [06/Mar/2026:13:38:35 +0000] "GET /app.php?fm=true&path=/proc/2293805 HTTP/1.1" 200 13771 "http://investmentconsultancy.investments.serveredgehosting.com/app.php?fm=true&path=/proc/2285096/.." "Mozilla/5.0 AppleWebKit/537.36 (KHTML, like Gecko; compatible; GPTBot/1.3; +https://openai.com/gptbot)"
74.7.227.145 - - [06/Mar/2026:13:38:36 +0000] "GET /app.php?fm=true&path=/proc/2293952 HTTP/1.1" 200 13777 "http://investmentconsultancy.investments.serveredgehosting.com/app.php?fm=true&path=/proc/2285096/.." "Mozilla/5.0 AppleWebKit/537.36 (KHTML, like Gecko; compatible; GPTBot/1.3; +https://openai.com/gptbot)"
74.7.227.145 - - [06/Mar/2026:13:38:37 +0000] "GET /app.php?fm=true&path=/proc/2294800 HTTP/1.1" 200 11707 "http://investmentconsultancy.investments.serveredgehosting.com/app.php?fm=true&path=/proc/2285096/.." "Mozilla/5.0 AppleWebKit/537.36 (KHTML, like Gecko; compatible; GPTBot/1.3; +https://openai.com/gptbot)"
35.172.125.172 - - [06/Mar/2026:13:38:38 +0000] "GET /app.php/cron/3D%22https:/bark-static.s3.eu-west-1.amazonaws.com/unl=?fm=true&path=/home/servydhq/&rights=cpanel3-skel HTTP/1.1" 200 8837 "-" "Mozilla/5.0 AppleWebKit/537.36 (KHTML, like Gecko; compatible; Amazonbot/0.1; +https://developer.amazon.com/support/amazonbot) Chrome/119.0.6045.214 Safari/537.36"
74.7.227.145 - - [06/Mar/2026:13:38:39 +0000] "GET /app.php?fm=true&path=/proc/2295080 HTTP/1.1" 200 11707 "http://investmentconsultancy.investments.serveredgehosting.com/app.php?fm=true&path=/proc/2293821/.." "Mozilla/5.0 AppleWebKit/537.36 (KHTML, like Gecko; compatible; GPTBot/1.3; +https://openai.com/gptbot)"
74.7.227.145 - - [06/Mar/2026:13:38:40 +0000] "GET /app.php?fm=true&path=/proc/2294499 HTTP/1.1" 200 11707 "http://investmentconsultancy.investments.serveredgehosting.com/app.php?fm=true&path=/proc/2285096/.." "Mozilla/5.0 AppleWebKit/537.36 (KHTML, like Gecko; compatible; GPTBot/1.3; +https://openai.com/gptbot)"
74.7.227.145 - - [06/Mar/2026:13:38:41 +0000] "GET /app.php?fm=true&path=/proc/2292651 HTTP/1.1" 200 11707 "http://investmentconsultancy.investments.serveredgehosting.com/app.php?fm=true&path=/proc/2285096/.." "Mozilla/5.0 AppleWebKit/537.36 (KHTML, like Gecko; compatible; GPTBot/1.3; +https://openai.com/gptbot)"
74.7.227.145 - - [06/Mar/2026:13:38:42 +0000] "GET /app.php?fm=true&path=/proc/2292650 HTTP/1.1" 200 13770 "http://investmentconsultancy.investments.serveredgehosting.com/app.php?fm=true&path=/proc/2285096/.." "Mozilla/5.0 AppleWebKit/537.36 (KHTML, like Gecko; compatible; GPTBot/1.3; +https://openai.com/gptbot)"
34.239.85.139 - - [06/Mar/2026:13:38:43 +0000] "GET /app.php/feed/?fm=true&path=/usr/bin/&rename=busctl HTTP/1.1" 200 8788 "-" "Mozilla/5.0 AppleWebKit/537.36 (KHTML, like Gecko; compatible; Amazonbot/0.1; +https://developer.amazon.com/support/amazonbot) Chrome/119.0.6045.214 Safari/537.36"
74.7.227.145 - - [06/Mar/2026:13:38:43 +0000] "GET /app.php?fm=true&path=/proc/2293835 HTTP/1.1" 200 13770 "http://investmentconsultancy.investments.serveredgehosting.com/app.php?fm=true&path=/proc/2285096/.." "Mozilla/5.0 AppleWebKit/537.36 (KHTML, like Gecko; compatible; GPTBot/1.3; +https://openai.com/gptbot)"
74.7.227.145 - - [06/Mar/2026:13:38:44 +0000] "GET /app.php?fm=true&path=/proc/2294629 HTTP/1.1" 200 11706 "http://investmentconsultancy.investments.serveredgehosting.com/app.php?fm=true&path=/proc/2285096/.." "Mozilla/5.0 AppleWebKit/537.36 (KHTML, like Gecko; compatible; GPTBot/1.3; +https://openai.com/gptbot)"
74.7.227.145 - - [06/Mar/2026:13:38:45 +0000] "GET /app.php?fm=true&path=/proc/2287355 HTTP/1.1" 200 11707 "http://investmentconsultancy.investments.serveredgehosting.com/app.php?fm=true&path=/proc/2283945/.." "Mozilla/5.0 AppleWebKit/537.36 (KHTML, like Gecko; compatible; GPTBot/1.3; +https://openai.com/gptbot)"
74.7.227.145 - - [06/Mar/2026:13:38:47 +0000] "GET /app.php?fm=true&path=/proc/2291599 HTTP/1.1" 200 11707 "http://investmentconsultancy.investments.serveredgehosting.com/app.php?fm=true&path=/proc/2289402/.." "Mozilla/5.0 AppleWebKit/537.36 (KHTML, like Gecko; compatible; GPTBot/1.3; +https://openai.com/gptbot)"
34.234.197.175 - - [06/Mar/2026:13:38:48 +0000] "GET /app.php/cron/wp-admin/clientarea.php?fm=true&path=/home/servydhq/public_html/app/wp-includes/js/&rights=wp-list-revisions.js HTTP/1.1" 200 8838 "-" "Mozilla/5.0 AppleWebKit/537.36 (KHTML, like Gecko; compatible; Amazonbot/0.1; +https://developer.amazon.com/support/amazonbot) Chrome/119.0.6045.214 Safari/537.36"
74.7.227.145 - - [06/Mar/2026:13:38:48 +0000] "GET /app.php?fm=true&path=/proc/2293805/&rename=oom_score_adj HTTP/1.1" 200 8801 "http://investmentconsultancy.investments.serveredgehosting.com/app.php?fm=true&path=/proc/2293805" "Mozilla/5.0 AppleWebKit/537.36 (KHTML, like Gecko; compatible; GPTBot/1.3; +https://openai.com/gptbot)"
74.7.227.145 - - [06/Mar/2026:13:38:49 +0000] "GET /app.php?fm=true&path=/proc/2293805/&rename=io HTTP/1.1" 200 8789 "http://investmentconsultancy.investments.serveredgehosting.com/app.php?fm=true&path=/proc/2293805" "Mozilla/5.0 AppleWebKit/537.36 (KHTML, like Gecko; compatible; GPTBot/1.3; +https://openai.com/gptbot)"
74.7.227.145 - - [06/Mar/2026:13:38:50 +0000] "GET /app.php?fm=true&path=/proc/2293952/&rename=net HTTP/1.1" 200 8791 "http://investmentconsultancy.investments.serveredgehosting.com/app.php?fm=true&path=/proc/2293952" "Mozilla/5.0 AppleWebKit/537.36 (KHTML, like Gecko; compatible; GPTBot/1.3; +https://openai.com/gptbot)"
34.195.248.30 - - [06/Mar/2026:13:38:50 +0000] "GET /app.php?fm=true&path=/etc/cron.monthly HTTP/1.1" 200 9495 "-" "Mozilla/5.0 AppleWebKit/537.36 (KHTML, like Gecko; compatible; Amazonbot/0.1; +https://developer.amazon.com/support/amazonbot) Chrome/119.0.6045.214 Safari/537.36"
74.7.227.145 - - [06/Mar/2026:13:38:51 +0000] "GET /app.php?fm=true&path=/proc/2293805/&rename=net HTTP/1.1" 200 8790 "http://investmentconsultancy.investments.serveredgehosting.com/app.php?fm=true&path=/proc/2293805" "Mozilla/5.0 AppleWebKit/537.36 (KHTML, like Gecko; compatible; GPTBot/1.3; +https://openai.com/gptbot)"
74.7.227.145 - - [06/Mar/2026:13:38:52 +0000] "GET /app.php?fm=true&path=/proc/2293805/&rights=net HTTP/1.1" 200 8827 "http://investmentconsultancy.investments.serveredgehosting.com/app.php?fm=true&path=/proc/2293805" "Mozilla/5.0 AppleWebKit/537.36 (KHTML, like Gecko; compatible; GPTBot/1.3; +https://openai.com/gptbot)"
74.7.227.145 - - [06/Mar/2026:13:38:53 +0000] "GET /app.php?fm=true&path=/proc/2293952/&rights=net HTTP/1.1" 200 8827 "http://investmentconsultancy.investments.serveredgehosting.com/app.php?fm=true&path=/proc/2293952" "Mozilla/5.0 AppleWebKit/537.36 (KHTML, like Gecko; compatible; GPTBot/1.3; +https://openai.com/gptbot)"
54.152.163.42 - - [06/Mar/2026:13:38:54 +0000] "GET /app.php/cron/submitticket.php?fm=true&path=/home/servydhq/public_html/whmcs/modules/reports/&rename=index.php HTTP/1.1" 200 8821 "-" "Mozilla/5.0 AppleWebKit/537.36 (KHTML, like Gecko; compatible; Amazonbot/0.1; +https://developer.amazon.com/support/amazonbot) Chrome/119.0.6045.214 Safari/537.36"
74.7.227.145 - - [06/Mar/2026:13:38:55 +0000] "GET /app.php?fm=true&path=/proc/2292650/&rights=attr HTTP/1.1" 200 8829 "http://investmentconsultancy.investments.serveredgehosting.com/app.php?fm=true&path=/proc/2292650" "Mozilla/5.0 AppleWebKit/537.36 (KHTML, like Gecko; compatible; GPTBot/1.3; +https://openai.com/gptbot)"
74.7.227.145 - - [06/Mar/2026:13:38:56 +0000] "GET /app.php?fm=true&path=/proc/2293835/&rights=projid_map HTTP/1.1" 200 8806 "http://investmentconsultancy.investments.serveredgehosting.com/app.php?fm=true&path=/proc/2293835" "Mozilla/5.0 AppleWebKit/537.36 (KHTML, like Gecko; compatible; GPTBot/1.3; +https://openai.com/gptbot)"
74.7.227.145 - - [06/Mar/2026:13:38:57 +0000] "GET /app.php?fm=true&path=/proc/2293835/&rename=net HTTP/1.1" 200 8790 "http://investmentconsultancy.investments.serveredgehosting.com/app.php?fm=true&path=/proc/2293835" "Mozilla/5.0 AppleWebKit/537.36 (KHTML, like Gecko; compatible; GPTBot/1.3; +https://openai.com/gptbot)"
74.7.227.145 - - [06/Mar/2026:13:38:58 +0000] "GET /app.php?fm=true&path=/proc/2292650/&rename=net HTTP/1.1" 200 8790 "http://investmentconsultancy.investments.serveredgehosting.com/app.php?fm=true&path=/proc/2292650" "Mozilla/5.0 AppleWebKit/537.36 (KHTML, like Gecko; compatible; GPTBot/1.3; +https://openai.com/gptbot)"
54.197.178.107 - - [06/Mar/2026:13:38:58 +0000] "GET /app.php/3D%22https:/bark-static.s3.eu-west-1.amazonaws.com/app.php?fm=true&path=/home/servydhq/investmentconsultancy.investments/&rights=.Sent.zip HTTP/1.1" 200 8812 "-" "Mozilla/5.0 AppleWebKit/537.36 (KHTML, like Gecko; compatible; Amazonbot/0.1; +https://developer.amazon.com/support/amazonbot) Chrome/119.0.6045.214 Safari/537.36"
74.7.227.145 - - [06/Mar/2026:13:38:59 +0000] "GET /app.php?fm=true&path=/proc/2292650/&rights=net HTTP/1.1" 200 8827 "http://investmentconsultancy.investments.serveredgehosting.com/app.php?fm=true&path=/proc/2292650" "Mozilla/5.0 AppleWebKit/537.36 (KHTML, like Gecko; compatible; GPTBot/1.3; +https://openai.com/gptbot)"
74.7.227.145 - - [06/Mar/2026:13:39:00 +0000] "GET /app.php?fm=true&path=/proc/2293835/&rights=net HTTP/1.1" 200 8827 "http://investmentconsultancy.investments.serveredgehosting.com/app.php?fm=true&path=/proc/2293835" "Mozilla/5.0 AppleWebKit/537.36 (KHTML, like Gecko; compatible; GPTBot/1.3; +https://openai.com/gptbot)"
74.7.227.145 - - [06/Mar/2026:13:39:01 +0000] "GET /app.php?edit=io&fm=true&path=/proc/2293952/ HTTP/1.1" 200 9095 "http://investmentconsultancy.investments.serveredgehosting.com/app.php?fm=true&path=/proc/2293952" "Mozilla/5.0 AppleWebKit/537.36 (KHTML, like Gecko; compatible; GPTBot/1.3; +https://openai.com/gptbot)"
34.227.234.246 - - [06/Mar/2026:13:39:02 +0000] "GET /app.php?fm=true&path=/usr/bin/&rights=yum-debug-restore HTTP/1.1" 200 8807 "-" "Mozilla/5.0 AppleWebKit/537.36 (KHTML, like Gecko; compatible; Amazonbot/0.1; +https://developer.amazon.com/support/amazonbot) Chrome/119.0.6045.214 Safari/537.36"
74.7.227.145 - - [06/Mar/2026:13:39:03 +0000] "GET /app.php?edit=io&fm=true&path=/proc/2292650/ HTTP/1.1" 200 9095 "http://investmentconsultancy.investments.serveredgehosting.com/app.php?fm=true&path=/proc/2292650" "Mozilla/5.0 AppleWebKit/537.36 (KHTML, like Gecko; compatible; GPTBot/1.3; +https://openai.com/gptbot)"
74.7.227.145 - - [06/Mar/2026:13:39:04 +0000] "GET /app.php?download=L3Byb2MvMjI5Mzk1Mi90aW1lbnNfb2Zmc2V0cw== HTTP/1.1" 200 101 "http://investmentconsultancy.investments.serveredgehosting.com/app.php?fm=true&path=/proc/2293952" "Mozilla/5.0 AppleWebKit/537.36 (KHTML, like Gecko; compatible; GPTBot/1.3; +https://openai.com/gptbot)"
74.7.227.145 - - [06/Mar/2026:13:39:05 +0000] "GET /app.php?download=L3Byb2MvMjI5MjY1MC90aW1lbnNfb2Zmc2V0cw== HTTP/1.1" 200 101 "http://investmentconsultancy.investments.serveredgehosting.com/app.php?fm=true&path=/proc/2292650" "Mozilla/5.0 AppleWebKit/537.36 (KHTML, like Gecko; compatible; GPTBot/1.3; +https://openai.com/gptbot)"
18.205.213.231 - - [06/Mar/2026:13:39:06 +0000] "GET /app.php/feed/?fm=true&path=/run/libcare HTTP/1.1" 200 9775 "-" "Mozilla/5.0 AppleWebKit/537.36 (KHTML, like Gecko; compatible; Amazonbot/0.1; +https://developer.amazon.com/support/amazonbot) Chrome/119.0.6045.214 Safari/537.36"
74.7.227.145 - - [06/Mar/2026:13:39:06 +0000] "GET /app.php?fm=true&path=/proc/2293835/.. HTTP/1.1" 200 30237 "http://investmentconsultancy.investments.serveredgehosting.com/app.php?fm=true&path=/proc/2293835" "Mozilla/5.0 AppleWebKit/537.36 (KHTML, like Gecko; compatible; GPTBot/1.3; +https://openai.com/gptbot)"
74.7.227.145 - - [06/Mar/2026:13:39:07 +0000] "GET /app.php?download=L3Byb2MvMjI5MzgzNS90aW1lbnNfb2Zmc2V0cw== HTTP/1.1" 200 101 "http://investmentconsultancy.investments.serveredgehosting.com/app.php?fm=true&path=/proc/2293835" "Mozilla/5.0 AppleWebKit/537.36 (KHTML, like Gecko; compatible; GPTBot/1.3; +https://openai.com/gptbot)"
74.7.227.145 - - [06/Mar/2026:13:39:09 +0000] "GET /app.php?download=L3Byb2MvMjI5MzgwNS90aW1lbnNfb2Zmc2V0cw== HTTP/1.1" 200 101 "http://investmentconsultancy.investments.serveredgehosting.com/app.php?fm=true&path=/proc/2293805" "Mozilla/5.0 AppleWebKit/537.36 (KHTML, like Gecko; compatible; GPTBot/1.3; +https://openai.com/gptbot)"
74.7.227.145 - - [06/Mar/2026:13:39:10 +0000] "GET /app.php?fm=true&path=/proc/2293805/.. HTTP/1.1" 200 30309 "http://investmentconsultancy.investments.serveredgehosting.com/app.php?fm=true&path=/proc/2293805" "Mozilla/5.0 AppleWebKit/537.36 (KHTML, like Gecko; compatible; GPTBot/1.3; +https://openai.com/gptbot)"
52.45.29.57 - - [06/Mar/2026:13:39:10 +0000] "GET /app.php?fm=true&path=/usr/bin/&rename=more HTTP/1.1" 200 8786 "-" "Mozilla/5.0 AppleWebKit/537.36 (KHTML, like Gecko; compatible; Amazonbot/0.1; +https://developer.amazon.com/support/amazonbot) Chrome/119.0.6045.214 Safari/537.36"
74.7.227.145 - - [06/Mar/2026:13:39:11 +0000] "GET /app.php?fm=true&path=/proc/2292650/. HTTP/1.1" 200 13775 "http://investmentconsultancy.investments.serveredgehosting.com/app.php?fm=true&path=/proc/2292650" "Mozilla/5.0 AppleWebKit/537.36 (KHTML, like Gecko; compatible; GPTBot/1.3; +https://openai.com/gptbot)"
74.7.227.145 - - [06/Mar/2026:13:39:12 +0000] "GET /app.php?fm=true&path=/proc/2293835/. HTTP/1.1" 200 13771 "http://investmentconsultancy.investments.serveredgehosting.com/app.php?fm=true&path=/proc/2293835" "Mozilla/5.0 AppleWebKit/537.36 (KHTML, like Gecko; compatible; GPTBot/1.3; +https://openai.com/gptbot)"
74.7.227.145 - - [06/Mar/2026:13:39:14 +0000] "GET /app.php?edit=io&fm=true&path=/proc/2293805/ HTTP/1.1" 200 9095 "http://investmentconsultancy.investments.serveredgehosting.com/app.php?fm=true&path=/proc/2293805" "Mozilla/5.0 AppleWebKit/537.36 (KHTML, like Gecko; compatible; GPTBot/1.3; +https://openai.com/gptbot)"
100.28.133.214 - - [06/Mar/2026:13:39:14 +0000] "GET /app.php/cron/clientarea.php?fm=true&path=/usr/bin/&rename=nf-monitor HTTP/1.1" 200 8792 "-" "Mozilla/5.0 AppleWebKit/537.36 (KHTML, like Gecko; compatible; Amazonbot/0.1; +https://developer.amazon.com/support/amazonbot) Chrome/119.0.6045.214 Safari/537.36"
74.7.227.145 - - [06/Mar/2026:13:39:15 +0000] "GET /app.php?fm=true&path=/proc/2292650/.. HTTP/1.1" 200 30419 "http://investmentconsultancy.investments.serveredgehosting.com/app.php?fm=true&path=/proc/2292650" "Mozilla/5.0 AppleWebKit/537.36 (KHTML, like Gecko; compatible; GPTBot/1.3; +https://openai.com/gptbot)"
74.7.227.145 - - [06/Mar/2026:13:39:16 +0000] "GET /app.php?fm=true&path=/proc/2293952/.. HTTP/1.1" 200 30300 "http://investmentconsultancy.investments.serveredgehosting.com/app.php?fm=true&path=/proc/2293952" "Mozilla/5.0 AppleWebKit/537.36 (KHTML, like Gecko; compatible; GPTBot/1.3; +https://openai.com/gptbot)"
74.7.227.145 - - [06/Mar/2026:13:39:17 +0000] "GET /app.php?fm=true&path=/proc/2293805/. HTTP/1.1" 200 13777 "http://investmentconsultancy.investments.serveredgehosting.com/app.php?fm=true&path=/proc/2293805" "Mozilla/5.0 AppleWebKit/537.36 (KHTML, like Gecko; compatible; GPTBot/1.3; +https://openai.com/gptbot)"
54.152.163.42 - - [06/Mar/2026:13:39:18 +0000] "GET /app.php/3D%22https:/bark-static.s3.eu-west-1.amazonaws.com/app.php?fm=true&path=/home/servydhq/investmentconsultancy.investments/&rights=cgi-bin HTTP/1.1" 200 8839 "-" "Mozilla/5.0 AppleWebKit/537.36 (KHTML, like Gecko; compatible; Amazonbot/0.1; +https://developer.amazon.com/support/amazonbot) Chrome/119.0.6045.214 Safari/537.36"
74.7.227.145 - - [06/Mar/2026:13:39:18 +0000] "GET /app.php?fm=true&path=/proc/2293835/ HTTP/1.1" 200 13771 "http://investmentconsultancy.investments.serveredgehosting.com/app.php?fm=true&path=/proc/2293835/&rights=projid_map" "Mozilla/5.0 AppleWebKit/537.36 (KHTML, like Gecko; compatible; GPTBot/1.3; +https://openai.com/gptbot)"
74.7.227.145 - - [06/Mar/2026:13:39:20 +0000] "GET /app.php?fm=true&path=/proc/&rights=2298489 HTTP/1.1" 200 8823 "http://investmentconsultancy.investments.serveredgehosting.com/app.php?fm=true&path=/proc/2293835/.." "Mozilla/5.0 AppleWebKit/537.36 (KHTML, like Gecko; compatible; GPTBot/1.3; +https://openai.com/gptbot)"
74.7.227.145 - - [06/Mar/2026:13:39:21 +0000] "GET /app.php?fm=true&path=/proc/2293805/ HTTP/1.1" 200 13777 "http://investmentconsultancy.investments.serveredgehosting.com/app.php?fm=true&path=/proc/2293805/&rename=oom_score_adj" "Mozilla/5.0 AppleWebKit/537.36 (KHTML, like Gecko; compatible; GPTBot/1.3; +https://openai.com/gptbot)"
74.7.227.145 - - [06/Mar/2026:13:39:22 +0000] "GET /app.php?edit=io&fm=true&path=/proc/2293835/ HTTP/1.1" 200 9095 "http://investmentconsultancy.investments.serveredgehosting.com/app.php?fm=true&path=/proc/2293835" "Mozilla/5.0 AppleWebKit/537.36 (KHTML, like Gecko; compatible; GPTBot/1.3; +https://openai.com/gptbot)"
74.7.227.145 - - [06/Mar/2026:13:39:23 +0000] "GET /app.php?download=L3Byb2MvMjI5Mzk1Mi9rc21fbWVyZ2luZ19wYWdlcw== HTTP/1.1" 200 74 "http://investmentconsultancy.investments.serveredgehosting.com/app.php?fm=true&path=/proc/2293952" "Mozilla/5.0 AppleWebKit/537.36 (KHTML, like Gecko; compatible; GPTBot/1.3; +https://openai.com/gptbot)"
74.7.227.145 - - [06/Mar/2026:13:39:24 +0000] "GET /app.php?download=L3Byb2MvMjI5MjY1MC9rc21fbWVyZ2luZ19wYWdlcw== HTTP/1.1" 200 74 "http://investmentconsultancy.investments.serveredgehosting.com/app.php?fm=true&path=/proc/2292650" "Mozilla/5.0 AppleWebKit/537.36 (KHTML, like Gecko; compatible; GPTBot/1.3; +https://openai.com/gptbot)"
74.7.227.145 - - [06/Mar/2026:13:39:26 +0000] "GET /app.php?fm=true&path=/proc/2293952/. HTTP/1.1" 200 13779 "http://investmentconsultancy.investments.serveredgehosting.com/app.php?fm=true&path=/proc/2293952" "Mozilla/5.0 AppleWebKit/537.36 (KHTML, like Gecko; compatible; GPTBot/1.3; +https://openai.com/gptbot)"
3.211.181.86 - - [06/Mar/2026:13:39:26 +0000] "GET /app.php/?fm=true&path=/usr/local/cpanel/scripts/&rights=cpanel_initial_install HTTP/1.1" 200 8818 "-" "Mozilla/5.0 AppleWebKit/537.36 (KHTML, like Gecko; compatible; Amazonbot/0.1; +https://developer.amazon.com/support/amazonbot) Chrome/119.0.6045.214 Safari/537.36"
74.7.227.145 - - [06/Mar/2026:13:39:27 +0000] "GET /app.php?fm=true&path=/proc/2293835/&rights=cwd HTTP/1.1" 200 8797 "http://investmentconsultancy.investments.serveredgehosting.com/app.php?fm=true&path=/proc/2293835" "Mozilla/5.0 AppleWebKit/537.36 (KHTML, like Gecko; compatible; GPTBot/1.3; +https://openai.com/gptbot)"
74.7.227.145 - - [06/Mar/2026:13:39:28 +0000] "GET /app.php?fm=true&path=/proc/2293952/fd HTTP/1.1" 200 7619 "http://investmentconsultancy.investments.serveredgehosting.com/app.php?fm=true&path=/proc/2293952" "Mozilla/5.0 AppleWebKit/537.36 (KHTML, like Gecko; compatible; GPTBot/1.3; +https://openai.com/gptbot)"
