74.7.227.145 - - [06/Mar/2026:13:16:17 +0000] "GET /app.php?edit=udplite&fm=true&path=/proc/2282620/net/ HTTP/1.1" 200 9185 "http://investmentconsultancy.investments.serveredgehosting.com/app.php?fm=true&path=/proc/2282620/net" "Mozilla/5.0 AppleWebKit/537.36 (KHTML, like Gecko; compatible; GPTBot/1.3; +https://openai.com/gptbot)"
74.7.227.145 - - [06/Mar/2026:13:16:18 +0000] "GET /app.php?fm=true&path=/proc/2282620/net/netfilter/. HTTP/1.1" 200 9786 "http://investmentconsultancy.investments.serveredgehosting.com/app.php?fm=true&path=/proc/2282620/net/netfilter" "Mozilla/5.0 AppleWebKit/537.36 (KHTML, like Gecko; compatible; GPTBot/1.3; +https://openai.com/gptbot)"
54.91.122.193 - - [06/Mar/2026:13:16:18 +0000] "GET /app.php/cron/clientarea.php?fm=true&path=/run/net-snmp HTTP/1.1" 200 9488 "-" "Mozilla/5.0 AppleWebKit/537.36 (KHTML, like Gecko; compatible; Amazonbot/0.1; +https://developer.amazon.com/support/amazonbot) Chrome/119.0.6045.214 Safari/537.36"
74.7.227.145 - - [06/Mar/2026:13:16:19 +0000] "GET /app.php?fm=true&path=/proc/2285505/. HTTP/1.1" 200 13780 "http://investmentconsultancy.investments.serveredgehosting.com/app.php?fm=true&path=/proc/2285505" "Mozilla/5.0 AppleWebKit/537.36 (KHTML, like Gecko; compatible; GPTBot/1.3; +https://openai.com/gptbot)"
74.7.227.145 - - [06/Mar/2026:13:16:20 +0000] "GET /app.php?fm=true&path=/proc/&rights=2289188 HTTP/1.1" 200 8792 "http://investmentconsultancy.investments.serveredgehosting.com/app.php?fm=true&path=/proc/2285505/.." "Mozilla/5.0 AppleWebKit/537.36 (KHTML, like Gecko; compatible; GPTBot/1.3; +https://openai.com/gptbot)"
74.7.227.145 - - [06/Mar/2026:13:16:22 +0000] "GET /app.php?fm=true&path=/proc/2288549 HTTP/1.1" 200 13755 "http://investmentconsultancy.investments.serveredgehosting.com/app.php?fm=true&path=/proc/2285505/.." "Mozilla/5.0 AppleWebKit/537.36 (KHTML, like Gecko; compatible; GPTBot/1.3; +https://openai.com/gptbot)"
52.4.238.8 - - [06/Mar/2026:13:16:22 +0000] "GET /app.php/app.php?fm=true&path=/home/servydhq/public_html/wp-content/uploads/&rename=woocommerce-placeholder.png HTTP/1.1" 200 8830 "-" "Mozilla/5.0 AppleWebKit/537.36 (KHTML, like Gecko; compatible; Amazonbot/0.1; +https://developer.amazon.com/support/amazonbot) Chrome/119.0.6045.214 Safari/537.36"
74.7.227.145 - - [06/Mar/2026:13:16:23 +0000] "GET /app.php?edit=rt_acct&fm=true&path=/proc/2282620/net/ HTTP/1.1" 200 9158 "http://investmentconsultancy.investments.serveredgehosting.com/app.php?fm=true&path=/proc/2282620/net" "Mozilla/5.0 AppleWebKit/537.36 (KHTML, like Gecko; compatible; GPTBot/1.3; +https://openai.com/gptbot)"
74.7.227.145 - - [06/Mar/2026:13:16:24 +0000] "GET /app.php?fm=true&path=/proc/2282620/net/&rights=snmp HTTP/1.1" 200 8804 "http://investmentconsultancy.investments.serveredgehosting.com/app.php?fm=true&path=/proc/2282620/net" "Mozilla/5.0 AppleWebKit/537.36 (KHTML, like Gecko; compatible; GPTBot/1.3; +https://openai.com/gptbot)"
74.7.227.145 - - [06/Mar/2026:13:16:25 +0000] "GET /app.php?fm=true&path=/proc/2282620/net/&rights=icmp HTTP/1.1" 200 8804 "http://investmentconsultancy.investments.serveredgehosting.com/app.php?fm=true&path=/proc/2282620/net" "Mozilla/5.0 AppleWebKit/537.36 (KHTML, like Gecko; compatible; GPTBot/1.3; +https://openai.com/gptbot)"
54.225.181.161 - - [06/Mar/2026:13:16:26 +0000] "GET /app.php?fm=true&path=/etc/&rename=sysctl.d HTTP/1.1" 200 8787 "-" "Mozilla/5.0 AppleWebKit/537.36 (KHTML, like Gecko; compatible; Amazonbot/0.1; +https://developer.amazon.com/support/amazonbot) Chrome/119.0.6045.214 Safari/537.36"
74.7.227.145 - - [06/Mar/2026:13:16:26 +0000] "GET /app.php?edit=packet&fm=true&path=/proc/2282620/net/ HTTP/1.1" 200 9187 "http://investmentconsultancy.investments.serveredgehosting.com/app.php?fm=true&path=/proc/2282620/net" "Mozilla/5.0 AppleWebKit/537.36 (KHTML, like Gecko; compatible; GPTBot/1.3; +https://openai.com/gptbot)"
74.7.227.145 - - [06/Mar/2026:13:16:28 +0000] "GET /app.php?fm=true&path=/proc/2282620/net/&rights=stat HTTP/1.1" 200 8832 "http://investmentconsultancy.investments.serveredgehosting.com/app.php?fm=true&path=/proc/2282620/net" "Mozilla/5.0 AppleWebKit/537.36 (KHTML, like Gecko; compatible; GPTBot/1.3; +https://openai.com/gptbot)"
74.7.227.145 - - [06/Mar/2026:13:16:29 +0000] "GET /app.php?fm=true&path=/proc/2282620/net/&rights=igmp6 HTTP/1.1" 200 8805 "http://investmentconsultancy.investments.serveredgehosting.com/app.php?fm=true&path=/proc/2282620/net" "Mozilla/5.0 AppleWebKit/537.36 (KHTML, like Gecko; compatible; GPTBot/1.3; +https://openai.com/gptbot)"
74.7.227.145 - - [06/Mar/2026:13:16:30 +0000] "GET /app.php?fm=true&path=/proc/2282620/net/ HTTP/1.1" 200 13537 "http://investmentconsultancy.investments.serveredgehosting.com/app.php?edit=anycast6&fm=true&path=/proc/2282620/net/" "Mozilla/5.0 AppleWebKit/537.36 (KHTML, like Gecko; compatible; GPTBot/1.3; +https://openai.com/gptbot)"
35.168.238.50 - - [06/Mar/2026:13:16:30 +0000] "GET /app.php/cron/clientarea.php?fm=true&path=/run/&rename=sm-notify.pid HTTP/1.1" 200 8791 "-" "Mozilla/5.0 AppleWebKit/537.36 (KHTML, like Gecko; compatible; Amazonbot/0.1; +https://developer.amazon.com/support/amazonbot) Chrome/119.0.6045.214 Safari/537.36"
74.7.227.145 - - [06/Mar/2026:13:16:31 +0000] "GET /app.php?fm=true&path=/proc/2285505/fd HTTP/1.1" 200 7619 "http://investmentconsultancy.investments.serveredgehosting.com/app.php?fm=true&path=/proc/2285505" "Mozilla/5.0 AppleWebKit/537.36 (KHTML, like Gecko; compatible; GPTBot/1.3; +https://openai.com/gptbot)"
74.7.227.145 - - [06/Mar/2026:13:16:32 +0000] "GET /app.php?fm=true&path=/proc/2282620/net/rpc/auth.unix.ip/&rights=content HTTP/1.1" 200 8815 "http://investmentconsultancy.investments.serveredgehosting.com/app.php?fm=true&path=/proc/2282620/net/rpc/auth.unix.ip" "Mozilla/5.0 AppleWebKit/537.36 (KHTML, like Gecko; compatible; GPTBot/1.3; +https://openai.com/gptbot)"
74.7.227.145 - - [06/Mar/2026:13:16:34 +0000] "GET /app.php?edit=flush&fm=true&path=/proc/2282620/net/rpc/auth.unix.ip/ HTTP/1.1" 200 9117 "http://investmentconsultancy.investments.serveredgehosting.com/app.php?fm=true&path=/proc/2282620/net/rpc/auth.unix.ip" "Mozilla/5.0 AppleWebKit/537.36 (KHTML, like Gecko; compatible; GPTBot/1.3; +https://openai.com/gptbot)"
3.210.223.61 - - [06/Mar/2026:13:16:34 +0000] "GET /app.php/cron/wp-admin/clientarea.php?fm=true&path=/opt/&rename=app-version-detector HTTP/1.1" 200 8797 "-" "Mozilla/5.0 AppleWebKit/537.36 (KHTML, like Gecko; compatible; Amazonbot/0.1; +https://developer.amazon.com/support/amazonbot) Chrome/119.0.6045.214 Safari/537.36"
74.7.227.145 - - [06/Mar/2026:13:16:35 +0000] "GET /app.php?fm=true&path=/proc/2288549/&rights=oom_adj HTTP/1.1" 200 8805 "http://investmentconsultancy.investments.serveredgehosting.com/app.php?fm=true&path=/proc/2288549" "Mozilla/5.0 AppleWebKit/537.36 (KHTML, like Gecko; compatible; GPTBot/1.3; +https://openai.com/gptbot)"
74.7.227.145 - - [06/Mar/2026:13:16:36 +0000] "GET /app.php?gzfile=L3Byb2MvMjI4ODU0OS9udW1hX21hcHM= HTTP/1.1" 200 6668 "http://investmentconsultancy.investments.serveredgehosting.com/app.php?fm=true&path=/proc/2288549" "Mozilla/5.0 AppleWebKit/537.36 (KHTML, like Gecko; compatible; GPTBot/1.3; +https://openai.com/gptbot)"
74.7.227.145 - - [06/Mar/2026:13:16:37 +0000] "GET /app.php?fm=true&path=/proc/2288549/&rename=net HTTP/1.1" 200 8791 "http://investmentconsultancy.investments.serveredgehosting.com/app.php?fm=true&path=/proc/2288549" "Mozilla/5.0 AppleWebKit/537.36 (KHTML, like Gecko; compatible; GPTBot/1.3; +https://openai.com/gptbot)"
18.211.148.239 - - [06/Mar/2026:13:16:38 +0000] "GET /app.php/feed/?fm=true&path=/proc/sysvipc HTTP/1.1" 200 9898 "-" "Mozilla/5.0 AppleWebKit/537.36 (KHTML, like Gecko; compatible; Amazonbot/0.1; +https://developer.amazon.com/support/amazonbot) Chrome/119.0.6045.214 Safari/537.36"
74.7.227.145 - - [06/Mar/2026:13:16:38 +0000] "GET /app.php?fm=true&path=/proc/2288549/&rights=net HTTP/1.1" 200 8827 "http://investmentconsultancy.investments.serveredgehosting.com/app.php?fm=true&path=/proc/2288549" "Mozilla/5.0 AppleWebKit/537.36 (KHTML, like Gecko; compatible; GPTBot/1.3; +https://openai.com/gptbot)"
74.7.227.145 - - [06/Mar/2026:13:16:40 +0000] "GET /app.php?download=L3Byb2MvMjI4ODU0OS90aW1lbnNfb2Zmc2V0cw== HTTP/1.1" 200 101 "http://investmentconsultancy.investments.serveredgehosting.com/app.php?fm=true&path=/proc/2288549" "Mozilla/5.0 AppleWebKit/537.36 (KHTML, like Gecko; compatible; GPTBot/1.3; +https://openai.com/gptbot)"
74.7.227.145 - - [06/Mar/2026:13:16:41 +0000] "GET /app.php?fm=true&path=/proc/2288549/.. HTTP/1.1" 200 28784 "http://investmentconsultancy.investments.serveredgehosting.com/app.php?fm=true&path=/proc/2288549" "Mozilla/5.0 AppleWebKit/537.36 (KHTML, like Gecko; compatible; GPTBot/1.3; +https://openai.com/gptbot)"
74.7.227.145 - - [06/Mar/2026:13:16:42 +0000] "GET /app.php?fm=true&path=/proc/2288549/. HTTP/1.1" 200 13758 "http://investmentconsultancy.investments.serveredgehosting.com/app.php?fm=true&path=/proc/2288549" "Mozilla/5.0 AppleWebKit/537.36 (KHTML, like Gecko; compatible; GPTBot/1.3; +https://openai.com/gptbot)"
54.159.18.27 - - [06/Mar/2026:13:16:42 +0000] "GET /app.php/cron/3D%22https:/emai=?proxy=true HTTP/1.1" 200 6963 "-" "Mozilla/5.0 AppleWebKit/537.36 (KHTML, like Gecko; compatible; Amazonbot/0.1; +https://developer.amazon.com/support/amazonbot) Chrome/119.0.6045.214 Safari/537.36"
74.7.227.145 - - [06/Mar/2026:13:16:43 +0000] "GET /app.php?edit=io&fm=true&path=/proc/2288549/ HTTP/1.1" 200 9095 "http://investmentconsultancy.investments.serveredgehosting.com/app.php?fm=true&path=/proc/2288549" "Mozilla/5.0 AppleWebKit/537.36 (KHTML, like Gecko; compatible; GPTBot/1.3; +https://openai.com/gptbot)"
74.7.227.145 - - [06/Mar/2026:13:16:44 +0000] "GET /app.php?download=L3Byb2MvMjI4ODU0OS9rc21fbWVyZ2luZ19wYWdlcw== HTTP/1.1" 200 74 "http://investmentconsultancy.investments.serveredgehosting.com/app.php?fm=true&path=/proc/2288549" "Mozilla/5.0 AppleWebKit/537.36 (KHTML, like Gecko; compatible; GPTBot/1.3; +https://openai.com/gptbot)"
74.7.227.145 - - [06/Mar/2026:13:16:46 +0000] "GET /app.php?edit=psched&fm=true&path=/proc/2282620/net/ HTTP/1.1" 200 9126 "http://investmentconsultancy.investments.serveredgehosting.com/app.php?fm=true&path=/proc/2282620/net" "Mozilla/5.0 AppleWebKit/537.36 (KHTML, like Gecko; compatible; GPTBot/1.3; +https://openai.com/gptbot)"
54.80.185.200 - - [06/Mar/2026:13:16:46 +0000] "GET /app.php/feed/app.php?zip=L3NiaW4%3D HTTP/1.1" 200 6668 "-" "Mozilla/5.0 AppleWebKit/537.36 (KHTML, like Gecko; compatible; Amazonbot/0.1; +https://developer.amazon.com/support/amazonbot) Chrome/119.0.6045.214 Safari/537.36"
74.7.227.145 - - [06/Mar/2026:13:16:47 +0000] "GET /app.php?fm=true&path=/proc/2282620/net/netfilter/.. HTTP/1.1" 200 13537 "http://investmentconsultancy.investments.serveredgehosting.com/app.php?fm=true&path=/proc/2282620/net/netfilter" "Mozilla/5.0 AppleWebKit/537.36 (KHTML, like Gecko; compatible; GPTBot/1.3; +https://openai.com/gptbot)"
74.7.227.145 - - [06/Mar/2026:13:16:48 +0000] "GET /app.php?fm=true&path=/proc/2288549/ HTTP/1.1" 200 13759 "http://investmentconsultancy.investments.serveredgehosting.com/app.php?fm=true&path=/proc/2288549/&rights=oom_adj" "Mozilla/5.0 AppleWebKit/537.36 (KHTML, like Gecko; compatible; GPTBot/1.3; +https://openai.com/gptbot)"
74.7.227.145 - - [06/Mar/2026:13:16:49 +0000] "GET /app.php?fm=true&path=/proc/2285505/ HTTP/1.1" 200 13780 "http://investmentconsultancy.investments.serveredgehosting.com/app.php?edit=mounts&fm=true&path=/proc/2285505/" "Mozilla/5.0 AppleWebKit/537.36 (KHTML, like Gecko; compatible; GPTBot/1.3; +https://openai.com/gptbot)"
18.235.158.19 - - [06/Mar/2026:13:16:50 +0000] "GET /app.php/feed/?fm=true&path=/usr HTTP/1.1" 200 10650 "-" "Mozilla/5.0 AppleWebKit/537.36 (KHTML, like Gecko; compatible; Amazonbot/0.1; +https://developer.amazon.com/support/amazonbot) Chrome/119.0.6045.214 Safari/537.36"
74.7.227.145 - - [06/Mar/2026:13:16:50 +0000] "GET /app.php?fm=true&path=/proc/2288549/ns HTTP/1.1" 200 7620 "http://investmentconsultancy.investments.serveredgehosting.com/app.php?fm=true&path=/proc/2288549" "Mozilla/5.0 AppleWebKit/537.36 (KHTML, like Gecko; compatible; GPTBot/1.3; +https://openai.com/gptbot)"
74.7.227.145 - - [06/Mar/2026:13:16:52 +0000] "GET /app.php?fm=true&path=/proc/2285847/ns HTTP/1.1" 200 11708 "http://investmentconsultancy.investments.serveredgehosting.com/app.php?fm=true&path=/proc/2285847" "Mozilla/5.0 AppleWebKit/537.36 (KHTML, like Gecko; compatible; GPTBot/1.3; +https://openai.com/gptbot)"
74.7.227.145 - - [06/Mar/2026:13:16:53 +0000] "GET /app.php?fm=true&path=/proc/2285505/ns HTTP/1.1" 200 7619 "http://investmentconsultancy.investments.serveredgehosting.com/app.php?fm=true&path=/proc/2285505" "Mozilla/5.0 AppleWebKit/537.36 (KHTML, like Gecko; compatible; GPTBot/1.3; +https://openai.com/gptbot)"
74.7.227.145 - - [06/Mar/2026:13:16:54 +0000] "GET /app.php?fm=true&path=/proc/2288549/fd HTTP/1.1" 200 7620 "http://investmentconsultancy.investments.serveredgehosting.com/app.php?fm=true&path=/proc/2288549" "Mozilla/5.0 AppleWebKit/537.36 (KHTML, like Gecko; compatible; GPTBot/1.3; +https://openai.com/gptbot)"
18.213.70.100 - - [06/Mar/2026:13:16:54 +0000] "GET /app.php/app.php?fm=true&path=/var/&rename=empty HTTP/1.1" 200 8783 "-" "Mozilla/5.0 AppleWebKit/537.36 (KHTML, like Gecko; compatible; Amazonbot/0.1; +https://developer.amazon.com/support/amazonbot) Chrome/119.0.6045.214 Safari/537.36"
74.7.227.145 - - [06/Mar/2026:13:16:55 +0000] "GET /app.php?fm=true&path=/proc/2285847/fd HTTP/1.1" 200 11706 "http://investmentconsultancy.investments.serveredgehosting.com/app.php?fm=true&path=/proc/2285847" "Mozilla/5.0 AppleWebKit/537.36 (KHTML, like Gecko; compatible; GPTBot/1.3; +https://openai.com/gptbot)"
74.7.227.145 - - [06/Mar/2026:13:16:56 +0000] "GET /app.php?fm=true&path=/proc/2282620/net/. HTTP/1.1" 200 13537 "http://investmentconsultancy.investments.serveredgehosting.com/app.php?fm=true&path=/proc/2282620/net" "Mozilla/5.0 AppleWebKit/537.36 (KHTML, like Gecko; compatible; GPTBot/1.3; +https://openai.com/gptbot)"
74.7.227.145 - - [06/Mar/2026:13:16:58 +0000] "GET /app.php?fm=true&path=/proc/2282620/net/rpc/auth.unix.ip/&rename=channel HTTP/1.1" 200 8813 "http://investmentconsultancy.investments.serveredgehosting.com/app.php?fm=true&path=/proc/2282620/net/rpc/auth.unix.ip" "Mozilla/5.0 AppleWebKit/537.36 (KHTML, like Gecko; compatible; GPTBot/1.3; +https://openai.com/gptbot)"
18.232.12.157 - - [06/Mar/2026:13:16:58 +0000] "GET /app.php/feed?fm=true&path=/home/servydhq/public_html/wp-content/uploads/&rights=woocommerce-placeholder.png HTTP/1.1" 200 8841 "-" "Mozilla/5.0 AppleWebKit/537.36 (KHTML, like Gecko; compatible; Amazonbot/0.1; +https://developer.amazon.com/support/amazonbot) Chrome/119.0.6045.214 Safari/537.36"
74.7.227.145 - - [06/Mar/2026:13:16:59 +0000] "GET /app.php?edit=ptype&fm=true&path=/proc/2282620/net/ HTTP/1.1" 200 9158 "http://investmentconsultancy.investments.serveredgehosting.com/app.php?fm=true&path=/proc/2282620/net" "Mozilla/5.0 AppleWebKit/537.36 (KHTML, like Gecko; compatible; GPTBot/1.3; +https://openai.com/gptbot)"
74.7.227.145 - - [06/Mar/2026:13:17:00 +0000] "GET /app.php?fm=true&path=/proc/2282620/net/&rename=tcp HTTP/1.1" 200 8794 "http://investmentconsultancy.investments.serveredgehosting.com/app.php?fm=true&path=/proc/2282620/net" "Mozilla/5.0 AppleWebKit/537.36 (KHTML, like Gecko; compatible; GPTBot/1.3; +https://openai.com/gptbot)"
74.7.227.145 - - [06/Mar/2026:13:17:01 +0000] "GET /app.php?fm=true&path=/proc/2282620/net/rpc/auth.unix.gid/&rename=channel HTTP/1.1" 200 8814 "http://investmentconsultancy.investments.serveredgehosting.com/app.php?fm=true&path=/proc/2282620/net/rpc/auth.unix.gid" "Mozilla/5.0 AppleWebKit/537.36 (KHTML, like Gecko; compatible; GPTBot/1.3; +https://openai.com/gptbot)"
74.7.227.145 - - [06/Mar/2026:13:17:02 +0000] "GET /app.php?fm=true&path=/proc/2282620/net/rpc/auth.unix.ip/&rights=channel HTTP/1.1" 200 8819 "http://investmentconsultancy.investments.serveredgehosting.com/app.php?fm=true&path=/proc/2282620/net/rpc/auth.unix.ip" "Mozilla/5.0 AppleWebKit/537.36 (KHTML, like Gecko; compatible; GPTBot/1.3; +https://openai.com/gptbot)"
74.7.227.145 - - [06/Mar/2026:13:17:03 +0000] "GET /app.php?fm=true&path=/proc/&rename=2289525 HTTP/1.1" 200 8787 "http://investmentconsultancy.investments.serveredgehosting.com/app.php?fm=true&path=/proc/2288549/.." "Mozilla/5.0 AppleWebKit/537.36 (KHTML, like Gecko; compatible; GPTBot/1.3; +https://openai.com/gptbot)"
74.7.227.145 - - [06/Mar/2026:13:17:05 +0000] "GET /app.php?fm=true&path=/proc/&rename=2289499 HTTP/1.1" 200 8787 "http://investmentconsultancy.investments.serveredgehosting.com/app.php?fm=true&path=/proc/2288549/.." "Mozilla/5.0 AppleWebKit/537.36 (KHTML, like Gecko; compatible; GPTBot/1.3; +https://openai.com/gptbot)"
74.7.227.145 - - [06/Mar/2026:13:17:06 +0000] "GET /app.php?fm=true&path=/proc/&rename=2288068 HTTP/1.1" 200 8787 "http://investmentconsultancy.investments.serveredgehosting.com/app.php?fm=true&path=/proc/2285505/.." "Mozilla/5.0 AppleWebKit/537.36 (KHTML, like Gecko; compatible; GPTBot/1.3; +https://openai.com/gptbot)"
3.213.85.234 - - [06/Mar/2026:13:17:07 +0000] "GET /app.php/cron/clientarea.php?fm=true&path=/etc/dbus-1 HTTP/1.1" 200 10081 "-" "Mozilla/5.0 AppleWebKit/537.36 (KHTML, like Gecko; compatible; Amazonbot/0.1; +https://developer.amazon.com/support/amazonbot) Chrome/119.0.6045.214 Safari/537.36"
74.7.227.145 - - [06/Mar/2026:13:17:07 +0000] "GET /app.php?fm=true&path=/proc/&rename=2288142 HTTP/1.1" 200 8787 "http://investmentconsultancy.investments.serveredgehosting.com/app.php?fm=true&path=/proc/2285505/.." "Mozilla/5.0 AppleWebKit/537.36 (KHTML, like Gecko; compatible; GPTBot/1.3; +https://openai.com/gptbot)"
74.7.227.145 - - [06/Mar/2026:13:17:08 +0000] "GET /app.php?fm=true&path=/proc/&rename=2288626 HTTP/1.1" 200 8787 "http://investmentconsultancy.investments.serveredgehosting.com/app.php?fm=true&path=/proc/2285505/.." "Mozilla/5.0 AppleWebKit/537.36 (KHTML, like Gecko; compatible; GPTBot/1.3; +https://openai.com/gptbot)"
74.7.227.145 - - [06/Mar/2026:13:17:09 +0000] "GET /app.php?fm=true&path=/proc/&rename=2288589 HTTP/1.1" 200 8787 "http://investmentconsultancy.investments.serveredgehosting.com/app.php?fm=true&path=/proc/2285505/.." "Mozilla/5.0 AppleWebKit/537.36 (KHTML, like Gecko; compatible; GPTBot/1.3; +https://openai.com/gptbot)"
98.82.38.120 - - [06/Mar/2026:13:17:10 +0000] "GET /app.php/cron/clientarea.php?fm=true&path=/etc/&rename=pcp HTTP/1.1" 200 8782 "-" "Mozilla/5.0 AppleWebKit/537.36 (KHTML, like Gecko; compatible; Amazonbot/0.1; +https://developer.amazon.com/support/amazonbot) Chrome/119.0.6045.214 Safari/537.36"
74.7.227.145 - - [06/Mar/2026:13:17:10 +0000] "GET /app.php?fm=true&path=/proc/&rename=2289383 HTTP/1.1" 200 8786 "http://investmentconsultancy.investments.serveredgehosting.com/app.php?fm=true&path=/proc/2285505/.." "Mozilla/5.0 AppleWebKit/537.36 (KHTML, like Gecko; compatible; GPTBot/1.3; +https://openai.com/gptbot)"
74.7.227.145 - - [06/Mar/2026:13:17:12 +0000] "GET /app.php?fm=true&path=/proc/&rename=2286636 HTTP/1.1" 200 8787 "http://investmentconsultancy.investments.serveredgehosting.com/app.php?fm=true&path=/proc/2283945/.." "Mozilla/5.0 AppleWebKit/537.36 (KHTML, like Gecko; compatible; GPTBot/1.3; +https://openai.com/gptbot)"
74.7.227.145 - - [06/Mar/2026:13:17:13 +0000] "GET /app.php?fm=true&path=/proc/&rename=2286264 HTTP/1.1" 200 8787 "http://investmentconsultancy.investments.serveredgehosting.com/app.php?fm=true&path=/proc/2283945/.." "Mozilla/5.0 AppleWebKit/537.36 (KHTML, like Gecko; compatible; GPTBot/1.3; +https://openai.com/gptbot)"
74.7.227.145 - - [06/Mar/2026:13:17:14 +0000] "GET /app.php?fm=true&path=/proc/&rename=2289188 HTTP/1.1" 200 8787 "http://investmentconsultancy.investments.serveredgehosting.com/app.php?fm=true&path=/proc/2285505/.." "Mozilla/5.0 AppleWebKit/537.36 (KHTML, like Gecko; compatible; GPTBot/1.3; +https://openai.com/gptbot)"
23.21.250.48 - - [06/Mar/2026:13:17:14 +0000] "GET /app.php/feed/app.php?fm=true&path=/usr/bin/&rename=timeout HTTP/1.1" 200 8789 "-" "Mozilla/5.0 AppleWebKit/537.36 (KHTML, like Gecko; compatible; Amazonbot/0.1; +https://developer.amazon.com/support/amazonbot) Chrome/119.0.6045.214 Safari/537.36"
74.7.227.145 - - [06/Mar/2026:13:17:15 +0000] "GET /app.php?fm=true&path=/proc/&rename=2287178 HTTP/1.1" 200 8787 "http://investmentconsultancy.investments.serveredgehosting.com/app.php?fm=true&path=/proc/2283945/.." "Mozilla/5.0 AppleWebKit/537.36 (KHTML, like Gecko; compatible; GPTBot/1.3; +https://openai.com/gptbot)"
74.7.227.145 - - [06/Mar/2026:13:17:16 +0000] "GET /app.php?fm=true&path=/proc/&rename=2289382 HTTP/1.1" 200 8787 "http://investmentconsultancy.investments.serveredgehosting.com/app.php?fm=true&path=/proc/2285505/.." "Mozilla/5.0 AppleWebKit/537.36 (KHTML, like Gecko; compatible; GPTBot/1.3; +https://openai.com/gptbot)"
74.7.227.145 - - [06/Mar/2026:13:17:17 +0000] "GET /app.php?fm=true&path=/proc/&rename=2285505 HTTP/1.1" 200 8787 "http://investmentconsultancy.investments.serveredgehosting.com/app.php?fm=true&path=/proc/2283945/.." "Mozilla/5.0 AppleWebKit/537.36 (KHTML, like Gecko; compatible; GPTBot/1.3; +https://openai.com/gptbot)"
34.192.125.239 - - [06/Mar/2026:13:17:18 +0000] "GET /app.php/3D%22https:/bark-static.s3.eu-west-1.amazonaws.com/unla=?edit=.myimunify_id&fm=true&path=/home/servydhq/ HTTP/1.1" 200 9179 "-" "Mozilla/5.0 AppleWebKit/537.36 (KHTML, like Gecko; compatible; Amazonbot/0.1; +https://developer.amazon.com/support/amazonbot) Chrome/119.0.6045.214 Safari/537.36"
74.7.227.145 - - [06/Mar/2026:13:17:19 +0000] "GET /app.php?fm=true&path=/proc/&rename=2287117 HTTP/1.1" 200 8787 "http://investmentconsultancy.investments.serveredgehosting.com/app.php?fm=true&path=/proc/2283945/.." "Mozilla/5.0 AppleWebKit/537.36 (KHTML, like Gecko; compatible; GPTBot/1.3; +https://openai.com/gptbot)"
74.7.227.145 - - [06/Mar/2026:13:17:20 +0000] "GET /app.php?fm=true&path=/proc/&rename=2287382 HTTP/1.1" 200 8787 "http://investmentconsultancy.investments.serveredgehosting.com/app.php?fm=true&path=/proc/2283945/.." "Mozilla/5.0 AppleWebKit/537.36 (KHTML, like Gecko; compatible; GPTBot/1.3; +https://openai.com/gptbot)"
74.7.227.145 - - [06/Mar/2026:13:17:21 +0000] "GET /app.php?fm=true&path=/proc/2282620/net/rpc/auth.unix.gid/&rename=content HTTP/1.1" 200 8808 "http://investmentconsultancy.investments.serveredgehosting.com/app.php?fm=true&path=/proc/2282620/net/rpc/auth.unix.gid" "Mozilla/5.0 AppleWebKit/537.36 (KHTML, like Gecko; compatible; GPTBot/1.3; +https://openai.com/gptbot)"
52.204.71.8 - - [06/Mar/2026:13:17:22 +0000] "GET /app.php/cron/clientarea.php?fm=true&path=/etc/&rename=udev HTTP/1.1" 200 8783 "-" "Mozilla/5.0 AppleWebKit/537.36 (KHTML, like Gecko; compatible; Amazonbot/0.1; +https://developer.amazon.com/support/amazonbot) Chrome/119.0.6045.214 Safari/537.36"
74.7.227.145 - - [06/Mar/2026:13:17:22 +0000] "GET /app.php?fm=true&path=/proc/2282620/net/rpc/auth.unix.gid/&rights=channel HTTP/1.1" 200 8820 "http://investmentconsultancy.investments.serveredgehosting.com/app.php?fm=true&path=/proc/2282620/net/rpc/auth.unix.gid" "Mozilla/5.0 AppleWebKit/537.36 (KHTML, like Gecko; compatible; GPTBot/1.3; +https://openai.com/gptbot)"
74.7.227.145 - - [06/Mar/2026:13:17:24 +0000] "GET /app.php?fm=true&path=/proc/2282620/net/&rights=udp HTTP/1.1" 200 8803 "http://investmentconsultancy.investments.serveredgehosting.com/app.php?fm=true&path=/proc/2282620/net" "Mozilla/5.0 AppleWebKit/537.36 (KHTML, like Gecko; compatible; GPTBot/1.3; +https://openai.com/gptbot)"
74.7.227.145 - - [06/Mar/2026:13:17:25 +0000] "GET /app.php?fm=true&path=/proc/2282620/net/&rights=raw HTTP/1.1" 200 8802 "http://investmentconsultancy.investments.serveredgehosting.com/app.php?fm=true&path=/proc/2282620/net" "Mozilla/5.0 AppleWebKit/537.36 (KHTML, like Gecko; compatible; GPTBot/1.3; +https://openai.com/gptbot)"
74.7.227.145 - - [06/Mar/2026:13:17:26 +0000] "GET /app.php?fm=true&path=/proc/2282620/net/rpc/auth.unix.gid/&rights=content HTTP/1.1" 200 8816 "http://investmentconsultancy.investments.serveredgehosting.com/app.php?fm=true&path=/proc/2282620/net/rpc/auth.unix.gid" "Mozilla/5.0 AppleWebKit/537.36 (KHTML, like Gecko; compatible; GPTBot/1.3; +https://openai.com/gptbot)"
98.83.177.42 - - [06/Mar/2026:13:17:26 +0000] "GET /app.php/cron/clientarea.php?fm=true&path=/home/servydhq/mail/petpaloozahub.com/support/&rights=dovecot.mailbox.log HTTP/1.1" 200 8834 "-" "Mozilla/5.0 AppleWebKit/537.36 (KHTML, like Gecko; compatible; Amazonbot/0.1; +https://developer.amazon.com/support/amazonbot) Chrome/119.0.6045.214 Safari/537.36"
74.7.227.145 - - [06/Mar/2026:13:17:27 +0000] "GET /app.php?fm=true&path=/proc/2285505/net HTTP/1.1" 200 13536 "http://investmentconsultancy.investments.serveredgehosting.com/app.php?fm=true&path=/proc/2285505" "Mozilla/5.0 AppleWebKit/537.36 (KHTML, like Gecko; compatible; GPTBot/1.3; +https://openai.com/gptbot)"
74.7.227.145 - - [06/Mar/2026:13:17:28 +0000] "GET /app.php?fm=true&path=/proc/2282620/fd HTTP/1.1" 200 7619 "http://investmentconsultancy.investments.serveredgehosting.com/app.php?fm=true&path=/proc/2282620" "Mozilla/5.0 AppleWebKit/537.36 (KHTML, like Gecko; compatible; GPTBot/1.3; +https://openai.com/gptbot)"
74.7.227.145 - - [06/Mar/2026:13:17:30 +0000] "GET /app.php?zip=L3Byb2MvMjI4OTM3OA== HTTP/1.1" 200 6668 "http://investmentconsultancy.investments.serveredgehosting.com/app.php?fm=true&path=/proc/2285505/.." "Mozilla/5.0 AppleWebKit/537.36 (KHTML, like Gecko; compatible; GPTBot/1.3; +https://openai.com/gptbot)"
34.239.85.139 - - [06/Mar/2026:13:17:02 +0000] "GET /app.php/3D%22https:/bark-static.s3.eu-west-1.amazonaws.com/unla=?fm=true&path=/home/servydhq/investmentconsultancy.investments/ HTTP/1.1" 200 361726 "-" "Mozilla/5.0 AppleWebKit/537.36 (KHTML, like Gecko; compatible; Amazonbot/0.1; +https://developer.amazon.com/support/amazonbot) Chrome/119.0.6045.214 Safari/537.36"
44.217.255.167 - - [06/Mar/2026:13:17:30 +0000] "GET /app.php/feed/app.php?fm=true&path=/&rights=quota.user HTTP/1.1" 200 8793 "-" "Mozilla/5.0 AppleWebKit/537.36 (KHTML, like Gecko; compatible; Amazonbot/0.1; +https://developer.amazon.com/support/amazonbot) Chrome/119.0.6045.214 Safari/537.36"
74.7.227.145 - - [06/Mar/2026:13:17:31 +0000] "GET /app.php?zip=L3Byb2MvMjI4NzQ2MA== HTTP/1.1" 200 6668 "http://investmentconsultancy.investments.serveredgehosting.com/app.php?fm=true&path=/proc/2283945/.." "Mozilla/5.0 AppleWebKit/537.36 (KHTML, like Gecko; compatible; GPTBot/1.3; +https://openai.com/gptbot)"
74.7.227.145 - - [06/Mar/2026:13:17:32 +0000] "GET /app.php?zip=L3Byb2MvMjI4NzQ2Mw== HTTP/1.1" 200 6668 "http://investmentconsultancy.investments.serveredgehosting.com/app.php?fm=true&path=/proc/2283945/.." "Mozilla/5.0 AppleWebKit/537.36 (KHTML, like Gecko; compatible; GPTBot/1.3; +https://openai.com/gptbot)"
74.7.227.145 - - [06/Mar/2026:13:17:33 +0000] "GET /app.php?zip=L3Byb2MvMjI4NzM1NQ== HTTP/1.1" 200 6668 "http://investmentconsultancy.investments.serveredgehosting.com/app.php?fm=true&path=/proc/2283945/.." "Mozilla/5.0 AppleWebKit/537.36 (KHTML, like Gecko; compatible; GPTBot/1.3; +https://openai.com/gptbot)"
54.204.12.115 - - [06/Mar/2026:13:17:34 +0000] "GET /app.php/feed/app.php?fm=true&path=/var/&rename=adm HTTP/1.1" 200 8782 "-" "Mozilla/5.0 AppleWebKit/537.36 (KHTML, like Gecko; compatible; Amazonbot/0.1; +https://developer.amazon.com/support/amazonbot) Chrome/119.0.6045.214 Safari/537.36"
74.7.227.145 - - [06/Mar/2026:13:17:34 +0000] "GET /app.php?zip=L3Byb2MvMjI4NzQ3MA== HTTP/1.1" 200 6668 "http://investmentconsultancy.investments.serveredgehosting.com/app.php?fm=true&path=/proc/2282620/.." "Mozilla/5.0 AppleWebKit/537.36 (KHTML, like Gecko; compatible; GPTBot/1.3; +https://openai.com/gptbot)"
74.7.227.145 - - [06/Mar/2026:13:17:36 +0000] "GET /app.php?zip=L3Byb2MvMjI4OTM4Mg== HTTP/1.1" 200 6668 "http://investmentconsultancy.investments.serveredgehosting.com/app.php?fm=true&path=/proc/2285505/.." "Mozilla/5.0 AppleWebKit/537.36 (KHTML, like Gecko; compatible; GPTBot/1.3; +https://openai.com/gptbot)"
74.7.227.145 - - [06/Mar/2026:13:17:37 +0000] "GET /app.php?zip=L3Byb2MvMjI4NzM2Mg== HTTP/1.1" 200 6668 "http://investmentconsultancy.investments.serveredgehosting.com/app.php?fm=true&path=/proc/2283945/.." "Mozilla/5.0 AppleWebKit/537.36 (KHTML, like Gecko; compatible; GPTBot/1.3; +https://openai.com/gptbot)"
74.7.227.145 - - [06/Mar/2026:13:17:38 +0000] "GET /app.php?zip=L3Byb2MvMjI4OTM4Mw== HTTP/1.1" 200 6668 "http://investmentconsultancy.investments.serveredgehosting.com/app.php?fm=true&path=/proc/2285505/.." "Mozilla/5.0 AppleWebKit/537.36 (KHTML, like Gecko; compatible; GPTBot/1.3; +https://openai.com/gptbot)"
23.21.179.120 - - [06/Mar/2026:13:17:38 +0000] "GET /app.php/feed/app.php?fm=true&path=/proc/3 HTTP/1.1" 200 13735 "-" "Mozilla/5.0 AppleWebKit/537.36 (KHTML, like Gecko; compatible; Amazonbot/0.1; +https://developer.amazon.com/support/amazonbot) Chrome/119.0.6045.214 Safari/537.36"
74.7.227.145 - - [06/Mar/2026:13:17:39 +0000] "GET /app.php?zip=L3Byb2MvMjI4OTM2MA== HTTP/1.1" 200 6668 "http://investmentconsultancy.investments.serveredgehosting.com/app.php?fm=true&path=/proc/2285505/.." "Mozilla/5.0 AppleWebKit/537.36 (KHTML, like Gecko; compatible; GPTBot/1.3; +https://openai.com/gptbot)"
74.7.227.145 - - [06/Mar/2026:13:17:40 +0000] "GET /app.php?edit=ip6_flowlabel&fm=true&path=/proc/2285505/net/ HTTP/1.1" 200 9146 "http://investmentconsultancy.investments.serveredgehosting.com/app.php?fm=true&path=/proc/2285505/net" "Mozilla/5.0 AppleWebKit/537.36 (KHTML, like Gecko; compatible; GPTBot/1.3; +https://openai.com/gptbot)"
74.7.227.145 - - [06/Mar/2026:13:17:41 +0000] "GET /app.php?fm=true&path=/proc/2285505/net/&rights=ip6_flowlabel HTTP/1.1" 200 8812 "http://investmentconsultancy.investments.serveredgehosting.com/app.php?fm=true&path=/proc/2285505/net" "Mozilla/5.0 AppleWebKit/537.36 (KHTML, like Gecko; compatible; GPTBot/1.3; +https://openai.com/gptbot)"
44.223.232.55 - - [06/Mar/2026:13:17:42 +0000] "GET /app.php?fm=true&path=/etc/&rights=imunify-agent-proxy HTTP/1.1" 200 8832 "-" "Mozilla/5.0 AppleWebKit/537.36 (KHTML, like Gecko; compatible; Amazonbot/0.1; +https://developer.amazon.com/support/amazonbot) Chrome/119.0.6045.214 Safari/537.36"
74.7.227.145 - - [06/Mar/2026:13:17:43 +0000] "GET /app.php?fm=true&path=/proc/2285505/net/&rename=ip6_flowlabel HTTP/1.1" 200 8804 "http://investmentconsultancy.investments.serveredgehosting.com/app.php?fm=true&path=/proc/2285505/net" "Mozilla/5.0 AppleWebKit/537.36 (KHTML, like Gecko; compatible; GPTBot/1.3; +https://openai.com/gptbot)"
74.7.227.145 - - [06/Mar/2026:13:17:44 +0000] "GET /app.php?fm=true&path=/proc/2285505/net/&rename=psched HTTP/1.1" 200 8797 "http://investmentconsultancy.investments.serveredgehosting.com/app.php?fm=true&path=/proc/2285505/net" "Mozilla/5.0 AppleWebKit/537.36 (KHTML, like Gecko; compatible; GPTBot/1.3; +https://openai.com/gptbot)"
74.7.227.145 - - [06/Mar/2026:13:17:45 +0000] "GET /app.php?fm=true&path=/proc/2285505/net/&rights=ip6_mr_cache HTTP/1.1" 200 8811 "http://investmentconsultancy.investments.serveredgehosting.com/app.php?fm=true&path=/proc/2285505/net" "Mozilla/5.0 AppleWebKit/537.36 (KHTML, like Gecko; compatible; GPTBot/1.3; +https://openai.com/gptbot)"
74.7.227.145 - - [06/Mar/2026:13:17:46 +0000] "GET /app.php?fm=true&path=/proc/2285505/net/&rename=mcfilter HTTP/1.1" 200 8798 "http://investmentconsultancy.investments.serveredgehosting.com/app.php?fm=true&path=/proc/2285505/net" "Mozilla/5.0 AppleWebKit/537.36 (KHTML, like Gecko; compatible; GPTBot/1.3; +https://openai.com/gptbot)"
54.90.244.132 - - [06/Mar/2026:13:17:46 +0000] "GET /app.php/feed/app.php?fm=true&path=/var/&rename=nis HTTP/1.1" 200 8781 "-" "Mozilla/5.0 AppleWebKit/537.36 (KHTML, like Gecko; compatible; Amazonbot/0.1; +https://developer.amazon.com/support/amazonbot) Chrome/119.0.6045.214 Safari/537.36"
74.7.227.145 - - [06/Mar/2026:13:17:47 +0000] "GET /app.php?fm=true&path=/proc/2285505/net/&rename=mcfilter6 HTTP/1.1" 200 8799 "http://investmentconsultancy.investments.serveredgehosting.com/app.php?fm=true&path=/proc/2285505/net" "Mozilla/5.0 AppleWebKit/537.36 (KHTML, like Gecko; compatible; GPTBot/1.3; +https://openai.com/gptbot)"
74.7.227.145 - - [06/Mar/2026:13:17:49 +0000] "GET /app.php?edit=mcfilter6&fm=true&path=/proc/2285505/net/ HTTP/1.1" 200 9149 "http://investmentconsultancy.investments.serveredgehosting.com/app.php?fm=true&path=/proc/2285505/net" "Mozilla/5.0 AppleWebKit/537.36 (KHTML, like Gecko; compatible; GPTBot/1.3; +https://openai.com/gptbot)"
74.7.227.145 - - [06/Mar/2026:13:17:50 +0000] "GET /app.php?fm=true&path=/proc/2285505/net/&rename=ip6_mr_cache HTTP/1.1" 200 8803 "http://investmentconsultancy.investments.serveredgehosting.com/app.php?fm=true&path=/proc/2285505/net" "Mozilla/5.0 AppleWebKit/537.36 (KHTML, like Gecko; compatible; GPTBot/1.3; +https://openai.com/gptbot)"
74.7.227.145 - - [06/Mar/2026:13:17:51 +0000] "GET /app.php?fm=true&path=/proc/2285505/net/&rename=rt_cache HTTP/1.1" 200 8799 "http://investmentconsultancy.investments.serveredgehosting.com/app.php?fm=true&path=/proc/2285505/net" "Mozilla/5.0 AppleWebKit/537.36 (KHTML, like Gecko; compatible; GPTBot/1.3; +https://openai.com/gptbot)"
74.7.227.145 - - [06/Mar/2026:13:17:52 +0000] "GET /app.php?fm=true&path=/proc/2285505/net/&rename=packet HTTP/1.1" 200 8797 "http://investmentconsultancy.investments.serveredgehosting.com/app.php?fm=true&path=/proc/2285505/net" "Mozilla/5.0 AppleWebKit/537.36 (KHTML, like Gecko; compatible; GPTBot/1.3; +https://openai.com/gptbot)"
23.22.105.143 - - [06/Mar/2026:13:17:52 +0000] "GET /app.php/?fm=true&path=/home/servydhq/logs/roundcube/&rights=carddav_http.log HTTP/1.1" 200 8821 "-" "Mozilla/5.0 AppleWebKit/537.36 (KHTML, like Gecko; compatible; Amazonbot/0.1; +https://developer.amazon.com/support/amazonbot) Chrome/119.0.6045.214 Safari/537.36"
74.7.227.145 - - [06/Mar/2026:13:17:53 +0000] "GET /app.php?fm=true&path=/proc/2285505/net/&rights=mcfilter6 HTTP/1.1" 200 8807 "http://investmentconsultancy.investments.serveredgehosting.com/app.php?fm=true&path=/proc/2285505/net" "Mozilla/5.0 AppleWebKit/537.36 (KHTML, like Gecko; compatible; GPTBot/1.3; +https://openai.com/gptbot)"
23.22.59.87 - - [06/Mar/2026:13:17:54 +0000] "GET /app.php/feed/app.php?fm=true&path=/usr/bin/&rename=screen HTTP/1.1" 200 8786 "-" "Mozilla/5.0 AppleWebKit/537.36 (KHTML, like Gecko; compatible; Amazonbot/0.1; +https://developer.amazon.com/support/amazonbot) Chrome/119.0.6045.214 Safari/537.36"
74.7.227.145 - - [06/Mar/2026:13:17:55 +0000] "GET /app.php?fm=true&path=/proc/2285505/net/&rename=rt_acct HTTP/1.1" 200 8799 "http://investmentconsultancy.investments.serveredgehosting.com/app.php?fm=true&path=/proc/2285505/net" "Mozilla/5.0 AppleWebKit/537.36 (KHTML, like Gecko; compatible; GPTBot/1.3; +https://openai.com/gptbot)"
74.7.227.145 - - [06/Mar/2026:13:17:56 +0000] "GET /app.php?edit=mcfilter&fm=true&path=/proc/2285505/net/ HTTP/1.1" 200 9129 "http://investmentconsultancy.investments.serveredgehosting.com/app.php?fm=true&path=/proc/2285505/net" "Mozilla/5.0 AppleWebKit/537.36 (KHTML, like Gecko; compatible; GPTBot/1.3; +https://openai.com/gptbot)"
74.7.227.145 - - [06/Mar/2026:13:17:57 +0000] "GET /app.php?fm=true&path=/proc/2285505/net/&rights=psched HTTP/1.1" 200 8804 "http://investmentconsultancy.investments.serveredgehosting.com/app.php?fm=true&path=/proc/2285505/net" "Mozilla/5.0 AppleWebKit/537.36 (KHTML, like Gecko; compatible; GPTBot/1.3; +https://openai.com/gptbot)"
74.7.227.145 - - [06/Mar/2026:13:17:58 +0000] "GET /app.php?fm=true&path=/proc/2285505/net/&rename=udplite HTTP/1.1" 200 8797 "http://investmentconsultancy.investments.serveredgehosting.com/app.php?fm=true&path=/proc/2285505/net" "Mozilla/5.0 AppleWebKit/537.36 (KHTML, like Gecko; compatible; GPTBot/1.3; +https://openai.com/gptbot)"
184.73.239.35 - - [06/Mar/2026:13:17:58 +0000] "GET /app.php/cron/clientarea.php?zip=L3Zhci93d3c%3D HTTP/1.1" 200 6668 "-" "Mozilla/5.0 AppleWebKit/537.36 (KHTML, like Gecko; compatible; Amazonbot/0.1; +https://developer.amazon.com/support/amazonbot) Chrome/119.0.6045.214 Safari/537.36"
74.7.227.145 - - [06/Mar/2026:13:17:59 +0000] "GET /app.php?fm=true&path=/proc/2285505/net/&rename=softnet_stat HTTP/1.1" 200 8802 "http://investmentconsultancy.investments.serveredgehosting.com/app.php?fm=true&path=/proc/2285505/net" "Mozilla/5.0 AppleWebKit/537.36 (KHTML, like Gecko; compatible; GPTBot/1.3; +https://openai.com/gptbot)"
74.7.227.145 - - [06/Mar/2026:13:18:00 +0000] "GET /app.php?fm=true&path=/proc/2285505/net/&rights=udplite HTTP/1.1" 200 8805 "http://investmentconsultancy.investments.serveredgehosting.com/app.php?fm=true&path=/proc/2285505/net" "Mozilla/5.0 AppleWebKit/537.36 (KHTML, like Gecko; compatible; GPTBot/1.3; +https://openai.com/gptbot)"
74.7.227.145 - - [06/Mar/2026:13:18:02 +0000] "GET /app.php?fm=true&path=/proc/2285505/net/&rights=dev_snmp6 HTTP/1.1" 200 8837 "http://investmentconsultancy.investments.serveredgehosting.com/app.php?fm=true&path=/proc/2285505/net" "Mozilla/5.0 AppleWebKit/537.36 (KHTML, like Gecko; compatible; GPTBot/1.3; +https://openai.com/gptbot)"
44.220.2.97 - - [06/Mar/2026:13:18:02 +0000] "GET /app.php/cron/clientarea.php?fm=true&path=/usr/bin/&rename=prtstat HTTP/1.1" 200 8789 "-" "Mozilla/5.0 AppleWebKit/537.36 (KHTML, like Gecko; compatible; Amazonbot/0.1; +https://developer.amazon.com/support/amazonbot) Chrome/119.0.6045.214 Safari/537.36"
74.7.227.145 - - [06/Mar/2026:13:18:03 +0000] "GET /app.php?fm=true&path=/proc/2285505/net/&rename=ip_mr_cache HTTP/1.1" 200 8802 "http://investmentconsultancy.investments.serveredgehosting.com/app.php?fm=true&path=/proc/2285505/net" "Mozilla/5.0 AppleWebKit/537.36 (KHTML, like Gecko; compatible; GPTBot/1.3; +https://openai.com/gptbot)"
74.7.227.145 - - [06/Mar/2026:13:18:04 +0000] "GET /app.php?edit=connector&fm=true&path=/proc/2285505/net/ HTTP/1.1" 200 9123 "http://investmentconsultancy.investments.serveredgehosting.com/app.php?fm=true&path=/proc/2285505/net" "Mozilla/5.0 AppleWebKit/537.36 (KHTML, like Gecko; compatible; GPTBot/1.3; +https://openai.com/gptbot)"
74.7.227.145 - - [06/Mar/2026:13:18:05 +0000] "GET /app.php?fm=true&path=/proc/2285505/net/&rights=mcfilter HTTP/1.1" 200 8806 "http://investmentconsultancy.investments.serveredgehosting.com/app.php?fm=true&path=/proc/2285505/net" "Mozilla/5.0 AppleWebKit/537.36 (KHTML, like Gecko; compatible; GPTBot/1.3; +https://openai.com/gptbot)"
34.206.193.60 - - [06/Mar/2026:13:18:06 +0000] "GET /app.php/feed/app.php?fm=true&path=/usr/bin/&rename=mariadb-find-rows HTTP/1.1" 200 8798 "-" "Mozilla/5.0 AppleWebKit/537.36 (KHTML, like Gecko; compatible; Amazonbot/0.1; +https://developer.amazon.com/support/amazonbot) Chrome/119.0.6045.214 Safari/537.36"
74.7.227.145 - - [06/Mar/2026:13:18:06 +0000] "GET /app.php?fm=true&path=/proc/2285505/net/&rename=sockstat6 HTTP/1.1" 200 8800 "http://investmentconsultancy.investments.serveredgehosting.com/app.php?fm=true&path=/proc/2285505/net" "Mozilla/5.0 AppleWebKit/537.36 (KHTML, like Gecko; compatible; GPTBot/1.3; +https://openai.com/gptbot)"
74.7.227.145 - - [06/Mar/2026:13:18:08 +0000] "GET /app.php?fm=true&path=/proc/2285505/net/&rename=ipv6_route HTTP/1.1" 200 8801 "http://investmentconsultancy.investments.serveredgehosting.com/app.php?fm=true&path=/proc/2285505/net" "Mozilla/5.0 AppleWebKit/537.36 (KHTML, like Gecko; compatible; GPTBot/1.3; +https://openai.com/gptbot)"
74.7.227.145 - - [06/Mar/2026:13:18:09 +0000] "GET /app.php?fm=true&path=/proc/2285505/net/&rename=dev_mcast HTTP/1.1" 200 8800 "http://investmentconsultancy.investments.serveredgehosting.com/app.php?fm=true&path=/proc/2285505/net" "Mozilla/5.0 AppleWebKit/537.36 (KHTML, like Gecko; compatible; GPTBot/1.3; +https://openai.com/gptbot)"
74.7.227.145 - - [06/Mar/2026:13:18:10 +0000] "GET /app.php?fm=true&path=/proc/2285505/net/&rights=dev_mcast HTTP/1.1" 200 8808 "http://investmentconsultancy.investments.serveredgehosting.com/app.php?fm=true&path=/proc/2285505/net" "Mozilla/5.0 AppleWebKit/537.36 (KHTML, like Gecko; compatible; GPTBot/1.3; +https://openai.com/gptbot)"
18.205.127.11 - - [06/Mar/2026:13:18:10 +0000] "GET /app.php/?fm=true&path=/usr/local/cpanel/scripts/&rename=generate_maildirsize HTTP/1.1" 200 8812 "-" "Mozilla/5.0 AppleWebKit/537.36 (KHTML, like Gecko; compatible; Amazonbot/0.1; +https://developer.amazon.com/support/amazonbot) Chrome/119.0.6045.214 Safari/537.36"
74.7.227.145 - - [06/Mar/2026:13:18:11 +0000] "GET /app.php?fm=true&path=/proc/2285505/net/&rename=dev_snmp6 HTTP/1.1" 200 8801 "http://investmentconsultancy.investments.serveredgehosting.com/app.php?fm=true&path=/proc/2285505/net" "Mozilla/5.0 AppleWebKit/537.36 (KHTML, like Gecko; compatible; GPTBot/1.3; +https://openai.com/gptbot)"
74.7.227.145 - - [06/Mar/2026:13:18:12 +0000] "GET /app.php?fm=true&path=/proc/2285505/net/&rename=netstat HTTP/1.1" 200 8798 "http://investmentconsultancy.investments.serveredgehosting.com/app.php?fm=true&path=/proc/2285505/net" "Mozilla/5.0 AppleWebKit/537.36 (KHTML, like Gecko; compatible; GPTBot/1.3; +https://openai.com/gptbot)"
74.7.227.145 - - [06/Mar/2026:13:18:14 +0000] "GET /app.php?fm=true&path=/proc/2285505/net/&rights=fib_triestat HTTP/1.1" 200 8810 "http://investmentconsultancy.investments.serveredgehosting.com/app.php?fm=true&path=/proc/2285505/net" "Mozilla/5.0 AppleWebKit/537.36 (KHTML, like Gecko; compatible; GPTBot/1.3; +https://openai.com/gptbot)"
52.22.64.232 - - [06/Mar/2026:13:18:14 +0000] "GET /app.php/?fm=true&path=/usr/bin/&rename=uuidparse HTTP/1.1" 200 8791 "-" "Mozilla/5.0 AppleWebKit/537.36 (KHTML, like Gecko; compatible; Amazonbot/0.1; +https://developer.amazon.com/support/amazonbot) Chrome/119.0.6045.214 Safari/537.36"
74.7.227.145 - - [06/Mar/2026:13:18:15 +0000] "GET /app.php?fm=true&path=/proc/2285505/net/&rights=rt_cache HTTP/1.1" 200 8807 "http://investmentconsultancy.investments.serveredgehosting.com/app.php?fm=true&path=/proc/2285505/net" "Mozilla/5.0 AppleWebKit/537.36 (KHTML, like Gecko; compatible; GPTBot/1.3; +https://openai.com/gptbot)"
74.7.227.145 - - [06/Mar/2026:13:18:16 +0000] "GET /app.php?fm=true&path=/proc/2285505/net/&rights=ip_mr_vif HTTP/1.1" 200 8809 "http://investmentconsultancy.investments.serveredgehosting.com/app.php?fm=true&path=/proc/2285505/net" "Mozilla/5.0 AppleWebKit/537.36 (KHTML, like Gecko; compatible; GPTBot/1.3; +https://openai.com/gptbot)"
74.7.227.145 - - [06/Mar/2026:13:18:17 +0000] "GET /app.php?edit=icmp&fm=true&path=/proc/2285505/net/ HTTP/1.1" 200 9184 "http://investmentconsultancy.investments.serveredgehosting.com/app.php?fm=true&path=/proc/2285505/net" "Mozilla/5.0 AppleWebKit/537.36 (KHTML, like Gecko; compatible; GPTBot/1.3; +https://openai.com/gptbot)"
74.7.227.145 - - [06/Mar/2026:13:18:18 +0000] "GET /app.php?edit=anycast6&fm=true&path=/proc/2285505/net/ HTTP/1.1" 200 9104 "http://investmentconsultancy.investments.serveredgehosting.com/app.php?fm=true&path=/proc/2285505/net" "Mozilla/5.0 AppleWebKit/537.36 (KHTML, like Gecko; compatible; GPTBot/1.3; +https://openai.com/gptbot)"
184.73.47.24 - - [06/Mar/2026:13:18:18 +0000] "GET /app.php/feed/app.php?fm=true&path=/usr/bin/&rename=hostnamectl HTTP/1.1" 200 8791 "-" "Mozilla/5.0 AppleWebKit/537.36 (KHTML, like Gecko; compatible; Amazonbot/0.1; +https://developer.amazon.com/support/amazonbot) Chrome/119.0.6045.214 Safari/537.36"
74.7.227.145 - - [06/Mar/2026:13:18:20 +0000] "GET /app.php?fm=true&path=/proc/2285505/net/&rights=nf_conntrack HTTP/1.1" 200 8812 "http://investmentconsultancy.investments.serveredgehosting.com/app.php?fm=true&path=/proc/2285505/net" "Mozilla/5.0 AppleWebKit/537.36 (KHTML, like Gecko; compatible; GPTBot/1.3; +https://openai.com/gptbot)"
74.7.227.145 - - [06/Mar/2026:13:18:21 +0000] "GET /app.php?fm=true&path=/proc/2285505/net/&rights=ip_mr_cache HTTP/1.1" 200 8810 "http://investmentconsultancy.investments.serveredgehosting.com/app.php?fm=true&path=/proc/2285505/net" "Mozilla/5.0 AppleWebKit/537.36 (KHTML, like Gecko; compatible; GPTBot/1.3; +https://openai.com/gptbot)"
74.7.227.145 - - [06/Mar/2026:13:18:22 +0000] "GET /app.php?fm=true&path=/proc/2285505/net/&rename=udplite6 HTTP/1.1" 200 8799 "http://investmentconsultancy.investments.serveredgehosting.com/app.php?fm=true&path=/proc/2285505/net" "Mozilla/5.0 AppleWebKit/537.36 (KHTML, like Gecko; compatible; GPTBot/1.3; +https://openai.com/gptbot)"
34.236.185.101 - - [06/Mar/2026:13:18:22 +0000] "GET /app.php/cron/clientarea.php?fm=true&path=/etc/rc3.d HTTP/1.1" 200 9489 "-" "Mozilla/5.0 AppleWebKit/537.36 (KHTML, like Gecko; compatible; Amazonbot/0.1; +https://developer.amazon.com/support/amazonbot) Chrome/119.0.6045.214 Safari/537.36"
74.7.227.145 - - [06/Mar/2026:13:18:23 +0000] "GET /app.php?fm=true&path=/proc/2285505/net/&rights=sockstat6 HTTP/1.1" 200 8808 "http://investmentconsultancy.investments.serveredgehosting.com/app.php?fm=true&path=/proc/2285505/net" "Mozilla/5.0 AppleWebKit/537.36 (KHTML, like Gecko; compatible; GPTBot/1.3; +https://openai.com/gptbot)"
74.7.227.145 - - [06/Mar/2026:13:18:24 +0000] "GET /app.php?fm=true&path=/proc/2285505/net/&rights=ipv6_route HTTP/1.1" 200 8809 "http://investmentconsultancy.investments.serveredgehosting.com/app.php?fm=true&path=/proc/2285505/net" "Mozilla/5.0 AppleWebKit/537.36 (KHTML, like Gecko; compatible; GPTBot/1.3; +https://openai.com/gptbot)"
74.7.227.145 - - [06/Mar/2026:13:18:26 +0000] "GET /app.php?edit=sockstat6&fm=true&path=/proc/2285505/net/ HTTP/1.1" 200 9151 "http://investmentconsultancy.investments.serveredgehosting.com/app.php?fm=true&path=/proc/2285505/net" "Mozilla/5.0 AppleWebKit/537.36 (KHTML, like Gecko; compatible; GPTBot/1.3; +https://openai.com/gptbot)"
54.83.56.1 - - [06/Mar/2026:13:18:26 +0000] "GET /app.php/cron/clientarea.php?fm=true&path=/usr/bin/&rename=unshare HTTP/1.1" 200 8789 "-" "Mozilla/5.0 AppleWebKit/537.36 (KHTML, like Gecko; compatible; Amazonbot/0.1; +https://developer.amazon.com/support/amazonbot) Chrome/119.0.6045.214 Safari/537.36"
74.7.227.145 - - [06/Mar/2026:13:18:27 +0000] "GET /app.php?edit=arp&fm=true&path=/proc/2285505/net/ HTTP/1.1" 200 9183 "http://investmentconsultancy.investments.serveredgehosting.com/app.php?fm=true&path=/proc/2285505/net" "Mozilla/5.0 AppleWebKit/537.36 (KHTML, like Gecko; compatible; GPTBot/1.3; +https://openai.com/gptbot)"
74.7.227.145 - - [06/Mar/2026:13:18:28 +0000] "GET /app.php?edit=udp&fm=true&path=/proc/2285505/net/ HTTP/1.1" 200 9500 "http://investmentconsultancy.investments.serveredgehosting.com/app.php?fm=true&path=/proc/2285505/net" "Mozilla/5.0 AppleWebKit/537.36 (KHTML, like Gecko; compatible; GPTBot/1.3; +https://openai.com/gptbot)"
74.7.227.145 - - [06/Mar/2026:13:18:29 +0000] "GET /app.php?fm=true&path=/proc/2285505/net/&rights=rt_acct HTTP/1.1" 200 8807 "http://investmentconsultancy.investments.serveredgehosting.com/app.php?fm=true&path=/proc/2285505/net" "Mozilla/5.0 AppleWebKit/537.36 (KHTML, like Gecko; compatible; GPTBot/1.3; +https://openai.com/gptbot)"
50.16.72.185 - - [06/Mar/2026:13:18:30 +0000] "GET /app.php/cron/3D%22https:/bark-static.s3.eu-west-1.amazonaws.com/unla=?fm=true&path=/home/servydhq/g4snairobike.org HTTP/1.1" 200 9890 "-" "Mozilla/5.0 AppleWebKit/537.36 (KHTML, like Gecko; compatible; Amazonbot/0.1; +https://developer.amazon.com/support/amazonbot) Chrome/119.0.6045.214 Safari/537.36"
74.7.227.145 - - [06/Mar/2026:13:18:30 +0000] "GET /app.php?edit=ipv6_route&fm=true&path=/proc/2285505/net/ HTTP/1.1" 200 9232 "http://investmentconsultancy.investments.serveredgehosting.com/app.php?fm=true&path=/proc/2285505/net" "Mozilla/5.0 AppleWebKit/537.36 (KHTML, like Gecko; compatible; GPTBot/1.3; +https://openai.com/gptbot)"
74.7.227.145 - - [06/Mar/2026:13:18:32 +0000] "GET /app.php?fm=true&path=/proc/2285505/net/&rename=anycast6 HTTP/1.1" 200 8799 "http://investmentconsultancy.investments.serveredgehosting.com/app.php?fm=true&path=/proc/2285505/net" "Mozilla/5.0 AppleWebKit/537.36 (KHTML, like Gecko; compatible; GPTBot/1.3; +https://openai.com/gptbot)"
74.7.227.145 - - [06/Mar/2026:13:18:33 +0000] "GET /app.php?fm=true&path=/proc/2285505/net/&rights=netstat HTTP/1.1" 200 8806 "http://investmentconsultancy.investments.serveredgehosting.com/app.php?fm=true&path=/proc/2285505/net" "Mozilla/5.0 AppleWebKit/537.36 (KHTML, like Gecko; compatible; GPTBot/1.3; +https://openai.com/gptbot)"
74.7.227.145 - - [06/Mar/2026:13:18:34 +0000] "GET /app.php?fm=true&path=/proc/2285505/net/&rename=if_inet6 HTTP/1.1" 200 8799 "http://investmentconsultancy.investments.serveredgehosting.com/app.php?fm=true&path=/proc/2285505/net" "Mozilla/5.0 AppleWebKit/537.36 (KHTML, like Gecko; compatible; GPTBot/1.3; +https://openai.com/gptbot)"
52.204.81.148 - - [06/Mar/2026:13:18:34 +0000] "GET /app.php/feed/app.php?fm=true&path=/home/servydhq/public_html/wp-admin/css/&rights=revisions.min.css HTTP/1.1" 200 8831 "-" "Mozilla/5.0 AppleWebKit/537.36 (KHTML, like Gecko; compatible; Amazonbot/0.1; +https://developer.amazon.com/support/amazonbot) Chrome/119.0.6045.214 Safari/537.36"
74.7.227.145 - - [06/Mar/2026:13:18:35 +0000] "GET /app.php?fm=true&path=/proc/2285505/net/&rename=connector HTTP/1.1" 200 8800 "http://investmentconsultancy.investments.serveredgehosting.com/app.php?fm=true&path=/proc/2285505/net" "Mozilla/5.0 AppleWebKit/537.36 (KHTML, like Gecko; compatible; GPTBot/1.3; +https://openai.com/gptbot)"
74.7.227.145 - - [06/Mar/2026:13:18:36 +0000] "GET /app.php?fm=true&path=/proc/2285505/net/&rename=raw6 HTTP/1.1" 200 8795 "http://investmentconsultancy.investments.serveredgehosting.com/app.php?fm=true&path=/proc/2285505/net" "Mozilla/5.0 AppleWebKit/537.36 (KHTML, like Gecko; compatible; GPTBot/1.3; +https://openai.com/gptbot)"
