74.7.227.145 - - [06/Mar/2026:13:11:40 +0000] "GET /app.php?fm=true&path=/proc/2283945/ HTTP/1.1" 200 13768 "http://investmentconsultancy.investments.serveredgehosting.com/app.php?edit=environ&fm=true&path=/proc/2283945/" "Mozilla/5.0 AppleWebKit/537.36 (KHTML, like Gecko; compatible; GPTBot/1.3; +https://openai.com/gptbot)"
74.7.227.145 - - [06/Mar/2026:13:11:41 +0000] "GET /app.php?download=L3Byb2MvMjI4Mzk0NS9rc21fbWVyZ2luZ19wYWdlcw== HTTP/1.1" 200 74 "http://investmentconsultancy.investments.serveredgehosting.com/app.php?fm=true&path=/proc/2283945" "Mozilla/5.0 AppleWebKit/537.36 (KHTML, like Gecko; compatible; GPTBot/1.3; +https://openai.com/gptbot)"
74.7.227.145 - - [06/Mar/2026:13:11:42 +0000] "GET /app.php?fm=true&path=/proc/2282620/. HTTP/1.1" 200 13781 "http://investmentconsultancy.investments.serveredgehosting.com/app.php?fm=true&path=/proc/2282620" "Mozilla/5.0 AppleWebKit/537.36 (KHTML, like Gecko; compatible; GPTBot/1.3; +https://openai.com/gptbot)"
34.194.95.99 - - [06/Mar/2026:13:11:42 +0000] "GET /app.php/?fm=true&path=/usr/lib64/&rename=php HTTP/1.1" 200 8787 "-" "Mozilla/5.0 AppleWebKit/537.36 (KHTML, like Gecko; compatible; Amazonbot/0.1; +https://developer.amazon.com/support/amazonbot) Chrome/119.0.6045.214 Safari/537.36"
74.7.227.145 - - [06/Mar/2026:13:11:44 +0000] "GET /app.php?fm=true&path=/proc/2282620/ns HTTP/1.1" 200 7619 "http://investmentconsultancy.investments.serveredgehosting.com/app.php?fm=true&path=/proc/2282620" "Mozilla/5.0 AppleWebKit/537.36 (KHTML, like Gecko; compatible; GPTBot/1.3; +https://openai.com/gptbot)"
74.7.227.145 - - [06/Mar/2026:13:11:45 +0000] "GET /app.php?fm=true&path=/proc/2282620/ HTTP/1.1" 200 13781 "http://investmentconsultancy.investments.serveredgehosting.com/app.php?fm=true&path=/proc/2282620/&rename=cwd" "Mozilla/5.0 AppleWebKit/537.36 (KHTML, like Gecko; compatible; GPTBot/1.3; +https://openai.com/gptbot)"
74.7.227.145 - - [06/Mar/2026:13:11:46 +0000] "GET /app.php?fm=true&path=/proc/2283945/fd HTTP/1.1" 200 7620 "http://investmentconsultancy.investments.serveredgehosting.com/app.php?fm=true&path=/proc/2283945" "Mozilla/5.0 AppleWebKit/537.36 (KHTML, like Gecko; compatible; GPTBot/1.3; +https://openai.com/gptbot)"
44.194.139.149 - - [06/Mar/2026:13:11:46 +0000] "GET /app.php/cron/clientarea.php?fm=true&path=/home/servydhq/public_html/app/wp-includes/&rename=category-template.php HTTP/1.1" 200 8822 "-" "Mozilla/5.0 AppleWebKit/537.36 (KHTML, like Gecko; compatible; Amazonbot/0.1; +https://developer.amazon.com/support/amazonbot) Chrome/119.0.6045.214 Safari/537.36"
74.7.227.145 - - [06/Mar/2026:13:11:47 +0000] "GET /app.php?fm=true&path=/proc/2282620/net HTTP/1.1" 200 13536 "http://investmentconsultancy.investments.serveredgehosting.com/app.php?fm=true&path=/proc/2282620" "Mozilla/5.0 AppleWebKit/537.36 (KHTML, like Gecko; compatible; GPTBot/1.3; +https://openai.com/gptbot)"
74.7.227.145 - - [06/Mar/2026:13:11:48 +0000] "GET /app.php?gz=L3Byb2MvMjI4NTMzNw== HTTP/1.1" 200 6668 "http://investmentconsultancy.investments.serveredgehosting.com/app.php?fm=true&path=/proc/2283945/.." "Mozilla/5.0 AppleWebKit/537.36 (KHTML, like Gecko; compatible; GPTBot/1.3; +https://openai.com/gptbot)"
74.7.227.145 - - [06/Mar/2026:13:11:49 +0000] "GET /app.php?fm=true&path=/proc/2285847 HTTP/1.1" 200 13768 "http://investmentconsultancy.investments.serveredgehosting.com/app.php?fm=true&path=/proc/2283945/.." "Mozilla/5.0 AppleWebKit/537.36 (KHTML, like Gecko; compatible; GPTBot/1.3; +https://openai.com/gptbot)"
54.83.56.1 - - [06/Mar/2026:13:11:50 +0000] "GET /app.php/3D%22https:/bark-static.s3.eu-west-1.amazonaws.com/app.php?fm=true&path=/home/servydhq/investmentconsultancy.investments/&rename=00systemd-network-management.tar HTTP/1.1" 200 8817 "-" "Mozilla/5.0 AppleWebKit/537.36 (KHTML, like Gecko; compatible; Amazonbot/0.1; +https://developer.amazon.com/support/amazonbot) Chrome/119.0.6045.214 Safari/537.36"
74.7.227.145 - - [06/Mar/2026:13:11:51 +0000] "GET /app.php?fm=true&path=/proc/2285505 HTTP/1.1" 200 13767 "http://investmentconsultancy.investments.serveredgehosting.com/app.php?fm=true&path=/proc/2283945/.." "Mozilla/5.0 AppleWebKit/537.36 (KHTML, like Gecko; compatible; GPTBot/1.3; +https://openai.com/gptbot)"
74.7.227.145 - - [06/Mar/2026:13:11:52 +0000] "GET /app.php?gz=L3Byb2MvMjI4NzQzNQ== HTTP/1.1" 200 6668 "http://investmentconsultancy.investments.serveredgehosting.com/app.php?fm=true&path=/proc/2283945/.." "Mozilla/5.0 AppleWebKit/537.36 (KHTML, like Gecko; compatible; GPTBot/1.3; +https://openai.com/gptbot)"
74.7.227.145 - - [06/Mar/2026:13:11:53 +0000] "GET /app.php?fm=true&path=/proc/&rename=2287177 HTTP/1.1" 200 8787 "http://investmentconsultancy.investments.serveredgehosting.com/app.php?fm=true&path=/proc/2283945/.." "Mozilla/5.0 AppleWebKit/537.36 (KHTML, like Gecko; compatible; GPTBot/1.3; +https://openai.com/gptbot)"
54.147.238.89 - - [06/Mar/2026:13:11:54 +0000] "GET /app.php?fm=true&path=/usr/bin/&rename=unzip HTTP/1.1" 200 8788 "-" "Mozilla/5.0 AppleWebKit/537.36 (KHTML, like Gecko; compatible; Amazonbot/0.1; +https://developer.amazon.com/support/amazonbot) Chrome/119.0.6045.214 Safari/537.36"
74.7.227.145 - - [06/Mar/2026:13:11:54 +0000] "GET /app.php?fm=true&path=/proc/&rename=2287118 HTTP/1.1" 200 8787 "http://investmentconsultancy.investments.serveredgehosting.com/app.php?fm=true&path=/proc/2283945/.." "Mozilla/5.0 AppleWebKit/537.36 (KHTML, like Gecko; compatible; GPTBot/1.3; +https://openai.com/gptbot)"
74.7.227.145 - - [06/Mar/2026:13:11:56 +0000] "GET /app.php?fm=true&path=/proc/&rename=2287447 HTTP/1.1" 200 8787 "http://investmentconsultancy.investments.serveredgehosting.com/app.php?fm=true&path=/proc/2283945/.." "Mozilla/5.0 AppleWebKit/537.36 (KHTML, like Gecko; compatible; GPTBot/1.3; +https://openai.com/gptbot)"
74.7.227.145 - - [06/Mar/2026:13:11:57 +0000] "GET /app.php?fm=true&path=/proc/&rename=2285881 HTTP/1.1" 200 8787 "http://investmentconsultancy.investments.serveredgehosting.com/app.php?fm=true&path=/proc/2283945/.." "Mozilla/5.0 AppleWebKit/537.36 (KHTML, like Gecko; compatible; GPTBot/1.3; +https://openai.com/gptbot)"
74.7.227.145 - - [06/Mar/2026:13:11:58 +0000] "GET /app.php?fm=true&path=/proc/&rename=2287442 HTTP/1.1" 200 8787 "http://investmentconsultancy.investments.serveredgehosting.com/app.php?fm=true&path=/proc/2283945/.." "Mozilla/5.0 AppleWebKit/537.36 (KHTML, like Gecko; compatible; GPTBot/1.3; +https://openai.com/gptbot)"
54.167.32.123 - - [06/Mar/2026:13:11:58 +0000] "GET /app.php/app.php?fm=true&path=/usr/sbin/&rename=getenforce HTTP/1.1" 200 8792 "-" "Mozilla/5.0 AppleWebKit/537.36 (KHTML, like Gecko; compatible; Amazonbot/0.1; +https://developer.amazon.com/support/amazonbot) Chrome/119.0.6045.214 Safari/537.36"
74.7.227.145 - - [06/Mar/2026:13:11:59 +0000] "GET /app.php?fm=true&path=/proc/&rename=2286442 HTTP/1.1" 200 8787 "http://investmentconsultancy.investments.serveredgehosting.com/app.php?fm=true&path=/proc/2283945/.." "Mozilla/5.0 AppleWebKit/537.36 (KHTML, like Gecko; compatible; GPTBot/1.3; +https://openai.com/gptbot)"
74.7.227.145 - - [06/Mar/2026:13:12:00 +0000] "GET /app.php?edit=anycast6&fm=true&path=/proc/2282620/net/ HTTP/1.1" 200 9104 "http://investmentconsultancy.investments.serveredgehosting.com/app.php?fm=true&path=/proc/2282620/net" "Mozilla/5.0 AppleWebKit/537.36 (KHTML, like Gecko; compatible; GPTBot/1.3; +https://openai.com/gptbot)"
74.7.227.145 - - [06/Mar/2026:13:12:01 +0000] "GET /app.php?fm=true&path=/proc/2282620/net/&rights=ip6_flowlabel HTTP/1.1" 200 8812 "http://investmentconsultancy.investments.serveredgehosting.com/app.php?fm=true&path=/proc/2282620/net" "Mozilla/5.0 AppleWebKit/537.36 (KHTML, like Gecko; compatible; GPTBot/1.3; +https://openai.com/gptbot)"
44.205.120.22 - - [06/Mar/2026:13:12:02 +0000] "GET /app.php/cron/clientarea.php?fm=true&path=/home/servydhq/public_html/app/wp-includes/&rename=ms-site.php HTTP/1.1" 200 8818 "-" "Mozilla/5.0 AppleWebKit/537.36 (KHTML, like Gecko; compatible; Amazonbot/0.1; +https://developer.amazon.com/support/amazonbot) Chrome/119.0.6045.214 Safari/537.36"
74.7.227.145 - - [06/Mar/2026:13:12:03 +0000] "GET /app.php?fm=true&path=/proc/2285847/&rename=status HTTP/1.1" 200 8793 "http://investmentconsultancy.investments.serveredgehosting.com/app.php?fm=true&path=/proc/2285847" "Mozilla/5.0 AppleWebKit/537.36 (KHTML, like Gecko; compatible; GPTBot/1.3; +https://openai.com/gptbot)"
74.7.227.145 - - [06/Mar/2026:13:12:04 +0000] "GET /app.php?edit=ip6_flowlabel&fm=true&path=/proc/2282620/net/ HTTP/1.1" 200 9146 "http://investmentconsultancy.investments.serveredgehosting.com/app.php?fm=true&path=/proc/2282620/net" "Mozilla/5.0 AppleWebKit/537.36 (KHTML, like Gecko; compatible; GPTBot/1.3; +https://openai.com/gptbot)"
100.29.107.38 - - [06/Mar/2026:13:11:34 +0000] "GET /app.php/cron/clientarea.php?zip=L3J1bi9zZXRyYW5z HTTP/1.1" 200 361768 "-" "Mozilla/5.0 AppleWebKit/537.36 (KHTML, like Gecko; compatible; Amazonbot/0.1; +https://developer.amazon.com/support/amazonbot) Chrome/119.0.6045.214 Safari/537.36"
74.7.227.145 - - [06/Mar/2026:13:12:05 +0000] "GET /app.php?gzfile=L3Byb2MvMjI4MjYyMC9uZXQvZmliX3RyaWVzdGF0 HTTP/1.1" 200 6668 "http://investmentconsultancy.investments.serveredgehosting.com/app.php?fm=true&path=/proc/2282620/net" "Mozilla/5.0 AppleWebKit/537.36 (KHTML, like Gecko; compatible; GPTBot/1.3; +https://openai.com/gptbot)"
74.7.227.145 - - [06/Mar/2026:13:12:06 +0000] "GET /app.php?fm=true&path=/proc/2282620/net/&rename=ip6_flowlabel HTTP/1.1" 200 8804 "http://investmentconsultancy.investments.serveredgehosting.com/app.php?fm=true&path=/proc/2282620/net" "Mozilla/5.0 AppleWebKit/537.36 (KHTML, like Gecko; compatible; GPTBot/1.3; +https://openai.com/gptbot)"
100.27.153.9 - - [06/Mar/2026:13:12:06 +0000] "GET /app.php/?fm=true&path=/usr/bin/&rename=sg_get_config HTTP/1.1" 200 8795 "-" "Mozilla/5.0 AppleWebKit/537.36 (KHTML, like Gecko; compatible; Amazonbot/0.1; +https://developer.amazon.com/support/amazonbot) Chrome/119.0.6045.214 Safari/537.36"
74.7.227.145 - - [06/Mar/2026:13:12:07 +0000] "GET /app.php?fm=true&path=/proc/2282620/net/&rights=ip6_mr_cache HTTP/1.1" 200 8811 "http://investmentconsultancy.investments.serveredgehosting.com/app.php?fm=true&path=/proc/2282620/net" "Mozilla/5.0 AppleWebKit/537.36 (KHTML, like Gecko; compatible; GPTBot/1.3; +https://openai.com/gptbot)"
74.7.227.145 - - [06/Mar/2026:13:12:09 +0000] "GET /app.php?fm=true&path=/proc/2282620/net/&rename=mcfilter HTTP/1.1" 200 8799 "http://investmentconsultancy.investments.serveredgehosting.com/app.php?fm=true&path=/proc/2282620/net" "Mozilla/5.0 AppleWebKit/537.36 (KHTML, like Gecko; compatible; GPTBot/1.3; +https://openai.com/gptbot)"
74.7.227.145 - - [06/Mar/2026:13:12:10 +0000] "GET /app.php?fm=true&path=/proc/2282620/net/&rename=psched HTTP/1.1" 200 8797 "http://investmentconsultancy.investments.serveredgehosting.com/app.php?fm=true&path=/proc/2282620/net" "Mozilla/5.0 AppleWebKit/537.36 (KHTML, like Gecko; compatible; GPTBot/1.3; +https://openai.com/gptbot)"
34.194.226.74 - - [06/Mar/2026:13:12:11 +0000] "GET /app.php/feed/app.php?fm=true&path=/etc/&rename=magic HTTP/1.1" 200 8784 "-" "Mozilla/5.0 AppleWebKit/537.36 (KHTML, like Gecko; compatible; Amazonbot/0.1; +https://developer.amazon.com/support/amazonbot) Chrome/119.0.6045.214 Safari/537.36"
74.7.227.145 - - [06/Mar/2026:13:12:11 +0000] "GET /app.php?fm=true&path=/proc/2282620/net/&rename=udplite HTTP/1.1" 200 8797 "http://investmentconsultancy.investments.serveredgehosting.com/app.php?fm=true&path=/proc/2282620/net" "Mozilla/5.0 AppleWebKit/537.36 (KHTML, like Gecko; compatible; GPTBot/1.3; +https://openai.com/gptbot)"
74.7.227.145 - - [06/Mar/2026:13:12:12 +0000] "GET /app.php?fm=true&path=/proc/2282620/net/&rename=mcfilter6 HTTP/1.1" 200 8799 "http://investmentconsultancy.investments.serveredgehosting.com/app.php?fm=true&path=/proc/2282620/net" "Mozilla/5.0 AppleWebKit/537.36 (KHTML, like Gecko; compatible; GPTBot/1.3; +https://openai.com/gptbot)"
74.7.227.145 - - [06/Mar/2026:13:12:13 +0000] "GET /app.php?fm=true&path=/proc/2282620/net/&rename=ip6_mr_cache HTTP/1.1" 200 8803 "http://investmentconsultancy.investments.serveredgehosting.com/app.php?fm=true&path=/proc/2282620/net" "Mozilla/5.0 AppleWebKit/537.36 (KHTML, like Gecko; compatible; GPTBot/1.3; +https://openai.com/gptbot)"
74.7.227.145 - - [06/Mar/2026:13:12:15 +0000] "GET /app.php?fm=true&path=/proc/2282620/net/&rights=mcfilter6 HTTP/1.1" 200 8807 "http://investmentconsultancy.investments.serveredgehosting.com/app.php?fm=true&path=/proc/2282620/net" "Mozilla/5.0 AppleWebKit/537.36 (KHTML, like Gecko; compatible; GPTBot/1.3; +https://openai.com/gptbot)"
52.4.238.8 - - [06/Mar/2026:13:12:15 +0000] "GET /app.php/cron/clientarea.php?fm=true&path=/home/servydhq/public_html/app/wp-includes/&rename=feed-rss.php HTTP/1.1" 200 8820 "-" "Mozilla/5.0 AppleWebKit/537.36 (KHTML, like Gecko; compatible; Amazonbot/0.1; +https://developer.amazon.com/support/amazonbot) Chrome/119.0.6045.214 Safari/537.36"
74.7.227.145 - - [06/Mar/2026:13:12:16 +0000] "GET /app.php?edit=mcfilter6&fm=true&path=/proc/2282620/net/ HTTP/1.1" 200 9149 "http://investmentconsultancy.investments.serveredgehosting.com/app.php?fm=true&path=/proc/2282620/net" "Mozilla/5.0 AppleWebKit/537.36 (KHTML, like Gecko; compatible; GPTBot/1.3; +https://openai.com/gptbot)"
74.7.227.145 - - [06/Mar/2026:13:12:17 +0000] "GET /app.php?edit=smaps_rollup&fm=true&path=/proc/2285847/ HTTP/1.1" 200 9104 "http://investmentconsultancy.investments.serveredgehosting.com/app.php?fm=true&path=/proc/2285847" "Mozilla/5.0 AppleWebKit/537.36 (KHTML, like Gecko; compatible; GPTBot/1.3; +https://openai.com/gptbot)"
74.7.227.145 - - [06/Mar/2026:13:12:18 +0000] "GET /app.php?fm=true&path=/proc/2282620/net/&rename=rt_acct HTTP/1.1" 200 8799 "http://investmentconsultancy.investments.serveredgehosting.com/app.php?fm=true&path=/proc/2282620/net" "Mozilla/5.0 AppleWebKit/537.36 (KHTML, like Gecko; compatible; GPTBot/1.3; +https://openai.com/gptbot)"
44.207.252.58 - - [06/Mar/2026:13:12:18 +0000] "GET /app.php/3D%22https:/bark-static.s3.eu-west-1.amazonaws.com/unla=?fm=true&path=/home/servydhq/&rights=.spamassassinenable HTTP/1.1" 200 8811 "-" "Mozilla/5.0 AppleWebKit/537.36 (KHTML, like Gecko; compatible; Amazonbot/0.1; +https://developer.amazon.com/support/amazonbot) Chrome/119.0.6045.214 Safari/537.36"
74.7.227.145 - - [06/Mar/2026:13:12:19 +0000] "GET /app.php?edit=mounts&fm=true&path=/proc/2285505/ HTTP/1.1" 200 10095 "http://investmentconsultancy.investments.serveredgehosting.com/app.php?fm=true&path=/proc/2285505" "Mozilla/5.0 AppleWebKit/537.36 (KHTML, like Gecko; compatible; GPTBot/1.3; +https://openai.com/gptbot)"
74.7.227.145 - - [06/Mar/2026:13:12:21 +0000] "GET /app.php?fm=true&path=/proc/2282620/net/&rename=packet HTTP/1.1" 200 8797 "http://investmentconsultancy.investments.serveredgehosting.com/app.php?fm=true&path=/proc/2282620/net" "Mozilla/5.0 AppleWebKit/537.36 (KHTML, like Gecko; compatible; GPTBot/1.3; +https://openai.com/gptbot)"
74.7.227.145 - - [06/Mar/2026:13:12:22 +0000] "GET /app.php?fm=true&path=/proc/2282620/net/&rename=rt_cache HTTP/1.1" 200 8799 "http://investmentconsultancy.investments.serveredgehosting.com/app.php?fm=true&path=/proc/2282620/net" "Mozilla/5.0 AppleWebKit/537.36 (KHTML, like Gecko; compatible; GPTBot/1.3; +https://openai.com/gptbot)"
3.231.193.38 - - [06/Mar/2026:13:12:22 +0000] "GET /app.php/cron/clientarea.php?fm=true&path=/usr/bin/&rename=package-cleanup HTTP/1.1" 200 8796 "-" "Mozilla/5.0 AppleWebKit/537.36 (KHTML, like Gecko; compatible; Amazonbot/0.1; +https://developer.amazon.com/support/amazonbot) Chrome/119.0.6045.214 Safari/537.36"
74.7.227.145 - - [06/Mar/2026:13:12:23 +0000] "GET /app.php?fm=true&path=/proc/2282620/net/&rights=psched HTTP/1.1" 200 8805 "http://investmentconsultancy.investments.serveredgehosting.com/app.php?fm=true&path=/proc/2282620/net" "Mozilla/5.0 AppleWebKit/537.36 (KHTML, like Gecko; compatible; GPTBot/1.3; +https://openai.com/gptbot)"
74.7.227.145 - - [06/Mar/2026:13:12:24 +0000] "GET /app.php?edit=mcfilter&fm=true&path=/proc/2282620/net/ HTTP/1.1" 200 9129 "http://investmentconsultancy.investments.serveredgehosting.com/app.php?fm=true&path=/proc/2282620/net" "Mozilla/5.0 AppleWebKit/537.36 (KHTML, like Gecko; compatible; GPTBot/1.3; +https://openai.com/gptbot)"
74.7.227.145 - - [06/Mar/2026:13:12:25 +0000] "GET /app.php?fm=true&path=/proc/2282620/net/&rename=ip_mr_cache HTTP/1.1" 200 8802 "http://investmentconsultancy.investments.serveredgehosting.com/app.php?fm=true&path=/proc/2282620/net" "Mozilla/5.0 AppleWebKit/537.36 (KHTML, like Gecko; compatible; GPTBot/1.3; +https://openai.com/gptbot)"
3.89.170.186 - - [06/Mar/2026:13:12:27 +0000] "GET /app.php?fm=true&path=/usr/bin/&rename=aria_read_log HTTP/1.1" 200 8796 "-" "Mozilla/5.0 AppleWebKit/537.36 (KHTML, like Gecko; compatible; Amazonbot/0.1; +https://developer.amazon.com/support/amazonbot) Chrome/119.0.6045.214 Safari/537.36"
74.7.227.145 - - [06/Mar/2026:13:12:27 +0000] "GET /app.php?edit=connector&fm=true&path=/proc/2282620/net/ HTTP/1.1" 200 9123 "http://investmentconsultancy.investments.serveredgehosting.com/app.php?fm=true&path=/proc/2282620/net" "Mozilla/5.0 AppleWebKit/537.36 (KHTML, like Gecko; compatible; GPTBot/1.3; +https://openai.com/gptbot)"
74.7.227.145 - - [06/Mar/2026:13:12:28 +0000] "GET /app.php?fm=true&path=/proc/2282620/net/&rename=softnet_stat HTTP/1.1" 200 8802 "http://investmentconsultancy.investments.serveredgehosting.com/app.php?fm=true&path=/proc/2282620/net" "Mozilla/5.0 AppleWebKit/537.36 (KHTML, like Gecko; compatible; GPTBot/1.3; +https://openai.com/gptbot)"
74.7.227.145 - - [06/Mar/2026:13:12:29 +0000] "GET /app.php?fm=true&path=/proc/2282620/net/&rights=udplite HTTP/1.1" 200 8805 "http://investmentconsultancy.investments.serveredgehosting.com/app.php?fm=true&path=/proc/2282620/net" "Mozilla/5.0 AppleWebKit/537.36 (KHTML, like Gecko; compatible; GPTBot/1.3; +https://openai.com/gptbot)"
74.7.227.145 - - [06/Mar/2026:13:12:30 +0000] "GET /app.php?fm=true&path=/proc/2282620/net/&rename=nf_conntrack HTTP/1.1" 200 8803 "http://investmentconsultancy.investments.serveredgehosting.com/app.php?fm=true&path=/proc/2282620/net" "Mozilla/5.0 AppleWebKit/537.36 (KHTML, like Gecko; compatible; GPTBot/1.3; +https://openai.com/gptbot)"
52.3.156.186 - - [06/Mar/2026:13:12:31 +0000] "GET /app.php/app.php?fm=true&path=/home/servydhq/public_html/wp-includes/fonts HTTP/1.1" 200 10680 "-" "Mozilla/5.0 AppleWebKit/537.36 (KHTML, like Gecko; compatible; Amazonbot/0.1; +https://developer.amazon.com/support/amazonbot) Chrome/119.0.6045.214 Safari/537.36"
74.7.227.145 - - [06/Mar/2026:13:12:31 +0000] "GET /app.php?fm=true&path=/proc/2282620/net/&rename=xfrm_stat HTTP/1.1" 200 8801 "http://investmentconsultancy.investments.serveredgehosting.com/app.php?fm=true&path=/proc/2282620/net" "Mozilla/5.0 AppleWebKit/537.36 (KHTML, like Gecko; compatible; GPTBot/1.3; +https://openai.com/gptbot)"
74.7.227.145 - - [06/Mar/2026:13:12:33 +0000] "GET /app.php?fm=true&path=/proc/2282620/net/&rename=sockstat HTTP/1.1" 200 8799 "http://investmentconsultancy.investments.serveredgehosting.com/app.php?fm=true&path=/proc/2282620/net" "Mozilla/5.0 AppleWebKit/537.36 (KHTML, like Gecko; compatible; GPTBot/1.3; +https://openai.com/gptbot)"
74.7.227.145 - - [06/Mar/2026:13:12:34 +0000] "GET /app.php?fm=true&path=/proc/2282620/net/&rename=sockstat6 HTTP/1.1" 200 8800 "http://investmentconsultancy.investments.serveredgehosting.com/app.php?fm=true&path=/proc/2282620/net" "Mozilla/5.0 AppleWebKit/537.36 (KHTML, like Gecko; compatible; GPTBot/1.3; +https://openai.com/gptbot)"
54.147.80.137 - - [06/Mar/2026:13:12:34 +0000] "GET /app.php?fm=true&path=/usr/sbin/&rename=ip6tables-restore-translate HTTP/1.1" 200 8804 "-" "Mozilla/5.0 AppleWebKit/537.36 (KHTML, like Gecko; compatible; Amazonbot/0.1; +https://developer.amazon.com/support/amazonbot) Chrome/119.0.6045.214 Safari/537.36"
74.7.227.145 - - [06/Mar/2026:13:12:35 +0000] "GET /app.php?fm=true&path=/proc/2282620/net/&rename=dev_mcast HTTP/1.1" 200 8801 "http://investmentconsultancy.investments.serveredgehosting.com/app.php?fm=true&path=/proc/2282620/net" "Mozilla/5.0 AppleWebKit/537.36 (KHTML, like Gecko; compatible; GPTBot/1.3; +https://openai.com/gptbot)"
74.7.227.145 - - [06/Mar/2026:13:12:36 +0000] "GET /app.php?fm=true&path=/proc/2282620/net/&rename=anycast6 HTTP/1.1" 200 8799 "http://investmentconsultancy.investments.serveredgehosting.com/app.php?fm=true&path=/proc/2282620/net" "Mozilla/5.0 AppleWebKit/537.36 (KHTML, like Gecko; compatible; GPTBot/1.3; +https://openai.com/gptbot)"
74.7.227.145 - - [06/Mar/2026:13:12:37 +0000] "GET /app.php?fm=true&path=/proc/2282620/net/&rights=mcfilter HTTP/1.1" 200 8806 "http://investmentconsultancy.investments.serveredgehosting.com/app.php?fm=true&path=/proc/2282620/net" "Mozilla/5.0 AppleWebKit/537.36 (KHTML, like Gecko; compatible; GPTBot/1.3; +https://openai.com/gptbot)"
44.197.76.210 - - [06/Mar/2026:13:12:38 +0000] "GET /app.php/?fm=true&path=/usr/bin/&rights=sg_zone HTTP/1.1" 200 8799 "-" "Mozilla/5.0 AppleWebKit/537.36 (KHTML, like Gecko; compatible; Amazonbot/0.1; +https://developer.amazon.com/support/amazonbot) Chrome/119.0.6045.214 Safari/537.36"
74.7.227.145 - - [06/Mar/2026:13:12:39 +0000] "GET /app.php?fm=true&path=/proc/2282620/net/&rights=ipv6_route HTTP/1.1" 200 8809 "http://investmentconsultancy.investments.serveredgehosting.com/app.php?fm=true&path=/proc/2282620/net" "Mozilla/5.0 AppleWebKit/537.36 (KHTML, like Gecko; compatible; GPTBot/1.3; +https://openai.com/gptbot)"
74.7.227.145 - - [06/Mar/2026:13:12:40 +0000] "GET /app.php?fm=true&path=/proc/2282620/net/&rights=sockstat6 HTTP/1.1" 200 8808 "http://investmentconsultancy.investments.serveredgehosting.com/app.php?fm=true&path=/proc/2282620/net" "Mozilla/5.0 AppleWebKit/537.36 (KHTML, like Gecko; compatible; GPTBot/1.3; +https://openai.com/gptbot)"
74.7.227.145 - - [06/Mar/2026:13:12:41 +0000] "GET /app.php?edit=sockstat6&fm=true&path=/proc/2282620/net/ HTTP/1.1" 200 9151 "http://investmentconsultancy.investments.serveredgehosting.com/app.php?fm=true&path=/proc/2282620/net" "Mozilla/5.0 AppleWebKit/537.36 (KHTML, like Gecko; compatible; GPTBot/1.3; +https://openai.com/gptbot)"
74.7.227.145 - - [06/Mar/2026:13:12:42 +0000] "GET /app.php?fm=true&path=/proc/2282620/net/&rights=dev_mcast HTTP/1.1" 200 8808 "http://investmentconsultancy.investments.serveredgehosting.com/app.php?fm=true&path=/proc/2282620/net" "Mozilla/5.0 AppleWebKit/537.36 (KHTML, like Gecko; compatible; GPTBot/1.3; +https://openai.com/gptbot)"
98.83.178.66 - - [06/Mar/2026:13:12:42 +0000] "GET /app.php/feed/?fm=true&path=/usr/bin/&rename=ar HTTP/1.1" 200 8784 "-" "Mozilla/5.0 AppleWebKit/537.36 (KHTML, like Gecko; compatible; Amazonbot/0.1; +https://developer.amazon.com/support/amazonbot) Chrome/119.0.6045.214 Safari/537.36"
74.7.227.145 - - [06/Mar/2026:13:12:43 +0000] "GET /app.php?fm=true&path=/proc/2282620/net/&rename=dev_snmp6 HTTP/1.1" 200 8801 "http://investmentconsultancy.investments.serveredgehosting.com/app.php?fm=true&path=/proc/2282620/net" "Mozilla/5.0 AppleWebKit/537.36 (KHTML, like Gecko; compatible; GPTBot/1.3; +https://openai.com/gptbot)"
74.7.227.145 - - [06/Mar/2026:13:12:45 +0000] "GET /app.php?edit=arp&fm=true&path=/proc/2282620/net/ HTTP/1.1" 200 9183 "http://investmentconsultancy.investments.serveredgehosting.com/app.php?fm=true&path=/proc/2282620/net" "Mozilla/5.0 AppleWebKit/537.36 (KHTML, like Gecko; compatible; GPTBot/1.3; +https://openai.com/gptbot)"
74.7.227.145 - - [06/Mar/2026:13:12:46 +0000] "GET /app.php?fm=true&path=/proc/2282620/net/&rename=netstat HTTP/1.1" 200 8798 "http://investmentconsultancy.investments.serveredgehosting.com/app.php?fm=true&path=/proc/2282620/net" "Mozilla/5.0 AppleWebKit/537.36 (KHTML, like Gecko; compatible; GPTBot/1.3; +https://openai.com/gptbot)"
54.210.152.179 - - [06/Mar/2026:13:12:46 +0000] "GET /app.php/cron/clientarea.php?fm=true&path=/home/servydhq/public_html/wp-admin/js/&rights=revisions.js HTTP/1.1" 200 8827 "-" "Mozilla/5.0 AppleWebKit/537.36 (KHTML, like Gecko; compatible; Amazonbot/0.1; +https://developer.amazon.com/support/amazonbot) Chrome/119.0.6045.214 Safari/537.36"
74.7.227.145 - - [06/Mar/2026:13:12:47 +0000] "GET /app.php?fm=true&path=/proc/2282620/net/&rename=ipv6_route HTTP/1.1" 200 8801 "http://investmentconsultancy.investments.serveredgehosting.com/app.php?fm=true&path=/proc/2282620/net" "Mozilla/5.0 AppleWebKit/537.36 (KHTML, like Gecko; compatible; GPTBot/1.3; +https://openai.com/gptbot)"
74.7.227.145 - - [06/Mar/2026:13:12:48 +0000] "GET /app.php?fm=true&path=/proc/2282620/net/&rights=ip_mr_vif HTTP/1.1" 200 8809 "http://investmentconsultancy.investments.serveredgehosting.com/app.php?fm=true&path=/proc/2282620/net" "Mozilla/5.0 AppleWebKit/537.36 (KHTML, like Gecko; compatible; GPTBot/1.3; +https://openai.com/gptbot)"
74.7.227.145 - - [06/Mar/2026:13:12:49 +0000] "GET /app.php?fm=true&path=/proc/2282620/net/&rights=rt_cache HTTP/1.1" 200 8807 "http://investmentconsultancy.investments.serveredgehosting.com/app.php?fm=true&path=/proc/2282620/net" "Mozilla/5.0 AppleWebKit/537.36 (KHTML, like Gecko; compatible; GPTBot/1.3; +https://openai.com/gptbot)"
54.225.81.20 - - [06/Mar/2026:13:12:50 +0000] "GET /app.php/cron/clientarea.php?fm=true&path=/etc/&rename=libssh HTTP/1.1" 200 8785 "-" "Mozilla/5.0 AppleWebKit/537.36 (KHTML, like Gecko; compatible; Amazonbot/0.1; +https://developer.amazon.com/support/amazonbot) Chrome/119.0.6045.214 Safari/537.36"
74.7.227.145 - - [06/Mar/2026:13:12:51 +0000] "GET /app.php?edit=icmp&fm=true&path=/proc/2282620/net/ HTTP/1.1" 200 9184 "http://investmentconsultancy.investments.serveredgehosting.com/app.php?fm=true&path=/proc/2282620/net" "Mozilla/5.0 AppleWebKit/537.36 (KHTML, like Gecko; compatible; GPTBot/1.3; +https://openai.com/gptbot)"
74.7.227.145 - - [06/Mar/2026:13:12:52 +0000] "GET /app.php?fm=true&path=/proc/2282620/net/&rename=if_inet6 HTTP/1.1" 200 8799 "http://investmentconsultancy.investments.serveredgehosting.com/app.php?fm=true&path=/proc/2282620/net" "Mozilla/5.0 AppleWebKit/537.36 (KHTML, like Gecko; compatible; GPTBot/1.3; +https://openai.com/gptbot)"
74.7.227.145 - - [06/Mar/2026:13:12:53 +0000] "GET /app.php?fm=true&path=/proc/2282620/net/&rights=nf_conntrack HTTP/1.1" 200 8812 "http://investmentconsultancy.investments.serveredgehosting.com/app.php?fm=true&path=/proc/2282620/net" "Mozilla/5.0 AppleWebKit/537.36 (KHTML, like Gecko; compatible; GPTBot/1.3; +https://openai.com/gptbot)"
74.7.227.145 - - [06/Mar/2026:13:12:54 +0000] "GET /app.php?fm=true&path=/proc/2282620/net/&rights=anycast6 HTTP/1.1" 200 8807 "http://investmentconsultancy.investments.serveredgehosting.com/app.php?fm=true&path=/proc/2282620/net" "Mozilla/5.0 AppleWebKit/537.36 (KHTML, like Gecko; compatible; GPTBot/1.3; +https://openai.com/gptbot)"
3.213.85.234 - - [06/Mar/2026:13:12:54 +0000] "GET /app.php?fm=true&path=/usr/sbin/&rights=iptables-restore-translate HTTP/1.1" 200 8812 "-" "Mozilla/5.0 AppleWebKit/537.36 (KHTML, like Gecko; compatible; Amazonbot/0.1; +https://developer.amazon.com/support/amazonbot) Chrome/119.0.6045.214 Safari/537.36"
74.7.227.145 - - [06/Mar/2026:13:12:55 +0000] "GET /app.php?fm=true&path=/proc/2282620/net/&rights=udplite6 HTTP/1.1" 200 8807 "http://investmentconsultancy.investments.serveredgehosting.com/app.php?fm=true&path=/proc/2282620/net" "Mozilla/5.0 AppleWebKit/537.36 (KHTML, like Gecko; compatible; GPTBot/1.3; +https://openai.com/gptbot)"
74.7.227.145 - - [06/Mar/2026:13:12:57 +0000] "GET /app.php?edit=igmp&fm=true&path=/proc/2282620/net/ HTTP/1.1" 200 9186 "http://investmentconsultancy.investments.serveredgehosting.com/app.php?fm=true&path=/proc/2282620/net" "Mozilla/5.0 AppleWebKit/537.36 (KHTML, like Gecko; compatible; GPTBot/1.3; +https://openai.com/gptbot)"
74.7.227.145 - - [06/Mar/2026:13:12:58 +0000] "GET /app.php?edit=snmp&fm=true&path=/proc/2282620/net/ HTTP/1.1" 200 9774 "http://investmentconsultancy.investments.serveredgehosting.com/app.php?fm=true&path=/proc/2282620/net" "Mozilla/5.0 AppleWebKit/537.36 (KHTML, like Gecko; compatible; GPTBot/1.3; +https://openai.com/gptbot)"
3.213.46.222 - - [06/Mar/2026:13:12:58 +0000] "GET /app.php/cron/clientarea.php?fm=true&path=/usr/bin/&rename=xsltproc HTTP/1.1" 200 8790 "-" "Mozilla/5.0 AppleWebKit/537.36 (KHTML, like Gecko; compatible; Amazonbot/0.1; +https://developer.amazon.com/support/amazonbot) Chrome/119.0.6045.214 Safari/537.36"
74.7.227.145 - - [06/Mar/2026:13:12:59 +0000] "GET /app.php?fm=true&path=/proc/2282620/net/&rename=tls_stat HTTP/1.1" 200 8800 "http://investmentconsultancy.investments.serveredgehosting.com/app.php?fm=true&path=/proc/2282620/net" "Mozilla/5.0 AppleWebKit/537.36 (KHTML, like Gecko; compatible; GPTBot/1.3; +https://openai.com/gptbot)"
74.7.227.145 - - [06/Mar/2026:13:13:00 +0000] "GET /app.php?edit=udp&fm=true&path=/proc/2282620/net/ HTTP/1.1" 200 9482 "http://investmentconsultancy.investments.serveredgehosting.com/app.php?fm=true&path=/proc/2282620/net" "Mozilla/5.0 AppleWebKit/537.36 (KHTML, like Gecko; compatible; GPTBot/1.3; +https://openai.com/gptbot)"
74.7.227.145 - - [06/Mar/2026:13:13:01 +0000] "GET /app.php?fm=true&path=/proc/2285505/&rename=net HTTP/1.1" 200 8790 "http://investmentconsultancy.investments.serveredgehosting.com/app.php?fm=true&path=/proc/2285505" "Mozilla/5.0 AppleWebKit/537.36 (KHTML, like Gecko; compatible; GPTBot/1.3; +https://openai.com/gptbot)"
54.204.12.115 - - [06/Mar/2026:13:13:02 +0000] "GET /app.php/app.php?fm=true&path=/home/servydhq/public_html/app/wp-includes/&rename=class-wp-locale-switcher.php HTTP/1.1" 200 8830 "-" "Mozilla/5.0 AppleWebKit/537.36 (KHTML, like Gecko; compatible; Amazonbot/0.1; +https://developer.amazon.com/support/amazonbot) Chrome/119.0.6045.214 Safari/537.36"
74.7.227.145 - - [06/Mar/2026:13:13:03 +0000] "GET /app.php?fm=true&path=/proc/2282620/net/&rights=netstat HTTP/1.1" 200 8806 "http://investmentconsultancy.investments.serveredgehosting.com/app.php?fm=true&path=/proc/2282620/net" "Mozilla/5.0 AppleWebKit/537.36 (KHTML, like Gecko; compatible; GPTBot/1.3; +https://openai.com/gptbot)"
74.7.227.145 - - [06/Mar/2026:13:13:04 +0000] "GET /app.php?edit=raw&fm=true&path=/proc/2282620/net/ HTTP/1.1" 200 9179 "http://investmentconsultancy.investments.serveredgehosting.com/app.php?fm=true&path=/proc/2282620/net" "Mozilla/5.0 AppleWebKit/537.36 (KHTML, like Gecko; compatible; GPTBot/1.3; +https://openai.com/gptbot)"
74.7.227.145 - - [06/Mar/2026:13:13:05 +0000] "GET /app.php?fm=true&path=/proc/2282620/net/&rights=rt_acct HTTP/1.1" 200 8807 "http://investmentconsultancy.investments.serveredgehosting.com/app.php?fm=true&path=/proc/2282620/net" "Mozilla/5.0 AppleWebKit/537.36 (KHTML, like Gecko; compatible; GPTBot/1.3; +https://openai.com/gptbot)"
74.7.227.145 - - [06/Mar/2026:13:13:06 +0000] "GET /app.php?fm=true&path=/proc/2282620/net/&rights=dev_snmp6 HTTP/1.1" 200 8837 "http://investmentconsultancy.investments.serveredgehosting.com/app.php?fm=true&path=/proc/2282620/net" "Mozilla/5.0 AppleWebKit/537.36 (KHTML, like Gecko; compatible; GPTBot/1.3; +https://openai.com/gptbot)"
3.213.106.226 - - [06/Mar/2026:13:13:06 +0000] "GET /app.php/feed/app.php?gz=L3Byb2MvNTUwODYw HTTP/1.1" 200 6668 "-" "Mozilla/5.0 AppleWebKit/537.36 (KHTML, like Gecko; compatible; Amazonbot/0.1; +https://developer.amazon.com/support/amazonbot) Chrome/119.0.6045.214 Safari/537.36"
74.7.227.145 - - [06/Mar/2026:13:13:07 +0000] "GET /app.php?fm=true&path=/proc/2282620/net/&rights=if_inet6 HTTP/1.1" 200 8807 "http://investmentconsultancy.investments.serveredgehosting.com/app.php?fm=true&path=/proc/2282620/net" "Mozilla/5.0 AppleWebKit/537.36 (KHTML, like Gecko; compatible; GPTBot/1.3; +https://openai.com/gptbot)"
74.7.227.145 - - [06/Mar/2026:13:13:09 +0000] "GET /app.php?fm=true&path=/proc/2282620/net/&rename=udplite6 HTTP/1.1" 200 8799 "http://investmentconsultancy.investments.serveredgehosting.com/app.php?fm=true&path=/proc/2282620/net" "Mozilla/5.0 AppleWebKit/537.36 (KHTML, like Gecko; compatible; GPTBot/1.3; +https://openai.com/gptbot)"
74.7.227.145 - - [06/Mar/2026:13:13:10 +0000] "GET /app.php?fm=true&path=/proc/2282620/net/&rename=netlink HTTP/1.1" 200 8798 "http://investmentconsultancy.investments.serveredgehosting.com/app.php?fm=true&path=/proc/2282620/net" "Mozilla/5.0 AppleWebKit/537.36 (KHTML, like Gecko; compatible; GPTBot/1.3; +https://openai.com/gptbot)"
44.210.204.255 - - [06/Mar/2026:13:13:10 +0000] "GET /app.php/cron/clientarea.php?fm=true&path=/run/&rename=libcare.sock HTTP/1.1" 200 8790 "-" "Mozilla/5.0 AppleWebKit/537.36 (KHTML, like Gecko; compatible; Amazonbot/0.1; +https://developer.amazon.com/support/amazonbot) Chrome/119.0.6045.214 Safari/537.36"
74.7.227.145 - - [06/Mar/2026:13:13:11 +0000] "GET /app.php?edit=dev_mcast&fm=true&path=/proc/2282620/net/ HTTP/1.1" 200 9145 "http://investmentconsultancy.investments.serveredgehosting.com/app.php?fm=true&path=/proc/2282620/net" "Mozilla/5.0 AppleWebKit/537.36 (KHTML, like Gecko; compatible; GPTBot/1.3; +https://openai.com/gptbot)"
74.7.227.145 - - [06/Mar/2026:13:13:12 +0000] "GET /app.php?edit=ipv6_route&fm=true&path=/proc/2282620/net/ HTTP/1.1" 200 9232 "http://investmentconsultancy.investments.serveredgehosting.com/app.php?fm=true&path=/proc/2282620/net" "Mozilla/5.0 AppleWebKit/537.36 (KHTML, like Gecko; compatible; GPTBot/1.3; +https://openai.com/gptbot)"
74.7.227.145 - - [06/Mar/2026:13:13:13 +0000] "GET /app.php?fm=true&path=/proc/2282620/net/&rename=connector HTTP/1.1" 200 8800 "http://investmentconsultancy.investments.serveredgehosting.com/app.php?fm=true&path=/proc/2282620/net" "Mozilla/5.0 AppleWebKit/537.36 (KHTML, like Gecko; compatible; GPTBot/1.3; +https://openai.com/gptbot)"
54.87.95.7 - - [06/Mar/2026:13:13:14 +0000] "GET /app.php/feed/?fm=true&path=/etc/&rename=eximmailtrap HTTP/1.1" 200 8790 "-" "Mozilla/5.0 AppleWebKit/537.36 (KHTML, like Gecko; compatible; Amazonbot/0.1; +https://developer.amazon.com/support/amazonbot) Chrome/119.0.6045.214 Safari/537.36"
74.7.227.145 - - [06/Mar/2026:13:13:15 +0000] "GET /app.php?fm=true&path=/proc/2282620/net/&rename=raw6 HTTP/1.1" 200 8796 "http://investmentconsultancy.investments.serveredgehosting.com/app.php?fm=true&path=/proc/2282620/net" "Mozilla/5.0 AppleWebKit/537.36 (KHTML, like Gecko; compatible; GPTBot/1.3; +https://openai.com/gptbot)"
74.7.227.145 - - [06/Mar/2026:13:13:16 +0000] "GET /app.php?fm=true&path=/proc/2282620/net/&rename=udp6 HTTP/1.1" 200 8796 "http://investmentconsultancy.investments.serveredgehosting.com/app.php?fm=true&path=/proc/2282620/net" "Mozilla/5.0 AppleWebKit/537.36 (KHTML, like Gecko; compatible; GPTBot/1.3; +https://openai.com/gptbot)"
74.7.227.145 - - [06/Mar/2026:13:13:17 +0000] "GET /app.php?edit=rt_cache&fm=true&path=/proc/2282620/net/ HTTP/1.1" 200 9188 "http://investmentconsultancy.investments.serveredgehosting.com/app.php?fm=true&path=/proc/2282620/net" "Mozilla/5.0 AppleWebKit/537.36 (KHTML, like Gecko; compatible; GPTBot/1.3; +https://openai.com/gptbot)"
74.7.227.145 - - [06/Mar/2026:13:13:18 +0000] "GET /app.php?edit=sockstat&fm=true&path=/proc/2282620/net/ HTTP/1.1" 200 9188 "http://investmentconsultancy.investments.serveredgehosting.com/app.php?fm=true&path=/proc/2282620/net" "Mozilla/5.0 AppleWebKit/537.36 (KHTML, like Gecko; compatible; GPTBot/1.3; +https://openai.com/gptbot)"
3.230.69.161 - - [06/Mar/2026:13:13:18 +0000] "GET /app.php/feed/?gz=L3J1bg%3D%3D HTTP/1.1" 200 6668 "-" "Mozilla/5.0 AppleWebKit/537.36 (KHTML, like Gecko; compatible; Amazonbot/0.1; +https://developer.amazon.com/support/amazonbot) Chrome/119.0.6045.214 Safari/537.36"
74.7.227.145 - - [06/Mar/2026:13:13:19 +0000] "GET /app.php?fm=true&path=/proc/2282620/net/&rights=packet HTTP/1.1" 200 8806 "http://investmentconsultancy.investments.serveredgehosting.com/app.php?fm=true&path=/proc/2282620/net" "Mozilla/5.0 AppleWebKit/537.36 (KHTML, like Gecko; compatible; GPTBot/1.3; +https://openai.com/gptbot)"
74.7.227.145 - - [06/Mar/2026:13:13:20 +0000] "GET /app.php?fm=true&path=/proc/2285847/&rename=net HTTP/1.1" 200 8791 "http://investmentconsultancy.investments.serveredgehosting.com/app.php?fm=true&path=/proc/2285847" "Mozilla/5.0 AppleWebKit/537.36 (KHTML, like Gecko; compatible; GPTBot/1.3; +https://openai.com/gptbot)"
74.7.227.145 - - [06/Mar/2026:13:13:22 +0000] "GET /app.php?fm=true&path=/proc/2282620/net/&rename=netfilter HTTP/1.1" 200 8799 "http://investmentconsultancy.investments.serveredgehosting.com/app.php?fm=true&path=/proc/2282620/net" "Mozilla/5.0 AppleWebKit/537.36 (KHTML, like Gecko; compatible; GPTBot/1.3; +https://openai.com/gptbot)"
34.231.181.240 - - [06/Mar/2026:13:13:22 +0000] "GET /app.php/feed/?fm=true&path=/usr/bin/&rename=convert HTTP/1.1" 200 8789 "-" "Mozilla/5.0 AppleWebKit/537.36 (KHTML, like Gecko; compatible; Amazonbot/0.1; +https://developer.amazon.com/support/amazonbot) Chrome/119.0.6045.214 Safari/537.36"
74.7.227.145 - - [06/Mar/2026:13:13:23 +0000] "GET /app.php?fm=true&path=/proc/2282620/net/&rename=protocols HTTP/1.1" 200 8798 "http://investmentconsultancy.investments.serveredgehosting.com/app.php?fm=true&path=/proc/2282620/net" "Mozilla/5.0 AppleWebKit/537.36 (KHTML, like Gecko; compatible; GPTBot/1.3; +https://openai.com/gptbot)"
74.7.227.145 - - [06/Mar/2026:13:13:24 +0000] "GET /app.php?edit=ip6_mr_vif&fm=true&path=/proc/2282620/net/ HTTP/1.1" 200 9139 "http://investmentconsultancy.investments.serveredgehosting.com/app.php?fm=true&path=/proc/2282620/net" "Mozilla/5.0 AppleWebKit/537.36 (KHTML, like Gecko; compatible; GPTBot/1.3; +https://openai.com/gptbot)"
74.7.227.145 - - [06/Mar/2026:13:13:25 +0000] "GET /app.php?edit=udplite6&fm=true&path=/proc/2282620/net/ HTTP/1.1" 200 9187 "http://investmentconsultancy.investments.serveredgehosting.com/app.php?fm=true&path=/proc/2282620/net" "Mozilla/5.0 AppleWebKit/537.36 (KHTML, like Gecko; compatible; GPTBot/1.3; +https://openai.com/gptbot)"
52.44.148.203 - - [06/Mar/2026:13:13:26 +0000] "GET /app.php/cron/clientarea.php?fm=true&path=/home/servydhq/public_html/wp-includes/&rename=date.php HTTP/1.1" 200 8813 "-" "Mozilla/5.0 AppleWebKit/537.36 (KHTML, like Gecko; compatible; Amazonbot/0.1; +https://developer.amazon.com/support/amazonbot) Chrome/119.0.6045.214 Safari/537.36"
74.7.227.145 - - [06/Mar/2026:13:13:26 +0000] "GET /app.php?fm=true&path=/proc/2282620/net/&rights=softnet_stat HTTP/1.1" 200 8810 "http://investmentconsultancy.investments.serveredgehosting.com/app.php?fm=true&path=/proc/2282620/net" "Mozilla/5.0 AppleWebKit/537.36 (KHTML, like Gecko; compatible; GPTBot/1.3; +https://openai.com/gptbot)"
74.7.227.145 - - [06/Mar/2026:13:13:28 +0000] "GET /app.php?fm=true&path=/proc/2282620/net/&rename=rt6_stats HTTP/1.1" 200 8800 "http://investmentconsultancy.investments.serveredgehosting.com/app.php?fm=true&path=/proc/2282620/net" "Mozilla/5.0 AppleWebKit/537.36 (KHTML, like Gecko; compatible; GPTBot/1.3; +https://openai.com/gptbot)"
74.7.227.145 - - [06/Mar/2026:13:13:29 +0000] "GET /app.php?edit=ip_mr_vif&fm=true&path=/proc/2282620/net/ HTTP/1.1" 200 9150 "http://investmentconsultancy.investments.serveredgehosting.com/app.php?fm=true&path=/proc/2282620/net" "Mozilla/5.0 AppleWebKit/537.36 (KHTML, like Gecko; compatible; GPTBot/1.3; +https://openai.com/gptbot)"
74.7.227.145 - - [06/Mar/2026:13:13:30 +0000] "GET /app.php?fm=true&path=/proc/2282620/net/&rename=ip_tables_names HTTP/1.1" 200 8801 "http://investmentconsultancy.investments.serveredgehosting.com/app.php?fm=true&path=/proc/2282620/net" "Mozilla/5.0 AppleWebKit/537.36 (KHTML, like Gecko; compatible; GPTBot/1.3; +https://openai.com/gptbot)"
3.227.180.70 - - [06/Mar/2026:13:13:30 +0000] "GET /app.php/?fm=true&path=/proc/&rights=kpageflags HTTP/1.1" 200 8796 "-" "Mozilla/5.0 AppleWebKit/537.36 (KHTML, like Gecko; compatible; Amazonbot/0.1; +https://developer.amazon.com/support/amazonbot) Chrome/119.0.6045.214 Safari/537.36"
74.7.227.145 - - [06/Mar/2026:13:13:31 +0000] "GET /app.php?fm=true&path=/proc/2282620/net/&rename=ip_mr_vif HTTP/1.1" 200 8801 "http://investmentconsultancy.investments.serveredgehosting.com/app.php?fm=true&path=/proc/2282620/net" "Mozilla/5.0 AppleWebKit/537.36 (KHTML, like Gecko; compatible; GPTBot/1.3; +https://openai.com/gptbot)"
74.7.227.145 - - [06/Mar/2026:13:13:32 +0000] "GET /app.php?edit=ip_mr_cache&fm=true&path=/proc/2282620/net/ HTTP/1.1" 200 9144 "http://investmentconsultancy.investments.serveredgehosting.com/app.php?fm=true&path=/proc/2282620/net" "Mozilla/5.0 AppleWebKit/537.36 (KHTML, like Gecko; compatible; GPTBot/1.3; +https://openai.com/gptbot)"
74.7.227.145 - - [06/Mar/2026:13:13:34 +0000] "GET /app.php?fm=true&path=/proc/2282620/net/&rename=fib_triestat HTTP/1.1" 200 8803 "http://investmentconsultancy.investments.serveredgehosting.com/app.php?fm=true&path=/proc/2282620/net" "Mozilla/5.0 AppleWebKit/537.36 (KHTML, like Gecko; compatible; GPTBot/1.3; +https://openai.com/gptbot)"
52.45.92.83 - - [06/Mar/2026:13:13:34 +0000] "GET /app.php/feed?gz=L3Byb2MvODY%3D HTTP/1.1" 200 6668 "-" "Mozilla/5.0 AppleWebKit/537.36 (KHTML, like Gecko; compatible; Amazonbot/0.1; +https://developer.amazon.com/support/amazonbot) Chrome/119.0.6045.214 Safari/537.36"
74.7.227.145 - - [06/Mar/2026:13:13:35 +0000] "GET /app.php?fm=true&path=/proc/2282620/net/&rights=raw6 HTTP/1.1" 200 8804 "http://investmentconsultancy.investments.serveredgehosting.com/app.php?fm=true&path=/proc/2282620/net" "Mozilla/5.0 AppleWebKit/537.36 (KHTML, like Gecko; compatible; GPTBot/1.3; +https://openai.com/gptbot)"
74.7.227.145 - - [06/Mar/2026:13:13:36 +0000] "GET /app.php?fm=true&path=/proc/2282620/net/&rights=udp6 HTTP/1.1" 200 8804 "http://investmentconsultancy.investments.serveredgehosting.com/app.php?fm=true&path=/proc/2282620/net" "Mozilla/5.0 AppleWebKit/537.36 (KHTML, like Gecko; compatible; GPTBot/1.3; +https://openai.com/gptbot)"
74.7.227.145 - - [06/Mar/2026:13:13:37 +0000] "GET /app.php?edit=ip_tables_targets&fm=true&path=/proc/2282620/net/ HTTP/1.1" 200 9109 "http://investmentconsultancy.investments.serveredgehosting.com/app.php?fm=true&path=/proc/2282620/net" "Mozilla/5.0 AppleWebKit/537.36 (KHTML, like Gecko; compatible; GPTBot/1.3; +https://openai.com/gptbot)"
3.208.146.193 - - [06/Mar/2026:13:13:38 +0000] "GET /app.php/app.php?fm=true&path=/run/mount HTTP/1.1" 200 9484 "-" "Mozilla/5.0 AppleWebKit/537.36 (KHTML, like Gecko; compatible; Amazonbot/0.1; +https://developer.amazon.com/support/amazonbot) Chrome/119.0.6045.214 Safari/537.36"
74.7.227.145 - - [06/Mar/2026:13:13:38 +0000] "GET /app.php?fm=true&path=/proc/2282620/net/&rights=sockstat HTTP/1.1" 200 8807 "http://investmentconsultancy.investments.serveredgehosting.com/app.php?fm=true&path=/proc/2282620/net" "Mozilla/5.0 AppleWebKit/537.36 (KHTML, like Gecko; compatible; GPTBot/1.3; +https://openai.com/gptbot)"
74.7.227.145 - - [06/Mar/2026:13:13:40 +0000] "GET /app.php?edit=fib_triestat&fm=true&path=/proc/2282620/net/ HTTP/1.1" 200 9357 "http://investmentconsultancy.investments.serveredgehosting.com/app.php?fm=true&path=/proc/2282620/net" "Mozilla/5.0 AppleWebKit/537.36 (KHTML, like Gecko; compatible; GPTBot/1.3; +https://openai.com/gptbot)"
74.7.227.145 - - [06/Mar/2026:13:13:41 +0000] "GET /app.php?fm=true&path=/proc/2282620/net/&rights=fib_triestat HTTP/1.1" 200 8811 "http://investmentconsultancy.investments.serveredgehosting.com/app.php?fm=true&path=/proc/2282620/net" "Mozilla/5.0 AppleWebKit/537.36 (KHTML, like Gecko; compatible; GPTBot/1.3; +https://openai.com/gptbot)"
74.7.227.145 - - [06/Mar/2026:13:13:42 +0000] "GET /app.php?fm=true&path=/proc/2282620/net/&rename=ip6_mr_vif HTTP/1.1" 200 8802 "http://investmentconsultancy.investments.serveredgehosting.com/app.php?fm=true&path=/proc/2282620/net" "Mozilla/5.0 AppleWebKit/537.36 (KHTML, like Gecko; compatible; GPTBot/1.3; +https://openai.com/gptbot)"
35.171.141.42 - - [06/Mar/2026:13:13:42 +0000] "GET /app.php/3D%22https:/bark-static.s3.eu-west-1.amazonaws.com/app.php?fm=true&path=/home/servydhq/investmentconsultancy.investments/&rights=0f-03-02.tar HTTP/1.1" 200 8815 "-" "Mozilla/5.0 AppleWebKit/537.36 (KHTML, like Gecko; compatible; Amazonbot/0.1; +https://developer.amazon.com/support/amazonbot) Chrome/119.0.6045.214 Safari/537.36"
74.7.227.145 - - [06/Mar/2026:13:13:43 +0000] "GET /app.php?edit=udp6&fm=true&path=/proc/2282620/net/ HTTP/1.1" 200 9388 "http://investmentconsultancy.investments.serveredgehosting.com/app.php?fm=true&path=/proc/2282620/net" "Mozilla/5.0 AppleWebKit/537.36 (KHTML, like Gecko; compatible; GPTBot/1.3; +https://openai.com/gptbot)"
74.7.227.145 - - [06/Mar/2026:13:13:44 +0000] "GET /app.php?edit=ip_tables_matches&fm=true&path=/proc/2282620/net/ HTTP/1.1" 200 9108 "http://investmentconsultancy.investments.serveredgehosting.com/app.php?fm=true&path=/proc/2282620/net" "Mozilla/5.0 AppleWebKit/537.36 (KHTML, like Gecko; compatible; GPTBot/1.3; +https://openai.com/gptbot)"
74.7.227.145 - - [06/Mar/2026:13:13:46 +0000] "GET /app.php?edit=ip_tables_names&fm=true&path=/proc/2282620/net/ HTTP/1.1" 200 9108 "http://investmentconsultancy.investments.serveredgehosting.com/app.php?fm=true&path=/proc/2282620/net" "Mozilla/5.0 AppleWebKit/537.36 (KHTML, like Gecko; compatible; GPTBot/1.3; +https://openai.com/gptbot)"
18.233.24.238 - - [06/Mar/2026:13:13:46 +0000] "GET /app.php/feed/app.php?fm=true&path=/usr/bin/&rename=cmsutil HTTP/1.1" 200 8789 "-" "Mozilla/5.0 AppleWebKit/537.36 (KHTML, like Gecko; compatible; Amazonbot/0.1; +https://developer.amazon.com/support/amazonbot) Chrome/119.0.6045.214 Safari/537.36"
74.7.227.145 - - [06/Mar/2026:13:13:47 +0000] "GET /app.php?fm=true&path=/proc/2282620/net/&rights=ip_tables_names HTTP/1.1" 200 8811 "http://investmentconsultancy.investments.serveredgehosting.com/app.php?fm=true&path=/proc/2282620/net" "Mozilla/5.0 AppleWebKit/537.36 (KHTML, like Gecko; compatible; GPTBot/1.3; +https://openai.com/gptbot)"
74.7.227.145 - - [06/Mar/2026:13:13:48 +0000] "GET /app.php?fm=true&path=/proc/2282620/net/&rights=ip_mr_cache HTTP/1.1" 200 8810 "http://investmentconsultancy.investments.serveredgehosting.com/app.php?fm=true&path=/proc/2282620/net" "Mozilla/5.0 AppleWebKit/537.36 (KHTML, like Gecko; compatible; GPTBot/1.3; +https://openai.com/gptbot)"
74.7.227.145 - - [06/Mar/2026:13:13:49 +0000] "GET /app.php?fm=true&path=/proc/2282620/net/&rights=xfrm_stat HTTP/1.1" 200 8808 "http://investmentconsultancy.investments.serveredgehosting.com/app.php?fm=true&path=/proc/2282620/net" "Mozilla/5.0 AppleWebKit/537.36 (KHTML, like Gecko; compatible; GPTBot/1.3; +https://openai.com/gptbot)"
3.223.134.5 - - [06/Mar/2026:13:13:50 +0000] "GET /app.php/cron/clientarea.php?fm=true&path=/opt/&rights=cpanel HTTP/1.1" 200 8823 "-" "Mozilla/5.0 AppleWebKit/537.36 (KHTML, like Gecko; compatible; Amazonbot/0.1; +https://developer.amazon.com/support/amazonbot) Chrome/119.0.6045.214 Safari/537.36"
74.7.227.145 - - [06/Mar/2026:13:13:50 +0000] "GET /app.php?edit=nf_conntrack&fm=true&path=/proc/2282620/net/ HTTP/1.1" 200 9107 "http://investmentconsultancy.investments.serveredgehosting.com/app.php?fm=true&path=/proc/2282620/net" "Mozilla/5.0 AppleWebKit/537.36 (KHTML, like Gecko; compatible; GPTBot/1.3; +https://openai.com/gptbot)"
74.7.227.145 - - [06/Mar/2026:13:13:52 +0000] "GET /app.php?edit=nf_conntrack_expect&fm=true&path=/proc/2282620/net/ HTTP/1.1" 200 9114 "http://investmentconsultancy.investments.serveredgehosting.com/app.php?fm=true&path=/proc/2282620/net" "Mozilla/5.0 AppleWebKit/537.36 (KHTML, like Gecko; compatible; GPTBot/1.3; +https://openai.com/gptbot)"
74.7.227.145 - - [06/Mar/2026:13:13:53 +0000] "GET /app.php?fm=true&path=/proc/2282620/net/&rename=ip_tables_matches HTTP/1.1" 200 8803 "http://investmentconsultancy.investments.serveredgehosting.com/app.php?fm=true&path=/proc/2282620/net" "Mozilla/5.0 AppleWebKit/537.36 (KHTML, like Gecko; compatible; GPTBot/1.3; +https://openai.com/gptbot)"
74.7.227.145 - - [06/Mar/2026:13:13:54 +0000] "GET /app.php?edit=unix&fm=true&path=/proc/2282620/net/ HTTP/1.1" 200 12522 "http://investmentconsultancy.investments.serveredgehosting.com/app.php?fm=true&path=/proc/2282620/net" "Mozilla/5.0 AppleWebKit/537.36 (KHTML, like Gecko; compatible; GPTBot/1.3; +https://openai.com/gptbot)"
3.81.253.213 - - [06/Mar/2026:13:13:54 +0000] "GET /app.php/feed/?fm=true&path=/run/pure-ftpd HTTP/1.1" 200 7617 "-" "Mozilla/5.0 AppleWebKit/537.36 (KHTML, like Gecko; compatible; Amazonbot/0.1; +https://developer.amazon.com/support/amazonbot) Chrome/119.0.6045.214 Safari/537.36"
74.7.227.145 - - [06/Mar/2026:13:13:55 +0000] "GET /app.php?fm=true&path=/proc/2282620/net/netfilter HTTP/1.1" 200 9785 "http://investmentconsultancy.investments.serveredgehosting.com/app.php?fm=true&path=/proc/2282620/net" "Mozilla/5.0 AppleWebKit/537.36 (KHTML, like Gecko; compatible; GPTBot/1.3; +https://openai.com/gptbot)"
74.7.227.145 - - [06/Mar/2026:13:13:56 +0000] "GET /app.php?fm=true&path=/proc/2282620/net/&rights=ip_tables_matches HTTP/1.1" 200 8813 "http://investmentconsultancy.investments.serveredgehosting.com/app.php?fm=true&path=/proc/2282620/net" "Mozilla/5.0 AppleWebKit/537.36 (KHTML, like Gecko; compatible; GPTBot/1.3; +https://openai.com/gptbot)"
74.7.227.145 - - [06/Mar/2026:13:13:58 +0000] "GET /app.php?edit=raw6&fm=true&path=/proc/2282620/net/ HTTP/1.1" 200 9185 "http://investmentconsultancy.investments.serveredgehosting.com/app.php?fm=true&path=/proc/2282620/net" "Mozilla/5.0 AppleWebKit/537.36 (KHTML, like Gecko; compatible; GPTBot/1.3; +https://openai.com/gptbot)"
100.27.153.9 - - [06/Mar/2026:13:13:59 +0000] "GET /app.php/feed/?fm=true&path=/run/&rename=agetty.reload HTTP/1.1" 200 8791 "-" "Mozilla/5.0 AppleWebKit/537.36 (KHTML, like Gecko; compatible; Amazonbot/0.1; +https://developer.amazon.com/support/amazonbot) Chrome/119.0.6045.214 Safari/537.36"
