74.7.227.145 - - [06/Mar/2026:13:18:38 +0000] "GET /app.php?edit=dev_mcast&fm=true&path=/proc/2285505/net/ HTTP/1.1" 200 9145 "http://investmentconsultancy.investments.serveredgehosting.com/app.php?fm=true&path=/proc/2285505/net" "Mozilla/5.0 AppleWebKit/537.36 (KHTML, like Gecko; compatible; GPTBot/1.3; +https://openai.com/gptbot)"
98.84.131.195 - - [06/Mar/2026:13:18:38 +0000] "GET /app.php/cron/clientarea.php?fm=true&path=/usr/lib64/&rename=libpcp_web.so.1 HTTP/1.1" 200 8800 "-" "Mozilla/5.0 AppleWebKit/537.36 (KHTML, like Gecko; compatible; Amazonbot/0.1; +https://developer.amazon.com/support/amazonbot) Chrome/119.0.6045.214 Safari/537.36"
74.7.227.145 - - [06/Mar/2026:13:18:39 +0000] "GET /app.php?fm=true&path=/proc/2285505/net/&rights=packet HTTP/1.1" 200 8805 "http://investmentconsultancy.investments.serveredgehosting.com/app.php?fm=true&path=/proc/2285505/net" "Mozilla/5.0 AppleWebKit/537.36 (KHTML, like Gecko; compatible; GPTBot/1.3; +https://openai.com/gptbot)"
74.7.227.145 - - [06/Mar/2026:13:18:40 +0000] "GET /app.php?fm=true&path=/proc/2285505/net/&rights=udplite6 HTTP/1.1" 200 8807 "http://investmentconsultancy.investments.serveredgehosting.com/app.php?fm=true&path=/proc/2285505/net" "Mozilla/5.0 AppleWebKit/537.36 (KHTML, like Gecko; compatible; GPTBot/1.3; +https://openai.com/gptbot)"
74.7.227.145 - - [06/Mar/2026:13:18:41 +0000] "GET /app.php?fm=true&path=/proc/2285505/net/&rights=anycast6 HTTP/1.1" 200 8807 "http://investmentconsultancy.investments.serveredgehosting.com/app.php?fm=true&path=/proc/2285505/net" "Mozilla/5.0 AppleWebKit/537.36 (KHTML, like Gecko; compatible; GPTBot/1.3; +https://openai.com/gptbot)"
44.193.102.198 - - [06/Mar/2026:13:18:42 +0000] "GET /app.php/cron/wp-admin/clientarea.php?fm=true&path=/usr/local/cpanel/scripts/&rights=cpanel_initial_install HTTP/1.1" 200 8818 "-" "Mozilla/5.0 AppleWebKit/537.36 (KHTML, like Gecko; compatible; Amazonbot/0.1; +https://developer.amazon.com/support/amazonbot) Chrome/119.0.6045.214 Safari/537.36"
74.7.227.145 - - [06/Mar/2026:13:18:42 +0000] "GET /app.php?edit=sockstat&fm=true&path=/proc/2285505/net/ HTTP/1.1" 200 9189 "http://investmentconsultancy.investments.serveredgehosting.com/app.php?fm=true&path=/proc/2285505/net" "Mozilla/5.0 AppleWebKit/537.36 (KHTML, like Gecko; compatible; GPTBot/1.3; +https://openai.com/gptbot)"
74.7.227.145 - - [06/Mar/2026:13:18:44 +0000] "GET /app.php?fm=true&path=/proc/2285505/net/&rename=udp6 HTTP/1.1" 200 8795 "http://investmentconsultancy.investments.serveredgehosting.com/app.php?fm=true&path=/proc/2285505/net" "Mozilla/5.0 AppleWebKit/537.36 (KHTML, like Gecko; compatible; GPTBot/1.3; +https://openai.com/gptbot)"
74.7.227.145 - - [06/Mar/2026:13:18:45 +0000] "GET /app.php?fm=true&path=/proc/2285505/net/&rename=netfilter HTTP/1.1" 200 8799 "http://investmentconsultancy.investments.serveredgehosting.com/app.php?fm=true&path=/proc/2285505/net" "Mozilla/5.0 AppleWebKit/537.36 (KHTML, like Gecko; compatible; GPTBot/1.3; +https://openai.com/gptbot)"
74.7.227.145 - - [06/Mar/2026:13:18:46 +0000] "GET /app.php?fm=true&path=/proc/2285505/net/&rename=protocols HTTP/1.1" 200 8798 "http://investmentconsultancy.investments.serveredgehosting.com/app.php?fm=true&path=/proc/2285505/net" "Mozilla/5.0 AppleWebKit/537.36 (KHTML, like Gecko; compatible; GPTBot/1.3; +https://openai.com/gptbot)"
44.218.6.93 - - [06/Mar/2026:13:18:46 +0000] "GET /app.php/cron/wp-admin/clientarea.php?fm=true&path=/home/servydhq/public_html/app/wp-includes/js/&rights=autosave.min.js HTTP/1.1" 200 8835 "-" "Mozilla/5.0 AppleWebKit/537.36 (KHTML, like Gecko; compatible; Amazonbot/0.1; +https://developer.amazon.com/support/amazonbot) Chrome/119.0.6045.214 Safari/537.36"
74.7.227.145 - - [06/Mar/2026:13:18:47 +0000] "GET /app.php?fm=true&path=/proc/2285505/net/&rights=softnet_stat HTTP/1.1" 200 8810 "http://investmentconsultancy.investments.serveredgehosting.com/app.php?fm=true&path=/proc/2285505/net" "Mozilla/5.0 AppleWebKit/537.36 (KHTML, like Gecko; compatible; GPTBot/1.3; +https://openai.com/gptbot)"
74.7.227.145 - - [06/Mar/2026:13:18:48 +0000] "GET /app.php?fm=true&path=/proc/2285505/net/&rights=if_inet6 HTTP/1.1" 200 8807 "http://investmentconsultancy.investments.serveredgehosting.com/app.php?fm=true&path=/proc/2285505/net" "Mozilla/5.0 AppleWebKit/537.36 (KHTML, like Gecko; compatible; GPTBot/1.3; +https://openai.com/gptbot)"
74.7.227.145 - - [06/Mar/2026:13:18:50 +0000] "GET /app.php?edit=ip_mr_vif&fm=true&path=/proc/2285505/net/ HTTP/1.1" 200 9150 "http://investmentconsultancy.investments.serveredgehosting.com/app.php?fm=true&path=/proc/2285505/net" "Mozilla/5.0 AppleWebKit/537.36 (KHTML, like Gecko; compatible; GPTBot/1.3; +https://openai.com/gptbot)"
98.84.70.201 - - [06/Mar/2026:13:18:50 +0000] "GET /app.php?fm=true&path=/usr/bin/&rename=tchtest HTTP/1.1" 200 8789 "-" "Mozilla/5.0 AppleWebKit/537.36 (KHTML, like Gecko; compatible; Amazonbot/0.1; +https://developer.amazon.com/support/amazonbot) Chrome/119.0.6045.214 Safari/537.36"
74.7.227.145 - - [06/Mar/2026:13:18:51 +0000] "GET /app.php?download=L3Byb2MvMjI4NTUwNS9uZXQvZmliX3RyaWU= HTTP/1.1" 200 267 "http://investmentconsultancy.investments.serveredgehosting.com/app.php?fm=true&path=/proc/2285505/net" "Mozilla/5.0 AppleWebKit/537.36 (KHTML, like Gecko; compatible; GPTBot/1.3; +https://openai.com/gptbot)"
74.7.227.145 - - [06/Mar/2026:13:18:52 +0000] "GET /app.php?fm=true&path=/proc/2285505/net/&rename=ip_tables_names HTTP/1.1" 200 8801 "http://investmentconsultancy.investments.serveredgehosting.com/app.php?fm=true&path=/proc/2285505/net" "Mozilla/5.0 AppleWebKit/537.36 (KHTML, like Gecko; compatible; GPTBot/1.3; +https://openai.com/gptbot)"
74.7.227.145 - - [06/Mar/2026:13:18:53 +0000] "GET /app.php?edit=ip_mr_cache&fm=true&path=/proc/2285505/net/ HTTP/1.1" 200 9143 "http://investmentconsultancy.investments.serveredgehosting.com/app.php?fm=true&path=/proc/2285505/net" "Mozilla/5.0 AppleWebKit/537.36 (KHTML, like Gecko; compatible; GPTBot/1.3; +https://openai.com/gptbot)"
74.7.227.145 - - [06/Mar/2026:13:18:54 +0000] "GET /app.php?fm=true&path=/proc/2285505/net/&rename=ip_mr_vif HTTP/1.1" 200 8801 "http://investmentconsultancy.investments.serveredgehosting.com/app.php?fm=true&path=/proc/2285505/net" "Mozilla/5.0 AppleWebKit/537.36 (KHTML, like Gecko; compatible; GPTBot/1.3; +https://openai.com/gptbot)"
44.206.65.8 - - [06/Mar/2026:13:18:54 +0000] "GET /app.php/feed/app.php?zip=L3Zhci9zb2Z0YWN1bG91cw%3D%3D HTTP/1.1" 200 6668 "-" "Mozilla/5.0 AppleWebKit/537.36 (KHTML, like Gecko; compatible; Amazonbot/0.1; +https://developer.amazon.com/support/amazonbot) Chrome/119.0.6045.214 Safari/537.36"
74.7.227.145 - - [06/Mar/2026:13:18:56 +0000] "GET /app.php?fm=true&path=/proc/2285505/net/&rights=udp6 HTTP/1.1" 200 8803 "http://investmentconsultancy.investments.serveredgehosting.com/app.php?fm=true&path=/proc/2285505/net" "Mozilla/5.0 AppleWebKit/537.36 (KHTML, like Gecko; compatible; GPTBot/1.3; +https://openai.com/gptbot)"
74.7.227.145 - - [06/Mar/2026:13:18:57 +0000] "GET /app.php?fm=true&path=/proc/2285505/net/&rights=raw6 HTTP/1.1" 200 8804 "http://investmentconsultancy.investments.serveredgehosting.com/app.php?fm=true&path=/proc/2285505/net" "Mozilla/5.0 AppleWebKit/537.36 (KHTML, like Gecko; compatible; GPTBot/1.3; +https://openai.com/gptbot)"
74.7.227.145 - - [06/Mar/2026:13:18:58 +0000] "GET /app.php?fm=true&path=/proc/2285505/net/&rename=fib_triestat HTTP/1.1" 200 8803 "http://investmentconsultancy.investments.serveredgehosting.com/app.php?fm=true&path=/proc/2285505/net" "Mozilla/5.0 AppleWebKit/537.36 (KHTML, like Gecko; compatible; GPTBot/1.3; +https://openai.com/gptbot)"
98.82.59.253 - - [06/Mar/2026:13:18:58 +0000] "GET /app.php/feed/3D%22https:/kwchnh.stripo=?fm=true&path=/home/servydhq/mail/&rights=mailbox_format.cpanel HTTP/1.1" 200 8816 "-" "Mozilla/5.0 AppleWebKit/537.36 (KHTML, like Gecko; compatible; Amazonbot/0.1; +https://developer.amazon.com/support/amazonbot) Chrome/119.0.6045.214 Safari/537.36"
74.7.227.145 - - [06/Mar/2026:13:18:59 +0000] "GET /app.php?fm=true&path=/proc/2285505/net/&rename=nf_conntrack HTTP/1.1" 200 8802 "http://investmentconsultancy.investments.serveredgehosting.com/app.php?fm=true&path=/proc/2285505/net" "Mozilla/5.0 AppleWebKit/537.36 (KHTML, like Gecko; compatible; GPTBot/1.3; +https://openai.com/gptbot)"
74.7.227.145 - - [06/Mar/2026:13:19:00 +0000] "GET /app.php?edit=unix&fm=true&path=/proc/2285505/net/ HTTP/1.1" 200 12491 "http://investmentconsultancy.investments.serveredgehosting.com/app.php?fm=true&path=/proc/2285505/net" "Mozilla/5.0 AppleWebKit/537.36 (KHTML, like Gecko; compatible; GPTBot/1.3; +https://openai.com/gptbot)"
74.7.227.145 - - [06/Mar/2026:13:19:02 +0000] "GET /app.php?edit=ip_tables_targets&fm=true&path=/proc/2285505/net/ HTTP/1.1" 200 9109 "http://investmentconsultancy.investments.serveredgehosting.com/app.php?fm=true&path=/proc/2285505/net" "Mozilla/5.0 AppleWebKit/537.36 (KHTML, like Gecko; compatible; GPTBot/1.3; +https://openai.com/gptbot)"
52.45.77.169 - - [06/Mar/2026:13:19:02 +0000] "GET /app.php?fm=true&path=/usr/bin/&rename=fmt HTTP/1.1" 200 8786 "-" "Mozilla/5.0 AppleWebKit/537.36 (KHTML, like Gecko; compatible; Amazonbot/0.1; +https://developer.amazon.com/support/amazonbot) Chrome/119.0.6045.214 Safari/537.36"
74.7.227.145 - - [06/Mar/2026:13:19:03 +0000] "GET /app.php?fm=true&path=/proc/2285505/net/&rename=sockstat HTTP/1.1" 200 8799 "http://investmentconsultancy.investments.serveredgehosting.com/app.php?fm=true&path=/proc/2285505/net" "Mozilla/5.0 AppleWebKit/537.36 (KHTML, like Gecko; compatible; GPTBot/1.3; +https://openai.com/gptbot)"
74.7.227.145 - - [06/Mar/2026:13:19:04 +0000] "GET /app.php?fm=true&path=/proc/2285505/net/&rename=xfrm_stat HTTP/1.1" 200 8801 "http://investmentconsultancy.investments.serveredgehosting.com/app.php?fm=true&path=/proc/2285505/net" "Mozilla/5.0 AppleWebKit/537.36 (KHTML, like Gecko; compatible; GPTBot/1.3; +https://openai.com/gptbot)"
74.7.227.145 - - [06/Mar/2026:13:19:05 +0000] "GET /app.php?edit=udplite6&fm=true&path=/proc/2285505/net/ HTTP/1.1" 200 9187 "http://investmentconsultancy.investments.serveredgehosting.com/app.php?fm=true&path=/proc/2285505/net" "Mozilla/5.0 AppleWebKit/537.36 (KHTML, like Gecko; compatible; GPTBot/1.3; +https://openai.com/gptbot)"
23.21.179.120 - - [06/Mar/2026:13:19:06 +0000] "GET /app.php/feed/?fm=true&path=/usr/bin/&rename=run-with-aspell HTTP/1.1" 200 8796 "-" "Mozilla/5.0 AppleWebKit/537.36 (KHTML, like Gecko; compatible; Amazonbot/0.1; +https://developer.amazon.com/support/amazonbot) Chrome/119.0.6045.214 Safari/537.36"
74.7.227.145 - - [06/Mar/2026:13:19:06 +0000] "GET /app.php?fm=true&path=/proc/2285505/net/&rights=sockstat HTTP/1.1" 200 8807 "http://investmentconsultancy.investments.serveredgehosting.com/app.php?fm=true&path=/proc/2285505/net" "Mozilla/5.0 AppleWebKit/537.36 (KHTML, like Gecko; compatible; GPTBot/1.3; +https://openai.com/gptbot)"
74.7.227.145 - - [06/Mar/2026:13:19:08 +0000] "GET /app.php?fm=true&path=/proc/2285505/net/&rename=ip6_mr_vif HTTP/1.1" 200 8802 "http://investmentconsultancy.investments.serveredgehosting.com/app.php?fm=true&path=/proc/2285505/net" "Mozilla/5.0 AppleWebKit/537.36 (KHTML, like Gecko; compatible; GPTBot/1.3; +https://openai.com/gptbot)"
74.7.227.145 - - [06/Mar/2026:13:19:09 +0000] "GET /app.php?edit=ip6_mr_vif&fm=true&path=/proc/2285505/net/ HTTP/1.1" 200 9139 "http://investmentconsultancy.investments.serveredgehosting.com/app.php?fm=true&path=/proc/2285505/net" "Mozilla/5.0 AppleWebKit/537.36 (KHTML, like Gecko; compatible; GPTBot/1.3; +https://openai.com/gptbot)"
74.7.227.145 - - [06/Mar/2026:13:19:10 +0000] "GET /app.php?edit=ip_tables_matches&fm=true&path=/proc/2285505/net/ HTTP/1.1" 200 9108 "http://investmentconsultancy.investments.serveredgehosting.com/app.php?fm=true&path=/proc/2285505/net" "Mozilla/5.0 AppleWebKit/537.36 (KHTML, like Gecko; compatible; GPTBot/1.3; +https://openai.com/gptbot)"
34.227.156.153 - - [06/Mar/2026:13:19:10 +0000] "GET /app.php/?fm=true&path=/usr/bin/&rename=gunzip HTTP/1.1" 200 8788 "-" "Mozilla/5.0 AppleWebKit/537.36 (KHTML, like Gecko; compatible; Amazonbot/0.1; +https://developer.amazon.com/support/amazonbot) Chrome/119.0.6045.214 Safari/537.36"
74.7.227.145 - - [06/Mar/2026:13:19:11 +0000] "GET /app.php?edit=ip_tables_names&fm=true&path=/proc/2285505/net/ HTTP/1.1" 200 9107 "http://investmentconsultancy.investments.serveredgehosting.com/app.php?fm=true&path=/proc/2285505/net" "Mozilla/5.0 AppleWebKit/537.36 (KHTML, like Gecko; compatible; GPTBot/1.3; +https://openai.com/gptbot)"
74.7.227.145 - - [06/Mar/2026:13:19:12 +0000] "GET /app.php?fm=true&path=/proc/2285505/net/&rights=ip_tables_names HTTP/1.1" 200 8811 "http://investmentconsultancy.investments.serveredgehosting.com/app.php?fm=true&path=/proc/2285505/net" "Mozilla/5.0 AppleWebKit/537.36 (KHTML, like Gecko; compatible; GPTBot/1.3; +https://openai.com/gptbot)"
74.7.227.145 - - [06/Mar/2026:13:19:14 +0000] "GET /app.php?edit=fib_triestat&fm=true&path=/proc/2285505/net/ HTTP/1.1" 200 9357 "http://investmentconsultancy.investments.serveredgehosting.com/app.php?fm=true&path=/proc/2285505/net" "Mozilla/5.0 AppleWebKit/537.36 (KHTML, like Gecko; compatible; GPTBot/1.3; +https://openai.com/gptbot)"
100.28.49.152 - - [06/Mar/2026:13:19:14 +0000] "GET /app.php?fm=true&path=/usr/bin/&rename=slencheck HTTP/1.1" 200 8791 "-" "Mozilla/5.0 AppleWebKit/537.36 (KHTML, like Gecko; compatible; Amazonbot/0.1; +https://developer.amazon.com/support/amazonbot) Chrome/119.0.6045.214 Safari/537.36"
74.7.227.145 - - [06/Mar/2026:13:19:15 +0000] "GET /app.php?edit=nf_conntrack&fm=true&path=/proc/2285505/net/ HTTP/1.1" 200 9107 "http://investmentconsultancy.investments.serveredgehosting.com/app.php?fm=true&path=/proc/2285505/net" "Mozilla/5.0 AppleWebKit/537.36 (KHTML, like Gecko; compatible; GPTBot/1.3; +https://openai.com/gptbot)"
74.7.227.145 - - [06/Mar/2026:13:19:16 +0000] "GET /app.php?fm=true&path=/proc/2285505/net/&rights=xfrm_stat HTTP/1.1" 200 8808 "http://investmentconsultancy.investments.serveredgehosting.com/app.php?fm=true&path=/proc/2285505/net" "Mozilla/5.0 AppleWebKit/537.36 (KHTML, like Gecko; compatible; GPTBot/1.3; +https://openai.com/gptbot)"
74.7.227.145 - - [06/Mar/2026:13:19:17 +0000] "GET /app.php?fm=true&path=/proc/2285505/net/&rename=ip_tables_matches HTTP/1.1" 200 8803 "http://investmentconsultancy.investments.serveredgehosting.com/app.php?fm=true&path=/proc/2285505/net" "Mozilla/5.0 AppleWebKit/537.36 (KHTML, like Gecko; compatible; GPTBot/1.3; +https://openai.com/gptbot)"
18.209.201.119 - - [06/Mar/2026:13:19:18 +0000] "GET /app.php/cron/clientarea.php?fm=true&path=/var/ftp HTTP/1.1" 200 9482 "-" "Mozilla/5.0 AppleWebKit/537.36 (KHTML, like Gecko; compatible; Amazonbot/0.1; +https://developer.amazon.com/support/amazonbot) Chrome/119.0.6045.214 Safari/537.36"
74.7.227.145 - - [06/Mar/2026:13:19:18 +0000] "GET /app.php?edit=igmp&fm=true&path=/proc/2285505/net/ HTTP/1.1" 200 9186 "http://investmentconsultancy.investments.serveredgehosting.com/app.php?fm=true&path=/proc/2285505/net" "Mozilla/5.0 AppleWebKit/537.36 (KHTML, like Gecko; compatible; GPTBot/1.3; +https://openai.com/gptbot)"
74.7.227.145 - - [06/Mar/2026:13:19:20 +0000] "GET /app.php?edit=snmp&fm=true&path=/proc/2285505/net/ HTTP/1.1" 200 9781 "http://investmentconsultancy.investments.serveredgehosting.com/app.php?fm=true&path=/proc/2285505/net" "Mozilla/5.0 AppleWebKit/537.36 (KHTML, like Gecko; compatible; GPTBot/1.3; +https://openai.com/gptbot)"
74.7.227.145 - - [06/Mar/2026:13:19:21 +0000] "GET /app.php?fm=true&path=/proc/2285505/net/netfilter HTTP/1.1" 200 9785 "http://investmentconsultancy.investments.serveredgehosting.com/app.php?fm=true&path=/proc/2285505/net" "Mozilla/5.0 AppleWebKit/537.36 (KHTML, like Gecko; compatible; GPTBot/1.3; +https://openai.com/gptbot)"
74.7.227.145 - - [06/Mar/2026:13:19:22 +0000] "GET /app.php?edit=nf_conntrack_expect&fm=true&path=/proc/2285505/net/ HTTP/1.1" 200 9114 "http://investmentconsultancy.investments.serveredgehosting.com/app.php?fm=true&path=/proc/2285505/net" "Mozilla/5.0 AppleWebKit/537.36 (KHTML, like Gecko; compatible; GPTBot/1.3; +https://openai.com/gptbot)"
44.223.115.10 - - [06/Mar/2026:13:19:22 +0000] "GET /app.php?fm=true&path=/proc/&rename=misc HTTP/1.1" 200 8784 "-" "Mozilla/5.0 AppleWebKit/537.36 (KHTML, like Gecko; compatible; Amazonbot/0.1; +https://developer.amazon.com/support/amazonbot) Chrome/119.0.6045.214 Safari/537.36"
74.7.227.145 - - [06/Mar/2026:13:19:23 +0000] "GET /app.php?fm=true&path=/proc/2285505/net/&rights=ip_tables_matches HTTP/1.1" 200 8813 "http://investmentconsultancy.investments.serveredgehosting.com/app.php?fm=true&path=/proc/2285505/net" "Mozilla/5.0 AppleWebKit/537.36 (KHTML, like Gecko; compatible; GPTBot/1.3; +https://openai.com/gptbot)"
74.7.227.145 - - [06/Mar/2026:13:19:24 +0000] "GET /app.php?fm=true&path=/proc/2285505/net/&rename=snmp6 HTTP/1.1" 200 8796 "http://investmentconsultancy.investments.serveredgehosting.com/app.php?fm=true&path=/proc/2285505/net" "Mozilla/5.0 AppleWebKit/537.36 (KHTML, like Gecko; compatible; GPTBot/1.3; +https://openai.com/gptbot)"
74.7.227.145 - - [06/Mar/2026:13:19:26 +0000] "GET /app.php?fm=true&path=/proc/2285505/net/&rights=rt6_stats HTTP/1.1" 200 8808 "http://investmentconsultancy.investments.serveredgehosting.com/app.php?fm=true&path=/proc/2285505/net" "Mozilla/5.0 AppleWebKit/537.36 (KHTML, like Gecko; compatible; GPTBot/1.3; +https://openai.com/gptbot)"
34.225.243.131 - - [06/Mar/2026:13:19:26 +0000] "GET /app.php/?fm=true&path=/usr/bin/&rename=sg_write_buffer HTTP/1.1" 200 8798 "-" "Mozilla/5.0 AppleWebKit/537.36 (KHTML, like Gecko; compatible; Amazonbot/0.1; +https://developer.amazon.com/support/amazonbot) Chrome/119.0.6045.214 Safari/537.36"
74.7.227.145 - - [06/Mar/2026:13:19:27 +0000] "GET /app.php?edit=raw&fm=true&path=/proc/2285505/net/ HTTP/1.1" 200 9179 "http://investmentconsultancy.investments.serveredgehosting.com/app.php?fm=true&path=/proc/2285505/net" "Mozilla/5.0 AppleWebKit/537.36 (KHTML, like Gecko; compatible; GPTBot/1.3; +https://openai.com/gptbot)"
74.7.227.145 - - [06/Mar/2026:13:19:28 +0000] "GET /app.php?fm=true&path=/proc/2285505/net/dev_snmp6 HTTP/1.1" 200 9854 "http://investmentconsultancy.investments.serveredgehosting.com/app.php?fm=true&path=/proc/2285505/net" "Mozilla/5.0 AppleWebKit/537.36 (KHTML, like Gecko; compatible; GPTBot/1.3; +https://openai.com/gptbot)"
74.7.227.145 - - [06/Mar/2026:13:19:29 +0000] "GET /app.php?fm=true&path=/proc/2285505/net/&rename=ip_tables_targets HTTP/1.1" 200 8802 "http://investmentconsultancy.investments.serveredgehosting.com/app.php?fm=true&path=/proc/2285505/net" "Mozilla/5.0 AppleWebKit/537.36 (KHTML, like Gecko; compatible; GPTBot/1.3; +https://openai.com/gptbot)"
54.198.33.233 - - [06/Mar/2026:13:19:30 +0000] "GET /app.php?fm=true&path=/usr/bin/&rename=rpm HTTP/1.1" 200 8786 "-" "Mozilla/5.0 AppleWebKit/537.36 (KHTML, like Gecko; compatible; Amazonbot/0.1; +https://developer.amazon.com/support/amazonbot) Chrome/119.0.6045.214 Safari/537.36"
74.7.227.145 - - [06/Mar/2026:13:19:30 +0000] "GET /app.php?fm=true&path=/proc/2285505/net/&rights=ip_tables_targets HTTP/1.1" 200 8812 "http://investmentconsultancy.investments.serveredgehosting.com/app.php?fm=true&path=/proc/2285505/net" "Mozilla/5.0 AppleWebKit/537.36 (KHTML, like Gecko; compatible; GPTBot/1.3; +https://openai.com/gptbot)"
74.7.227.145 - - [06/Mar/2026:13:19:32 +0000] "GET /app.php?fm=true&path=/proc/2285505/net/&rename=ptype HTTP/1.1" 200 8796 "http://investmentconsultancy.investments.serveredgehosting.com/app.php?fm=true&path=/proc/2285505/net" "Mozilla/5.0 AppleWebKit/537.36 (KHTML, like Gecko; compatible; GPTBot/1.3; +https://openai.com/gptbot)"
74.7.227.145 - - [06/Mar/2026:13:19:33 +0000] "GET /app.php?edit=protocols&fm=true&path=/proc/2285505/net/ HTTP/1.1" 200 9524 "http://investmentconsultancy.investments.serveredgehosting.com/app.php?fm=true&path=/proc/2285505/net" "Mozilla/5.0 AppleWebKit/537.36 (KHTML, like Gecko; compatible; GPTBot/1.3; +https://openai.com/gptbot)"
74.7.227.145 - - [06/Mar/2026:13:19:34 +0000] "GET /app.php?edit=nf_log&fm=true&path=/proc/2285505/net/netfilter/ HTTP/1.1" 200 9204 "http://investmentconsultancy.investments.serveredgehosting.com/app.php?fm=true&path=/proc/2285505/net/netfilter" "Mozilla/5.0 AppleWebKit/537.36 (KHTML, like Gecko; compatible; GPTBot/1.3; +https://openai.com/gptbot)"
18.235.81.246 - - [06/Mar/2026:13:19:34 +0000] "GET /app.php/?fm=true&path=/usr/bin/&rename=nl-pktloc-lookup HTTP/1.1" 200 8798 "-" "Mozilla/5.0 AppleWebKit/537.36 (KHTML, like Gecko; compatible; Amazonbot/0.1; +https://developer.amazon.com/support/amazonbot) Chrome/119.0.6045.214 Safari/537.36"
74.7.227.145 - - [06/Mar/2026:13:19:35 +0000] "GET /app.php?fm=true&path=/proc/2285505/net/netfilter/&rename=nf_log HTTP/1.1" 200 8805 "http://investmentconsultancy.investments.serveredgehosting.com/app.php?fm=true&path=/proc/2285505/net/netfilter" "Mozilla/5.0 AppleWebKit/537.36 (KHTML, like Gecko; compatible; GPTBot/1.3; +https://openai.com/gptbot)"
74.7.227.145 - - [06/Mar/2026:13:19:36 +0000] "GET /app.php?fm=true&path=/proc/2285505/net/netfilter/&rights=nf_log HTTP/1.1" 200 8813 "http://investmentconsultancy.investments.serveredgehosting.com/app.php?fm=true&path=/proc/2285505/net/netfilter" "Mozilla/5.0 AppleWebKit/537.36 (KHTML, like Gecko; compatible; GPTBot/1.3; +https://openai.com/gptbot)"
74.7.227.145 - - [06/Mar/2026:13:19:38 +0000] "GET /app.php?fm=true&path=/proc/2285505/net/&rename=netlink HTTP/1.1" 200 8798 "http://investmentconsultancy.investments.serveredgehosting.com/app.php?fm=true&path=/proc/2285505/net" "Mozilla/5.0 AppleWebKit/537.36 (KHTML, like Gecko; compatible; GPTBot/1.3; +https://openai.com/gptbot)"
18.213.102.186 - - [06/Mar/2026:13:19:38 +0000] "GET /app.php/feed/app.php?fm=true&path=/usr/bin/&rename=objcopy HTTP/1.1" 200 8789 "-" "Mozilla/5.0 AppleWebKit/537.36 (KHTML, like Gecko; compatible; Amazonbot/0.1; +https://developer.amazon.com/support/amazonbot) Chrome/119.0.6045.214 Safari/537.36"
74.7.227.145 - - [06/Mar/2026:13:19:39 +0000] "GET /app.php?fm=true&path=/proc/2285505/net/&rename=icmp6 HTTP/1.1" 200 8797 "http://investmentconsultancy.investments.serveredgehosting.com/app.php?fm=true&path=/proc/2285505/net" "Mozilla/5.0 AppleWebKit/537.36 (KHTML, like Gecko; compatible; GPTBot/1.3; +https://openai.com/gptbot)"
74.7.227.145 - - [06/Mar/2026:13:19:40 +0000] "GET /app.php?fm=true&path=/proc/2285505/net/&rename=fib_trie HTTP/1.1" 200 8799 "http://investmentconsultancy.investments.serveredgehosting.com/app.php?fm=true&path=/proc/2285505/net" "Mozilla/5.0 AppleWebKit/537.36 (KHTML, like Gecko; compatible; GPTBot/1.3; +https://openai.com/gptbot)"
74.7.227.145 - - [06/Mar/2026:13:19:41 +0000] "GET /app.php?fm=true&path=/proc/2285505/net/dev_snmp6/&rights=lo HTTP/1.1" 200 8811 "http://investmentconsultancy.investments.serveredgehosting.com/app.php?fm=true&path=/proc/2285505/net/dev_snmp6" "Mozilla/5.0 AppleWebKit/537.36 (KHTML, like Gecko; compatible; GPTBot/1.3; +https://openai.com/gptbot)"
74.7.227.145 - - [06/Mar/2026:13:19:42 +0000] "GET /app.php?fm=true&path=/proc/2285505/net/dev_snmp6/&rename=lo HTTP/1.1" 200 8802 "http://investmentconsultancy.investments.serveredgehosting.com/app.php?fm=true&path=/proc/2285505/net/dev_snmp6" "Mozilla/5.0 AppleWebKit/537.36 (KHTML, like Gecko; compatible; GPTBot/1.3; +https://openai.com/gptbot)"
35.173.18.61 - - [06/Mar/2026:13:19:42 +0000] "GET /app.php/cron/clientarea.php?fm=true&path=/home/servydhq/public_html/app/wp-includes/&rights=nav-menu.php HTTP/1.1" 200 8830 "-" "Mozilla/5.0 AppleWebKit/537.36 (KHTML, like Gecko; compatible; Amazonbot/0.1; +https://developer.amazon.com/support/amazonbot) Chrome/119.0.6045.214 Safari/537.36"
74.7.227.145 - - [06/Mar/2026:13:19:43 +0000] "GET /app.php?fm=true&path=/proc/2285505/net/dev_snmp6/&rights=eth0 HTTP/1.1" 200 8812 "http://investmentconsultancy.investments.serveredgehosting.com/app.php?fm=true&path=/proc/2285505/net/dev_snmp6" "Mozilla/5.0 AppleWebKit/537.36 (KHTML, like Gecko; compatible; GPTBot/1.3; +https://openai.com/gptbot)"
74.7.227.145 - - [06/Mar/2026:13:19:45 +0000] "GET /app.php?fm=true&path=/proc/2285505/net/dev_snmp6/&rename=eth0 HTTP/1.1" 200 8803 "http://investmentconsultancy.investments.serveredgehosting.com/app.php?fm=true&path=/proc/2285505/net/dev_snmp6" "Mozilla/5.0 AppleWebKit/537.36 (KHTML, like Gecko; compatible; GPTBot/1.3; +https://openai.com/gptbot)"
74.7.227.145 - - [06/Mar/2026:13:19:46 +0000] "GET /app.php?edit=eth0&fm=true&path=/proc/2285505/net/dev_snmp6/ HTTP/1.1" 200 9749 "http://investmentconsultancy.investments.serveredgehosting.com/app.php?fm=true&path=/proc/2285505/net/dev_snmp6" "Mozilla/5.0 AppleWebKit/537.36 (KHTML, like Gecko; compatible; GPTBot/1.3; +https://openai.com/gptbot)"
98.84.131.195 - - [06/Mar/2026:13:19:46 +0000] "GET /app.php/cron/clientarea.php?fm=true&path=/opt/.. HTTP/1.1" 200 11714 "-" "Mozilla/5.0 AppleWebKit/537.36 (KHTML, like Gecko; compatible; Amazonbot/0.1; +https://developer.amazon.com/support/amazonbot) Chrome/119.0.6045.214 Safari/537.36"
74.7.227.145 - - [06/Mar/2026:13:19:47 +0000] "GET /app.php?fm=true&path=/proc/2285505/net/&rename=tls_stat HTTP/1.1" 200 8800 "http://investmentconsultancy.investments.serveredgehosting.com/app.php?fm=true&path=/proc/2285505/net" "Mozilla/5.0 AppleWebKit/537.36 (KHTML, like Gecko; compatible; GPTBot/1.3; +https://openai.com/gptbot)"
74.7.227.145 - - [06/Mar/2026:13:19:48 +0000] "GET /app.php?fm=true&path=/proc/2285505/net/&rename=rt6_stats HTTP/1.1" 200 8800 "http://investmentconsultancy.investments.serveredgehosting.com/app.php?fm=true&path=/proc/2285505/net" "Mozilla/5.0 AppleWebKit/537.36 (KHTML, like Gecko; compatible; GPTBot/1.3; +https://openai.com/gptbot)"
74.7.227.145 - - [06/Mar/2026:13:19:49 +0000] "GET /app.php?fm=true&path=/proc/2285505/net/&rights=tls_stat HTTP/1.1" 200 8808 "http://investmentconsultancy.investments.serveredgehosting.com/app.php?fm=true&path=/proc/2285505/net" "Mozilla/5.0 AppleWebKit/537.36 (KHTML, like Gecko; compatible; GPTBot/1.3; +https://openai.com/gptbot)"
44.221.180.179 - - [06/Mar/2026:13:19:50 +0000] "GET /app.php/cron/clientarea.php?fm=true&path=/etc/glvnd HTTP/1.1" 200 9765 "-" "Mozilla/5.0 AppleWebKit/537.36 (KHTML, like Gecko; compatible; Amazonbot/0.1; +https://developer.amazon.com/support/amazonbot) Chrome/119.0.6045.214 Safari/537.36"
74.7.227.145 - - [06/Mar/2026:13:19:51 +0000] "GET /app.php?fm=true&path=/proc/2285505/net/&rights=netlink HTTP/1.1" 200 8805 "http://investmentconsultancy.investments.serveredgehosting.com/app.php?fm=true&path=/proc/2285505/net" "Mozilla/5.0 AppleWebKit/537.36 (KHTML, like Gecko; compatible; GPTBot/1.3; +https://openai.com/gptbot)"
74.7.227.145 - - [06/Mar/2026:13:19:52 +0000] "GET /app.php?fm=true&path=/proc/2285505/net/&rights=ip6_mr_vif HTTP/1.1" 200 8810 "http://investmentconsultancy.investments.serveredgehosting.com/app.php?fm=true&path=/proc/2285505/net" "Mozilla/5.0 AppleWebKit/537.36 (KHTML, like Gecko; compatible; GPTBot/1.3; +https://openai.com/gptbot)"
74.7.227.145 - - [06/Mar/2026:13:19:53 +0000] "GET /app.php?edit=lo&fm=true&path=/proc/2285505/net/dev_snmp6/ HTTP/1.1" 200 9684 "http://investmentconsultancy.investments.serveredgehosting.com/app.php?fm=true&path=/proc/2285505/net/dev_snmp6" "Mozilla/5.0 AppleWebKit/537.36 (KHTML, like Gecko; compatible; GPTBot/1.3; +https://openai.com/gptbot)"
107.20.255.194 - - [06/Mar/2026:13:19:54 +0000] "GET /app.php/cron/clientarea.php?edit=tctmttest&fm=true&path=/usr/bin/ HTTP/1.1" 200 26907 "-" "Mozilla/5.0 AppleWebKit/537.36 (KHTML, like Gecko; compatible; Amazonbot/0.1; +https://developer.amazon.com/support/amazonbot) Chrome/119.0.6045.214 Safari/537.36"
74.7.227.145 - - [06/Mar/2026:13:19:54 +0000] "GET /app.php?fm=true&path=/proc/2285505/net/netfilter/ HTTP/1.1" 200 9785 "http://investmentconsultancy.investments.serveredgehosting.com/app.php?edit=nf_log&fm=true&path=/proc/2285505/net/netfilter/" "Mozilla/5.0 AppleWebKit/537.36 (KHTML, like Gecko; compatible; GPTBot/1.3; +https://openai.com/gptbot)"
74.7.227.145 - - [06/Mar/2026:13:19:55 +0000] "GET /app.php?fm=true&path=/proc/2285505/net/&rights=fib_trie HTTP/1.1" 200 8807 "http://investmentconsultancy.investments.serveredgehosting.com/app.php?fm=true&path=/proc/2285505/net" "Mozilla/5.0 AppleWebKit/537.36 (KHTML, like Gecko; compatible; GPTBot/1.3; +https://openai.com/gptbot)"
74.7.227.145 - - [06/Mar/2026:13:19:57 +0000] "GET /app.php?edit=snmp6&fm=true&path=/proc/2285505/net/ HTTP/1.1" 200 9884 "http://investmentconsultancy.investments.serveredgehosting.com/app.php?fm=true&path=/proc/2285505/net" "Mozilla/5.0 AppleWebKit/537.36 (KHTML, like Gecko; compatible; GPTBot/1.3; +https://openai.com/gptbot)"
74.7.227.145 - - [06/Mar/2026:13:19:58 +0000] "GET /app.php?edit=igmp6&fm=true&path=/proc/2285505/net/ HTTP/1.1" 200 9169 "http://investmentconsultancy.investments.serveredgehosting.com/app.php?fm=true&path=/proc/2285505/net" "Mozilla/5.0 AppleWebKit/537.36 (KHTML, like Gecko; compatible; GPTBot/1.3; +https://openai.com/gptbot)"
52.4.76.156 - - [06/Mar/2026:13:19:58 +0000] "GET /app.php/cron/clientarea.php?fm=true&path=/home/servydhq/.cpanel/vcards/ HTTP/1.1" 200 11506 "-" "Mozilla/5.0 AppleWebKit/537.36 (KHTML, like Gecko; compatible; Amazonbot/0.1; +https://developer.amazon.com/support/amazonbot) Chrome/119.0.6045.214 Safari/537.36"
74.7.227.145 - - [06/Mar/2026:13:19:59 +0000] "GET /app.php?edit=raw6&fm=true&path=/proc/2285505/net/ HTTP/1.1" 200 9184 "http://investmentconsultancy.investments.serveredgehosting.com/app.php?fm=true&path=/proc/2285505/net" "Mozilla/5.0 AppleWebKit/537.36 (KHTML, like Gecko; compatible; GPTBot/1.3; +https://openai.com/gptbot)"
74.7.227.145 - - [06/Mar/2026:13:20:00 +0000] "GET /app.php?edit=tcp&fm=true&path=/proc/2285505/net/ HTTP/1.1" 200 12705 "http://investmentconsultancy.investments.serveredgehosting.com/app.php?fm=true&path=/proc/2285505/net" "Mozilla/5.0 AppleWebKit/537.36 (KHTML, like Gecko; compatible; GPTBot/1.3; +https://openai.com/gptbot)"
74.7.227.145 - - [06/Mar/2026:13:20:01 +0000] "GET /app.php?fm=true&path=/proc/2285505/net/&rights=snmp6 HTTP/1.1" 200 8804 "http://investmentconsultancy.investments.serveredgehosting.com/app.php?fm=true&path=/proc/2285505/net" "Mozilla/5.0 AppleWebKit/537.36 (KHTML, like Gecko; compatible; GPTBot/1.3; +https://openai.com/gptbot)"
54.84.161.62 - - [06/Mar/2026:13:20:02 +0000] "GET /app.php/cron/clientarea.php?fm=true&path=/etc/&rename=GREP_COLORS HTTP/1.1" 200 8791 "-" "Mozilla/5.0 AppleWebKit/537.36 (KHTML, like Gecko; compatible; Amazonbot/0.1; +https://developer.amazon.com/support/amazonbot) Chrome/119.0.6045.214 Safari/537.36"
74.7.227.145 - - [06/Mar/2026:13:20:03 +0000] "GET /app.php?fm=true&path=/proc/2285505/net/&rights=icmp6 HTTP/1.1" 200 8804 "http://investmentconsultancy.investments.serveredgehosting.com/app.php?fm=true&path=/proc/2285505/net" "Mozilla/5.0 AppleWebKit/537.36 (KHTML, like Gecko; compatible; GPTBot/1.3; +https://openai.com/gptbot)"
74.7.227.145 - - [06/Mar/2026:13:20:04 +0000] "GET /app.php?fm=true&path=/proc/2285505/net/stat HTTP/1.1" 200 10039 "http://investmentconsultancy.investments.serveredgehosting.com/app.php?fm=true&path=/proc/2285505/net" "Mozilla/5.0 AppleWebKit/537.36 (KHTML, like Gecko; compatible; GPTBot/1.3; +https://openai.com/gptbot)"
74.7.227.145 - - [06/Mar/2026:13:20:05 +0000] "GET /app.php?edit=xfrm_stat&fm=true&path=/proc/2285505/net/ HTTP/1.1" 200 9311 "http://investmentconsultancy.investments.serveredgehosting.com/app.php?fm=true&path=/proc/2285505/net" "Mozilla/5.0 AppleWebKit/537.36 (KHTML, like Gecko; compatible; GPTBot/1.3; +https://openai.com/gptbot)"
74.7.227.145 - - [06/Mar/2026:13:20:06 +0000] "GET /app.php?edit=udp6&fm=true&path=/proc/2285505/net/ HTTP/1.1" 200 9388 "http://investmentconsultancy.investments.serveredgehosting.com/app.php?fm=true&path=/proc/2285505/net" "Mozilla/5.0 AppleWebKit/537.36 (KHTML, like Gecko; compatible; GPTBot/1.3; +https://openai.com/gptbot)"
54.209.100.30 - - [06/Mar/2026:13:20:06 +0000] "GET /app.php/cron/clientarea.php?fm=true&path=/usr/bin/&rename=gpg HTTP/1.1" 200 8786 "-" "Mozilla/5.0 AppleWebKit/537.36 (KHTML, like Gecko; compatible; Amazonbot/0.1; +https://developer.amazon.com/support/amazonbot) Chrome/119.0.6045.214 Safari/537.36"
74.7.227.145 - - [06/Mar/2026:13:20:07 +0000] "GET /app.php?edit=icmp6&fm=true&path=/proc/2285505/net/ HTTP/1.1" 200 9185 "http://investmentconsultancy.investments.serveredgehosting.com/app.php?fm=true&path=/proc/2285505/net" "Mozilla/5.0 AppleWebKit/537.36 (KHTML, like Gecko; compatible; GPTBot/1.3; +https://openai.com/gptbot)"
74.7.227.145 - - [06/Mar/2026:13:20:09 +0000] "GET /app.php?fm=true&path=/proc/2285505/net/&rights=ptype HTTP/1.1" 200 8804 "http://investmentconsultancy.investments.serveredgehosting.com/app.php?fm=true&path=/proc/2285505/net" "Mozilla/5.0 AppleWebKit/537.36 (KHTML, like Gecko; compatible; GPTBot/1.3; +https://openai.com/gptbot)"
74.7.227.145 - - [06/Mar/2026:13:20:10 +0000] "GET /app.php?fm=true&path=/proc/2285505/net/&rename=tcp6 HTTP/1.1" 200 8796 "http://investmentconsultancy.investments.serveredgehosting.com/app.php?fm=true&path=/proc/2285505/net" "Mozilla/5.0 AppleWebKit/537.36 (KHTML, like Gecko; compatible; GPTBot/1.3; +https://openai.com/gptbot)"
34.234.200.207 - - [06/Mar/2026:13:20:10 +0000] "GET /app.php/feed/app.php?fm=true&path=/etc/&rename=secondarymx HTTP/1.1" 200 8789 "-" "Mozilla/5.0 AppleWebKit/537.36 (KHTML, like Gecko; compatible; Amazonbot/0.1; +https://developer.amazon.com/support/amazonbot) Chrome/119.0.6045.214 Safari/537.36"
74.7.227.145 - - [06/Mar/2026:13:20:11 +0000] "GET /app.php?edit=softnet_stat&fm=true&path=/proc/2285505/net/ HTTP/1.1" 200 9230 "http://investmentconsultancy.investments.serveredgehosting.com/app.php?fm=true&path=/proc/2285505/net" "Mozilla/5.0 AppleWebKit/537.36 (KHTML, like Gecko; compatible; GPTBot/1.3; +https://openai.com/gptbot)"
74.7.227.145 - - [06/Mar/2026:13:20:12 +0000] "GET /app.php?edit=rt6_stats&fm=true&path=/proc/2285505/net/ HTTP/1.1" 200 9124 "http://investmentconsultancy.investments.serveredgehosting.com/app.php?fm=true&path=/proc/2285505/net" "Mozilla/5.0 AppleWebKit/537.36 (KHTML, like Gecko; compatible; GPTBot/1.3; +https://openai.com/gptbot)"
74.7.227.145 - - [06/Mar/2026:13:20:13 +0000] "GET /app.php?fm=true&path=/proc/2285505/net/&rename=snmp HTTP/1.1" 200 8795 "http://investmentconsultancy.investments.serveredgehosting.com/app.php?fm=true&path=/proc/2285505/net" "Mozilla/5.0 AppleWebKit/537.36 (KHTML, like Gecko; compatible; GPTBot/1.3; +https://openai.com/gptbot)"
52.7.13.143 - - [06/Mar/2026:13:20:14 +0000] "GET /app.php/3D%22https:/bark-static.s3.eu-west-1.amazonaws.com/app.php?fm=true&path=/home/servydhq/investmentconsultancy.investments/&rights=.cpanel_ics_import_verification@petpaloozahub.com.tar HTTP/1.1" 200 8841 "-" "Mozilla/5.0 AppleWebKit/537.36 (KHTML, like Gecko; compatible; Amazonbot/0.1; +https://developer.amazon.com/support/amazonbot) Chrome/119.0.6045.214 Safari/537.36"
74.7.227.145 - - [06/Mar/2026:13:20:15 +0000] "GET /app.php?fm=true&path=/proc/2285505/net/&rename=icmp HTTP/1.1" 200 8796 "http://investmentconsultancy.investments.serveredgehosting.com/app.php?fm=true&path=/proc/2285505/net" "Mozilla/5.0 AppleWebKit/537.36 (KHTML, like Gecko; compatible; GPTBot/1.3; +https://openai.com/gptbot)"
74.7.227.145 - - [06/Mar/2026:13:20:16 +0000] "GET /app.php?fm=true&path=/proc/2285505/net/&rename=igmp HTTP/1.1" 200 8795 "http://investmentconsultancy.investments.serveredgehosting.com/app.php?fm=true&path=/proc/2285505/net" "Mozilla/5.0 AppleWebKit/537.36 (KHTML, like Gecko; compatible; GPTBot/1.3; +https://openai.com/gptbot)"
74.7.227.145 - - [06/Mar/2026:13:20:17 +0000] "GET /app.php?fm=true&path=/proc/2285505/net/stat/&rename=arp_cache HTTP/1.1" 200 8803 "http://investmentconsultancy.investments.serveredgehosting.com/app.php?fm=true&path=/proc/2285505/net/stat" "Mozilla/5.0 AppleWebKit/537.36 (KHTML, like Gecko; compatible; GPTBot/1.3; +https://openai.com/gptbot)"
44.207.207.36 - - [06/Mar/2026:13:20:18 +0000] "GET /app.php/cron/clientarea.php?fm=true&path=/home/servydhq/public_html/wp-includes/&rename=class-pop3.php HTTP/1.1" 200 8817 "-" "Mozilla/5.0 AppleWebKit/537.36 (KHTML, like Gecko; compatible; Amazonbot/0.1; +https://developer.amazon.com/support/amazonbot) Chrome/119.0.6045.214 Safari/537.36"
74.7.227.145 - - [06/Mar/2026:13:20:18 +0000] "GET /app.php?fm=true&path=/proc/2285505/net/stat/&rename=rt_cache HTTP/1.1" 200 8803 "http://investmentconsultancy.investments.serveredgehosting.com/app.php?fm=true&path=/proc/2285505/net/stat" "Mozilla/5.0 AppleWebKit/537.36 (KHTML, like Gecko; compatible; GPTBot/1.3; +https://openai.com/gptbot)"
74.7.227.145 - - [06/Mar/2026:13:20:19 +0000] "GET /app.php?edit=arp_cache&fm=true&path=/proc/2285505/net/stat/ HTTP/1.1" 200 9295 "http://investmentconsultancy.investments.serveredgehosting.com/app.php?fm=true&path=/proc/2285505/net/stat" "Mozilla/5.0 AppleWebKit/537.36 (KHTML, like Gecko; compatible; GPTBot/1.3; +https://openai.com/gptbot)"
74.7.227.145 - - [06/Mar/2026:13:20:21 +0000] "GET /app.php?edit=rt_cache&fm=true&path=/proc/2285505/net/stat/ HTTP/1.1" 200 9330 "http://investmentconsultancy.investments.serveredgehosting.com/app.php?fm=true&path=/proc/2285505/net/stat" "Mozilla/5.0 AppleWebKit/537.36 (KHTML, like Gecko; compatible; GPTBot/1.3; +https://openai.com/gptbot)"
74.7.227.145 - - [06/Mar/2026:13:20:22 +0000] "GET /app.php?fm=true&path=/proc/2285505/net/stat/&rights=arp_cache HTTP/1.1" 200 8812 "http://investmentconsultancy.investments.serveredgehosting.com/app.php?fm=true&path=/proc/2285505/net/stat" "Mozilla/5.0 AppleWebKit/537.36 (KHTML, like Gecko; compatible; GPTBot/1.3; +https://openai.com/gptbot)"
74.7.227.145 - - [06/Mar/2026:13:20:23 +0000] "GET /app.php?fm=true&path=/proc/2285505/net/stat/&rights=rt_cache HTTP/1.1" 200 8811 "http://investmentconsultancy.investments.serveredgehosting.com/app.php?fm=true&path=/proc/2285505/net/stat" "Mozilla/5.0 AppleWebKit/537.36 (KHTML, like Gecko; compatible; GPTBot/1.3; +https://openai.com/gptbot)"
74.7.227.145 - - [06/Mar/2026:13:20:24 +0000] "GET /app.php?fm=true&path=/proc/2285505/net/stat/&rename=nf_conntrack HTTP/1.1" 200 8806 "http://investmentconsultancy.investments.serveredgehosting.com/app.php?fm=true&path=/proc/2285505/net/stat" "Mozilla/5.0 AppleWebKit/537.36 (KHTML, like Gecko; compatible; GPTBot/1.3; +https://openai.com/gptbot)"
74.7.227.145 - - [06/Mar/2026:13:20:25 +0000] "GET /app.php?edit=ndisc_cache&fm=true&path=/proc/2285505/net/stat/ HTTP/1.1" 200 9276 "http://investmentconsultancy.investments.serveredgehosting.com/app.php?fm=true&path=/proc/2285505/net/stat" "Mozilla/5.0 AppleWebKit/537.36 (KHTML, like Gecko; compatible; GPTBot/1.3; +https://openai.com/gptbot)"
52.45.92.83 - - [06/Mar/2026:13:20:26 +0000] "GET /app.php/?fm=true&path=/usr/bin/&rename=alias HTTP/1.1" 200 8786 "-" "Mozilla/5.0 AppleWebKit/537.36 (KHTML, like Gecko; compatible; Amazonbot/0.1; +https://developer.amazon.com/support/amazonbot) Chrome/119.0.6045.214 Safari/537.36"
74.7.227.145 - - [06/Mar/2026:13:20:27 +0000] "GET /app.php?edit=nf_conntrack&fm=true&path=/proc/2285505/net/stat/ HTTP/1.1" 200 9301 "http://investmentconsultancy.investments.serveredgehosting.com/app.php?fm=true&path=/proc/2285505/net/stat" "Mozilla/5.0 AppleWebKit/537.36 (KHTML, like Gecko; compatible; GPTBot/1.3; +https://openai.com/gptbot)"
74.7.227.145 - - [06/Mar/2026:13:20:28 +0000] "GET /app.php?fm=true&path=/proc/2285505/net/stat/&rename=ndisc_cache HTTP/1.1" 200 8805 "http://investmentconsultancy.investments.serveredgehosting.com/app.php?fm=true&path=/proc/2285505/net/stat" "Mozilla/5.0 AppleWebKit/537.36 (KHTML, like Gecko; compatible; GPTBot/1.3; +https://openai.com/gptbot)"
74.7.227.145 - - [06/Mar/2026:13:20:29 +0000] "GET /app.php?fm=true&path=/proc/2285505/net/stat/&rights=nf_conntrack HTTP/1.1" 200 8814 "http://investmentconsultancy.investments.serveredgehosting.com/app.php?fm=true&path=/proc/2285505/net/stat" "Mozilla/5.0 AppleWebKit/537.36 (KHTML, like Gecko; compatible; GPTBot/1.3; +https://openai.com/gptbot)"
74.7.227.145 - - [06/Mar/2026:13:20:30 +0000] "GET /app.php?fm=true&path=/proc/2285505/net/stat/&rights=ndisc_cache HTTP/1.1" 200 8813 "http://investmentconsultancy.investments.serveredgehosting.com/app.php?fm=true&path=/proc/2285505/net/stat" "Mozilla/5.0 AppleWebKit/537.36 (KHTML, like Gecko; compatible; GPTBot/1.3; +https://openai.com/gptbot)"
50.16.248.61 - - [06/Mar/2026:13:20:30 +0000] "GET /app.php/?fm=true&path=/home/servydhq/public_html/app/wp-includes/&rename=class.wp-scripts.php HTTP/1.1" 200 8822 "-" "Mozilla/5.0 AppleWebKit/537.36 (KHTML, like Gecko; compatible; Amazonbot/0.1; +https://developer.amazon.com/support/amazonbot) Chrome/119.0.6045.214 Safari/537.36"
74.7.227.145 - - [06/Mar/2026:13:20:31 +0000] "GET /app.php?fm=true&path=/proc/2285505/net/stat/ HTTP/1.1" 200 10038 "http://investmentconsultancy.investments.serveredgehosting.com/app.php?fm=true&path=/proc/2285505/net/stat/&rename=arp_cache" "Mozilla/5.0 AppleWebKit/537.36 (KHTML, like Gecko; compatible; GPTBot/1.3; +https://openai.com/gptbot)"
74.7.227.145 - - [06/Mar/2026:13:20:32 +0000] "GET /app.php?fm=true&path=/proc/2285505/net/&rename=igmp6 HTTP/1.1" 200 8796 "http://investmentconsultancy.investments.serveredgehosting.com/app.php?fm=true&path=/proc/2285505/net" "Mozilla/5.0 AppleWebKit/537.36 (KHTML, like Gecko; compatible; GPTBot/1.3; +https://openai.com/gptbot)"
74.7.227.145 - - [06/Mar/2026:13:20:34 +0000] "GET /app.php?fm=true&path=/proc/2285505/net/&rename=unix HTTP/1.1" 200 8795 "http://investmentconsultancy.investments.serveredgehosting.com/app.php?fm=true&path=/proc/2285505/net" "Mozilla/5.0 AppleWebKit/537.36 (KHTML, like Gecko; compatible; GPTBot/1.3; +https://openai.com/gptbot)"
54.147.182.90 - - [06/Mar/2026:13:20:34 +0000] "GET /app.php/feed?fm=true&path=/&rename=backup HTTP/1.1" 200 8781 "-" "Mozilla/5.0 AppleWebKit/537.36 (KHTML, like Gecko; compatible; Amazonbot/0.1; +https://developer.amazon.com/support/amazonbot) Chrome/119.0.6045.214 Safari/537.36"
74.7.227.145 - - [06/Mar/2026:13:20:35 +0000] "GET /app.php?edit=if_inet6&fm=true&path=/proc/2285505/net/ HTTP/1.1" 200 9152 "http://investmentconsultancy.investments.serveredgehosting.com/app.php?fm=true&path=/proc/2285505/net" "Mozilla/5.0 AppleWebKit/537.36 (KHTML, like Gecko; compatible; GPTBot/1.3; +https://openai.com/gptbot)"
74.7.227.145 - - [06/Mar/2026:13:20:36 +0000] "GET /app.php?fm=true&path=/proc/2285505/net/&rights=netfilter HTTP/1.1" 200 8835 "http://investmentconsultancy.investments.serveredgehosting.com/app.php?fm=true&path=/proc/2285505/net" "Mozilla/5.0 AppleWebKit/537.36 (KHTML, like Gecko; compatible; GPTBot/1.3; +https://openai.com/gptbot)"
74.7.227.145 - - [06/Mar/2026:13:20:37 +0000] "GET /app.php?fm=true&path=/proc/2285505/net/&rights=protocols HTTP/1.1" 200 8808 "http://investmentconsultancy.investments.serveredgehosting.com/app.php?fm=true&path=/proc/2285505/net" "Mozilla/5.0 AppleWebKit/537.36 (KHTML, like Gecko; compatible; GPTBot/1.3; +https://openai.com/gptbot)"
18.207.79.144 - - [06/Mar/2026:13:20:38 +0000] "GET /app.php/feed/app.php?zip=L3Byb2MvNDM%3D HTTP/1.1" 200 6668 "-" "Mozilla/5.0 AppleWebKit/537.36 (KHTML, like Gecko; compatible; Amazonbot/0.1; +https://developer.amazon.com/support/amazonbot) Chrome/119.0.6045.214 Safari/537.36"
74.7.227.145 - - [06/Mar/2026:13:20:38 +0000] "GET /app.php?fm=true&path=/proc/2285505/net/rpc HTTP/1.1" 200 9845 "http://investmentconsultancy.investments.serveredgehosting.com/app.php?fm=true&path=/proc/2285505/net" "Mozilla/5.0 AppleWebKit/537.36 (KHTML, like Gecko; compatible; GPTBot/1.3; +https://openai.com/gptbot)"
74.7.227.145 - - [06/Mar/2026:13:20:40 +0000] "GET /app.php?fm=true&path=/proc/2285505/net/stat/. HTTP/1.1" 200 10035 "http://investmentconsultancy.investments.serveredgehosting.com/app.php?fm=true&path=/proc/2285505/net/stat" "Mozilla/5.0 AppleWebKit/537.36 (KHTML, like Gecko; compatible; GPTBot/1.3; +https://openai.com/gptbot)"
74.7.227.145 - - [06/Mar/2026:13:20:41 +0000] "GET /app.php?fm=true&path=/proc/2285505/net/&rights=tcp6 HTTP/1.1" 200 8803 "http://investmentconsultancy.investments.serveredgehosting.com/app.php?fm=true&path=/proc/2285505/net" "Mozilla/5.0 AppleWebKit/537.36 (KHTML, like Gecko; compatible; GPTBot/1.3; +https://openai.com/gptbot)"
74.7.227.145 - - [06/Mar/2026:13:20:42 +0000] "GET /app.php?fm=true&path=/proc/2285505/net/&rename=arp HTTP/1.1" 200 8794 "http://investmentconsultancy.investments.serveredgehosting.com/app.php?fm=true&path=/proc/2285505/net" "Mozilla/5.0 AppleWebKit/537.36 (KHTML, like Gecko; compatible; GPTBot/1.3; +https://openai.com/gptbot)"
52.203.237.170 - - [06/Mar/2026:13:20:42 +0000] "GET /app.php/?fm=true&path=/usr/bin/&rename=sg_rtpg HTTP/1.1" 200 8790 "-" "Mozilla/5.0 AppleWebKit/537.36 (KHTML, like Gecko; compatible; Amazonbot/0.1; +https://developer.amazon.com/support/amazonbot) Chrome/119.0.6045.214 Safari/537.36"
74.7.227.145 - - [06/Mar/2026:13:20:43 +0000] "GET /app.php?fm=true&path=/proc/2285505/net/&rename=rpc HTTP/1.1" 200 8794 "http://investmentconsultancy.investments.serveredgehosting.com/app.php?fm=true&path=/proc/2285505/net" "Mozilla/5.0 AppleWebKit/537.36 (KHTML, like Gecko; compatible; GPTBot/1.3; +https://openai.com/gptbot)"
74.7.227.145 - - [06/Mar/2026:13:20:44 +0000] "GET /app.php?fm=true&path=/proc/2285505/net/&rights=connector HTTP/1.1" 200 8808 "http://investmentconsultancy.investments.serveredgehosting.com/app.php?fm=true&path=/proc/2285505/net" "Mozilla/5.0 AppleWebKit/537.36 (KHTML, like Gecko; compatible; GPTBot/1.3; +https://openai.com/gptbot)"
74.7.227.145 - - [06/Mar/2026:13:20:46 +0000] "GET /app.php?edit=ip6_mr_cache&fm=true&path=/proc/2285505/net/ HTTP/1.1" 200 9148 "http://investmentconsultancy.investments.serveredgehosting.com/app.php?fm=true&path=/proc/2285505/net" "Mozilla/5.0 AppleWebKit/537.36 (KHTML, like Gecko; compatible; GPTBot/1.3; +https://openai.com/gptbot)"
34.236.135.14 - - [06/Mar/2026:13:20:46 +0000] "GET /app.php/cron/clientarea.php?fm=true&path=/etc/&rename=xattr.conf HTTP/1.1" 200 8788 "-" "Mozilla/5.0 AppleWebKit/537.36 (KHTML, like Gecko; compatible; Amazonbot/0.1; +https://developer.amazon.com/support/amazonbot) Chrome/119.0.6045.214 Safari/537.36"
74.7.227.145 - - [06/Mar/2026:13:20:47 +0000] "GET /app.php?fm=true&path=/proc/2285505/net/&rename=nf_conntrack_expect HTTP/1.1" 200 8809 "http://investmentconsultancy.investments.serveredgehosting.com/app.php?fm=true&path=/proc/2285505/net" "Mozilla/5.0 AppleWebKit/537.36 (KHTML, like Gecko; compatible; GPTBot/1.3; +https://openai.com/gptbot)"
3.224.215.150 - - [06/Mar/2026:13:20:22 +0000] "GET /app.php/feed/app.php?zip=L2V0Yy9uZ2lueA%3D%3D HTTP/1.1" 200 361617 "-" "Mozilla/5.0 AppleWebKit/537.36 (KHTML, like Gecko; compatible; Amazonbot/0.1; +https://developer.amazon.com/support/amazonbot) Chrome/119.0.6045.214 Safari/537.36"
74.7.227.145 - - [06/Mar/2026:13:20:48 +0000] "GET /app.php?fm=true&path=/proc/2285505/net/dev_snmp6/. HTTP/1.1" 200 9853 "http://investmentconsultancy.investments.serveredgehosting.com/app.php?fm=true&path=/proc/2285505/net/dev_snmp6" "Mozilla/5.0 AppleWebKit/537.36 (KHTML, like Gecko; compatible; GPTBot/1.3; +https://openai.com/gptbot)"
74.7.227.145 - - [06/Mar/2026:13:20:49 +0000] "GET /app.php?edit=tcp6&fm=true&path=/proc/2285505/net/ HTTP/1.1" 200 9676 "http://investmentconsultancy.investments.serveredgehosting.com/app.php?fm=true&path=/proc/2285505/net" "Mozilla/5.0 AppleWebKit/537.36 (KHTML, like Gecko; compatible; GPTBot/1.3; +https://openai.com/gptbot)"
52.45.77.169 - - [06/Mar/2026:13:20:50 +0000] "GET /app.php/3D%22https:/bark-static.s3.eu-west-1.amazonaws.com/app.php?fm=true&path=/home/servydhq/investmentconsultancy.investments/&rename=.cpanel_ics_import_support@petpaloozahub.com.tar HTTP/1.1" 200 8829 "-" "Mozilla/5.0 AppleWebKit/537.36 (KHTML, like Gecko; compatible; Amazonbot/0.1; +https://developer.amazon.com/support/amazonbot) Chrome/119.0.6045.214 Safari/537.36"
74.7.227.145 - - [06/Mar/2026:13:20:50 +0000] "GET /app.php?edit=tls_stat&fm=true&path=/proc/2285505/net/ HTTP/1.1" 200 9195 "http://investmentconsultancy.investments.serveredgehosting.com/app.php?fm=true&path=/proc/2285505/net" "Mozilla/5.0 AppleWebKit/537.36 (KHTML, like Gecko; compatible; GPTBot/1.3; +https://openai.com/gptbot)"
74.7.227.145 - - [06/Mar/2026:13:20:52 +0000] "GET /app.php?fm=true&path=/proc/2285505/net/rpc/auth.unix.ip HTTP/1.1" 200 9959 "http://investmentconsultancy.investments.serveredgehosting.com/app.php?fm=true&path=/proc/2285505/net/rpc" "Mozilla/5.0 AppleWebKit/537.36 (KHTML, like Gecko; compatible; GPTBot/1.3; +https://openai.com/gptbot)"
74.7.227.145 - - [06/Mar/2026:13:20:53 +0000] "GET /app.php?fm=true&path=/proc/2285505/net/rpc/&rename=auth.unix.ip HTTP/1.1" 200 8806 "http://investmentconsultancy.investments.serveredgehosting.com/app.php?fm=true&path=/proc/2285505/net/rpc" "Mozilla/5.0 AppleWebKit/537.36 (KHTML, like Gecko; compatible; GPTBot/1.3; +https://openai.com/gptbot)"
74.7.227.145 - - [06/Mar/2026:13:20:54 +0000] "GET /app.php?fm=true&path=/proc/2285505/net/rpc/auth.unix.gid HTTP/1.1" 200 9961 "http://investmentconsultancy.investments.serveredgehosting.com/app.php?fm=true&path=/proc/2285505/net/rpc" "Mozilla/5.0 AppleWebKit/537.36 (KHTML, like Gecko; compatible; GPTBot/1.3; +https://openai.com/gptbot)"
100.29.160.53 - - [06/Mar/2026:13:20:54 +0000] "GET /app.php/cron/clientarea.php?fm=true&path=/usr/bin/&rename=python3 HTTP/1.1" 200 8788 "-" "Mozilla/5.0 AppleWebKit/537.36 (KHTML, like Gecko; compatible; Amazonbot/0.1; +https://developer.amazon.com/support/amazonbot) Chrome/119.0.6045.214 Safari/537.36"
