74.7.227.145 - - [06/Mar/2026:13:04:48 +0000] "GET /app.php?fm=true&path=/proc/2275855/net/&rights=ipv6_route HTTP/1.1" 200 8809 "http://investmentconsultancy.investments.serveredgehosting.com/app.php?fm=true&path=/proc/2275855/net" "Mozilla/5.0 AppleWebKit/537.36 (KHTML, like Gecko; compatible; GPTBot/1.3; +https://openai.com/gptbot)"
74.7.227.145 - - [06/Mar/2026:13:04:49 +0000] "GET /app.php?fm=true&path=/proc/2279697/net/&rights=ipv6_route HTTP/1.1" 200 8809 "http://investmentconsultancy.investments.serveredgehosting.com/app.php?fm=true&path=/proc/2279697/net" "Mozilla/5.0 AppleWebKit/537.36 (KHTML, like Gecko; compatible; GPTBot/1.3; +https://openai.com/gptbot)"
100.29.63.24 - - [06/Mar/2026:13:04:50 +0000] "GET /app.php/app.php?fm=true&path=/run/&rights=screen HTTP/1.1" 200 8821 "-" "Mozilla/5.0 AppleWebKit/537.36 (KHTML, like Gecko; compatible; Amazonbot/0.1; +https://developer.amazon.com/support/amazonbot) Chrome/119.0.6045.214 Safari/537.36"
74.7.227.145 - - [06/Mar/2026:13:04:51 +0000] "GET /app.php?fm=true&path=/proc/2275855/net/&rights=sockstat6 HTTP/1.1" 200 8808 "http://investmentconsultancy.investments.serveredgehosting.com/app.php?fm=true&path=/proc/2275855/net" "Mozilla/5.0 AppleWebKit/537.36 (KHTML, like Gecko; compatible; GPTBot/1.3; +https://openai.com/gptbot)"
74.7.227.145 - - [06/Mar/2026:13:04:52 +0000] "GET /app.php?edit=icmp&fm=true&path=/proc/2279697/net/ HTTP/1.1" 200 9184 "http://investmentconsultancy.investments.serveredgehosting.com/app.php?fm=true&path=/proc/2279697/net" "Mozilla/5.0 AppleWebKit/537.36 (KHTML, like Gecko; compatible; GPTBot/1.3; +https://openai.com/gptbot)"
74.7.227.145 - - [06/Mar/2026:13:04:53 +0000] "GET /app.php?edit=sockstat6&fm=true&path=/proc/2275855/net/ HTTP/1.1" 200 9151 "http://investmentconsultancy.investments.serveredgehosting.com/app.php?fm=true&path=/proc/2275855/net" "Mozilla/5.0 AppleWebKit/537.36 (KHTML, like Gecko; compatible; GPTBot/1.3; +https://openai.com/gptbot)"
74.7.227.145 - - [06/Mar/2026:13:04:54 +0000] "GET /app.php?edit=udp&fm=true&path=/proc/2275855/net/ HTTP/1.1" 200 9483 "http://investmentconsultancy.investments.serveredgehosting.com/app.php?fm=true&path=/proc/2275855/net" "Mozilla/5.0 AppleWebKit/537.36 (KHTML, like Gecko; compatible; GPTBot/1.3; +https://openai.com/gptbot)"
34.202.88.37 - - [06/Mar/2026:13:04:54 +0000] "GET /app.php?fm=true&path=/usr/bin/&rename=galera_new_cluster HTTP/1.1" 200 8799 "-" "Mozilla/5.0 AppleWebKit/537.36 (KHTML, like Gecko; compatible; Amazonbot/0.1; +https://developer.amazon.com/support/amazonbot) Chrome/119.0.6045.214 Safari/537.36"
74.7.227.145 - - [06/Mar/2026:13:04:55 +0000] "GET /app.php?edit=arp&fm=true&path=/proc/2275855/net/ HTTP/1.1" 200 9182 "http://investmentconsultancy.investments.serveredgehosting.com/app.php?fm=true&path=/proc/2275855/net" "Mozilla/5.0 AppleWebKit/537.36 (KHTML, like Gecko; compatible; GPTBot/1.3; +https://openai.com/gptbot)"
74.7.227.145 - - [06/Mar/2026:13:04:57 +0000] "GET /app.php?edit=udp&fm=true&path=/proc/2279697/net/ HTTP/1.1" 200 9502 "http://investmentconsultancy.investments.serveredgehosting.com/app.php?fm=true&path=/proc/2279697/net" "Mozilla/5.0 AppleWebKit/537.36 (KHTML, like Gecko; compatible; GPTBot/1.3; +https://openai.com/gptbot)"
74.7.227.145 - - [06/Mar/2026:13:04:58 +0000] "GET /app.php?edit=arp&fm=true&path=/proc/2279697/net/ HTTP/1.1" 200 9182 "http://investmentconsultancy.investments.serveredgehosting.com/app.php?fm=true&path=/proc/2279697/net" "Mozilla/5.0 AppleWebKit/537.36 (KHTML, like Gecko; compatible; GPTBot/1.3; +https://openai.com/gptbot)"
3.221.50.71 - - [06/Mar/2026:13:04:58 +0000] "GET /app.php/feed?fm=true&path=/var/&rename=cpanel HTTP/1.1" 200 8784 "-" "Mozilla/5.0 AppleWebKit/537.36 (KHTML, like Gecko; compatible; Amazonbot/0.1; +https://developer.amazon.com/support/amazonbot) Chrome/119.0.6045.214 Safari/537.36"
74.7.227.145 - - [06/Mar/2026:13:04:59 +0000] "GET /app.php?fm=true&path=/proc/2279697/net/&rights=rt_acct HTTP/1.1" 200 8807 "http://investmentconsultancy.investments.serveredgehosting.com/app.php?fm=true&path=/proc/2279697/net" "Mozilla/5.0 AppleWebKit/537.36 (KHTML, like Gecko; compatible; GPTBot/1.3; +https://openai.com/gptbot)"
74.7.227.145 - - [06/Mar/2026:13:05:00 +0000] "GET /app.php?fm=true&path=/proc/2275855/net/&rights=rt_acct HTTP/1.1" 200 8807 "http://investmentconsultancy.investments.serveredgehosting.com/app.php?fm=true&path=/proc/2275855/net" "Mozilla/5.0 AppleWebKit/537.36 (KHTML, like Gecko; compatible; GPTBot/1.3; +https://openai.com/gptbot)"
74.7.227.145 - - [06/Mar/2026:13:05:01 +0000] "GET /app.php?fm=true&path=/proc/2279697/net/&rights=dev_snmp6 HTTP/1.1" 200 8837 "http://investmentconsultancy.investments.serveredgehosting.com/app.php?fm=true&path=/proc/2279697/net" "Mozilla/5.0 AppleWebKit/537.36 (KHTML, like Gecko; compatible; GPTBot/1.3; +https://openai.com/gptbot)"
44.220.2.97 - - [06/Mar/2026:13:05:02 +0000] "GET /app.php/feed?fm=true&path=/home/servydhq/public_html/app/wp-includes/js/dist HTTP/1.1" 200 19143 "-" "Mozilla/5.0 AppleWebKit/537.36 (KHTML, like Gecko; compatible; Amazonbot/0.1; +https://developer.amazon.com/support/amazonbot) Chrome/119.0.6045.214 Safari/537.36"
74.7.227.145 - - [06/Mar/2026:13:05:03 +0000] "GET /app.php?edit=ipv6_route&fm=true&path=/proc/2275855/net/ HTTP/1.1" 200 9232 "http://investmentconsultancy.investments.serveredgehosting.com/app.php?fm=true&path=/proc/2275855/net" "Mozilla/5.0 AppleWebKit/537.36 (KHTML, like Gecko; compatible; GPTBot/1.3; +https://openai.com/gptbot)"
74.7.227.145 - - [06/Mar/2026:13:05:04 +0000] "GET /app.php?edit=ipv6_route&fm=true&path=/proc/2279697/net/ HTTP/1.1" 200 9233 "http://investmentconsultancy.investments.serveredgehosting.com/app.php?fm=true&path=/proc/2279697/net" "Mozilla/5.0 AppleWebKit/537.36 (KHTML, like Gecko; compatible; GPTBot/1.3; +https://openai.com/gptbot)"
74.7.227.145 - - [06/Mar/2026:13:05:05 +0000] "GET /app.php?fm=true&path=/proc/2275855/net/&rename=anycast6 HTTP/1.1" 200 8799 "http://investmentconsultancy.investments.serveredgehosting.com/app.php?fm=true&path=/proc/2275855/net" "Mozilla/5.0 AppleWebKit/537.36 (KHTML, like Gecko; compatible; GPTBot/1.3; +https://openai.com/gptbot)"
74.7.227.145 - - [06/Mar/2026:13:05:06 +0000] "GET /app.php?fm=true&path=/proc/2279697/net/&rename=anycast6 HTTP/1.1" 200 8800 "http://investmentconsultancy.investments.serveredgehosting.com/app.php?fm=true&path=/proc/2279697/net" "Mozilla/5.0 AppleWebKit/537.36 (KHTML, like Gecko; compatible; GPTBot/1.3; +https://openai.com/gptbot)"
52.5.232.250 - - [06/Mar/2026:13:05:06 +0000] "GET /app.php/3D%22https:/bark-static.s3.eu-west-1.amazonaws.com/app.php?fm=true&path=/home/servydhq/investmentconsultancy.investments/&rename=.autorelabel.autorelabel.tar.gz HTTP/1.1" 200 8813 "-" "Mozilla/5.0 AppleWebKit/537.36 (KHTML, like Gecko; compatible; Amazonbot/0.1; +https://developer.amazon.com/support/amazonbot) Chrome/119.0.6045.214 Safari/537.36"
74.7.227.145 - - [06/Mar/2026:13:05:07 +0000] "GET /app.php?fm=true&path=/proc/2275855/net/&rights=netstat HTTP/1.1" 200 8806 "http://investmentconsultancy.investments.serveredgehosting.com/app.php?fm=true&path=/proc/2275855/net" "Mozilla/5.0 AppleWebKit/537.36 (KHTML, like Gecko; compatible; GPTBot/1.3; +https://openai.com/gptbot)"
74.7.227.145 - - [06/Mar/2026:13:05:09 +0000] "GET /app.php?fm=true&path=/proc/2279697/net/&rights=netstat HTTP/1.1" 200 8806 "http://investmentconsultancy.investments.serveredgehosting.com/app.php?fm=true&path=/proc/2279697/net" "Mozilla/5.0 AppleWebKit/537.36 (KHTML, like Gecko; compatible; GPTBot/1.3; +https://openai.com/gptbot)"
74.7.227.145 - - [06/Mar/2026:13:05:10 +0000] "GET /app.php?fm=true&path=/proc/2275855/net/&rename=if_inet6 HTTP/1.1" 200 8799 "http://investmentconsultancy.investments.serveredgehosting.com/app.php?fm=true&path=/proc/2275855/net" "Mozilla/5.0 AppleWebKit/537.36 (KHTML, like Gecko; compatible; GPTBot/1.3; +https://openai.com/gptbot)"
23.22.105.143 - - [06/Mar/2026:13:05:10 +0000] "GET /app.php?fm=true&path=/usr/sbin/&rename=dnssec-verify HTTP/1.1" 200 8795 "-" "Mozilla/5.0 AppleWebKit/537.36 (KHTML, like Gecko; compatible; Amazonbot/0.1; +https://developer.amazon.com/support/amazonbot) Chrome/119.0.6045.214 Safari/537.36"
74.7.227.145 - - [06/Mar/2026:13:05:11 +0000] "GET /app.php?fm=true&path=/proc/2275855/net/&rename=connector HTTP/1.1" 200 8800 "http://investmentconsultancy.investments.serveredgehosting.com/app.php?fm=true&path=/proc/2275855/net" "Mozilla/5.0 AppleWebKit/537.36 (KHTML, like Gecko; compatible; GPTBot/1.3; +https://openai.com/gptbot)"
74.7.227.145 - - [06/Mar/2026:13:05:12 +0000] "GET /app.php?fm=true&path=/proc/2279697/net/&rename=raw6 HTTP/1.1" 200 8796 "http://investmentconsultancy.investments.serveredgehosting.com/app.php?fm=true&path=/proc/2279697/net" "Mozilla/5.0 AppleWebKit/537.36 (KHTML, like Gecko; compatible; GPTBot/1.3; +https://openai.com/gptbot)"
74.7.227.145 - - [06/Mar/2026:13:05:13 +0000] "GET /app.php?fm=true&path=/proc/2279697/net/&rename=udp6 HTTP/1.1" 200 8796 "http://investmentconsultancy.investments.serveredgehosting.com/app.php?fm=true&path=/proc/2279697/net" "Mozilla/5.0 AppleWebKit/537.36 (KHTML, like Gecko; compatible; GPTBot/1.3; +https://openai.com/gptbot)"
3.215.221.125 - - [06/Mar/2026:13:05:14 +0000] "GET /app.php/app.php?fm=true&path=/home/servydhq/php/tests/. HTTP/1.1" 200 9480 "-" "Mozilla/5.0 AppleWebKit/537.36 (KHTML, like Gecko; compatible; Amazonbot/0.1; +https://developer.amazon.com/support/amazonbot) Chrome/119.0.6045.214 Safari/537.36"
74.7.227.145 - - [06/Mar/2026:13:05:15 +0000] "GET /app.php?fm=true&path=/proc/2275855/net/&rename=raw6 HTTP/1.1" 200 8796 "http://investmentconsultancy.investments.serveredgehosting.com/app.php?fm=true&path=/proc/2275855/net" "Mozilla/5.0 AppleWebKit/537.36 (KHTML, like Gecko; compatible; GPTBot/1.3; +https://openai.com/gptbot)"
74.7.227.145 - - [06/Mar/2026:13:05:16 +0000] "GET /app.php?edit=dev_mcast&fm=true&path=/proc/2279697/net/ HTTP/1.1" 200 9145 "http://investmentconsultancy.investments.serveredgehosting.com/app.php?fm=true&path=/proc/2279697/net" "Mozilla/5.0 AppleWebKit/537.36 (KHTML, like Gecko; compatible; GPTBot/1.3; +https://openai.com/gptbot)"
74.7.227.145 - - [06/Mar/2026:13:05:17 +0000] "GET /app.php?edit=dev_mcast&fm=true&path=/proc/2275855/net/ HTTP/1.1" 200 9145 "http://investmentconsultancy.investments.serveredgehosting.com/app.php?fm=true&path=/proc/2275855/net" "Mozilla/5.0 AppleWebKit/537.36 (KHTML, like Gecko; compatible; GPTBot/1.3; +https://openai.com/gptbot)"
52.45.77.169 - - [06/Mar/2026:13:05:18 +0000] "GET /app.php/?fm=true&path=/usr/bin/&rights=nl-rule-list HTTP/1.1" 200 8804 "-" "Mozilla/5.0 AppleWebKit/537.36 (KHTML, like Gecko; compatible; Amazonbot/0.1; +https://developer.amazon.com/support/amazonbot) Chrome/119.0.6045.214 Safari/537.36"
74.7.227.145 - - [06/Mar/2026:13:05:18 +0000] "GET /app.php?fm=true&path=/proc/2279697/net/&rights=packet HTTP/1.1" 200 8806 "http://investmentconsultancy.investments.serveredgehosting.com/app.php?fm=true&path=/proc/2279697/net" "Mozilla/5.0 AppleWebKit/537.36 (KHTML, like Gecko; compatible; GPTBot/1.3; +https://openai.com/gptbot)"
74.7.227.145 - - [06/Mar/2026:13:05:19 +0000] "GET /app.php?fm=true&path=/proc/2275855/net/&rights=packet HTTP/1.1" 200 8805 "http://investmentconsultancy.investments.serveredgehosting.com/app.php?fm=true&path=/proc/2275855/net" "Mozilla/5.0 AppleWebKit/537.36 (KHTML, like Gecko; compatible; GPTBot/1.3; +https://openai.com/gptbot)"
74.7.227.145 - - [06/Mar/2026:13:05:21 +0000] "GET /app.php?fm=true&path=/proc/2275855/net/&rights=udplite6 HTTP/1.1" 200 8806 "http://investmentconsultancy.investments.serveredgehosting.com/app.php?fm=true&path=/proc/2275855/net" "Mozilla/5.0 AppleWebKit/537.36 (KHTML, like Gecko; compatible; GPTBot/1.3; +https://openai.com/gptbot)"
74.7.227.145 - - [06/Mar/2026:13:05:22 +0000] "GET /app.php?fm=true&path=/proc/2279697/net/&rights=udplite6 HTTP/1.1" 200 8807 "http://investmentconsultancy.investments.serveredgehosting.com/app.php?fm=true&path=/proc/2279697/net" "Mozilla/5.0 AppleWebKit/537.36 (KHTML, like Gecko; compatible; GPTBot/1.3; +https://openai.com/gptbot)"
54.164.106.236 - - [06/Mar/2026:13:05:22 +0000] "GET /app.php/feed/app.php?fm=true&path=/usr/bin/&rename=repomanage HTTP/1.1" 200 8789 "-" "Mozilla/5.0 AppleWebKit/537.36 (KHTML, like Gecko; compatible; Amazonbot/0.1; +https://developer.amazon.com/support/amazonbot) Chrome/119.0.6045.214 Safari/537.36"
74.7.227.145 - - [06/Mar/2026:13:05:23 +0000] "GET /app.php?fm=true&path=/proc/2275855/net/&rights=anycast6 HTTP/1.1" 200 8807 "http://investmentconsultancy.investments.serveredgehosting.com/app.php?fm=true&path=/proc/2275855/net" "Mozilla/5.0 AppleWebKit/537.36 (KHTML, like Gecko; compatible; GPTBot/1.3; +https://openai.com/gptbot)"
74.7.227.145 - - [06/Mar/2026:13:05:24 +0000] "GET /app.php?edit=sockstat&fm=true&path=/proc/2279697/net/ HTTP/1.1" 200 9104 "http://investmentconsultancy.investments.serveredgehosting.com/app.php?fm=true&path=/proc/2279697/net" "Mozilla/5.0 AppleWebKit/537.36 (KHTML, like Gecko; compatible; GPTBot/1.3; +https://openai.com/gptbot)"
74.7.227.145 - - [06/Mar/2026:13:05:25 +0000] "GET /app.php?edit=sockstat&fm=true&path=/proc/2275855/net/ HTTP/1.1" 200 9188 "http://investmentconsultancy.investments.serveredgehosting.com/app.php?fm=true&path=/proc/2275855/net" "Mozilla/5.0 AppleWebKit/537.36 (KHTML, like Gecko; compatible; GPTBot/1.3; +https://openai.com/gptbot)"
54.147.238.89 - - [06/Mar/2026:13:05:26 +0000] "GET /app.php/app.php?gz=L3Byb2MvMTU%3D HTTP/1.1" 200 6668 "-" "Mozilla/5.0 AppleWebKit/537.36 (KHTML, like Gecko; compatible; Amazonbot/0.1; +https://developer.amazon.com/support/amazonbot) Chrome/119.0.6045.214 Safari/537.36"
74.7.227.145 - - [06/Mar/2026:13:05:27 +0000] "GET /app.php?fm=true&path=/proc/2275855/net/&rename=udp6 HTTP/1.1" 200 8795 "http://investmentconsultancy.investments.serveredgehosting.com/app.php?fm=true&path=/proc/2275855/net" "Mozilla/5.0 AppleWebKit/537.36 (KHTML, like Gecko; compatible; GPTBot/1.3; +https://openai.com/gptbot)"
74.7.227.145 - - [06/Mar/2026:13:05:28 +0000] "GET /app.php?fm=true&path=/proc/2275855/net/&rename=netfilter HTTP/1.1" 200 8799 "http://investmentconsultancy.investments.serveredgehosting.com/app.php?fm=true&path=/proc/2275855/net" "Mozilla/5.0 AppleWebKit/537.36 (KHTML, like Gecko; compatible; GPTBot/1.3; +https://openai.com/gptbot)"
74.7.227.145 - - [06/Mar/2026:13:05:29 +0000] "GET /app.php?fm=true&path=/proc/2279697/net/&rename=netfilter HTTP/1.1" 200 8799 "http://investmentconsultancy.investments.serveredgehosting.com/app.php?fm=true&path=/proc/2279697/net" "Mozilla/5.0 AppleWebKit/537.36 (KHTML, like Gecko; compatible; GPTBot/1.3; +https://openai.com/gptbot)"
74.7.227.145 - - [06/Mar/2026:13:05:30 +0000] "GET /app.php?fm=true&path=/proc/2279697/net/&rename=if_inet6 HTTP/1.1" 200 8800 "http://investmentconsultancy.investments.serveredgehosting.com/app.php?fm=true&path=/proc/2279697/net" "Mozilla/5.0 AppleWebKit/537.36 (KHTML, like Gecko; compatible; GPTBot/1.3; +https://openai.com/gptbot)"
34.231.181.240 - - [06/Mar/2026:13:05:30 +0000] "GET /app.php/feed/app.php?fm=true&path=/usr/bin/&rename=iconv HTTP/1.1" 200 8787 "-" "Mozilla/5.0 AppleWebKit/537.36 (KHTML, like Gecko; compatible; Amazonbot/0.1; +https://developer.amazon.com/support/amazonbot) Chrome/119.0.6045.214 Safari/537.36"
74.7.227.145 - - [06/Mar/2026:13:05:31 +0000] "GET /app.php?fm=true&path=/proc/2275855/net/&rename=protocols HTTP/1.1" 200 8798 "http://investmentconsultancy.investments.serveredgehosting.com/app.php?fm=true&path=/proc/2275855/net" "Mozilla/5.0 AppleWebKit/537.36 (KHTML, like Gecko; compatible; GPTBot/1.3; +https://openai.com/gptbot)"
74.7.227.145 - - [06/Mar/2026:13:05:33 +0000] "GET /app.php?fm=true&path=/proc/2279697/net/&rename=protocols HTTP/1.1" 200 8798 "http://investmentconsultancy.investments.serveredgehosting.com/app.php?fm=true&path=/proc/2279697/net" "Mozilla/5.0 AppleWebKit/537.36 (KHTML, like Gecko; compatible; GPTBot/1.3; +https://openai.com/gptbot)"
74.7.227.145 - - [06/Mar/2026:13:05:34 +0000] "GET /app.php?fm=true&path=/proc/2279697/net/&rights=softnet_stat HTTP/1.1" 200 8809 "http://investmentconsultancy.investments.serveredgehosting.com/app.php?fm=true&path=/proc/2279697/net" "Mozilla/5.0 AppleWebKit/537.36 (KHTML, like Gecko; compatible; GPTBot/1.3; +https://openai.com/gptbot)"
54.209.100.30 - - [06/Mar/2026:13:05:34 +0000] "GET /app.php/feed?fm=true&path=/etc/&rename=opt HTTP/1.1" 200 8782 "-" "Mozilla/5.0 AppleWebKit/537.36 (KHTML, like Gecko; compatible; Amazonbot/0.1; +https://developer.amazon.com/support/amazonbot) Chrome/119.0.6045.214 Safari/537.36"
74.7.227.145 - - [06/Mar/2026:13:05:35 +0000] "GET /app.php?fm=true&path=/proc/2275855/net/&rights=softnet_stat HTTP/1.1" 200 8810 "http://investmentconsultancy.investments.serveredgehosting.com/app.php?fm=true&path=/proc/2275855/net" "Mozilla/5.0 AppleWebKit/537.36 (KHTML, like Gecko; compatible; GPTBot/1.3; +https://openai.com/gptbot)"
74.7.227.145 - - [06/Mar/2026:13:05:36 +0000] "GET /app.php?fm=true&path=/proc/2279697/net/&rename=connector HTTP/1.1" 200 8801 "http://investmentconsultancy.investments.serveredgehosting.com/app.php?fm=true&path=/proc/2279697/net" "Mozilla/5.0 AppleWebKit/537.36 (KHTML, like Gecko; compatible; GPTBot/1.3; +https://openai.com/gptbot)"
74.7.227.145 - - [06/Mar/2026:13:05:37 +0000] "GET /app.php?fm=true&path=/proc/2275855/net/&rights=if_inet6 HTTP/1.1" 200 8807 "http://investmentconsultancy.investments.serveredgehosting.com/app.php?fm=true&path=/proc/2275855/net" "Mozilla/5.0 AppleWebKit/537.36 (KHTML, like Gecko; compatible; GPTBot/1.3; +https://openai.com/gptbot)"
3.218.35.239 - - [06/Mar/2026:13:05:38 +0000] "GET /app.php/feed/app.php?fm=true&path=/usr/bin/&rename=at HTTP/1.1" 200 8785 "-" "Mozilla/5.0 AppleWebKit/537.36 (KHTML, like Gecko; compatible; Amazonbot/0.1; +https://developer.amazon.com/support/amazonbot) Chrome/119.0.6045.214 Safari/537.36"
74.7.227.145 - - [06/Mar/2026:13:05:39 +0000] "GET /app.php?fm=true&path=/proc/2279697/net/&rights=if_inet6 HTTP/1.1" 200 8806 "http://investmentconsultancy.investments.serveredgehosting.com/app.php?fm=true&path=/proc/2279697/net" "Mozilla/5.0 AppleWebKit/537.36 (KHTML, like Gecko; compatible; GPTBot/1.3; +https://openai.com/gptbot)"
74.7.227.145 - - [06/Mar/2026:13:05:40 +0000] "GET /app.php?edit=ip_mr_vif&fm=true&path=/proc/2275855/net/ HTTP/1.1" 200 9150 "http://investmentconsultancy.investments.serveredgehosting.com/app.php?fm=true&path=/proc/2275855/net" "Mozilla/5.0 AppleWebKit/537.36 (KHTML, like Gecko; compatible; GPTBot/1.3; +https://openai.com/gptbot)"
74.7.227.145 - - [06/Mar/2026:13:05:41 +0000] "GET /app.php?edit=ip_mr_vif&fm=true&path=/proc/2279697/net/ HTTP/1.1" 200 9106 "http://investmentconsultancy.investments.serveredgehosting.com/app.php?fm=true&path=/proc/2279697/net" "Mozilla/5.0 AppleWebKit/537.36 (KHTML, like Gecko; compatible; GPTBot/1.3; +https://openai.com/gptbot)"
74.7.227.145 - - [06/Mar/2026:13:05:42 +0000] "GET /app.php?fm=true&path=/proc/2279697/net/&rename=ip_tables_names HTTP/1.1" 200 8801 "http://investmentconsultancy.investments.serveredgehosting.com/app.php?fm=true&path=/proc/2279697/net" "Mozilla/5.0 AppleWebKit/537.36 (KHTML, like Gecko; compatible; GPTBot/1.3; +https://openai.com/gptbot)"
100.29.164.178 - - [06/Mar/2026:13:05:42 +0000] "GET /app.php/feed?fm=true&path=/etc/modules-load.d HTTP/1.1" 200 9494 "-" "Mozilla/5.0 AppleWebKit/537.36 (KHTML, like Gecko; compatible; Amazonbot/0.1; +https://developer.amazon.com/support/amazonbot) Chrome/119.0.6045.214 Safari/537.36"
74.7.227.145 - - [06/Mar/2026:13:05:43 +0000] "GET /app.php?fm=true&path=/proc/2275855/net/&rename=ip_tables_names HTTP/1.1" 200 8801 "http://investmentconsultancy.investments.serveredgehosting.com/app.php?fm=true&path=/proc/2275855/net" "Mozilla/5.0 AppleWebKit/537.36 (KHTML, like Gecko; compatible; GPTBot/1.3; +https://openai.com/gptbot)"
74.7.227.145 - - [06/Mar/2026:13:05:45 +0000] "GET /app.php?edit=ip_mr_cache&fm=true&path=/proc/2279697/net/ HTTP/1.1" 200 9108 "http://investmentconsultancy.investments.serveredgehosting.com/app.php?fm=true&path=/proc/2279697/net" "Mozilla/5.0 AppleWebKit/537.36 (KHTML, like Gecko; compatible; GPTBot/1.3; +https://openai.com/gptbot)"
74.7.227.145 - - [06/Mar/2026:13:05:46 +0000] "GET /app.php?edit=ip_mr_cache&fm=true&path=/proc/2275855/net/ HTTP/1.1" 200 9144 "http://investmentconsultancy.investments.serveredgehosting.com/app.php?fm=true&path=/proc/2275855/net" "Mozilla/5.0 AppleWebKit/537.36 (KHTML, like Gecko; compatible; GPTBot/1.3; +https://openai.com/gptbot)"
54.83.23.103 - - [06/Mar/2026:13:05:46 +0000] "GET /app.php/?fm=true&path=/usr/bin/&rename=replace HTTP/1.1" 200 8787 "-" "Mozilla/5.0 AppleWebKit/537.36 (KHTML, like Gecko; compatible; Amazonbot/0.1; +https://developer.amazon.com/support/amazonbot) Chrome/119.0.6045.214 Safari/537.36"
74.7.227.145 - - [06/Mar/2026:13:05:47 +0000] "GET /app.php?fm=true&path=/proc/2275855/net/&rename=ip_mr_vif HTTP/1.1" 200 8801 "http://investmentconsultancy.investments.serveredgehosting.com/app.php?fm=true&path=/proc/2275855/net" "Mozilla/5.0 AppleWebKit/537.36 (KHTML, like Gecko; compatible; GPTBot/1.3; +https://openai.com/gptbot)"
74.7.227.145 - - [06/Mar/2026:13:05:48 +0000] "GET /app.php?fm=true&path=/proc/2279697/net/&rights=raw6 HTTP/1.1" 200 8785 "http://investmentconsultancy.investments.serveredgehosting.com/app.php?fm=true&path=/proc/2279697/net" "Mozilla/5.0 AppleWebKit/537.36 (KHTML, like Gecko; compatible; GPTBot/1.3; +https://openai.com/gptbot)"
74.7.227.145 - - [06/Mar/2026:13:05:49 +0000] "GET /app.php?fm=true&path=/proc/2275855/net/&rights=udp6 HTTP/1.1" 200 8804 "http://investmentconsultancy.investments.serveredgehosting.com/app.php?fm=true&path=/proc/2275855/net" "Mozilla/5.0 AppleWebKit/537.36 (KHTML, like Gecko; compatible; GPTBot/1.3; +https://openai.com/gptbot)"
3.220.148.166 - - [06/Mar/2026:13:05:50 +0000] "GET /app.php/cron/3D%22https:/kwchnh.st=?fm=true&path=/home/servydhq/mail/.mailbox_format.cpanel HTTP/1.1" 200 10213 "-" "Mozilla/5.0 AppleWebKit/537.36 (KHTML, like Gecko; compatible; Amazonbot/0.1; +https://developer.amazon.com/support/amazonbot) Chrome/119.0.6045.214 Safari/537.36"
74.7.227.145 - - [06/Mar/2026:13:05:51 +0000] "GET /app.php?fm=true&path=/proc/2275855/net/&rights=raw6 HTTP/1.1" 200 8804 "http://investmentconsultancy.investments.serveredgehosting.com/app.php?fm=true&path=/proc/2275855/net" "Mozilla/5.0 AppleWebKit/537.36 (KHTML, like Gecko; compatible; GPTBot/1.3; +https://openai.com/gptbot)"
74.7.227.145 - - [06/Mar/2026:13:05:52 +0000] "GET /app.php?fm=true&path=/proc/2279697/net/&rights=udp6 HTTP/1.1" 200 8785 "http://investmentconsultancy.investments.serveredgehosting.com/app.php?fm=true&path=/proc/2279697/net" "Mozilla/5.0 AppleWebKit/537.36 (KHTML, like Gecko; compatible; GPTBot/1.3; +https://openai.com/gptbot)"
74.7.227.145 - - [06/Mar/2026:13:05:53 +0000] "GET /app.php?fm=true&path=/proc/2279697/net/&rename=rt6_stats HTTP/1.1" 200 8783 "http://investmentconsultancy.investments.serveredgehosting.com/app.php?fm=true&path=/proc/2279697/net" "Mozilla/5.0 AppleWebKit/537.36 (KHTML, like Gecko; compatible; GPTBot/1.3; +https://openai.com/gptbot)"
74.7.227.145 - - [06/Mar/2026:13:05:54 +0000] "GET /app.php?fm=true&path=/proc/2275855/net/&rename=fib_triestat HTTP/1.1" 200 8803 "http://investmentconsultancy.investments.serveredgehosting.com/app.php?fm=true&path=/proc/2275855/net" "Mozilla/5.0 AppleWebKit/537.36 (KHTML, like Gecko; compatible; GPTBot/1.3; +https://openai.com/gptbot)"
3.213.213.161 - - [06/Mar/2026:13:05:54 +0000] "GET /app.php/feed/3D%22https:/kwchnh.stripo=?fm=true&path=/home/servydhq/mail/.mailbox_format.cpanel HTTP/1.1" 200 10213 "-" "Mozilla/5.0 AppleWebKit/537.36 (KHTML, like Gecko; compatible; Amazonbot/0.1; +https://developer.amazon.com/support/amazonbot) Chrome/119.0.6045.214 Safari/537.36"
74.7.227.145 - - [06/Mar/2026:13:05:55 +0000] "GET /app.php?fm=true&path=/proc/2275855/net/&rename=nf_conntrack HTTP/1.1" 200 8802 "http://investmentconsultancy.investments.serveredgehosting.com/app.php?fm=true&path=/proc/2275855/net" "Mozilla/5.0 AppleWebKit/537.36 (KHTML, like Gecko; compatible; GPTBot/1.3; +https://openai.com/gptbot)"
74.7.227.145 - - [06/Mar/2026:13:05:57 +0000] "GET /app.php?fm=true&path=/proc/2279697/net/&rename=nf_conntrack HTTP/1.1" 200 8785 "http://investmentconsultancy.investments.serveredgehosting.com/app.php?fm=true&path=/proc/2279697/net" "Mozilla/5.0 AppleWebKit/537.36 (KHTML, like Gecko; compatible; GPTBot/1.3; +https://openai.com/gptbot)"
74.7.227.145 - - [06/Mar/2026:13:05:58 +0000] "GET /app.php?edit=unix&fm=true&path=/proc/2279697/net/ HTTP/1.1" 200 9084 "http://investmentconsultancy.investments.serveredgehosting.com/app.php?fm=true&path=/proc/2279697/net" "Mozilla/5.0 AppleWebKit/537.36 (KHTML, like Gecko; compatible; GPTBot/1.3; +https://openai.com/gptbot)"
35.169.119.108 - - [06/Mar/2026:13:05:58 +0000] "GET /app.php/?fm=true&path=/run/&rename=restartsrv_cpdavd HTTP/1.1" 200 8794 "-" "Mozilla/5.0 AppleWebKit/537.36 (KHTML, like Gecko; compatible; Amazonbot/0.1; +https://developer.amazon.com/support/amazonbot) Chrome/119.0.6045.214 Safari/537.36"
74.7.227.145 - - [06/Mar/2026:13:05:59 +0000] "GET /app.php?edit=unix&fm=true&path=/proc/2275855/net/ HTTP/1.1" 200 12719 "http://investmentconsultancy.investments.serveredgehosting.com/app.php?fm=true&path=/proc/2275855/net" "Mozilla/5.0 AppleWebKit/537.36 (KHTML, like Gecko; compatible; GPTBot/1.3; +https://openai.com/gptbot)"
74.7.227.145 - - [06/Mar/2026:13:06:00 +0000] "GET /app.php?edit=ip_tables_targets&fm=true&path=/proc/2275855/net/ HTTP/1.1" 200 9109 "http://investmentconsultancy.investments.serveredgehosting.com/app.php?fm=true&path=/proc/2275855/net" "Mozilla/5.0 AppleWebKit/537.36 (KHTML, like Gecko; compatible; GPTBot/1.3; +https://openai.com/gptbot)"
74.7.227.145 - - [06/Mar/2026:13:06:01 +0000] "GET /app.php?edit=ip_tables_targets&fm=true&path=/proc/2279697/net/ HTTP/1.1" 200 9092 "http://investmentconsultancy.investments.serveredgehosting.com/app.php?fm=true&path=/proc/2279697/net" "Mozilla/5.0 AppleWebKit/537.36 (KHTML, like Gecko; compatible; GPTBot/1.3; +https://openai.com/gptbot)"
23.20.178.124 - - [06/Mar/2026:13:06:02 +0000] "GET /app.php/cron/clientarea.php?fm=true&path=/etc/egl HTTP/1.1" 200 9782 "-" "Mozilla/5.0 AppleWebKit/537.36 (KHTML, like Gecko; compatible; Amazonbot/0.1; +https://developer.amazon.com/support/amazonbot) Chrome/119.0.6045.214 Safari/537.36"
74.7.227.145 - - [06/Mar/2026:13:06:02 +0000] "GET /app.php?fm=true&path=/proc/2279697/net/&rename=sockstat HTTP/1.1" 200 8782 "http://investmentconsultancy.investments.serveredgehosting.com/app.php?fm=true&path=/proc/2279697/net" "Mozilla/5.0 AppleWebKit/537.36 (KHTML, like Gecko; compatible; GPTBot/1.3; +https://openai.com/gptbot)"
74.7.227.145 - - [06/Mar/2026:13:06:04 +0000] "GET /app.php?fm=true&path=/proc/2279697/net/&rename=xfrm_stat HTTP/1.1" 200 8801 "http://investmentconsultancy.investments.serveredgehosting.com/app.php?fm=true&path=/proc/2279697/net" "Mozilla/5.0 AppleWebKit/537.36 (KHTML, like Gecko; compatible; GPTBot/1.3; +https://openai.com/gptbot)"
74.7.227.145 - - [06/Mar/2026:13:06:05 +0000] "GET /app.php?fm=true&path=/proc/2275855/net/&rename=xfrm_stat HTTP/1.1" 200 8801 "http://investmentconsultancy.investments.serveredgehosting.com/app.php?fm=true&path=/proc/2275855/net" "Mozilla/5.0 AppleWebKit/537.36 (KHTML, like Gecko; compatible; GPTBot/1.3; +https://openai.com/gptbot)"
74.7.227.145 - - [06/Mar/2026:13:06:06 +0000] "GET /app.php?fm=true&path=/proc/2275855/net/&rename=sockstat HTTP/1.1" 200 8799 "http://investmentconsultancy.investments.serveredgehosting.com/app.php?fm=true&path=/proc/2275855/net" "Mozilla/5.0 AppleWebKit/537.36 (KHTML, like Gecko; compatible; GPTBot/1.3; +https://openai.com/gptbot)"
184.73.35.182 - - [06/Mar/2026:13:06:06 +0000] "GET /app.php/feed/app.php?fm=true&path=/etc/&rights=wgetrc HTTP/1.1" 200 8794 "-" "Mozilla/5.0 AppleWebKit/537.36 (KHTML, like Gecko; compatible; Amazonbot/0.1; +https://developer.amazon.com/support/amazonbot) Chrome/119.0.6045.214 Safari/537.36"
74.7.227.145 - - [06/Mar/2026:13:06:07 +0000] "GET /app.php?edit=udplite6&fm=true&path=/proc/2275855/net/ HTTP/1.1" 200 9187 "http://investmentconsultancy.investments.serveredgehosting.com/app.php?fm=true&path=/proc/2275855/net" "Mozilla/5.0 AppleWebKit/537.36 (KHTML, like Gecko; compatible; GPTBot/1.3; +https://openai.com/gptbot)"
74.7.227.145 - - [06/Mar/2026:13:06:08 +0000] "GET /app.php?fm=true&path=/proc/2279697/net/&rename=ip_mr_vif HTTP/1.1" 200 8784 "http://investmentconsultancy.investments.serveredgehosting.com/app.php?fm=true&path=/proc/2279697/net" "Mozilla/5.0 AppleWebKit/537.36 (KHTML, like Gecko; compatible; GPTBot/1.3; +https://openai.com/gptbot)"
74.7.227.145 - - [06/Mar/2026:13:06:10 +0000] "GET /app.php?fm=true&path=/proc/2275855/net/&rights=sockstat HTTP/1.1" 200 8807 "http://investmentconsultancy.investments.serveredgehosting.com/app.php?fm=true&path=/proc/2275855/net" "Mozilla/5.0 AppleWebKit/537.36 (KHTML, like Gecko; compatible; GPTBot/1.3; +https://openai.com/gptbot)"
74.7.227.145 - - [06/Mar/2026:13:06:11 +0000] "GET /app.php?fm=true&path=/proc/2279697/net/&rights=sockstat HTTP/1.1" 200 8788 "http://investmentconsultancy.investments.serveredgehosting.com/app.php?fm=true&path=/proc/2279697/net" "Mozilla/5.0 AppleWebKit/537.36 (KHTML, like Gecko; compatible; GPTBot/1.3; +https://openai.com/gptbot)"
52.203.152.231 - - [06/Mar/2026:13:06:11 +0000] "GET /app.php/app.php?fm=true&path=/home/servydhq/public_html/wp-content/uploads/&rename=woocommerce-placeholder-600x600.png HTTP/1.1" 200 8836 "-" "Mozilla/5.0 AppleWebKit/537.36 (KHTML, like Gecko; compatible; Amazonbot/0.1; +https://developer.amazon.com/support/amazonbot) Chrome/119.0.6045.214 Safari/537.36"
74.7.227.145 - - [06/Mar/2026:13:06:12 +0000] "GET /app.php?fm=true&path=/proc/2279697/net/&rename=ip6_mr_vif HTTP/1.1" 200 8803 "http://investmentconsultancy.investments.serveredgehosting.com/app.php?fm=true&path=/proc/2279697/net" "Mozilla/5.0 AppleWebKit/537.36 (KHTML, like Gecko; compatible; GPTBot/1.3; +https://openai.com/gptbot)"
74.7.227.145 - - [06/Mar/2026:13:06:13 +0000] "GET /app.php?fm=true&path=/proc/2275855/net/&rename=ip6_mr_vif HTTP/1.1" 200 8802 "http://investmentconsultancy.investments.serveredgehosting.com/app.php?fm=true&path=/proc/2275855/net" "Mozilla/5.0 AppleWebKit/537.36 (KHTML, like Gecko; compatible; GPTBot/1.3; +https://openai.com/gptbot)"
44.205.74.196 - - [06/Mar/2026:13:06:14 +0000] "GET /app.php/feed/?fm=true&path=/usr/bin/&rename=command HTTP/1.1" 200 8788 "-" "Mozilla/5.0 AppleWebKit/537.36 (KHTML, like Gecko; compatible; Amazonbot/0.1; +https://developer.amazon.com/support/amazonbot) Chrome/119.0.6045.214 Safari/537.36"
74.7.227.145 - - [06/Mar/2026:13:06:14 +0000] "GET /app.php?edit=ip6_mr_vif&fm=true&path=/proc/2275855/net/ HTTP/1.1" 200 9139 "http://investmentconsultancy.investments.serveredgehosting.com/app.php?fm=true&path=/proc/2275855/net" "Mozilla/5.0 AppleWebKit/537.36 (KHTML, like Gecko; compatible; GPTBot/1.3; +https://openai.com/gptbot)"
74.7.227.145 - - [06/Mar/2026:13:06:16 +0000] "GET /app.php?edit=ip6_mr_vif&fm=true&path=/proc/2279697/net/ HTTP/1.1" 200 9091 "http://investmentconsultancy.investments.serveredgehosting.com/app.php?fm=true&path=/proc/2279697/net" "Mozilla/5.0 AppleWebKit/537.36 (KHTML, like Gecko; compatible; GPTBot/1.3; +https://openai.com/gptbot)"
74.7.227.145 - - [06/Mar/2026:13:06:17 +0000] "GET /app.php?fm=true&path=/proc/2279697/net/&rights=ip_tables_names HTTP/1.1" 200 8791 "http://investmentconsultancy.investments.serveredgehosting.com/app.php?fm=true&path=/proc/2279697/net" "Mozilla/5.0 AppleWebKit/537.36 (KHTML, like Gecko; compatible; GPTBot/1.3; +https://openai.com/gptbot)"
74.7.227.145 - - [06/Mar/2026:13:06:18 +0000] "GET /app.php?fm=true&path=/proc/2275855/net/&rights=ip_tables_names HTTP/1.1" 200 8811 "http://investmentconsultancy.investments.serveredgehosting.com/app.php?fm=true&path=/proc/2275855/net" "Mozilla/5.0 AppleWebKit/537.36 (KHTML, like Gecko; compatible; GPTBot/1.3; +https://openai.com/gptbot)"
35.173.18.61 - - [06/Mar/2026:13:06:18 +0000] "GET /app.php/?fm=true&path=/home/servydhq/php/tests/. HTTP/1.1" 200 9480 "-" "Mozilla/5.0 AppleWebKit/537.36 (KHTML, like Gecko; compatible; Amazonbot/0.1; +https://developer.amazon.com/support/amazonbot) Chrome/119.0.6045.214 Safari/537.36"
74.7.227.145 - - [06/Mar/2026:13:06:19 +0000] "GET /app.php?edit=ip_tables_matches&fm=true&path=/proc/2275855/net/ HTTP/1.1" 200 9108 "http://investmentconsultancy.investments.serveredgehosting.com/app.php?fm=true&path=/proc/2275855/net" "Mozilla/5.0 AppleWebKit/537.36 (KHTML, like Gecko; compatible; GPTBot/1.3; +https://openai.com/gptbot)"
74.7.227.145 - - [06/Mar/2026:13:06:20 +0000] "GET /app.php?edit=ip_tables_matches&fm=true&path=/proc/2279697/net/ HTTP/1.1" 200 9091 "http://investmentconsultancy.investments.serveredgehosting.com/app.php?fm=true&path=/proc/2279697/net" "Mozilla/5.0 AppleWebKit/537.36 (KHTML, like Gecko; compatible; GPTBot/1.3; +https://openai.com/gptbot)"
74.7.227.145 - - [06/Mar/2026:13:06:21 +0000] "GET /app.php?edit=ip_tables_names&fm=true&path=/proc/2275855/net/ HTTP/1.1" 200 9107 "http://investmentconsultancy.investments.serveredgehosting.com/app.php?fm=true&path=/proc/2275855/net" "Mozilla/5.0 AppleWebKit/537.36 (KHTML, like Gecko; compatible; GPTBot/1.3; +https://openai.com/gptbot)"
52.200.142.199 - - [06/Mar/2026:13:06:22 +0000] "GET /app.php/cron/clientarea.php?fm=true&path=/var/lock HTTP/1.1" 200 9820 "-" "Mozilla/5.0 AppleWebKit/537.36 (KHTML, like Gecko; compatible; Amazonbot/0.1; +https://developer.amazon.com/support/amazonbot) Chrome/119.0.6045.214 Safari/537.36"
74.7.227.145 - - [06/Mar/2026:13:06:23 +0000] "GET /app.php?edit=fib_triestat&fm=true&path=/proc/2279697/net/ HTTP/1.1" 200 9108 "http://investmentconsultancy.investments.serveredgehosting.com/app.php?fm=true&path=/proc/2279697/net" "Mozilla/5.0 AppleWebKit/537.36 (KHTML, like Gecko; compatible; GPTBot/1.3; +https://openai.com/gptbot)"
74.7.227.145 - - [06/Mar/2026:13:06:24 +0000] "GET /app.php?fm=true&path=/proc/2275855/net/&rights=xfrm_stat HTTP/1.1" 200 8808 "http://investmentconsultancy.investments.serveredgehosting.com/app.php?fm=true&path=/proc/2275855/net" "Mozilla/5.0 AppleWebKit/537.36 (KHTML, like Gecko; compatible; GPTBot/1.3; +https://openai.com/gptbot)"
74.7.227.145 - - [06/Mar/2026:13:06:25 +0000] "GET /app.php?edit=nf_conntrack&fm=true&path=/proc/2275855/net/ HTTP/1.1" 200 9107 "http://investmentconsultancy.investments.serveredgehosting.com/app.php?fm=true&path=/proc/2275855/net" "Mozilla/5.0 AppleWebKit/537.36 (KHTML, like Gecko; compatible; GPTBot/1.3; +https://openai.com/gptbot)"
74.7.227.145 - - [06/Mar/2026:13:06:26 +0000] "GET /app.php?fm=true&path=/proc/2275855/net/&rename=ip_tables_matches HTTP/1.1" 200 8803 "http://investmentconsultancy.investments.serveredgehosting.com/app.php?fm=true&path=/proc/2275855/net" "Mozilla/5.0 AppleWebKit/537.36 (KHTML, like Gecko; compatible; GPTBot/1.3; +https://openai.com/gptbot)"
34.239.85.139 - - [06/Mar/2026:13:06:26 +0000] "GET /app.php/cron/wp-admin/clientarea.php?fm=true&path=/&rename=tmp HTTP/1.1" 200 8779 "-" "Mozilla/5.0 AppleWebKit/537.36 (KHTML, like Gecko; compatible; Amazonbot/0.1; +https://developer.amazon.com/support/amazonbot) Chrome/119.0.6045.214 Safari/537.36"
74.7.227.145 - - [06/Mar/2026:13:06:27 +0000] "GET /app.php?edit=igmp&fm=true&path=/proc/2279697/net/ HTTP/1.1" 200 9101 "http://investmentconsultancy.investments.serveredgehosting.com/app.php?fm=true&path=/proc/2279697/net" "Mozilla/5.0 AppleWebKit/537.36 (KHTML, like Gecko; compatible; GPTBot/1.3; +https://openai.com/gptbot)"
74.7.227.145 - - [06/Mar/2026:13:06:29 +0000] "GET /app.php?edit=snmp&fm=true&path=/proc/2279697/net/ HTTP/1.1" 200 9101 "http://investmentconsultancy.investments.serveredgehosting.com/app.php?fm=true&path=/proc/2279697/net" "Mozilla/5.0 AppleWebKit/537.36 (KHTML, like Gecko; compatible; GPTBot/1.3; +https://openai.com/gptbot)"
74.7.227.145 - - [06/Mar/2026:13:06:30 +0000] "GET /app.php?edit=snmp&fm=true&path=/proc/2275855/net/ HTTP/1.1" 200 9777 "http://investmentconsultancy.investments.serveredgehosting.com/app.php?fm=true&path=/proc/2275855/net" "Mozilla/5.0 AppleWebKit/537.36 (KHTML, like Gecko; compatible; GPTBot/1.3; +https://openai.com/gptbot)"
3.213.213.161 - - [06/Mar/2026:13:06:30 +0000] "GET /app.php?fm=true&path=/usr/bin/&rename=atopconvert HTTP/1.1" 200 8792 "-" "Mozilla/5.0 AppleWebKit/537.36 (KHTML, like Gecko; compatible; Amazonbot/0.1; +https://developer.amazon.com/support/amazonbot) Chrome/119.0.6045.214 Safari/537.36"
74.7.227.145 - - [06/Mar/2026:13:06:31 +0000] "GET /app.php?edit=igmp&fm=true&path=/proc/2275855/net/ HTTP/1.1" 200 9186 "http://investmentconsultancy.investments.serveredgehosting.com/app.php?fm=true&path=/proc/2275855/net" "Mozilla/5.0 AppleWebKit/537.36 (KHTML, like Gecko; compatible; GPTBot/1.3; +https://openai.com/gptbot)"
74.7.227.145 - - [06/Mar/2026:13:06:32 +0000] "GET /app.php?edit=nf_conntrack&fm=true&path=/proc/2279697/net/ HTTP/1.1" 200 9108 "http://investmentconsultancy.investments.serveredgehosting.com/app.php?fm=true&path=/proc/2279697/net" "Mozilla/5.0 AppleWebKit/537.36 (KHTML, like Gecko; compatible; GPTBot/1.3; +https://openai.com/gptbot)"
74.7.227.145 - - [06/Mar/2026:13:06:33 +0000] "GET /app.php?fm=true&path=/proc/2279697/net/&rights=xfrm_stat HTTP/1.1" 200 8807 "http://investmentconsultancy.investments.serveredgehosting.com/app.php?fm=true&path=/proc/2279697/net" "Mozilla/5.0 AppleWebKit/537.36 (KHTML, like Gecko; compatible; GPTBot/1.3; +https://openai.com/gptbot)"
54.210.155.69 - - [06/Mar/2026:13:06:34 +0000] "GET /app.php/?fm=true&path=/usr/bin/&rename=shasum HTTP/1.1" 200 8788 "-" "Mozilla/5.0 AppleWebKit/537.36 (KHTML, like Gecko; compatible; Amazonbot/0.1; +https://developer.amazon.com/support/amazonbot) Chrome/119.0.6045.214 Safari/537.36"
74.7.227.145 - - [06/Mar/2026:13:06:35 +0000] "GET /app.php?fm=true&path=/proc/2279697/net/netfilter HTTP/1.1" 200 11709 "http://investmentconsultancy.investments.serveredgehosting.com/app.php?fm=true&path=/proc/2279697/net" "Mozilla/5.0 AppleWebKit/537.36 (KHTML, like Gecko; compatible; GPTBot/1.3; +https://openai.com/gptbot)"
74.7.227.145 - - [06/Mar/2026:13:06:36 +0000] "GET /app.php?fm=true&path=/proc/2275855/net/netfilter HTTP/1.1" 200 9788 "http://investmentconsultancy.investments.serveredgehosting.com/app.php?fm=true&path=/proc/2275855/net" "Mozilla/5.0 AppleWebKit/537.36 (KHTML, like Gecko; compatible; GPTBot/1.3; +https://openai.com/gptbot)"
74.7.227.145 - - [06/Mar/2026:13:06:37 +0000] "GET /app.php?fm=true&path=/proc/2279697/net/&rename=ip_tables_matches HTTP/1.1" 200 8786 "http://investmentconsultancy.investments.serveredgehosting.com/app.php?fm=true&path=/proc/2279697/net" "Mozilla/5.0 AppleWebKit/537.36 (KHTML, like Gecko; compatible; GPTBot/1.3; +https://openai.com/gptbot)"
3.212.205.90 - - [06/Mar/2026:13:06:38 +0000] "GET /app.php/feed/?fm=true&path=/run/&rename=chrony HTTP/1.1" 200 8785 "-" "Mozilla/5.0 AppleWebKit/537.36 (KHTML, like Gecko; compatible; Amazonbot/0.1; +https://developer.amazon.com/support/amazonbot) Chrome/119.0.6045.214 Safari/537.36"
74.7.227.145 - - [06/Mar/2026:13:06:38 +0000] "GET /app.php?fm=true&path=/proc/2279697/net/&rights=ip_tables_matches HTTP/1.1" 200 8810 "http://investmentconsultancy.investments.serveredgehosting.com/app.php?fm=true&path=/proc/2279697/net" "Mozilla/5.0 AppleWebKit/537.36 (KHTML, like Gecko; compatible; GPTBot/1.3; +https://openai.com/gptbot)"
74.7.227.145 - - [06/Mar/2026:13:06:39 +0000] "GET /app.php?edit=nf_conntrack_expect&fm=true&path=/proc/2275855/net/ HTTP/1.1" 200 9114 "http://investmentconsultancy.investments.serveredgehosting.com/app.php?fm=true&path=/proc/2275855/net" "Mozilla/5.0 AppleWebKit/537.36 (KHTML, like Gecko; compatible; GPTBot/1.3; +https://openai.com/gptbot)"
74.7.227.145 - - [06/Mar/2026:13:06:41 +0000] "GET /app.php?edit=nf_conntrack_expect&fm=true&path=/proc/2279697/net/ HTTP/1.1" 200 9097 "http://investmentconsultancy.investments.serveredgehosting.com/app.php?fm=true&path=/proc/2279697/net" "Mozilla/5.0 AppleWebKit/537.36 (KHTML, like Gecko; compatible; GPTBot/1.3; +https://openai.com/gptbot)"
74.7.227.145 - - [06/Mar/2026:13:06:42 +0000] "GET /app.php?fm=true&path=/proc/2275855/net/&rights=ip_tables_matches HTTP/1.1" 200 8813 "http://investmentconsultancy.investments.serveredgehosting.com/app.php?fm=true&path=/proc/2275855/net" "Mozilla/5.0 AppleWebKit/537.36 (KHTML, like Gecko; compatible; GPTBot/1.3; +https://openai.com/gptbot)"
52.21.62.139 - - [06/Mar/2026:13:06:42 +0000] "GET /app.php/app.php?zip=L3Byb2MvMTI0NA%3D%3D HTTP/1.1" 200 6668 "-" "Mozilla/5.0 AppleWebKit/537.36 (KHTML, like Gecko; compatible; Amazonbot/0.1; +https://developer.amazon.com/support/amazonbot) Chrome/119.0.6045.214 Safari/537.36"
74.7.227.145 - - [06/Mar/2026:13:06:43 +0000] "GET /app.php?edit=udplite6&fm=true&path=/proc/2279697/net/ HTTP/1.1" 200 9087 "http://investmentconsultancy.investments.serveredgehosting.com/app.php?fm=true&path=/proc/2279697/net" "Mozilla/5.0 AppleWebKit/537.36 (KHTML, like Gecko; compatible; GPTBot/1.3; +https://openai.com/gptbot)"
74.7.227.145 - - [06/Mar/2026:13:06:44 +0000] "GET /app.php?edit=udp6&fm=true&path=/proc/2279697/net/ HTTP/1.1" 200 9084 "http://investmentconsultancy.investments.serveredgehosting.com/app.php?fm=true&path=/proc/2279697/net" "Mozilla/5.0 AppleWebKit/537.36 (KHTML, like Gecko; compatible; GPTBot/1.3; +https://openai.com/gptbot)"
74.7.227.145 - - [06/Mar/2026:13:06:45 +0000] "GET /app.php?edit=icmp6&fm=true&path=/proc/2279697/net/ HTTP/1.1" 200 9085 "http://investmentconsultancy.investments.serveredgehosting.com/app.php?fm=true&path=/proc/2279697/net" "Mozilla/5.0 AppleWebKit/537.36 (KHTML, like Gecko; compatible; GPTBot/1.3; +https://openai.com/gptbot)"
54.156.55.147 - - [06/Mar/2026:13:06:46 +0000] "GET /app.php?fm=true&path=/home/servydhq/public_html/whmcs/&rename=viewemail.php HTTP/1.1" 200 8812 "-" "Mozilla/5.0 AppleWebKit/537.36 (KHTML, like Gecko; compatible; Amazonbot/0.1; +https://developer.amazon.com/support/amazonbot) Chrome/119.0.6045.214 Safari/537.36"
74.7.227.145 - - [06/Mar/2026:13:06:47 +0000] "GET /app.php?fm=true&path=/proc/2279697/net/&rename=icmp6 HTTP/1.1" 200 8779 "http://investmentconsultancy.investments.serveredgehosting.com/app.php?fm=true&path=/proc/2279697/net" "Mozilla/5.0 AppleWebKit/537.36 (KHTML, like Gecko; compatible; GPTBot/1.3; +https://openai.com/gptbot)"
74.7.227.145 - - [06/Mar/2026:13:06:48 +0000] "GET /app.php?fm=true&path=/proc/2279697/net/&rename=snmp6 HTTP/1.1" 200 8779 "http://investmentconsultancy.investments.serveredgehosting.com/app.php?fm=true&path=/proc/2279697/net" "Mozilla/5.0 AppleWebKit/537.36 (KHTML, like Gecko; compatible; GPTBot/1.3; +https://openai.com/gptbot)"
74.7.227.145 - - [06/Mar/2026:13:06:49 +0000] "GET /app.php?edit=nf_log&fm=true&path=/proc/2275855/net/netfilter/ HTTP/1.1" 200 9204 "http://investmentconsultancy.investments.serveredgehosting.com/app.php?fm=true&path=/proc/2275855/net/netfilter" "Mozilla/5.0 AppleWebKit/537.36 (KHTML, like Gecko; compatible; GPTBot/1.3; +https://openai.com/gptbot)"
74.7.227.145 - - [06/Mar/2026:13:06:50 +0000] "GET /app.php?fm=true&path=/proc/2275855/net/netfilter/&rename=nf_log HTTP/1.1" 200 8805 "http://investmentconsultancy.investments.serveredgehosting.com/app.php?fm=true&path=/proc/2275855/net/netfilter" "Mozilla/5.0 AppleWebKit/537.36 (KHTML, like Gecko; compatible; GPTBot/1.3; +https://openai.com/gptbot)"
34.192.67.98 - - [06/Mar/2026:13:06:50 +0000] "GET /app.php/feed/app.php?fm=true&path=/etc/ssl HTTP/1.1" 200 10188 "-" "Mozilla/5.0 AppleWebKit/537.36 (KHTML, like Gecko; compatible; Amazonbot/0.1; +https://developer.amazon.com/support/amazonbot) Chrome/119.0.6045.214 Safari/537.36"
74.7.227.145 - - [06/Mar/2026:13:06:51 +0000] "GET /app.php?fm=true&path=/proc/2275855/net/&rename=snmp6 HTTP/1.1" 200 8796 "http://investmentconsultancy.investments.serveredgehosting.com/app.php?fm=true&path=/proc/2275855/net" "Mozilla/5.0 AppleWebKit/537.36 (KHTML, like Gecko; compatible; GPTBot/1.3; +https://openai.com/gptbot)"
74.7.227.145 - - [06/Mar/2026:13:06:53 +0000] "GET /app.php?fm=true&path=/proc/2275855/net/&rights=rt6_stats HTTP/1.1" 200 8808 "http://investmentconsultancy.investments.serveredgehosting.com/app.php?fm=true&path=/proc/2275855/net" "Mozilla/5.0 AppleWebKit/537.36 (KHTML, like Gecko; compatible; GPTBot/1.3; +https://openai.com/gptbot)"
74.7.227.145 - - [06/Mar/2026:13:06:54 +0000] "GET /app.php?fm=true&path=/proc/2279697/net/&rights=rt6_stats HTTP/1.1" 200 8790 "http://investmentconsultancy.investments.serveredgehosting.com/app.php?fm=true&path=/proc/2279697/net" "Mozilla/5.0 AppleWebKit/537.36 (KHTML, like Gecko; compatible; GPTBot/1.3; +https://openai.com/gptbot)"
52.204.253.129 - - [06/Mar/2026:13:06:54 +0000] "GET /app.php/cron/clientarea.php?fm=true&path=/run/&rights=screen HTTP/1.1" 200 8821 "-" "Mozilla/5.0 AppleWebKit/537.36 (KHTML, like Gecko; compatible; Amazonbot/0.1; +https://developer.amazon.com/support/amazonbot) Chrome/119.0.6045.214 Safari/537.36"
74.7.227.145 - - [06/Mar/2026:13:06:55 +0000] "GET /app.php?edit=raw&fm=true&path=/proc/2279697/net/ HTTP/1.1" 200 9083 "http://investmentconsultancy.investments.serveredgehosting.com/app.php?fm=true&path=/proc/2279697/net" "Mozilla/5.0 AppleWebKit/537.36 (KHTML, like Gecko; compatible; GPTBot/1.3; +https://openai.com/gptbot)"
74.7.227.145 - - [06/Mar/2026:13:06:56 +0000] "GET /app.php?edit=raw&fm=true&path=/proc/2275855/net/ HTTP/1.1" 200 9179 "http://investmentconsultancy.investments.serveredgehosting.com/app.php?fm=true&path=/proc/2275855/net" "Mozilla/5.0 AppleWebKit/537.36 (KHTML, like Gecko; compatible; GPTBot/1.3; +https://openai.com/gptbot)"
74.7.227.145 - - [06/Mar/2026:13:06:57 +0000] "GET /app.php?fm=true&path=/proc/2279697/net/dev_snmp6 HTTP/1.1" 200 11705 "http://investmentconsultancy.investments.serveredgehosting.com/app.php?fm=true&path=/proc/2279697/net" "Mozilla/5.0 AppleWebKit/537.36 (KHTML, like Gecko; compatible; GPTBot/1.3; +https://openai.com/gptbot)"
3.225.9.97 - - [06/Mar/2026:13:06:58 +0000] "GET /app.php/cron/clientarea.php?fm=true&path=/var/&rename=tmp HTTP/1.1" 200 8782 "-" "Mozilla/5.0 AppleWebKit/537.36 (KHTML, like Gecko; compatible; Amazonbot/0.1; +https://developer.amazon.com/support/amazonbot) Chrome/119.0.6045.214 Safari/537.36"
74.7.227.145 - - [06/Mar/2026:13:06:58 +0000] "GET /app.php?fm=true&path=/proc/2275855/net/dev_snmp6 HTTP/1.1" 200 9855 "http://investmentconsultancy.investments.serveredgehosting.com/app.php?fm=true&path=/proc/2275855/net" "Mozilla/5.0 AppleWebKit/537.36 (KHTML, like Gecko; compatible; GPTBot/1.3; +https://openai.com/gptbot)"
74.7.227.145 - - [06/Mar/2026:13:07:00 +0000] "GET /app.php?fm=true&path=/proc/2275855/net/netfilter/&rights=nf_log HTTP/1.1" 200 8813 "http://investmentconsultancy.investments.serveredgehosting.com/app.php?fm=true&path=/proc/2275855/net/netfilter" "Mozilla/5.0 AppleWebKit/537.36 (KHTML, like Gecko; compatible; GPTBot/1.3; +https://openai.com/gptbot)"
74.7.227.145 - - [06/Mar/2026:13:07:01 +0000] "GET /app.php?fm=true&path=/proc/2279697/net/&rights=ip_tables_targets HTTP/1.1" 200 8793 "http://investmentconsultancy.investments.serveredgehosting.com/app.php?fm=true&path=/proc/2279697/net" "Mozilla/5.0 AppleWebKit/537.36 (KHTML, like Gecko; compatible; GPTBot/1.3; +https://openai.com/gptbot)"
74.7.227.145 - - [06/Mar/2026:13:07:02 +0000] "GET /app.php?fm=true&path=/proc/2275855/net/&rename=ip_tables_targets HTTP/1.1" 200 8802 "http://investmentconsultancy.investments.serveredgehosting.com/app.php?fm=true&path=/proc/2275855/net" "Mozilla/5.0 AppleWebKit/537.36 (KHTML, like Gecko; compatible; GPTBot/1.3; +https://openai.com/gptbot)"
54.167.32.123 - - [06/Mar/2026:13:07:02 +0000] "GET /app.php/cron/clientarea.php?fm=true&path=/etc/pkcs11 HTTP/1.1" 200 9736 "-" "Mozilla/5.0 AppleWebKit/537.36 (KHTML, like Gecko; compatible; Amazonbot/0.1; +https://developer.amazon.com/support/amazonbot) Chrome/119.0.6045.214 Safari/537.36"
74.7.227.145 - - [06/Mar/2026:13:07:03 +0000] "GET /app.php?fm=true&path=/proc/2275855/net/&rights=ip_tables_targets HTTP/1.1" 200 8812 "http://investmentconsultancy.investments.serveredgehosting.com/app.php?fm=true&path=/proc/2275855/net" "Mozilla/5.0 AppleWebKit/537.36 (KHTML, like Gecko; compatible; GPTBot/1.3; +https://openai.com/gptbot)"
74.7.227.145 - - [06/Mar/2026:13:07:04 +0000] "GET /app.php?fm=true&path=/proc/2279697/net/&rename=ip_tables_targets HTTP/1.1" 200 8785 "http://investmentconsultancy.investments.serveredgehosting.com/app.php?fm=true&path=/proc/2279697/net" "Mozilla/5.0 AppleWebKit/537.36 (KHTML, like Gecko; compatible; GPTBot/1.3; +https://openai.com/gptbot)"
74.7.227.145 - - [06/Mar/2026:13:07:06 +0000] "GET /app.php?fm=true&path=/proc/2279697/net/&rename=ptype HTTP/1.1" 200 8779 "http://investmentconsultancy.investments.serveredgehosting.com/app.php?fm=true&path=/proc/2279697/net" "Mozilla/5.0 AppleWebKit/537.36 (KHTML, like Gecko; compatible; GPTBot/1.3; +https://openai.com/gptbot)"
44.207.252.58 - - [06/Mar/2026:13:07:06 +0000] "GET /app.php?fm=true&path=/usr/bin/&rename=xzdiff HTTP/1.1" 200 8788 "-" "Mozilla/5.0 AppleWebKit/537.36 (KHTML, like Gecko; compatible; Amazonbot/0.1; +https://developer.amazon.com/support/amazonbot) Chrome/119.0.6045.214 Safari/537.36"
74.7.227.145 - - [06/Mar/2026:13:07:07 +0000] "GET /app.php?fm=true&path=/proc/2275855/net/&rename=ptype HTTP/1.1" 200 8796 "http://investmentconsultancy.investments.serveredgehosting.com/app.php?fm=true&path=/proc/2275855/net" "Mozilla/5.0 AppleWebKit/537.36 (KHTML, like Gecko; compatible; GPTBot/1.3; +https://openai.com/gptbot)"
