74.7.227.145 - - [06/Mar/2026:13:28:00 +0000] "GET /app.php?fm=true&path=/proc/2285096/&rename=net HTTP/1.1" 200 8791 "http://investmentconsultancy.investments.serveredgehosting.com/app.php?fm=true&path=/proc/2285096" "Mozilla/5.0 AppleWebKit/537.36 (KHTML, like Gecko; compatible; GPTBot/1.3; +https://openai.com/gptbot)"
74.7.227.145 - - [06/Mar/2026:13:28:01 +0000] "GET /app.php?fm=true&path=/proc/2290784/&rights=net HTTP/1.1" 200 8828 "http://investmentconsultancy.investments.serveredgehosting.com/app.php?fm=true&path=/proc/2290784" "Mozilla/5.0 AppleWebKit/537.36 (KHTML, like Gecko; compatible; GPTBot/1.3; +https://openai.com/gptbot)"
23.21.119.232 - - [06/Mar/2026:13:28:02 +0000] "GET /app.php/feed/app.php?fm=true&path=/home/servydhq/public_html/whmcs/admin/&rename=clientsemails.php HTTP/1.1" 200 8819 "-" "Mozilla/5.0 AppleWebKit/537.36 (KHTML, like Gecko; compatible; Amazonbot/0.1; +https://developer.amazon.com/support/amazonbot) Chrome/119.0.6045.214 Safari/537.36"
74.7.227.145 - - [06/Mar/2026:13:28:03 +0000] "GET /app.php?fm=true&path=/proc/2285096/&rights=net HTTP/1.1" 200 8828 "http://investmentconsultancy.investments.serveredgehosting.com/app.php?fm=true&path=/proc/2285096" "Mozilla/5.0 AppleWebKit/537.36 (KHTML, like Gecko; compatible; GPTBot/1.3; +https://openai.com/gptbot)"
74.7.227.145 - - [06/Mar/2026:13:28:04 +0000] "GET /app.php?fm=true&path=/proc/2290348/&rights=net HTTP/1.1" 200 8828 "http://investmentconsultancy.investments.serveredgehosting.com/app.php?fm=true&path=/proc/2290348" "Mozilla/5.0 AppleWebKit/537.36 (KHTML, like Gecko; compatible; GPTBot/1.3; +https://openai.com/gptbot)"
74.7.227.145 - - [06/Mar/2026:13:28:05 +0000] "GET /app.php?fm=true&path=/proc/2286264/&rights=net HTTP/1.1" 200 8828 "http://investmentconsultancy.investments.serveredgehosting.com/app.php?fm=true&path=/proc/2286264" "Mozilla/5.0 AppleWebKit/537.36 (KHTML, like Gecko; compatible; GPTBot/1.3; +https://openai.com/gptbot)"
34.236.41.241 - - [06/Mar/2026:13:28:06 +0000] "GET /app.php/app.php?fm=true&path=/home/servydhq/public_html/whmcs/&rename=register.php HTTP/1.1" 200 8811 "-" "Mozilla/5.0 AppleWebKit/537.36 (KHTML, like Gecko; compatible; Amazonbot/0.1; +https://developer.amazon.com/support/amazonbot) Chrome/119.0.6045.214 Safari/537.36"
74.7.227.145 - - [06/Mar/2026:13:28:07 +0000] "GET /app.php?edit=io&fm=true&path=/proc/2286264/ HTTP/1.1" 200 9096 "http://investmentconsultancy.investments.serveredgehosting.com/app.php?fm=true&path=/proc/2286264" "Mozilla/5.0 AppleWebKit/537.36 (KHTML, like Gecko; compatible; GPTBot/1.3; +https://openai.com/gptbot)"
74.7.227.145 - - [06/Mar/2026:13:28:08 +0000] "GET /app.php?download=L3Byb2MvMjI4NTA5Ni90aW1lbnNfb2Zmc2V0cw== HTTP/1.1" 200 101 "http://investmentconsultancy.investments.serveredgehosting.com/app.php?fm=true&path=/proc/2285096" "Mozilla/5.0 AppleWebKit/537.36 (KHTML, like Gecko; compatible; GPTBot/1.3; +https://openai.com/gptbot)"
74.7.227.145 - - [06/Mar/2026:13:28:09 +0000] "GET /app.php?download=L3Byb2MvMjI5MDM0OC90aW1lbnNfb2Zmc2V0cw== HTTP/1.1" 200 101 "http://investmentconsultancy.investments.serveredgehosting.com/app.php?fm=true&path=/proc/2290348" "Mozilla/5.0 AppleWebKit/537.36 (KHTML, like Gecko; compatible; GPTBot/1.3; +https://openai.com/gptbot)"
74.7.227.145 - - [06/Mar/2026:13:28:11 +0000] "GET /app.php?download=L3Byb2MvMjI4NjI2NC90aW1lbnNfb2Zmc2V0cw== HTTP/1.1" 200 101 "http://investmentconsultancy.investments.serveredgehosting.com/app.php?fm=true&path=/proc/2286264" "Mozilla/5.0 AppleWebKit/537.36 (KHTML, like Gecko; compatible; GPTBot/1.3; +https://openai.com/gptbot)"
74.7.227.145 - - [06/Mar/2026:13:28:12 +0000] "GET /app.php?download=L3Byb2MvMjI5MDc4NC90aW1lbnNfb2Zmc2V0cw== HTTP/1.1" 200 101 "http://investmentconsultancy.investments.serveredgehosting.com/app.php?fm=true&path=/proc/2290784" "Mozilla/5.0 AppleWebKit/537.36 (KHTML, like Gecko; compatible; GPTBot/1.3; +https://openai.com/gptbot)"
74.7.227.145 - - [06/Mar/2026:13:28:13 +0000] "GET /app.php?fm=true&path=/proc/2285096/.. HTTP/1.1" 200 30604 "http://investmentconsultancy.investments.serveredgehosting.com/app.php?fm=true&path=/proc/2285096" "Mozilla/5.0 AppleWebKit/537.36 (KHTML, like Gecko; compatible; GPTBot/1.3; +https://openai.com/gptbot)"
74.7.227.145 - - [06/Mar/2026:13:28:14 +0000] "GET /app.php?fm=true&path=/proc/2290784/.. HTTP/1.1" 200 30508 "http://investmentconsultancy.investments.serveredgehosting.com/app.php?fm=true&path=/proc/2290784" "Mozilla/5.0 AppleWebKit/537.36 (KHTML, like Gecko; compatible; GPTBot/1.3; +https://openai.com/gptbot)"
74.7.227.145 - - [06/Mar/2026:13:28:15 +0000] "GET /app.php?fm=true&path=/proc/2290348/.. HTTP/1.1" 200 30660 "http://investmentconsultancy.investments.serveredgehosting.com/app.php?fm=true&path=/proc/2290348" "Mozilla/5.0 AppleWebKit/537.36 (KHTML, like Gecko; compatible; GPTBot/1.3; +https://openai.com/gptbot)"
3.210.29.96 - - [06/Mar/2026:13:28:16 +0000] "GET /app.php/3D%22https:/bark-static.s3.eu-west-1.amazonaws.com/app.php?fm=true&path=/home/servydhq/investmentconsultancy.investments/&rights=.env.local.tar HTTP/1.1" 200 8815 "-" "Mozilla/5.0 AppleWebKit/537.36 (KHTML, like Gecko; compatible; Amazonbot/0.1; +https://developer.amazon.com/support/amazonbot) Chrome/119.0.6045.214 Safari/537.36"
74.7.227.145 - - [06/Mar/2026:13:28:16 +0000] "GET /app.php?edit=io&fm=true&path=/proc/2290784/ HTTP/1.1" 200 9095 "http://investmentconsultancy.investments.serveredgehosting.com/app.php?fm=true&path=/proc/2290784" "Mozilla/5.0 AppleWebKit/537.36 (KHTML, like Gecko; compatible; GPTBot/1.3; +https://openai.com/gptbot)"
74.7.227.145 - - [06/Mar/2026:13:28:17 +0000] "GET /app.php?edit=io&fm=true&path=/proc/2285096/ HTTP/1.1" 200 9095 "http://investmentconsultancy.investments.serveredgehosting.com/app.php?fm=true&path=/proc/2285096" "Mozilla/5.0 AppleWebKit/537.36 (KHTML, like Gecko; compatible; GPTBot/1.3; +https://openai.com/gptbot)"
74.7.227.145 - - [06/Mar/2026:13:28:18 +0000] "GET /app.php?edit=io&fm=true&path=/proc/2290348/ HTTP/1.1" 200 9095 "http://investmentconsultancy.investments.serveredgehosting.com/app.php?fm=true&path=/proc/2290348" "Mozilla/5.0 AppleWebKit/537.36 (KHTML, like Gecko; compatible; GPTBot/1.3; +https://openai.com/gptbot)"
52.6.5.24 - - [06/Mar/2026:13:28:18 +0000] "GET /app.php?gzfile=L3Vzci9iaW4vc2dfcmVhZA%3D%3D HTTP/1.1" 200 6668 "-" "Mozilla/5.0 AppleWebKit/537.36 (KHTML, like Gecko; compatible; Amazonbot/0.1; +https://developer.amazon.com/support/amazonbot) Chrome/119.0.6045.214 Safari/537.36"
74.7.227.145 - - [06/Mar/2026:13:28:19 +0000] "GET /app.php?fm=true&path=/proc/2286264/.. HTTP/1.1" 200 30554 "http://investmentconsultancy.investments.serveredgehosting.com/app.php?fm=true&path=/proc/2286264" "Mozilla/5.0 AppleWebKit/537.36 (KHTML, like Gecko; compatible; GPTBot/1.3; +https://openai.com/gptbot)"
74.7.227.145 - - [06/Mar/2026:13:28:20 +0000] "GET /app.php?fm=true&path=/proc/2285096/. HTTP/1.1" 200 13764 "http://investmentconsultancy.investments.serveredgehosting.com/app.php?fm=true&path=/proc/2285096" "Mozilla/5.0 AppleWebKit/537.36 (KHTML, like Gecko; compatible; GPTBot/1.3; +https://openai.com/gptbot)"
74.7.227.145 - - [06/Mar/2026:13:28:21 +0000] "GET /app.php?fm=true&path=/proc/2290784/. HTTP/1.1" 200 13751 "http://investmentconsultancy.investments.serveredgehosting.com/app.php?fm=true&path=/proc/2290784" "Mozilla/5.0 AppleWebKit/537.36 (KHTML, like Gecko; compatible; GPTBot/1.3; +https://openai.com/gptbot)"
74.7.227.145 - - [06/Mar/2026:13:28:22 +0000] "GET /app.php?fm=true&path=/proc/2290348/. HTTP/1.1" 200 13793 "http://investmentconsultancy.investments.serveredgehosting.com/app.php?fm=true&path=/proc/2290348" "Mozilla/5.0 AppleWebKit/537.36 (KHTML, like Gecko; compatible; GPTBot/1.3; +https://openai.com/gptbot)"
52.0.63.151 - - [06/Mar/2026:13:28:23 +0000] "GET /app.php/feed/?fm=true&path=/usr/&rename=bin HTTP/1.1" 200 8782 "-" "Mozilla/5.0 AppleWebKit/537.36 (KHTML, like Gecko; compatible; Amazonbot/0.1; +https://developer.amazon.com/support/amazonbot) Chrome/119.0.6045.214 Safari/537.36"
74.7.227.145 - - [06/Mar/2026:13:28:23 +0000] "GET /app.php?fm=true&path=/proc/2290348/ HTTP/1.1" 200 13793 "http://investmentconsultancy.investments.serveredgehosting.com/app.php?fm=true&path=/proc/2290348/&rename=io" "Mozilla/5.0 AppleWebKit/537.36 (KHTML, like Gecko; compatible; GPTBot/1.3; +https://openai.com/gptbot)"
74.7.227.145 - - [06/Mar/2026:13:28:24 +0000] "GET /app.php?fm=true&path=/proc/2293821 HTTP/1.1" 200 13747 "http://investmentconsultancy.investments.serveredgehosting.com/app.php?fm=true&path=/proc/2285096/.." "Mozilla/5.0 AppleWebKit/537.36 (KHTML, like Gecko; compatible; GPTBot/1.3; +https://openai.com/gptbot)"
74.7.227.145 - - [06/Mar/2026:13:28:25 +0000] "GET /app.php?fm=true&path=/proc/2285096/ HTTP/1.1" 200 13763 "http://investmentconsultancy.investments.serveredgehosting.com/app.php?fm=true&path=/proc/2285096/&rename=clear_refs" "Mozilla/5.0 AppleWebKit/537.36 (KHTML, like Gecko; compatible; GPTBot/1.3; +https://openai.com/gptbot)"
74.7.227.145 - - [06/Mar/2026:13:28:26 +0000] "GET /app.php?fm=true&path=/proc/2294834 HTTP/1.1" 200 11705 "http://investmentconsultancy.investments.serveredgehosting.com/app.php?fm=true&path=/proc/2290348/.." "Mozilla/5.0 AppleWebKit/537.36 (KHTML, like Gecko; compatible; GPTBot/1.3; +https://openai.com/gptbot)"
52.203.68.145 - - [06/Mar/2026:13:28:26 +0000] "GET /app.php/cron/submitticket.php?fm=true&path=/home/servydhq/public_html/app/wp-includes/&rename=class-wp-widget.php HTTP/1.1" 200 8823 "-" "Mozilla/5.0 AppleWebKit/537.36 (KHTML, like Gecko; compatible; Amazonbot/0.1; +https://developer.amazon.com/support/amazonbot) Chrome/119.0.6045.214 Safari/537.36"
74.7.227.145 - - [06/Mar/2026:13:28:27 +0000] "GET /app.php?fm=true&path=/proc/2290784/ HTTP/1.1" 200 13752 "http://investmentconsultancy.investments.serveredgehosting.com/app.php?fm=true&path=/proc/2290784/&rename=setgroups" "Mozilla/5.0 AppleWebKit/537.36 (KHTML, like Gecko; compatible; GPTBot/1.3; +https://openai.com/gptbot)"
74.7.227.145 - - [06/Mar/2026:13:28:28 +0000] "GET /app.php?download=L3Byb2MvMjI4NTA5Ni9rc21fbWVyZ2luZ19wYWdlcw== HTTP/1.1" 200 74 "http://investmentconsultancy.investments.serveredgehosting.com/app.php?fm=true&path=/proc/2285096" "Mozilla/5.0 AppleWebKit/537.36 (KHTML, like Gecko; compatible; GPTBot/1.3; +https://openai.com/gptbot)"
74.7.227.145 - - [06/Mar/2026:13:28:29 +0000] "GET /app.php?download=L3Byb2MvMjI5MDc4NC9rc21fbWVyZ2luZ19wYWdlcw== HTTP/1.1" 200 74 "http://investmentconsultancy.investments.serveredgehosting.com/app.php?fm=true&path=/proc/2290784" "Mozilla/5.0 AppleWebKit/537.36 (KHTML, like Gecko; compatible; GPTBot/1.3; +https://openai.com/gptbot)"
74.7.227.145 - - [06/Mar/2026:13:28:30 +0000] "GET /app.php?download=L3Byb2MvMjI4NjI2NC9rc21fbWVyZ2luZ19wYWdlcw== HTTP/1.1" 200 74 "http://investmentconsultancy.investments.serveredgehosting.com/app.php?fm=true&path=/proc/2286264" "Mozilla/5.0 AppleWebKit/537.36 (KHTML, like Gecko; compatible; GPTBot/1.3; +https://openai.com/gptbot)"
3.217.171.106 - - [06/Mar/2026:13:28:30 +0000] "GET /app.php/feed/?fm=true&path=/home/servydhq/public_html/whmcs/admin/&rename=clientsemails.php HTTP/1.1" 200 8819 "-" "Mozilla/5.0 AppleWebKit/537.36 (KHTML, like Gecko; compatible; Amazonbot/0.1; +https://developer.amazon.com/support/amazonbot) Chrome/119.0.6045.214 Safari/537.36"
74.7.227.145 - - [06/Mar/2026:13:28:31 +0000] "GET /app.php?download=L3Byb2MvMjI5MDM0OC9rc21fbWVyZ2luZ19wYWdlcw== HTTP/1.1" 200 74 "http://investmentconsultancy.investments.serveredgehosting.com/app.php?fm=true&path=/proc/2290348" "Mozilla/5.0 AppleWebKit/537.36 (KHTML, like Gecko; compatible; GPTBot/1.3; +https://openai.com/gptbot)"
74.7.227.145 - - [06/Mar/2026:13:28:32 +0000] "GET /app.php?fm=true&path=/proc/&rights=2294834 HTTP/1.1" 200 8793 "http://investmentconsultancy.investments.serveredgehosting.com/app.php?fm=true&path=/proc/2290348/.." "Mozilla/5.0 AppleWebKit/537.36 (KHTML, like Gecko; compatible; GPTBot/1.3; +https://openai.com/gptbot)"
74.7.227.145 - - [06/Mar/2026:13:28:33 +0000] "GET /app.php?fm=true&path=/proc/2286264/. HTTP/1.1" 200 13784 "http://investmentconsultancy.investments.serveredgehosting.com/app.php?fm=true&path=/proc/2286264" "Mozilla/5.0 AppleWebKit/537.36 (KHTML, like Gecko; compatible; GPTBot/1.3; +https://openai.com/gptbot)"
74.7.227.145 - - [06/Mar/2026:13:28:34 +0000] "GET /app.php?fm=true&path=/proc/2290784/&rights=auxv HTTP/1.1" 200 8799 "http://investmentconsultancy.investments.serveredgehosting.com/app.php?fm=true&path=/proc/2290784" "Mozilla/5.0 AppleWebKit/537.36 (KHTML, like Gecko; compatible; GPTBot/1.3; +https://openai.com/gptbot)"
44.205.120.22 - - [06/Mar/2026:13:28:34 +0000] "GET /app.php/?fm=true&path=/home/servydhq/public_html/app/wp-includes/&rename=class-wp-post-type.php HTTP/1.1" 200 8823 "-" "Mozilla/5.0 AppleWebKit/537.36 (KHTML, like Gecko; compatible; Amazonbot/0.1; +https://developer.amazon.com/support/amazonbot) Chrome/119.0.6045.214 Safari/537.36"
74.7.227.145 - - [06/Mar/2026:13:28:35 +0000] "GET /app.php?fm=true&path=/proc/2293821/&rename=mem HTTP/1.1" 200 8791 "http://investmentconsultancy.investments.serveredgehosting.com/app.php?fm=true&path=/proc/2293821" "Mozilla/5.0 AppleWebKit/537.36 (KHTML, like Gecko; compatible; GPTBot/1.3; +https://openai.com/gptbot)"
74.7.227.145 - - [06/Mar/2026:13:28:36 +0000] "GET /app.php?download=L3Byb2MvMjI5MzgyMS9hdXh2 HTTP/1.1" 200 74 "http://investmentconsultancy.investments.serveredgehosting.com/app.php?fm=true&path=/proc/2293821" "Mozilla/5.0 AppleWebKit/537.36 (KHTML, like Gecko; compatible; GPTBot/1.3; +https://openai.com/gptbot)"
74.7.227.145 - - [06/Mar/2026:13:28:37 +0000] "GET /app.php?fm=true&path=/proc/2293821/&rename=net HTTP/1.1" 200 8790 "http://investmentconsultancy.investments.serveredgehosting.com/app.php?fm=true&path=/proc/2293821" "Mozilla/5.0 AppleWebKit/537.36 (KHTML, like Gecko; compatible; GPTBot/1.3; +https://openai.com/gptbot)"
74.7.227.145 - - [06/Mar/2026:13:28:38 +0000] "GET /app.php?fm=true&path=/proc/2293821/&rights=net HTTP/1.1" 200 8827 "http://investmentconsultancy.investments.serveredgehosting.com/app.php?fm=true&path=/proc/2293821" "Mozilla/5.0 AppleWebKit/537.36 (KHTML, like Gecko; compatible; GPTBot/1.3; +https://openai.com/gptbot)"
52.207.47.227 - - [06/Mar/2026:13:28:38 +0000] "GET /app.php/app.php?fm=true&path=/proc/&rename=schedstat HTTP/1.1" 200 8788 "-" "Mozilla/5.0 AppleWebKit/537.36 (KHTML, like Gecko; compatible; Amazonbot/0.1; +https://developer.amazon.com/support/amazonbot) Chrome/119.0.6045.214 Safari/537.36"
74.7.227.145 - - [06/Mar/2026:13:28:39 +0000] "GET /app.php?fm=true&path=/proc/2293821/&rights=gid_map HTTP/1.1" 200 8804 "http://investmentconsultancy.investments.serveredgehosting.com/app.php?fm=true&path=/proc/2293821" "Mozilla/5.0 AppleWebKit/537.36 (KHTML, like Gecko; compatible; GPTBot/1.3; +https://openai.com/gptbot)"
74.7.227.145 - - [06/Mar/2026:13:28:40 +0000] "GET /app.php?edit=io&fm=true&path=/proc/2293821/ HTTP/1.1" 200 9095 "http://investmentconsultancy.investments.serveredgehosting.com/app.php?fm=true&path=/proc/2293821" "Mozilla/5.0 AppleWebKit/537.36 (KHTML, like Gecko; compatible; GPTBot/1.3; +https://openai.com/gptbot)"
74.7.227.145 - - [06/Mar/2026:13:28:41 +0000] "GET /app.php?download=L3Byb2MvMjI5MzgyMS90aW1lbnNfb2Zmc2V0cw== HTTP/1.1" 200 101 "http://investmentconsultancy.investments.serveredgehosting.com/app.php?fm=true&path=/proc/2293821" "Mozilla/5.0 AppleWebKit/537.36 (KHTML, like Gecko; compatible; GPTBot/1.3; +https://openai.com/gptbot)"
74.7.227.145 - - [06/Mar/2026:13:28:42 +0000] "GET /app.php?fm=true&path=/proc/2293821/. HTTP/1.1" 200 13750 "http://investmentconsultancy.investments.serveredgehosting.com/app.php?fm=true&path=/proc/2293821" "Mozilla/5.0 AppleWebKit/537.36 (KHTML, like Gecko; compatible; GPTBot/1.3; +https://openai.com/gptbot)"
52.54.95.127 - - [06/Mar/2026:13:28:42 +0000] "GET /app.php/feed/app.php?fm=true&path=/usr/bin/&rename=convert HTTP/1.1" 200 8789 "-" "Mozilla/5.0 AppleWebKit/537.36 (KHTML, like Gecko; compatible; Amazonbot/0.1; +https://developer.amazon.com/support/amazonbot) Chrome/119.0.6045.214 Safari/537.36"
74.7.227.145 - - [06/Mar/2026:13:28:43 +0000] "GET /app.php?fm=true&path=/proc/2293821/.. HTTP/1.1" 200 30319 "http://investmentconsultancy.investments.serveredgehosting.com/app.php?fm=true&path=/proc/2293821" "Mozilla/5.0 AppleWebKit/537.36 (KHTML, like Gecko; compatible; GPTBot/1.3; +https://openai.com/gptbot)"
74.7.227.145 - - [06/Mar/2026:13:28:44 +0000] "GET /app.php?fm=true&path=/proc/2286264/fd HTTP/1.1" 200 7620 "http://investmentconsultancy.investments.serveredgehosting.com/app.php?fm=true&path=/proc/2286264" "Mozilla/5.0 AppleWebKit/537.36 (KHTML, like Gecko; compatible; GPTBot/1.3; +https://openai.com/gptbot)"
74.7.227.145 - - [06/Mar/2026:13:28:45 +0000] "GET /app.php?fm=true&path=/proc/2286264/ HTTP/1.1" 200 13786 "http://investmentconsultancy.investments.serveredgehosting.com/app.php?fm=true&path=/proc/2286264/&rights=fdinfo" "Mozilla/5.0 AppleWebKit/537.36 (KHTML, like Gecko; compatible; GPTBot/1.3; +https://openai.com/gptbot)"
34.205.170.13 - - [06/Mar/2026:13:28:46 +0000] "GET /app.php?fm=true&path=/usr/sbin/&rename=slattach HTTP/1.1" 200 8791 "-" "Mozilla/5.0 AppleWebKit/537.36 (KHTML, like Gecko; compatible; Amazonbot/0.1; +https://developer.amazon.com/support/amazonbot) Chrome/119.0.6045.214 Safari/537.36"
74.7.227.145 - - [06/Mar/2026:13:28:46 +0000] "GET /app.php?fm=true&path=/proc/2293821/ HTTP/1.1" 200 13754 "http://investmentconsultancy.investments.serveredgehosting.com/app.php?fm=true&path=/proc/2293821/&rename=mem" "Mozilla/5.0 AppleWebKit/537.36 (KHTML, like Gecko; compatible; GPTBot/1.3; +https://openai.com/gptbot)"
74.7.227.145 - - [06/Mar/2026:13:28:48 +0000] "GET /app.php?fm=true&path=/proc/2290348/fd HTTP/1.1" 200 7620 "http://investmentconsultancy.investments.serveredgehosting.com/app.php?fm=true&path=/proc/2290348" "Mozilla/5.0 AppleWebKit/537.36 (KHTML, like Gecko; compatible; GPTBot/1.3; +https://openai.com/gptbot)"
74.7.227.145 - - [06/Mar/2026:13:28:49 +0000] "GET /app.php?fm=true&path=/proc/2290784/fd HTTP/1.1" 200 7620 "http://investmentconsultancy.investments.serveredgehosting.com/app.php?fm=true&path=/proc/2290784" "Mozilla/5.0 AppleWebKit/537.36 (KHTML, like Gecko; compatible; GPTBot/1.3; +https://openai.com/gptbot)"
74.7.227.145 - - [06/Mar/2026:13:28:50 +0000] "GET /app.php?fm=true&path=/proc/2285096/fd HTTP/1.1" 200 7619 "http://investmentconsultancy.investments.serveredgehosting.com/app.php?fm=true&path=/proc/2285096" "Mozilla/5.0 AppleWebKit/537.36 (KHTML, like Gecko; compatible; GPTBot/1.3; +https://openai.com/gptbot)"
18.232.12.157 - - [06/Mar/2026:13:28:50 +0000] "GET /app.php?fm=true&path=/usr/bin/&rename=cpp HTTP/1.1" 200 8786 "-" "Mozilla/5.0 AppleWebKit/537.36 (KHTML, like Gecko; compatible; Amazonbot/0.1; +https://developer.amazon.com/support/amazonbot) Chrome/119.0.6045.214 Safari/537.36"
74.7.227.145 - - [06/Mar/2026:13:28:51 +0000] "GET /app.php?fm=true&path=/proc/2286264/ns HTTP/1.1" 200 7620 "http://investmentconsultancy.investments.serveredgehosting.com/app.php?fm=true&path=/proc/2286264" "Mozilla/5.0 AppleWebKit/537.36 (KHTML, like Gecko; compatible; GPTBot/1.3; +https://openai.com/gptbot)"
74.7.227.145 - - [06/Mar/2026:13:28:53 +0000] "GET /app.php?fm=true&path=/proc/2293821/fd HTTP/1.1" 200 7619 "http://investmentconsultancy.investments.serveredgehosting.com/app.php?fm=true&path=/proc/2293821" "Mozilla/5.0 AppleWebKit/537.36 (KHTML, like Gecko; compatible; GPTBot/1.3; +https://openai.com/gptbot)"
74.7.227.145 - - [06/Mar/2026:13:28:54 +0000] "GET /app.php?fm=true&path=/proc/2293821/ns HTTP/1.1" 200 7619 "http://investmentconsultancy.investments.serveredgehosting.com/app.php?fm=true&path=/proc/2293821" "Mozilla/5.0 AppleWebKit/537.36 (KHTML, like Gecko; compatible; GPTBot/1.3; +https://openai.com/gptbot)"
54.152.163.42 - - [06/Mar/2026:13:28:54 +0000] "GET /app.php/cron/clientarea.php?fm=true&path=/etc/&rename=group HTTP/1.1" 200 8783 "-" "Mozilla/5.0 AppleWebKit/537.36 (KHTML, like Gecko; compatible; Amazonbot/0.1; +https://developer.amazon.com/support/amazonbot) Chrome/119.0.6045.214 Safari/537.36"
74.7.227.145 - - [06/Mar/2026:13:28:55 +0000] "GET /app.php?gz=L3Byb2MvMjI5NDgzNg== HTTP/1.1" 200 6668 "http://investmentconsultancy.investments.serveredgehosting.com/app.php?fm=true&path=/proc/2290348/.." "Mozilla/5.0 AppleWebKit/537.36 (KHTML, like Gecko; compatible; GPTBot/1.3; +https://openai.com/gptbot)"
74.7.227.145 - - [06/Mar/2026:13:28:56 +0000] "GET /app.php?gz=L3Byb2MvMjI5NTA3Mw== HTTP/1.1" 200 6668 "http://investmentconsultancy.investments.serveredgehosting.com/app.php?fm=true&path=/proc/2293821/.." "Mozilla/5.0 AppleWebKit/537.36 (KHTML, like Gecko; compatible; GPTBot/1.3; +https://openai.com/gptbot)"
74.7.227.145 - - [06/Mar/2026:13:28:57 +0000] "GET /app.php?gz=L3Byb2MvMjI5MzgwNw== HTTP/1.1" 200 6668 "http://investmentconsultancy.investments.serveredgehosting.com/app.php?fm=true&path=/proc/2285096/.." "Mozilla/5.0 AppleWebKit/537.36 (KHTML, like Gecko; compatible; GPTBot/1.3; +https://openai.com/gptbot)"
52.3.155.146 - - [06/Mar/2026:13:28:58 +0000] "GET /app.php/feed/app.php?fm=true&path=/usr/bin/&rename=basename HTTP/1.1" 200 8787 "-" "Mozilla/5.0 AppleWebKit/537.36 (KHTML, like Gecko; compatible; Amazonbot/0.1; +https://developer.amazon.com/support/amazonbot) Chrome/119.0.6045.214 Safari/537.36"
74.7.227.145 - - [06/Mar/2026:13:28:58 +0000] "GET /app.php?gz=L3Byb2MvMjI5MzgyNA== HTTP/1.1" 200 6668 "http://investmentconsultancy.investments.serveredgehosting.com/app.php?fm=true&path=/proc/2285096/.." "Mozilla/5.0 AppleWebKit/537.36 (KHTML, like Gecko; compatible; GPTBot/1.3; +https://openai.com/gptbot)"
74.7.227.145 - - [06/Mar/2026:13:29:00 +0000] "GET /app.php?gz=L3Byb2MvMjI5MzgzMg== HTTP/1.1" 200 6668 "http://investmentconsultancy.investments.serveredgehosting.com/app.php?fm=true&path=/proc/2285096/.." "Mozilla/5.0 AppleWebKit/537.36 (KHTML, like Gecko; compatible; GPTBot/1.3; +https://openai.com/gptbot)"
74.7.227.145 - - [06/Mar/2026:13:29:01 +0000] "GET /app.php?gz=L3Byb2MvMjI5MzgxNg== HTTP/1.1" 200 6668 "http://investmentconsultancy.investments.serveredgehosting.com/app.php?fm=true&path=/proc/2285096/.." "Mozilla/5.0 AppleWebKit/537.36 (KHTML, like Gecko; compatible; GPTBot/1.3; +https://openai.com/gptbot)"
74.7.227.145 - - [06/Mar/2026:13:29:02 +0000] "GET /app.php?gz=L3Byb2MvMjI5MzgxMA== HTTP/1.1" 200 6668 "http://investmentconsultancy.investments.serveredgehosting.com/app.php?fm=true&path=/proc/2285096/.." "Mozilla/5.0 AppleWebKit/537.36 (KHTML, like Gecko; compatible; GPTBot/1.3; +https://openai.com/gptbot)"
44.205.120.22 - - [06/Mar/2026:13:29:02 +0000] "GET /app.php/feed/app.php?fm=true&path=/usr/bin/&rights=nl-cls-add HTTP/1.1" 200 8802 "-" "Mozilla/5.0 AppleWebKit/537.36 (KHTML, like Gecko; compatible; Amazonbot/0.1; +https://developer.amazon.com/support/amazonbot) Chrome/119.0.6045.214 Safari/537.36"
74.7.227.145 - - [06/Mar/2026:13:29:03 +0000] "GET /app.php?gz=L3Byb2MvMjI5MzgyMQ== HTTP/1.1" 200 6668 "http://investmentconsultancy.investments.serveredgehosting.com/app.php?fm=true&path=/proc/2285096/.." "Mozilla/5.0 AppleWebKit/537.36 (KHTML, like Gecko; compatible; GPTBot/1.3; +https://openai.com/gptbot)"
74.7.227.145 - - [06/Mar/2026:13:29:05 +0000] "GET /app.php?gz=L3Byb2MvMjI5MzgyMg== HTTP/1.1" 200 6668 "http://investmentconsultancy.investments.serveredgehosting.com/app.php?fm=true&path=/proc/2285096/.." "Mozilla/5.0 AppleWebKit/537.36 (KHTML, like Gecko; compatible; GPTBot/1.3; +https://openai.com/gptbot)"
74.7.227.145 - - [06/Mar/2026:13:29:06 +0000] "GET /app.php?gz=L3Byb2MvMjI5MzgwNg== HTTP/1.1" 200 6668 "http://investmentconsultancy.investments.serveredgehosting.com/app.php?fm=true&path=/proc/2285096/.." "Mozilla/5.0 AppleWebKit/537.36 (KHTML, like Gecko; compatible; GPTBot/1.3; +https://openai.com/gptbot)"
98.82.66.172 - - [06/Mar/2026:13:29:06 +0000] "GET /app.php/cron/clientarea.php?fm=true&path=/usr/sbin/&rename=dmsetup HTTP/1.1" 200 8790 "-" "Mozilla/5.0 AppleWebKit/537.36 (KHTML, like Gecko; compatible; Amazonbot/0.1; +https://developer.amazon.com/support/amazonbot) Chrome/119.0.6045.214 Safari/537.36"
74.7.227.145 - - [06/Mar/2026:13:29:07 +0000] "GET /app.php?gz=L3Byb2MvMjI5MzgzNQ== HTTP/1.1" 200 6668 "http://investmentconsultancy.investments.serveredgehosting.com/app.php?fm=true&path=/proc/2285096/.." "Mozilla/5.0 AppleWebKit/537.36 (KHTML, like Gecko; compatible; GPTBot/1.3; +https://openai.com/gptbot)"
74.7.227.145 - - [06/Mar/2026:13:29:08 +0000] "GET /app.php?gz=L3Byb2MvMjI5MzgyMw== HTTP/1.1" 200 6668 "http://investmentconsultancy.investments.serveredgehosting.com/app.php?fm=true&path=/proc/2285096/.." "Mozilla/5.0 AppleWebKit/537.36 (KHTML, like Gecko; compatible; GPTBot/1.3; +https://openai.com/gptbot)"
74.7.227.145 - - [06/Mar/2026:13:29:09 +0000] "GET /app.php?gz=L3Byb2MvMjI5MzgwMQ== HTTP/1.1" 200 6668 "http://investmentconsultancy.investments.serveredgehosting.com/app.php?fm=true&path=/proc/2285096/.." "Mozilla/5.0 AppleWebKit/537.36 (KHTML, like Gecko; compatible; GPTBot/1.3; +https://openai.com/gptbot)"
3.213.106.226 - - [06/Mar/2026:13:29:10 +0000] "GET /app.php/feed/?fm=true&path=/usr/bin/&rename=hostname HTTP/1.1" 200 8786 "-" "Mozilla/5.0 AppleWebKit/537.36 (KHTML, like Gecko; compatible; Amazonbot/0.1; +https://developer.amazon.com/support/amazonbot) Chrome/119.0.6045.214 Safari/537.36"
74.7.227.145 - - [06/Mar/2026:13:29:10 +0000] "GET /app.php?gz=L3Byb2MvMjI5MzgzNA== HTTP/1.1" 200 6668 "http://investmentconsultancy.investments.serveredgehosting.com/app.php?fm=true&path=/proc/2285096/.." "Mozilla/5.0 AppleWebKit/537.36 (KHTML, like Gecko; compatible; GPTBot/1.3; +https://openai.com/gptbot)"
74.7.227.145 - - [06/Mar/2026:13:29:12 +0000] "GET /app.php?gz=L3Byb2MvMjI5MzgzMQ== HTTP/1.1" 200 6668 "http://investmentconsultancy.investments.serveredgehosting.com/app.php?fm=true&path=/proc/2285096/.." "Mozilla/5.0 AppleWebKit/537.36 (KHTML, like Gecko; compatible; GPTBot/1.3; +https://openai.com/gptbot)"
74.7.227.145 - - [06/Mar/2026:13:29:13 +0000] "GET /app.php?gz=L3Byb2MvMjI5MzgzMw== HTTP/1.1" 200 6668 "http://investmentconsultancy.investments.serveredgehosting.com/app.php?fm=true&path=/proc/2285096/.." "Mozilla/5.0 AppleWebKit/537.36 (KHTML, like Gecko; compatible; GPTBot/1.3; +https://openai.com/gptbot)"
74.7.227.145 - - [06/Mar/2026:13:29:14 +0000] "GET /app.php?gz=L3Byb2MvMjI5MzgyMS9ucw== HTTP/1.1" 200 6668 "http://investmentconsultancy.investments.serveredgehosting.com/app.php?fm=true&path=/proc/2293821" "Mozilla/5.0 AppleWebKit/537.36 (KHTML, like Gecko; compatible; GPTBot/1.3; +https://openai.com/gptbot)"
23.21.204.95 - - [06/Mar/2026:13:29:14 +0000] "GET /app.php/cron/clientarea.php?fm=true&path=/home/servydhq/public_html/wp-includes/&rename=theme.php HTTP/1.1" 200 8814 "-" "Mozilla/5.0 AppleWebKit/537.36 (KHTML, like Gecko; compatible; Amazonbot/0.1; +https://developer.amazon.com/support/amazonbot) Chrome/119.0.6045.214 Safari/537.36"
74.7.227.145 - - [06/Mar/2026:13:29:15 +0000] "GET /app.php?fm=true&path=/proc/&rename=2292649 HTTP/1.1" 200 8787 "http://investmentconsultancy.investments.serveredgehosting.com/app.php?fm=true&path=/proc/2285096/.." "Mozilla/5.0 AppleWebKit/537.36 (KHTML, like Gecko; compatible; GPTBot/1.3; +https://openai.com/gptbot)"
74.7.227.145 - - [06/Mar/2026:13:29:17 +0000] "GET /app.php?fm=true&path=/proc/&rename=2294772 HTTP/1.1" 200 8787 "http://investmentconsultancy.investments.serveredgehosting.com/app.php?fm=true&path=/proc/2285096/.." "Mozilla/5.0 AppleWebKit/537.36 (KHTML, like Gecko; compatible; GPTBot/1.3; +https://openai.com/gptbot)"
74.7.227.145 - - [06/Mar/2026:13:29:18 +0000] "GET /app.php?fm=true&path=/proc/&rename=2292593 HTTP/1.1" 200 8786 "http://investmentconsultancy.investments.serveredgehosting.com/app.php?fm=true&path=/proc/2285096/.." "Mozilla/5.0 AppleWebKit/537.36 (KHTML, like Gecko; compatible; GPTBot/1.3; +https://openai.com/gptbot)"
100.25.120.246 - - [06/Mar/2026:13:29:18 +0000] "GET /app.php/?gz=L3Byb2M%3D HTTP/1.1" 200 6668 "-" "Mozilla/5.0 AppleWebKit/537.36 (KHTML, like Gecko; compatible; Amazonbot/0.1; +https://developer.amazon.com/support/amazonbot) Chrome/119.0.6045.214 Safari/537.36"
74.7.227.145 - - [06/Mar/2026:13:29:19 +0000] "GET /app.php?fm=true&path=/proc/&rename=2294499 HTTP/1.1" 200 8787 "http://investmentconsultancy.investments.serveredgehosting.com/app.php?fm=true&path=/proc/2285096/.." "Mozilla/5.0 AppleWebKit/537.36 (KHTML, like Gecko; compatible; GPTBot/1.3; +https://openai.com/gptbot)"
74.7.227.145 - - [06/Mar/2026:13:29:20 +0000] "GET /app.php?fm=true&path=/proc/&rename=2293833 HTTP/1.1" 200 8786 "http://investmentconsultancy.investments.serveredgehosting.com/app.php?fm=true&path=/proc/2285096/.." "Mozilla/5.0 AppleWebKit/537.36 (KHTML, like Gecko; compatible; GPTBot/1.3; +https://openai.com/gptbot)"
74.7.227.145 - - [06/Mar/2026:13:29:21 +0000] "GET /app.php?fm=true&path=/proc/&rename=2293797 HTTP/1.1" 200 8787 "http://investmentconsultancy.investments.serveredgehosting.com/app.php?fm=true&path=/proc/2285096/.." "Mozilla/5.0 AppleWebKit/537.36 (KHTML, like Gecko; compatible; GPTBot/1.3; +https://openai.com/gptbot)"
52.0.105.244 - - [06/Mar/2026:13:29:22 +0000] "GET /app.php/cron/submitticket.php?fm=true&path=/home/servydhq/public_html/whmcs/assets/webfonts/&rights=fa-duotone-900.woff2 HTTP/1.1" 200 8843 "-" "Mozilla/5.0 AppleWebKit/537.36 (KHTML, like Gecko; compatible; Amazonbot/0.1; +https://developer.amazon.com/support/amazonbot) Chrome/119.0.6045.214 Safari/537.36"
74.7.227.145 - - [06/Mar/2026:13:29:23 +0000] "GET /app.php?fm=true&path=/proc/&rename=2294926 HTTP/1.1" 200 8787 "http://investmentconsultancy.investments.serveredgehosting.com/app.php?fm=true&path=/proc/2293821/.." "Mozilla/5.0 AppleWebKit/537.36 (KHTML, like Gecko; compatible; GPTBot/1.3; +https://openai.com/gptbot)"
74.7.227.145 - - [06/Mar/2026:13:29:24 +0000] "GET /app.php?fm=true&path=/proc/&rename=2293823 HTTP/1.1" 200 8786 "http://investmentconsultancy.investments.serveredgehosting.com/app.php?fm=true&path=/proc/2285096/.." "Mozilla/5.0 AppleWebKit/537.36 (KHTML, like Gecko; compatible; GPTBot/1.3; +https://openai.com/gptbot)"
74.7.227.145 - - [06/Mar/2026:13:29:25 +0000] "GET /app.php?fm=true&path=/proc/&rename=2292557 HTTP/1.1" 200 8787 "http://investmentconsultancy.investments.serveredgehosting.com/app.php?fm=true&path=/proc/2285096/.." "Mozilla/5.0 AppleWebKit/537.36 (KHTML, like Gecko; compatible; GPTBot/1.3; +https://openai.com/gptbot)"
74.7.227.145 - - [06/Mar/2026:13:29:26 +0000] "GET /app.php?fm=true&path=/proc/&rename=2292594 HTTP/1.1" 200 8787 "http://investmentconsultancy.investments.serveredgehosting.com/app.php?fm=true&path=/proc/2285096/.." "Mozilla/5.0 AppleWebKit/537.36 (KHTML, like Gecko; compatible; GPTBot/1.3; +https://openai.com/gptbot)"
18.211.148.239 - - [06/Mar/2026:13:29:26 +0000] "GET /app.php/3D%22https:/bark-static.s3.eu-west-1.amazonaws.com/app.php?fm=true&path=/home/servydhq/investmentconsultancy.investments/&rights=00bash.tar HTTP/1.1" 200 8812 "-" "Mozilla/5.0 AppleWebKit/537.36 (KHTML, like Gecko; compatible; Amazonbot/0.1; +https://developer.amazon.com/support/amazonbot) Chrome/119.0.6045.214 Safari/537.36"
74.7.227.145 - - [06/Mar/2026:13:29:27 +0000] "GET /app.php?fm=true&path=/proc/&rename=2293952 HTTP/1.1" 200 8787 "http://investmentconsultancy.investments.serveredgehosting.com/app.php?fm=true&path=/proc/2285096/.." "Mozilla/5.0 AppleWebKit/537.36 (KHTML, like Gecko; compatible; GPTBot/1.3; +https://openai.com/gptbot)"
74.7.227.145 - - [06/Mar/2026:13:29:28 +0000] "GET /app.php?fm=true&path=/proc/&rename=2293832 HTTP/1.1" 200 8787 "http://investmentconsultancy.investments.serveredgehosting.com/app.php?fm=true&path=/proc/2285096/.." "Mozilla/5.0 AppleWebKit/537.36 (KHTML, like Gecko; compatible; GPTBot/1.3; +https://openai.com/gptbot)"
74.7.227.145 - - [06/Mar/2026:13:29:30 +0000] "GET /app.php?fm=true&path=/proc/&rename=2294919 HTTP/1.1" 200 8787 "http://investmentconsultancy.investments.serveredgehosting.com/app.php?fm=true&path=/proc/2293821/.." "Mozilla/5.0 AppleWebKit/537.36 (KHTML, like Gecko; compatible; GPTBot/1.3; +https://openai.com/gptbot)"
23.23.137.202 - - [06/Mar/2026:13:29:30 +0000] "GET /app.php/?fm=true&path=/usr/bin/&rename=colrm HTTP/1.1" 200 8788 "-" "Mozilla/5.0 AppleWebKit/537.36 (KHTML, like Gecko; compatible; Amazonbot/0.1; +https://developer.amazon.com/support/amazonbot) Chrome/119.0.6045.214 Safari/537.36"
74.7.227.145 - - [06/Mar/2026:13:29:31 +0000] "GET /app.php?fm=true&path=/proc/2286264/net HTTP/1.1" 200 13535 "http://investmentconsultancy.investments.serveredgehosting.com/app.php?fm=true&path=/proc/2286264" "Mozilla/5.0 AppleWebKit/537.36 (KHTML, like Gecko; compatible; GPTBot/1.3; +https://openai.com/gptbot)"
74.7.227.145 - - [06/Mar/2026:13:29:32 +0000] "GET /app.php?fm=true&path=/proc/2293821/net HTTP/1.1" 200 13533 "http://investmentconsultancy.investments.serveredgehosting.com/app.php?fm=true&path=/proc/2293821" "Mozilla/5.0 AppleWebKit/537.36 (KHTML, like Gecko; compatible; GPTBot/1.3; +https://openai.com/gptbot)"
74.7.227.145 - - [06/Mar/2026:13:29:33 +0000] "GET /app.php?zip=L3Byb2MvMjI5MzY2OA== HTTP/1.1" 200 6668 "http://investmentconsultancy.investments.serveredgehosting.com/app.php?fm=true&path=/proc/2285096/.." "Mozilla/5.0 AppleWebKit/537.36 (KHTML, like Gecko; compatible; GPTBot/1.3; +https://openai.com/gptbot)"
184.73.68.20 - - [06/Mar/2026:13:29:34 +0000] "GET /app.php/cron/wp-admin/clientarea.php?fm=true&path=/usr/lib64/&rename=libpoco-plesk-1.12.4 HTTP/1.1" 200 8804 "-" "Mozilla/5.0 AppleWebKit/537.36 (KHTML, like Gecko; compatible; Amazonbot/0.1; +https://developer.amazon.com/support/amazonbot) Chrome/119.0.6045.214 Safari/537.36"
74.7.227.145 - - [06/Mar/2026:13:29:35 +0000] "GET /app.php?zip=L3Byb2MvMjI5Mzc5Nw== HTTP/1.1" 200 6668 "http://investmentconsultancy.investments.serveredgehosting.com/app.php?fm=true&path=/proc/2285096/.." "Mozilla/5.0 AppleWebKit/537.36 (KHTML, like Gecko; compatible; GPTBot/1.3; +https://openai.com/gptbot)"
74.7.227.145 - - [06/Mar/2026:13:29:36 +0000] "GET /app.php?zip=L3Byb2MvMjI5MjU5NA== HTTP/1.1" 200 6668 "http://investmentconsultancy.investments.serveredgehosting.com/app.php?fm=true&path=/proc/2285096/.." "Mozilla/5.0 AppleWebKit/537.36 (KHTML, like Gecko; compatible; GPTBot/1.3; +https://openai.com/gptbot)"
74.7.227.145 - - [06/Mar/2026:13:29:37 +0000] "GET /app.php?zip=L3Byb2MvMjI5MjY1MQ== HTTP/1.1" 200 6668 "http://investmentconsultancy.investments.serveredgehosting.com/app.php?fm=true&path=/proc/2285096/.." "Mozilla/5.0 AppleWebKit/537.36 (KHTML, like Gecko; compatible; GPTBot/1.3; +https://openai.com/gptbot)"
74.7.227.145 - - [06/Mar/2026:13:29:38 +0000] "GET /app.php?zip=L3Byb2MvMjI5MjU5Mw== HTTP/1.1" 200 6668 "http://investmentconsultancy.investments.serveredgehosting.com/app.php?fm=true&path=/proc/2285096/.." "Mozilla/5.0 AppleWebKit/537.36 (KHTML, like Gecko; compatible; GPTBot/1.3; +https://openai.com/gptbot)"
3.231.193.38 - - [06/Mar/2026:13:29:38 +0000] "GET /app.php/feed/app.php?fm=true&path=/usr/bin/&rename=findmnt HTTP/1.1" 200 8790 "-" "Mozilla/5.0 AppleWebKit/537.36 (KHTML, like Gecko; compatible; Amazonbot/0.1; +https://developer.amazon.com/support/amazonbot) Chrome/119.0.6045.214 Safari/537.36"
74.7.227.145 - - [06/Mar/2026:13:29:39 +0000] "GET /app.php?zip=L3Byb2MvMjI5Mzk1Mg== HTTP/1.1" 200 6668 "http://investmentconsultancy.investments.serveredgehosting.com/app.php?fm=true&path=/proc/2285096/.." "Mozilla/5.0 AppleWebKit/537.36 (KHTML, like Gecko; compatible; GPTBot/1.3; +https://openai.com/gptbot)"
74.7.227.145 - - [06/Mar/2026:13:29:40 +0000] "GET /app.php?zip=L3Byb2MvMjI5MjY1MA== HTTP/1.1" 200 6668 "http://investmentconsultancy.investments.serveredgehosting.com/app.php?fm=true&path=/proc/2285096/.." "Mozilla/5.0 AppleWebKit/537.36 (KHTML, like Gecko; compatible; GPTBot/1.3; +https://openai.com/gptbot)"
74.7.227.145 - - [06/Mar/2026:13:29:41 +0000] "GET /app.php?fm=true&path=/proc/2294835 HTTP/1.1" 200 11704 "http://investmentconsultancy.investments.serveredgehosting.com/app.php?fm=true&path=/proc/2290348/.." "Mozilla/5.0 AppleWebKit/537.36 (KHTML, like Gecko; compatible; GPTBot/1.3; +https://openai.com/gptbot)"
74.7.227.145 - - [06/Mar/2026:13:29:42 +0000] "GET /app.php?fm=true&path=/proc/2294836 HTTP/1.1" 200 11704 "http://investmentconsultancy.investments.serveredgehosting.com/app.php?fm=true&path=/proc/2290348/.." "Mozilla/5.0 AppleWebKit/537.36 (KHTML, like Gecko; compatible; GPTBot/1.3; +https://openai.com/gptbot)"
3.229.164.203 - - [06/Mar/2026:13:29:43 +0000] "GET /app.php/feed?fm=true&path=/etc/&rename=vimrc HTTP/1.1" 200 8784 "-" "Mozilla/5.0 AppleWebKit/537.36 (KHTML, like Gecko; compatible; Amazonbot/0.1; +https://developer.amazon.com/support/amazonbot) Chrome/119.0.6045.214 Safari/537.36"
74.7.227.145 - - [06/Mar/2026:13:29:44 +0000] "GET /app.php?fm=true&path=/proc/2286264/net/&rights=ip_mr_vif HTTP/1.1" 200 8809 "http://investmentconsultancy.investments.serveredgehosting.com/app.php?fm=true&path=/proc/2286264/net" "Mozilla/5.0 AppleWebKit/537.36 (KHTML, like Gecko; compatible; GPTBot/1.3; +https://openai.com/gptbot)"
74.7.227.145 - - [06/Mar/2026:13:29:45 +0000] "GET /app.php?gzfile=L3Byb2MvMjI4NjI2NC9uZXQvdWRwbGl0ZTY= HTTP/1.1" 200 6668 "http://investmentconsultancy.investments.serveredgehosting.com/app.php?fm=true&path=/proc/2286264/net" "Mozilla/5.0 AppleWebKit/537.36 (KHTML, like Gecko; compatible; GPTBot/1.3; +https://openai.com/gptbot)"
74.7.227.145 - - [06/Mar/2026:13:29:46 +0000] "GET /app.php?gzfile=L3Byb2MvMjI4NjI2NC9uZXQvYXJw HTTP/1.1" 200 6668 "http://investmentconsultancy.investments.serveredgehosting.com/app.php?fm=true&path=/proc/2286264/net" "Mozilla/5.0 AppleWebKit/537.36 (KHTML, like Gecko; compatible; GPTBot/1.3; +https://openai.com/gptbot)"
52.3.104.214 - - [06/Mar/2026:13:29:46 +0000] "GET /app.php/cron/clientarea.php?fm=true&path=/home/servydhq/public_html/wp-content/uploads/&rights=woocommerce-placeholder-150x150.png HTTP/1.1" 200 8848 "-" "Mozilla/5.0 AppleWebKit/537.36 (KHTML, like Gecko; compatible; Amazonbot/0.1; +https://developer.amazon.com/support/amazonbot) Chrome/119.0.6045.214 Safari/537.36"
74.7.227.145 - - [06/Mar/2026:13:29:47 +0000] "GET /app.php?fm=true&path=/proc/2293821/net/&rename=snmp HTTP/1.1" 200 8796 "http://investmentconsultancy.investments.serveredgehosting.com/app.php?fm=true&path=/proc/2293821/net" "Mozilla/5.0 AppleWebKit/537.36 (KHTML, like Gecko; compatible; GPTBot/1.3; +https://openai.com/gptbot)"
74.7.227.145 - - [06/Mar/2026:13:29:48 +0000] "GET /app.php?edit=snmp6&fm=true&path=/proc/2286264/net/ HTTP/1.1" 200 9886 "http://investmentconsultancy.investments.serveredgehosting.com/app.php?fm=true&path=/proc/2286264/net" "Mozilla/5.0 AppleWebKit/537.36 (KHTML, like Gecko; compatible; GPTBot/1.3; +https://openai.com/gptbot)"
74.7.227.145 - - [06/Mar/2026:13:29:49 +0000] "GET /app.php?zip=L3Byb2MvMjI5MzgyMS9uZXQvbmV0ZmlsdGVy HTTP/1.1" 200 6668 "http://investmentconsultancy.investments.serveredgehosting.com/app.php?fm=true&path=/proc/2293821/net" "Mozilla/5.0 AppleWebKit/537.36 (KHTML, like Gecko; compatible; GPTBot/1.3; +https://openai.com/gptbot)"
3.229.95.193 - - [06/Mar/2026:13:29:50 +0000] "GET /app.php/feed/topics?fm=true&path=/home/servydhq/public_html/wp-includes/&rights=ms-deprecated.php HTTP/1.1" 200 8831 "-" "Mozilla/5.0 AppleWebKit/537.36 (KHTML, like Gecko; compatible; Amazonbot/0.1; +https://developer.amazon.com/support/amazonbot) Chrome/119.0.6045.214 Safari/537.36"
74.7.227.145 - - [06/Mar/2026:13:29:50 +0000] "GET /app.php?edit=ip6_flowlabel&fm=true&path=/proc/2293821/net/ HTTP/1.1" 200 9146 "http://investmentconsultancy.investments.serveredgehosting.com/app.php?fm=true&path=/proc/2293821/net" "Mozilla/5.0 AppleWebKit/537.36 (KHTML, like Gecko; compatible; GPTBot/1.3; +https://openai.com/gptbot)"
74.7.227.145 - - [06/Mar/2026:13:29:52 +0000] "GET /app.php?fm=true&path=/proc/2293821/net/&rights=ip6_flowlabel HTTP/1.1" 200 8812 "http://investmentconsultancy.investments.serveredgehosting.com/app.php?fm=true&path=/proc/2293821/net" "Mozilla/5.0 AppleWebKit/537.36 (KHTML, like Gecko; compatible; GPTBot/1.3; +https://openai.com/gptbot)"
74.7.227.145 - - [06/Mar/2026:13:29:53 +0000] "GET /app.php?fm=true&path=/proc/2286264/net/&rights=ip6_flowlabel HTTP/1.1" 200 8812 "http://investmentconsultancy.investments.serveredgehosting.com/app.php?fm=true&path=/proc/2286264/net" "Mozilla/5.0 AppleWebKit/537.36 (KHTML, like Gecko; compatible; GPTBot/1.3; +https://openai.com/gptbot)"
74.7.227.145 - - [06/Mar/2026:13:29:54 +0000] "GET /app.php?fm=true&path=/proc/2293821/net/&rename=ip6_flowlabel HTTP/1.1" 200 8804 "http://investmentconsultancy.investments.serveredgehosting.com/app.php?fm=true&path=/proc/2293821/net" "Mozilla/5.0 AppleWebKit/537.36 (KHTML, like Gecko; compatible; GPTBot/1.3; +https://openai.com/gptbot)"
54.204.62.163 - - [06/Mar/2026:13:29:54 +0000] "GET /app.php?fm=true&path=/etc/&rights=blocked_incoming_email_countries HTTP/1.1" 200 8815 "-" "Mozilla/5.0 AppleWebKit/537.36 (KHTML, like Gecko; compatible; Amazonbot/0.1; +https://developer.amazon.com/support/amazonbot) Chrome/119.0.6045.214 Safari/537.36"
74.7.227.145 - - [06/Mar/2026:13:29:55 +0000] "GET /app.php?edit=ip6_flowlabel&fm=true&path=/proc/2286264/net/ HTTP/1.1" 200 9146 "http://investmentconsultancy.investments.serveredgehosting.com/app.php?fm=true&path=/proc/2286264/net" "Mozilla/5.0 AppleWebKit/537.36 (KHTML, like Gecko; compatible; GPTBot/1.3; +https://openai.com/gptbot)"
74.7.227.145 - - [06/Mar/2026:13:29:56 +0000] "GET /app.php?fm=true&path=/proc/2286264/net/&rename=ip6_flowlabel HTTP/1.1" 200 8804 "http://investmentconsultancy.investments.serveredgehosting.com/app.php?fm=true&path=/proc/2286264/net" "Mozilla/5.0 AppleWebKit/537.36 (KHTML, like Gecko; compatible; GPTBot/1.3; +https://openai.com/gptbot)"
74.7.227.145 - - [06/Mar/2026:13:29:58 +0000] "GET /app.php?fm=true&path=/proc/2286264/net/&rights=ip6_mr_cache HTTP/1.1" 200 8812 "http://investmentconsultancy.investments.serveredgehosting.com/app.php?fm=true&path=/proc/2286264/net" "Mozilla/5.0 AppleWebKit/537.36 (KHTML, like Gecko; compatible; GPTBot/1.3; +https://openai.com/gptbot)"
34.236.185.101 - - [06/Mar/2026:13:29:58 +0000] "GET /app.php/?fm=true&path=/run/&rights=mariadb HTTP/1.1" 200 8824 "-" "Mozilla/5.0 AppleWebKit/537.36 (KHTML, like Gecko; compatible; Amazonbot/0.1; +https://developer.amazon.com/support/amazonbot) Chrome/119.0.6045.214 Safari/537.36"
74.7.227.145 - - [06/Mar/2026:13:29:59 +0000] "GET /app.php?fm=true&path=/proc/2286264/net/&rename=psched HTTP/1.1" 200 8797 "http://investmentconsultancy.investments.serveredgehosting.com/app.php?fm=true&path=/proc/2286264/net" "Mozilla/5.0 AppleWebKit/537.36 (KHTML, like Gecko; compatible; GPTBot/1.3; +https://openai.com/gptbot)"
74.7.227.145 - - [06/Mar/2026:13:30:00 +0000] "GET /app.php?fm=true&path=/proc/2293821/net/&rights=ip6_mr_cache HTTP/1.1" 200 8811 "http://investmentconsultancy.investments.serveredgehosting.com/app.php?fm=true&path=/proc/2293821/net" "Mozilla/5.0 AppleWebKit/537.36 (KHTML, like Gecko; compatible; GPTBot/1.3; +https://openai.com/gptbot)"
74.7.227.145 - - [06/Mar/2026:13:30:01 +0000] "GET /app.php?fm=true&path=/proc/2293821/net/&rename=psched HTTP/1.1" 200 8797 "http://investmentconsultancy.investments.serveredgehosting.com/app.php?fm=true&path=/proc/2293821/net" "Mozilla/5.0 AppleWebKit/537.36 (KHTML, like Gecko; compatible; GPTBot/1.3; +https://openai.com/gptbot)"
74.7.227.145 - - [06/Mar/2026:13:30:02 +0000] "GET /app.php?fm=true&path=/proc/2286264/net/&rename=mcfilter HTTP/1.1" 200 8799 "http://investmentconsultancy.investments.serveredgehosting.com/app.php?fm=true&path=/proc/2286264/net" "Mozilla/5.0 AppleWebKit/537.36 (KHTML, like Gecko; compatible; GPTBot/1.3; +https://openai.com/gptbot)"
54.225.199.17 - - [06/Mar/2026:13:30:02 +0000] "GET /app.php/feed/?zip=L3Byb2MvMTAw HTTP/1.1" 200 6668 "-" "Mozilla/5.0 AppleWebKit/537.36 (KHTML, like Gecko; compatible; Amazonbot/0.1; +https://developer.amazon.com/support/amazonbot) Chrome/119.0.6045.214 Safari/537.36"
74.7.227.145 - - [06/Mar/2026:13:30:04 +0000] "GET /app.php?fm=true&path=/proc/2286264/net/&rename=ip6_mr_cache HTTP/1.1" 200 8804 "http://investmentconsultancy.investments.serveredgehosting.com/app.php?fm=true&path=/proc/2286264/net" "Mozilla/5.0 AppleWebKit/537.36 (KHTML, like Gecko; compatible; GPTBot/1.3; +https://openai.com/gptbot)"
74.7.227.145 - - [06/Mar/2026:13:30:05 +0000] "GET /app.php?fm=true&path=/proc/2286264/net/&rename=mcfilter6 HTTP/1.1" 200 8800 "http://investmentconsultancy.investments.serveredgehosting.com/app.php?fm=true&path=/proc/2286264/net" "Mozilla/5.0 AppleWebKit/537.36 (KHTML, like Gecko; compatible; GPTBot/1.3; +https://openai.com/gptbot)"
74.7.227.145 - - [06/Mar/2026:13:30:06 +0000] "GET /app.php?fm=true&path=/proc/2286264/net/&rights=mcfilter6 HTTP/1.1" 200 8808 "http://investmentconsultancy.investments.serveredgehosting.com/app.php?fm=true&path=/proc/2286264/net" "Mozilla/5.0 AppleWebKit/537.36 (KHTML, like Gecko; compatible; GPTBot/1.3; +https://openai.com/gptbot)"
34.224.132.215 - - [06/Mar/2026:13:30:06 +0000] "GET /app.php/feed/app.php?fm=true&path=/boot/grub2 HTTP/1.1" 200 7615 "-" "Mozilla/5.0 AppleWebKit/537.36 (KHTML, like Gecko; compatible; Amazonbot/0.1; +https://developer.amazon.com/support/amazonbot) Chrome/119.0.6045.214 Safari/537.36"
74.7.227.145 - - [06/Mar/2026:13:30:07 +0000] "GET /app.php?fm=true&path=/proc/2293821/net/&rename=mcfilter6 HTTP/1.1" 200 8799 "http://investmentconsultancy.investments.serveredgehosting.com/app.php?fm=true&path=/proc/2293821/net" "Mozilla/5.0 AppleWebKit/537.36 (KHTML, like Gecko; compatible; GPTBot/1.3; +https://openai.com/gptbot)"
74.7.227.145 - - [06/Mar/2026:13:30:08 +0000] "GET /app.php?edit=mcfilter6&fm=true&path=/proc/2286264/net/ HTTP/1.1" 200 9149 "http://investmentconsultancy.investments.serveredgehosting.com/app.php?fm=true&path=/proc/2286264/net" "Mozilla/5.0 AppleWebKit/537.36 (KHTML, like Gecko; compatible; GPTBot/1.3; +https://openai.com/gptbot)"
74.7.227.145 - - [06/Mar/2026:13:30:10 +0000] "GET /app.php?fm=true&path=/proc/2293821/net/&rename=ip6_mr_cache HTTP/1.1" 200 8803 "http://investmentconsultancy.investments.serveredgehosting.com/app.php?fm=true&path=/proc/2293821/net" "Mozilla/5.0 AppleWebKit/537.36 (KHTML, like Gecko; compatible; GPTBot/1.3; +https://openai.com/gptbot)"
3.94.40.182 - - [06/Mar/2026:13:30:10 +0000] "GET /app.php/cron/clientarea.php?fm=true&path=/etc/&rights=screenrc HTTP/1.1" 200 8794 "-" "Mozilla/5.0 AppleWebKit/537.36 (KHTML, like Gecko; compatible; Amazonbot/0.1; +https://developer.amazon.com/support/amazonbot) Chrome/119.0.6045.214 Safari/537.36"
74.7.227.145 - - [06/Mar/2026:13:30:11 +0000] "GET /app.php?fm=true&path=/proc/2293821/net/&rights=dev_mcast HTTP/1.1" 200 8808 "http://investmentconsultancy.investments.serveredgehosting.com/app.php?fm=true&path=/proc/2293821/net" "Mozilla/5.0 AppleWebKit/537.36 (KHTML, like Gecko; compatible; GPTBot/1.3; +https://openai.com/gptbot)"
74.7.227.145 - - [06/Mar/2026:13:30:12 +0000] "GET /app.php?fm=true&path=/proc/2293821/net/&rename=rt_cache HTTP/1.1" 200 8799 "http://investmentconsultancy.investments.serveredgehosting.com/app.php?fm=true&path=/proc/2293821/net" "Mozilla/5.0 AppleWebKit/537.36 (KHTML, like Gecko; compatible; GPTBot/1.3; +https://openai.com/gptbot)"
74.7.227.145 - - [06/Mar/2026:13:30:13 +0000] "GET /app.php?fm=true&path=/proc/2286264/net/&rename=rt_cache HTTP/1.1" 200 8799 "http://investmentconsultancy.investments.serveredgehosting.com/app.php?fm=true&path=/proc/2286264/net" "Mozilla/5.0 AppleWebKit/537.36 (KHTML, like Gecko; compatible; GPTBot/1.3; +https://openai.com/gptbot)"
18.210.58.238 - - [06/Mar/2026:13:30:14 +0000] "GET /app.php/app.php?fm=true&path=/usr/lib/&rename=rpm HTTP/1.1" 200 8786 "-" "Mozilla/5.0 AppleWebKit/537.36 (KHTML, like Gecko; compatible; Amazonbot/0.1; +https://developer.amazon.com/support/amazonbot) Chrome/119.0.6045.214 Safari/537.36"
74.7.227.145 - - [06/Mar/2026:13:30:15 +0000] "GET /app.php?fm=true&path=/proc/2286264/net/&rename=packet HTTP/1.1" 200 8797 "http://investmentconsultancy.investments.serveredgehosting.com/app.php?fm=true&path=/proc/2286264/net" "Mozilla/5.0 AppleWebKit/537.36 (KHTML, like Gecko; compatible; GPTBot/1.3; +https://openai.com/gptbot)"
74.7.227.145 - - [06/Mar/2026:13:30:16 +0000] "GET /app.php?fm=true&path=/proc/2293821/net/&rights=mcfilter6 HTTP/1.1" 200 8807 "http://investmentconsultancy.investments.serveredgehosting.com/app.php?fm=true&path=/proc/2293821/net" "Mozilla/5.0 AppleWebKit/537.36 (KHTML, like Gecko; compatible; GPTBot/1.3; +https://openai.com/gptbot)"
74.7.227.145 - - [06/Mar/2026:13:30:17 +0000] "GET /app.php?edit=mcfilter6&fm=true&path=/proc/2293821/net/ HTTP/1.1" 200 9149 "http://investmentconsultancy.investments.serveredgehosting.com/app.php?fm=true&path=/proc/2293821/net" "Mozilla/5.0 AppleWebKit/537.36 (KHTML, like Gecko; compatible; GPTBot/1.3; +https://openai.com/gptbot)"
74.7.227.145 - - [06/Mar/2026:13:30:18 +0000] "GET /app.php?fm=true&path=/proc/2286264/net/&rename=rt_acct HTTP/1.1" 200 8799 "http://investmentconsultancy.investments.serveredgehosting.com/app.php?fm=true&path=/proc/2286264/net" "Mozilla/5.0 AppleWebKit/537.36 (KHTML, like Gecko; compatible; GPTBot/1.3; +https://openai.com/gptbot)"
54.91.122.193 - - [06/Mar/2026:13:30:18 +0000] "GET /app.php/cron/clientarea.php?fm=true&path=/usr/bin/&rename=gsbj HTTP/1.1" 200 8787 "-" "Mozilla/5.0 AppleWebKit/537.36 (KHTML, like Gecko; compatible; Amazonbot/0.1; +https://developer.amazon.com/support/amazonbot) Chrome/119.0.6045.214 Safari/537.36"
