74.7.227.145 - - [06/Mar/2026:13:13:59 +0000] "GET /app.php?edit=igmp6&fm=true&path=/proc/2282620/net/ HTTP/1.1" 200 9169 "http://investmentconsultancy.investments.serveredgehosting.com/app.php?fm=true&path=/proc/2282620/net" "Mozilla/5.0 AppleWebKit/537.36 (KHTML, like Gecko; compatible; GPTBot/1.3; +https://openai.com/gptbot)"
74.7.227.145 - - [06/Mar/2026:13:14:00 +0000] "GET /app.php?edit=snmp6&fm=true&path=/proc/2282620/net/ HTTP/1.1" 200 9885 "http://investmentconsultancy.investments.serveredgehosting.com/app.php?fm=true&path=/proc/2282620/net" "Mozilla/5.0 AppleWebKit/537.36 (KHTML, like Gecko; compatible; GPTBot/1.3; +https://openai.com/gptbot)"
74.7.227.145 - - [06/Mar/2026:13:14:01 +0000] "GET /app.php?fm=true&path=/proc/2282620/net/&rename=igmp6 HTTP/1.1" 200 8797 "http://investmentconsultancy.investments.serveredgehosting.com/app.php?fm=true&path=/proc/2282620/net" "Mozilla/5.0 AppleWebKit/537.36 (KHTML, like Gecko; compatible; GPTBot/1.3; +https://openai.com/gptbot)"
3.212.205.90 - - [06/Mar/2026:13:14:02 +0000] "GET /app.php/feed/app.php?fm=true&path=/etc/&rename=DIR_COLORS.lightbgcolor HTTP/1.1" 200 8799 "-" "Mozilla/5.0 AppleWebKit/537.36 (KHTML, like Gecko; compatible; Amazonbot/0.1; +https://developer.amazon.com/support/amazonbot) Chrome/119.0.6045.214 Safari/537.36"
74.7.227.145 - - [06/Mar/2026:13:14:02 +0000] "GET /app.php?fm=true&path=/proc/2282620/net/&rename=icmp6 HTTP/1.1" 200 8797 "http://investmentconsultancy.investments.serveredgehosting.com/app.php?fm=true&path=/proc/2282620/net" "Mozilla/5.0 AppleWebKit/537.36 (KHTML, like Gecko; compatible; GPTBot/1.3; +https://openai.com/gptbot)"
74.7.227.145 - - [06/Mar/2026:13:14:04 +0000] "GET /app.php?fm=true&path=/proc/2282620/net/&rename=snmp6 HTTP/1.1" 200 8796 "http://investmentconsultancy.investments.serveredgehosting.com/app.php?fm=true&path=/proc/2282620/net" "Mozilla/5.0 AppleWebKit/537.36 (KHTML, like Gecko; compatible; GPTBot/1.3; +https://openai.com/gptbot)"
74.7.227.145 - - [06/Mar/2026:13:14:05 +0000] "GET /app.php?fm=true&path=/proc/2282620/net/&rename=ip_tables_targets HTTP/1.1" 200 8802 "http://investmentconsultancy.investments.serveredgehosting.com/app.php?fm=true&path=/proc/2282620/net" "Mozilla/5.0 AppleWebKit/537.36 (KHTML, like Gecko; compatible; GPTBot/1.3; +https://openai.com/gptbot)"
74.7.227.145 - - [06/Mar/2026:13:14:06 +0000] "GET /app.php?edit=icmp6&fm=true&path=/proc/2282620/net/ HTTP/1.1" 200 9185 "http://investmentconsultancy.investments.serveredgehosting.com/app.php?fm=true&path=/proc/2282620/net" "Mozilla/5.0 AppleWebKit/537.36 (KHTML, like Gecko; compatible; GPTBot/1.3; +https://openai.com/gptbot)"
52.4.76.156 - - [06/Mar/2026:13:14:06 +0000] "GET /app.php/cron/clientarea.php?fm=true&path=/home/servydhq/public_html/app/wp-includes/&rename=script-modules.php HTTP/1.1" 200 8822 "-" "Mozilla/5.0 AppleWebKit/537.36 (KHTML, like Gecko; compatible; Amazonbot/0.1; +https://developer.amazon.com/support/amazonbot) Chrome/119.0.6045.214 Safari/537.36"
74.7.227.145 - - [06/Mar/2026:13:14:07 +0000] "GET /app.php?edit=tcp&fm=true&path=/proc/2282620/net/ HTTP/1.1" 200 12806 "http://investmentconsultancy.investments.serveredgehosting.com/app.php?fm=true&path=/proc/2282620/net" "Mozilla/5.0 AppleWebKit/537.36 (KHTML, like Gecko; compatible; GPTBot/1.3; +https://openai.com/gptbot)"
74.7.227.145 - - [06/Mar/2026:13:14:08 +0000] "GET /app.php?edit=nf_log&fm=true&path=/proc/2282620/net/netfilter/ HTTP/1.1" 200 9204 "http://investmentconsultancy.investments.serveredgehosting.com/app.php?fm=true&path=/proc/2282620/net/netfilter" "Mozilla/5.0 AppleWebKit/537.36 (KHTML, like Gecko; compatible; GPTBot/1.3; +https://openai.com/gptbot)"
74.7.227.145 - - [06/Mar/2026:13:14:10 +0000] "GET /app.php?fm=true&path=/proc/2282620/net/netfilter/&rename=nf_log HTTP/1.1" 200 8805 "http://investmentconsultancy.investments.serveredgehosting.com/app.php?fm=true&path=/proc/2282620/net/netfilter" "Mozilla/5.0 AppleWebKit/537.36 (KHTML, like Gecko; compatible; GPTBot/1.3; +https://openai.com/gptbot)"
34.197.28.78 - - [06/Mar/2026:13:14:10 +0000] "GET /app.php/feed/app.php?zip=L3Byb2MvMjA%3D HTTP/1.1" 200 6668 "-" "Mozilla/5.0 AppleWebKit/537.36 (KHTML, like Gecko; compatible; Amazonbot/0.1; +https://developer.amazon.com/support/amazonbot) Chrome/119.0.6045.214 Safari/537.36"
74.7.227.145 - - [06/Mar/2026:13:14:11 +0000] "GET /app.php?fm=true&path=/proc/2282620/net/netfilter/&rights=nf_log HTTP/1.1" 200 8813 "http://investmentconsultancy.investments.serveredgehosting.com/app.php?fm=true&path=/proc/2282620/net/netfilter" "Mozilla/5.0 AppleWebKit/537.36 (KHTML, like Gecko; compatible; GPTBot/1.3; +https://openai.com/gptbot)"
74.7.227.145 - - [06/Mar/2026:13:14:12 +0000] "GET /app.php?fm=true&path=/proc/2282620/net/dev_snmp6 HTTP/1.1" 200 9855 "http://investmentconsultancy.investments.serveredgehosting.com/app.php?fm=true&path=/proc/2282620/net" "Mozilla/5.0 AppleWebKit/537.36 (KHTML, like Gecko; compatible; GPTBot/1.3; +https://openai.com/gptbot)"
74.7.227.145 - - [06/Mar/2026:13:14:13 +0000] "GET /app.php?fm=true&path=/proc/2282620/net/&rights=ip_tables_targets HTTP/1.1" 200 8812 "http://investmentconsultancy.investments.serveredgehosting.com/app.php?fm=true&path=/proc/2282620/net" "Mozilla/5.0 AppleWebKit/537.36 (KHTML, like Gecko; compatible; GPTBot/1.3; +https://openai.com/gptbot)"
54.235.158.162 - - [06/Mar/2026:13:14:14 +0000] "GET /app.php/feed/app.php?fm=true&path=/&rights=sbin HTTP/1.1" 200 8818 "-" "Mozilla/5.0 AppleWebKit/537.36 (KHTML, like Gecko; compatible; Amazonbot/0.1; +https://developer.amazon.com/support/amazonbot) Chrome/119.0.6045.214 Safari/537.36"
74.7.227.145 - - [06/Mar/2026:13:14:14 +0000] "GET /app.php?fm=true&path=/proc/2282620/net/&rename=ptype HTTP/1.1" 200 8796 "http://investmentconsultancy.investments.serveredgehosting.com/app.php?fm=true&path=/proc/2282620/net" "Mozilla/5.0 AppleWebKit/537.36 (KHTML, like Gecko; compatible; GPTBot/1.3; +https://openai.com/gptbot)"
74.7.227.145 - - [06/Mar/2026:13:14:16 +0000] "GET /app.php?edit=protocols&fm=true&path=/proc/2282620/net/ HTTP/1.1" 200 9520 "http://investmentconsultancy.investments.serveredgehosting.com/app.php?fm=true&path=/proc/2282620/net" "Mozilla/5.0 AppleWebKit/537.36 (KHTML, like Gecko; compatible; GPTBot/1.3; +https://openai.com/gptbot)"
74.7.227.145 - - [06/Mar/2026:13:14:17 +0000] "GET /app.php?fm=true&path=/proc/2282620/net/&rights=tls_stat HTTP/1.1" 200 8808 "http://investmentconsultancy.investments.serveredgehosting.com/app.php?fm=true&path=/proc/2282620/net" "Mozilla/5.0 AppleWebKit/537.36 (KHTML, like Gecko; compatible; GPTBot/1.3; +https://openai.com/gptbot)"
74.7.227.145 - - [06/Mar/2026:13:14:18 +0000] "GET /app.php?fm=true&path=/proc/2282620/net/&rename=fib_trie HTTP/1.1" 200 8800 "http://investmentconsultancy.investments.serveredgehosting.com/app.php?fm=true&path=/proc/2282620/net" "Mozilla/5.0 AppleWebKit/537.36 (KHTML, like Gecko; compatible; GPTBot/1.3; +https://openai.com/gptbot)"
34.227.234.246 - - [06/Mar/2026:13:14:18 +0000] "GET /app.php/feed/?fm=true&path=/home/servydhq/public_html/whmcs/admin/&rename=logout.php HTTP/1.1" 200 8815 "-" "Mozilla/5.0 AppleWebKit/537.36 (KHTML, like Gecko; compatible; Amazonbot/0.1; +https://developer.amazon.com/support/amazonbot) Chrome/119.0.6045.214 Safari/537.36"
74.7.227.145 - - [06/Mar/2026:13:14:19 +0000] "GET /app.php?fm=true&path=/proc/2282620/net/&rights=netlink HTTP/1.1" 200 8805 "http://investmentconsultancy.investments.serveredgehosting.com/app.php?fm=true&path=/proc/2282620/net" "Mozilla/5.0 AppleWebKit/537.36 (KHTML, like Gecko; compatible; GPTBot/1.3; +https://openai.com/gptbot)"
74.7.227.145 - - [06/Mar/2026:13:14:20 +0000] "GET /app.php?fm=true&path=/proc/2282620/net/&rights=rt6_stats HTTP/1.1" 200 8809 "http://investmentconsultancy.investments.serveredgehosting.com/app.php?fm=true&path=/proc/2282620/net" "Mozilla/5.0 AppleWebKit/537.36 (KHTML, like Gecko; compatible; GPTBot/1.3; +https://openai.com/gptbot)"
74.7.227.145 - - [06/Mar/2026:13:14:22 +0000] "GET /app.php?fm=true&path=/proc/2282620/net/netfilter/ HTTP/1.1" 200 9786 "http://investmentconsultancy.investments.serveredgehosting.com/app.php?edit=nf_log&fm=true&path=/proc/2282620/net/netfilter/" "Mozilla/5.0 AppleWebKit/537.36 (KHTML, like Gecko; compatible; GPTBot/1.3; +https://openai.com/gptbot)"
100.29.160.53 - - [06/Mar/2026:13:14:22 +0000] "GET /app.php/cron/clientarea.php?fm=true&path=/etc/&rename=pam.d HTTP/1.1" 200 8784 "-" "Mozilla/5.0 AppleWebKit/537.36 (KHTML, like Gecko; compatible; Amazonbot/0.1; +https://developer.amazon.com/support/amazonbot) Chrome/119.0.6045.214 Safari/537.36"
74.7.227.145 - - [06/Mar/2026:13:14:23 +0000] "GET /app.php?fm=true&path=/proc/2282620/net/&rights=fib_trie HTTP/1.1" 200 8807 "http://investmentconsultancy.investments.serveredgehosting.com/app.php?fm=true&path=/proc/2282620/net" "Mozilla/5.0 AppleWebKit/537.36 (KHTML, like Gecko; compatible; GPTBot/1.3; +https://openai.com/gptbot)"
74.7.227.145 - - [06/Mar/2026:13:14:24 +0000] "GET /app.php?fm=true&path=/proc/2282620/net/&rights=ip6_mr_vif HTTP/1.1" 200 8810 "http://investmentconsultancy.investments.serveredgehosting.com/app.php?fm=true&path=/proc/2282620/net" "Mozilla/5.0 AppleWebKit/537.36 (KHTML, like Gecko; compatible; GPTBot/1.3; +https://openai.com/gptbot)"
74.7.227.145 - - [06/Mar/2026:13:14:25 +0000] "GET /app.php?fm=true&path=/proc/2282620/net/dev_snmp6/&rights=lo HTTP/1.1" 200 8811 "http://investmentconsultancy.investments.serveredgehosting.com/app.php?fm=true&path=/proc/2282620/net/dev_snmp6" "Mozilla/5.0 AppleWebKit/537.36 (KHTML, like Gecko; compatible; GPTBot/1.3; +https://openai.com/gptbot)"
3.213.85.234 - - [06/Mar/2026:13:14:26 +0000] "GET /app.php/feed/?fm=true&path=/var/&rename=local HTTP/1.1" 200 8784 "-" "Mozilla/5.0 AppleWebKit/537.36 (KHTML, like Gecko; compatible; Amazonbot/0.1; +https://developer.amazon.com/support/amazonbot) Chrome/119.0.6045.214 Safari/537.36"
74.7.227.145 - - [06/Mar/2026:13:14:26 +0000] "GET /app.php?fm=true&path=/proc/2282620/net/dev_snmp6/&rename=lo HTTP/1.1" 200 8802 "http://investmentconsultancy.investments.serveredgehosting.com/app.php?fm=true&path=/proc/2282620/net/dev_snmp6" "Mozilla/5.0 AppleWebKit/537.36 (KHTML, like Gecko; compatible; GPTBot/1.3; +https://openai.com/gptbot)"
74.7.227.145 - - [06/Mar/2026:13:14:28 +0000] "GET /app.php?fm=true&path=/proc/2282620/net/dev_snmp6/.. HTTP/1.1" 200 13539 "http://investmentconsultancy.investments.serveredgehosting.com/app.php?fm=true&path=/proc/2282620/net/dev_snmp6" "Mozilla/5.0 AppleWebKit/537.36 (KHTML, like Gecko; compatible; GPTBot/1.3; +https://openai.com/gptbot)"
74.7.227.145 - - [06/Mar/2026:13:14:29 +0000] "GET /app.php?fm=true&path=/proc/2282620/net/dev_snmp6/&rename=eth0 HTTP/1.1" 200 8803 "http://investmentconsultancy.investments.serveredgehosting.com/app.php?fm=true&path=/proc/2282620/net/dev_snmp6" "Mozilla/5.0 AppleWebKit/537.36 (KHTML, like Gecko; compatible; GPTBot/1.3; +https://openai.com/gptbot)"
74.7.227.145 - - [06/Mar/2026:13:14:30 +0000] "GET /app.php?fm=true&path=/proc/2282620/net/dev_snmp6/&rights=eth0 HTTP/1.1" 200 8812 "http://investmentconsultancy.investments.serveredgehosting.com/app.php?fm=true&path=/proc/2282620/net/dev_snmp6" "Mozilla/5.0 AppleWebKit/537.36 (KHTML, like Gecko; compatible; GPTBot/1.3; +https://openai.com/gptbot)"
54.92.171.106 - - [06/Mar/2026:13:14:30 +0000] "GET /app.php/app.php?fm=true&path=/home/servydhq/public_html/wp-content/uploads/&rights=woocommerce-placeholder-600x600.png HTTP/1.1" 200 8848 "-" "Mozilla/5.0 AppleWebKit/537.36 (KHTML, like Gecko; compatible; Amazonbot/0.1; +https://developer.amazon.com/support/amazonbot) Chrome/119.0.6045.214 Safari/537.36"
74.7.227.145 - - [06/Mar/2026:13:14:31 +0000] "GET /app.php?edit=eth0&fm=true&path=/proc/2282620/net/dev_snmp6/ HTTP/1.1" 200 9749 "http://investmentconsultancy.investments.serveredgehosting.com/app.php?fm=true&path=/proc/2282620/net/dev_snmp6" "Mozilla/5.0 AppleWebKit/537.36 (KHTML, like Gecko; compatible; GPTBot/1.3; +https://openai.com/gptbot)"
74.7.227.145 - - [06/Mar/2026:13:14:32 +0000] "GET /app.php?edit=lo&fm=true&path=/proc/2282620/net/dev_snmp6/ HTTP/1.1" 200 9683 "http://investmentconsultancy.investments.serveredgehosting.com/app.php?fm=true&path=/proc/2282620/net/dev_snmp6" "Mozilla/5.0 AppleWebKit/537.36 (KHTML, like Gecko; compatible; GPTBot/1.3; +https://openai.com/gptbot)"
74.7.227.145 - - [06/Mar/2026:13:14:34 +0000] "GET /app.php?fm=true&path=/proc/2285847/&rights=net HTTP/1.1" 200 8784 "http://investmentconsultancy.investments.serveredgehosting.com/app.php?fm=true&path=/proc/2285847" "Mozilla/5.0 AppleWebKit/537.36 (KHTML, like Gecko; compatible; GPTBot/1.3; +https://openai.com/gptbot)"
52.4.76.156 - - [06/Mar/2026:13:14:34 +0000] "GET /app.php/feed?fm=true&path=/proc/&rename=fb HTTP/1.1" 200 8781 "-" "Mozilla/5.0 AppleWebKit/537.36 (KHTML, like Gecko; compatible; Amazonbot/0.1; +https://developer.amazon.com/support/amazonbot) Chrome/119.0.6045.214 Safari/537.36"
74.7.227.145 - - [06/Mar/2026:13:14:35 +0000] "GET /app.php?fm=true&path=/proc/2282620/net/&rename=snmp HTTP/1.1" 200 8796 "http://investmentconsultancy.investments.serveredgehosting.com/app.php?fm=true&path=/proc/2282620/net" "Mozilla/5.0 AppleWebKit/537.36 (KHTML, like Gecko; compatible; GPTBot/1.3; +https://openai.com/gptbot)"
74.7.227.145 - - [06/Mar/2026:13:14:36 +0000] "GET /app.php?fm=true&path=/proc/2282620/net/&rename=icmp HTTP/1.1" 200 8796 "http://investmentconsultancy.investments.serveredgehosting.com/app.php?fm=true&path=/proc/2282620/net" "Mozilla/5.0 AppleWebKit/537.36 (KHTML, like Gecko; compatible; GPTBot/1.3; +https://openai.com/gptbot)"
74.7.227.145 - - [06/Mar/2026:13:14:37 +0000] "GET /app.php?fm=true&path=/proc/2282620/net/&rights=ptype HTTP/1.1" 200 8804 "http://investmentconsultancy.investments.serveredgehosting.com/app.php?fm=true&path=/proc/2282620/net" "Mozilla/5.0 AppleWebKit/537.36 (KHTML, like Gecko; compatible; GPTBot/1.3; +https://openai.com/gptbot)"
98.82.40.168 - - [06/Mar/2026:13:14:38 +0000] "GET /app.php/cron/clientarea.php?fm=true&path=/usr/bin/&rename=loadkeys HTTP/1.1" 200 8789 "-" "Mozilla/5.0 AppleWebKit/537.36 (KHTML, like Gecko; compatible; Amazonbot/0.1; +https://developer.amazon.com/support/amazonbot) Chrome/119.0.6045.214 Safari/537.36"
74.7.227.145 - - [06/Mar/2026:13:14:38 +0000] "GET /app.php?fm=true&path=/proc/2282620/net/stat HTTP/1.1" 200 10039 "http://investmentconsultancy.investments.serveredgehosting.com/app.php?fm=true&path=/proc/2282620/net" "Mozilla/5.0 AppleWebKit/537.36 (KHTML, like Gecko; compatible; GPTBot/1.3; +https://openai.com/gptbot)"
74.7.227.145 - - [06/Mar/2026:13:14:40 +0000] "GET /app.php?edit=xfrm_stat&fm=true&path=/proc/2282620/net/ HTTP/1.1" 200 9311 "http://investmentconsultancy.investments.serveredgehosting.com/app.php?fm=true&path=/proc/2282620/net" "Mozilla/5.0 AppleWebKit/537.36 (KHTML, like Gecko; compatible; GPTBot/1.3; +https://openai.com/gptbot)"
74.7.227.145 - - [06/Mar/2026:13:14:41 +0000] "GET /app.php?fm=true&path=/proc/2285505/&rights=net HTTP/1.1" 200 8827 "http://investmentconsultancy.investments.serveredgehosting.com/app.php?fm=true&path=/proc/2285505" "Mozilla/5.0 AppleWebKit/537.36 (KHTML, like Gecko; compatible; GPTBot/1.3; +https://openai.com/gptbot)"
74.7.227.145 - - [06/Mar/2026:13:14:42 +0000] "GET /app.php?fm=true&path=/proc/2282620/net/&rename=tcp6 HTTP/1.1" 200 8796 "http://investmentconsultancy.investments.serveredgehosting.com/app.php?fm=true&path=/proc/2282620/net" "Mozilla/5.0 AppleWebKit/537.36 (KHTML, like Gecko; compatible; GPTBot/1.3; +https://openai.com/gptbot)"
54.157.99.244 - - [06/Mar/2026:13:14:42 +0000] "GET /app.php/feed/?fm=true&path=/home/servydhq/public_html/wp-admin/&rename=my-sites.php HTTP/1.1" 200 8815 "-" "Mozilla/5.0 AppleWebKit/537.36 (KHTML, like Gecko; compatible; Amazonbot/0.1; +https://developer.amazon.com/support/amazonbot) Chrome/119.0.6045.214 Safari/537.36"
74.7.227.145 - - [06/Mar/2026:13:14:43 +0000] "GET /app.php?fm=true&path=/proc/2282620/net/&rights=tcp6 HTTP/1.1" 200 8804 "http://investmentconsultancy.investments.serveredgehosting.com/app.php?fm=true&path=/proc/2282620/net" "Mozilla/5.0 AppleWebKit/537.36 (KHTML, like Gecko; compatible; GPTBot/1.3; +https://openai.com/gptbot)"
74.7.227.145 - - [06/Mar/2026:13:14:44 +0000] "GET /app.php?edit=softnet_stat&fm=true&path=/proc/2282620/net/ HTTP/1.1" 200 9234 "http://investmentconsultancy.investments.serveredgehosting.com/app.php?fm=true&path=/proc/2282620/net" "Mozilla/5.0 AppleWebKit/537.36 (KHTML, like Gecko; compatible; GPTBot/1.3; +https://openai.com/gptbot)"
74.7.227.145 - - [06/Mar/2026:13:14:46 +0000] "GET /app.php?fm=true&path=/proc/2282620/net/&rename=igmp HTTP/1.1" 200 8796 "http://investmentconsultancy.investments.serveredgehosting.com/app.php?fm=true&path=/proc/2282620/net" "Mozilla/5.0 AppleWebKit/537.36 (KHTML, like Gecko; compatible; GPTBot/1.3; +https://openai.com/gptbot)"
18.211.39.188 - - [06/Mar/2026:13:14:46 +0000] "GET /app.php/?fm=true&path=/home/servydhq/public_html/app/wp-includes/&rename=default-constants.php HTTP/1.1" 200 8824 "-" "Mozilla/5.0 AppleWebKit/537.36 (KHTML, like Gecko; compatible; Amazonbot/0.1; +https://developer.amazon.com/support/amazonbot) Chrome/119.0.6045.214 Safari/537.36"
74.7.227.145 - - [06/Mar/2026:13:14:47 +0000] "GET /app.php?fm=true&path=/proc/2282620/net/&rights=snmp6 HTTP/1.1" 200 8804 "http://investmentconsultancy.investments.serveredgehosting.com/app.php?fm=true&path=/proc/2282620/net" "Mozilla/5.0 AppleWebKit/537.36 (KHTML, like Gecko; compatible; GPTBot/1.3; +https://openai.com/gptbot)"
74.7.227.145 - - [06/Mar/2026:13:14:48 +0000] "GET /app.php?fm=true&path=/proc/2282620/net/&rights=icmp6 HTTP/1.1" 200 8805 "http://investmentconsultancy.investments.serveredgehosting.com/app.php?fm=true&path=/proc/2282620/net" "Mozilla/5.0 AppleWebKit/537.36 (KHTML, like Gecko; compatible; GPTBot/1.3; +https://openai.com/gptbot)"
74.7.227.145 - - [06/Mar/2026:13:14:49 +0000] "GET /app.php?edit=io&fm=true&path=/proc/2285505/ HTTP/1.1" 200 9095 "http://investmentconsultancy.investments.serveredgehosting.com/app.php?fm=true&path=/proc/2285505" "Mozilla/5.0 AppleWebKit/537.36 (KHTML, like Gecko; compatible; GPTBot/1.3; +https://openai.com/gptbot)"
74.7.227.145 - - [06/Mar/2026:13:14:50 +0000] "GET /app.php?download=L3Byb2MvMjI4NTg0Ny90aW1lbnNfb2Zmc2V0cw== HTTP/1.1" 200 74 "http://investmentconsultancy.investments.serveredgehosting.com/app.php?fm=true&path=/proc/2285847" "Mozilla/5.0 AppleWebKit/537.36 (KHTML, like Gecko; compatible; GPTBot/1.3; +https://openai.com/gptbot)"
74.7.227.145 - - [06/Mar/2026:13:14:52 +0000] "GET /app.php?fm=true&path=/proc/2282620/net/stat/&rename=arp_cache HTTP/1.1" 200 8804 "http://investmentconsultancy.investments.serveredgehosting.com/app.php?fm=true&path=/proc/2282620/net/stat" "Mozilla/5.0 AppleWebKit/537.36 (KHTML, like Gecko; compatible; GPTBot/1.3; +https://openai.com/gptbot)"
74.7.227.145 - - [06/Mar/2026:13:14:53 +0000] "GET /app.php?fm=true&path=/proc/2282620/net/stat/&rename=rt_cache HTTP/1.1" 200 8803 "http://investmentconsultancy.investments.serveredgehosting.com/app.php?fm=true&path=/proc/2282620/net/stat" "Mozilla/5.0 AppleWebKit/537.36 (KHTML, like Gecko; compatible; GPTBot/1.3; +https://openai.com/gptbot)"
44.215.61.66 - - [06/Mar/2026:13:14:50 +0000] "GET /app.php/feed/app.php?fm=true&path=/lib64 HTTP/1.1" 200 114346 "-" "Mozilla/5.0 AppleWebKit/537.36 (KHTML, like Gecko; compatible; Amazonbot/0.1; +https://developer.amazon.com/support/amazonbot) Chrome/119.0.6045.214 Safari/537.36"
74.7.227.145 - - [06/Mar/2026:13:14:54 +0000] "GET /app.php?fm=true&path=/proc/2282620/net/stat/&rename=nf_conntrack HTTP/1.1" 200 8806 "http://investmentconsultancy.investments.serveredgehosting.com/app.php?fm=true&path=/proc/2282620/net/stat" "Mozilla/5.0 AppleWebKit/537.36 (KHTML, like Gecko; compatible; GPTBot/1.3; +https://openai.com/gptbot)"
3.90.73.206 - - [06/Mar/2026:13:14:54 +0000] "GET /app.php/feed/app.php?fm=true&path=/var/&rename=tmp HTTP/1.1" 200 8782 "-" "Mozilla/5.0 AppleWebKit/537.36 (KHTML, like Gecko; compatible; Amazonbot/0.1; +https://developer.amazon.com/support/amazonbot) Chrome/119.0.6045.214 Safari/537.36"
74.7.227.145 - - [06/Mar/2026:13:14:55 +0000] "GET /app.php?fm=true&path=/proc/2282620/net/stat/&rights=rt_cache HTTP/1.1" 200 8811 "http://investmentconsultancy.investments.serveredgehosting.com/app.php?fm=true&path=/proc/2282620/net/stat" "Mozilla/5.0 AppleWebKit/537.36 (KHTML, like Gecko; compatible; GPTBot/1.3; +https://openai.com/gptbot)"
74.7.227.145 - - [06/Mar/2026:13:14:56 +0000] "GET /app.php?fm=true&path=/proc/2282620/net/stat/&rights=arp_cache HTTP/1.1" 200 8812 "http://investmentconsultancy.investments.serveredgehosting.com/app.php?fm=true&path=/proc/2282620/net/stat" "Mozilla/5.0 AppleWebKit/537.36 (KHTML, like Gecko; compatible; GPTBot/1.3; +https://openai.com/gptbot)"
74.7.227.145 - - [06/Mar/2026:13:14:58 +0000] "GET /app.php?edit=arp_cache&fm=true&path=/proc/2282620/net/stat/ HTTP/1.1" 200 9292 "http://investmentconsultancy.investments.serveredgehosting.com/app.php?fm=true&path=/proc/2282620/net/stat" "Mozilla/5.0 AppleWebKit/537.36 (KHTML, like Gecko; compatible; GPTBot/1.3; +https://openai.com/gptbot)"
35.170.205.140 - - [06/Mar/2026:13:14:58 +0000] "GET /app.php?fm=true&path=/run/&rights=sw-engine.pid HTTP/1.1" 200 8801 "-" "Mozilla/5.0 AppleWebKit/537.36 (KHTML, like Gecko; compatible; Amazonbot/0.1; +https://developer.amazon.com/support/amazonbot) Chrome/119.0.6045.214 Safari/537.36"
74.7.227.145 - - [06/Mar/2026:13:14:59 +0000] "GET /app.php?edit=rt_cache&fm=true&path=/proc/2282620/net/stat/ HTTP/1.1" 200 9332 "http://investmentconsultancy.investments.serveredgehosting.com/app.php?fm=true&path=/proc/2282620/net/stat" "Mozilla/5.0 AppleWebKit/537.36 (KHTML, like Gecko; compatible; GPTBot/1.3; +https://openai.com/gptbot)"
74.7.227.145 - - [06/Mar/2026:13:15:00 +0000] "GET /app.php?edit=ndisc_cache&fm=true&path=/proc/2282620/net/stat/ HTTP/1.1" 200 9276 "http://investmentconsultancy.investments.serveredgehosting.com/app.php?fm=true&path=/proc/2282620/net/stat" "Mozilla/5.0 AppleWebKit/537.36 (KHTML, like Gecko; compatible; GPTBot/1.3; +https://openai.com/gptbot)"
74.7.227.145 - - [06/Mar/2026:13:15:01 +0000] "GET /app.php?fm=true&path=/proc/2282620/net/stat/&rename=ndisc_cache HTTP/1.1" 200 8805 "http://investmentconsultancy.investments.serveredgehosting.com/app.php?fm=true&path=/proc/2282620/net/stat" "Mozilla/5.0 AppleWebKit/537.36 (KHTML, like Gecko; compatible; GPTBot/1.3; +https://openai.com/gptbot)"
35.173.18.61 - - [06/Mar/2026:13:15:02 +0000] "GET /app.php/app.php?fm=true&path=/srv/.. HTTP/1.1" 200 11711 "-" "Mozilla/5.0 AppleWebKit/537.36 (KHTML, like Gecko; compatible; Amazonbot/0.1; +https://developer.amazon.com/support/amazonbot) Chrome/119.0.6045.214 Safari/537.36"
74.7.227.145 - - [06/Mar/2026:13:15:02 +0000] "GET /app.php?edit=nf_conntrack&fm=true&path=/proc/2282620/net/stat/ HTTP/1.1" 200 9298 "http://investmentconsultancy.investments.serveredgehosting.com/app.php?fm=true&path=/proc/2282620/net/stat" "Mozilla/5.0 AppleWebKit/537.36 (KHTML, like Gecko; compatible; GPTBot/1.3; +https://openai.com/gptbot)"
74.7.227.145 - - [06/Mar/2026:13:15:04 +0000] "GET /app.php?fm=true&path=/proc/2282620/net/stat/&rights=nf_conntrack HTTP/1.1" 200 8815 "http://investmentconsultancy.investments.serveredgehosting.com/app.php?fm=true&path=/proc/2282620/net/stat" "Mozilla/5.0 AppleWebKit/537.36 (KHTML, like Gecko; compatible; GPTBot/1.3; +https://openai.com/gptbot)"
74.7.227.145 - - [06/Mar/2026:13:15:05 +0000] "GET /app.php?fm=true&path=/proc/2282620/net/stat/&rights=ndisc_cache HTTP/1.1" 200 8813 "http://investmentconsultancy.investments.serveredgehosting.com/app.php?fm=true&path=/proc/2282620/net/stat" "Mozilla/5.0 AppleWebKit/537.36 (KHTML, like Gecko; compatible; GPTBot/1.3; +https://openai.com/gptbot)"
74.7.227.145 - - [06/Mar/2026:13:15:06 +0000] "GET /app.php?fm=true&path=/proc/2282620/net/stat/ HTTP/1.1" 200 10039 "http://investmentconsultancy.investments.serveredgehosting.com/app.php?fm=true&path=/proc/2282620/net/stat/&rename=arp_cache" "Mozilla/5.0 AppleWebKit/537.36 (KHTML, like Gecko; compatible; GPTBot/1.3; +https://openai.com/gptbot)"
23.21.119.232 - - [06/Mar/2026:13:15:06 +0000] "GET /app.php/feed/app.php?fm=true&path=/etc/request-key.d HTTP/1.1" 200 9811 "-" "Mozilla/5.0 AppleWebKit/537.36 (KHTML, like Gecko; compatible; Amazonbot/0.1; +https://developer.amazon.com/support/amazonbot) Chrome/119.0.6045.214 Safari/537.36"
74.7.227.145 - - [06/Mar/2026:13:15:07 +0000] "GET /app.php?fm=true&path=/proc/2285847/.. HTTP/1.1" 200 11704 "http://investmentconsultancy.investments.serveredgehosting.com/app.php?fm=true&path=/proc/2285847" "Mozilla/5.0 AppleWebKit/537.36 (KHTML, like Gecko; compatible; GPTBot/1.3; +https://openai.com/gptbot)"
74.7.227.145 - - [06/Mar/2026:13:15:08 +0000] "GET /app.php?fm=true&path=/proc/2282620/net/&rename=unix HTTP/1.1" 200 8795 "http://investmentconsultancy.investments.serveredgehosting.com/app.php?fm=true&path=/proc/2282620/net" "Mozilla/5.0 AppleWebKit/537.36 (KHTML, like Gecko; compatible; GPTBot/1.3; +https://openai.com/gptbot)"
74.7.227.145 - - [06/Mar/2026:13:15:10 +0000] "GET /app.php?edit=if_inet6&fm=true&path=/proc/2282620/net/ HTTP/1.1" 200 9152 "http://investmentconsultancy.investments.serveredgehosting.com/app.php?fm=true&path=/proc/2282620/net" "Mozilla/5.0 AppleWebKit/537.36 (KHTML, like Gecko; compatible; GPTBot/1.3; +https://openai.com/gptbot)"
54.225.98.148 - - [06/Mar/2026:13:15:10 +0000] "GET /app.php?fm=true&path=/proc/&rename=4 HTTP/1.1" 200 8780 "-" "Mozilla/5.0 AppleWebKit/537.36 (KHTML, like Gecko; compatible; Amazonbot/0.1; +https://developer.amazon.com/support/amazonbot) Chrome/119.0.6045.214 Safari/537.36"
74.7.227.145 - - [06/Mar/2026:13:15:11 +0000] "GET /app.php?edit=rt6_stats&fm=true&path=/proc/2282620/net/ HTTP/1.1" 200 9124 "http://investmentconsultancy.investments.serveredgehosting.com/app.php?fm=true&path=/proc/2282620/net" "Mozilla/5.0 AppleWebKit/537.36 (KHTML, like Gecko; compatible; GPTBot/1.3; +https://openai.com/gptbot)"
74.7.227.145 - - [06/Mar/2026:13:15:12 +0000] "GET /app.php?fm=true&path=/proc/2282620/net/&rights=netfilter HTTP/1.1" 200 8835 "http://investmentconsultancy.investments.serveredgehosting.com/app.php?fm=true&path=/proc/2282620/net" "Mozilla/5.0 AppleWebKit/537.36 (KHTML, like Gecko; compatible; GPTBot/1.3; +https://openai.com/gptbot)"
74.7.227.145 - - [06/Mar/2026:13:15:13 +0000] "GET /app.php?fm=true&path=/proc/2282620/net/&rights=protocols HTTP/1.1" 200 8808 "http://investmentconsultancy.investments.serveredgehosting.com/app.php?fm=true&path=/proc/2282620/net" "Mozilla/5.0 AppleWebKit/537.36 (KHTML, like Gecko; compatible; GPTBot/1.3; +https://openai.com/gptbot)"
100.29.160.53 - - [06/Mar/2026:13:15:14 +0000] "GET /app.php/cron/clientarea.php?fm=true&path=/var/&rights=log HTTP/1.1" 200 8821 "-" "Mozilla/5.0 AppleWebKit/537.36 (KHTML, like Gecko; compatible; Amazonbot/0.1; +https://developer.amazon.com/support/amazonbot) Chrome/119.0.6045.214 Safari/537.36"
74.7.227.145 - - [06/Mar/2026:13:15:14 +0000] "GET /app.php?download=L3Byb2MvMjI4NTUwNS90aW1lbnNfb2Zmc2V0cw== HTTP/1.1" 200 101 "http://investmentconsultancy.investments.serveredgehosting.com/app.php?fm=true&path=/proc/2285505" "Mozilla/5.0 AppleWebKit/537.36 (KHTML, like Gecko; compatible; GPTBot/1.3; +https://openai.com/gptbot)"
74.7.227.145 - - [06/Mar/2026:13:15:16 +0000] "GET /app.php?fm=true&path=/proc/2282620/net/rpc HTTP/1.1" 200 9845 "http://investmentconsultancy.investments.serveredgehosting.com/app.php?fm=true&path=/proc/2282620/net" "Mozilla/5.0 AppleWebKit/537.36 (KHTML, like Gecko; compatible; GPTBot/1.3; +https://openai.com/gptbot)"
74.7.227.145 - - [06/Mar/2026:13:15:17 +0000] "GET /app.php?fm=true&path=/proc/2282620/net/stat/. HTTP/1.1" 200 10038 "http://investmentconsultancy.investments.serveredgehosting.com/app.php?fm=true&path=/proc/2282620/net/stat" "Mozilla/5.0 AppleWebKit/537.36 (KHTML, like Gecko; compatible; GPTBot/1.3; +https://openai.com/gptbot)"
74.7.227.145 - - [06/Mar/2026:13:15:18 +0000] "GET /app.php?fm=true&path=/proc/2282620/net/dev_snmp6/. HTTP/1.1" 200 9855 "http://investmentconsultancy.investments.serveredgehosting.com/app.php?fm=true&path=/proc/2282620/net/dev_snmp6" "Mozilla/5.0 AppleWebKit/537.36 (KHTML, like Gecko; compatible; GPTBot/1.3; +https://openai.com/gptbot)"
23.21.204.95 - - [06/Mar/2026:13:15:18 +0000] "GET /app.php/3D%22https:/bark-static.s3.eu-west-1.amazonaws.com/app.php?fm=true&path=/home/servydhq/investmentconsultancy.investments/&rename=0f-02-05.tar.gz HTTP/1.1" 200 8808 "-" "Mozilla/5.0 AppleWebKit/537.36 (KHTML, like Gecko; compatible; Amazonbot/0.1; +https://developer.amazon.com/support/amazonbot) Chrome/119.0.6045.214 Safari/537.36"
74.7.227.145 - - [06/Mar/2026:13:15:19 +0000] "GET /app.php?fm=true&path=/proc/2282620/net/&rename=raw HTTP/1.1" 200 8794 "http://investmentconsultancy.investments.serveredgehosting.com/app.php?fm=true&path=/proc/2282620/net" "Mozilla/5.0 AppleWebKit/537.36 (KHTML, like Gecko; compatible; GPTBot/1.3; +https://openai.com/gptbot)"
74.7.227.145 - - [06/Mar/2026:13:15:20 +0000] "GET /app.php?fm=true&path=/proc/2282620/net/&rename=rpc HTTP/1.1" 200 8794 "http://investmentconsultancy.investments.serveredgehosting.com/app.php?fm=true&path=/proc/2282620/net" "Mozilla/5.0 AppleWebKit/537.36 (KHTML, like Gecko; compatible; GPTBot/1.3; +https://openai.com/gptbot)"
74.7.227.145 - - [06/Mar/2026:13:15:22 +0000] "GET /app.php?fm=true&path=/proc/2282620/net/&rename=arp HTTP/1.1" 200 8794 "http://investmentconsultancy.investments.serveredgehosting.com/app.php?fm=true&path=/proc/2282620/net" "Mozilla/5.0 AppleWebKit/537.36 (KHTML, like Gecko; compatible; GPTBot/1.3; +https://openai.com/gptbot)"
44.207.207.36 - - [06/Mar/2026:13:15:22 +0000] "GET /app.php/3D%22https:/bark-static.s3.eu-west-1.amazonaws.com/app.php?fm=true&path=/home/servydhq/investmentconsultancy.investments/&rights=01.1.1.tar.gz HTTP/1.1" 200 8813 "-" "Mozilla/5.0 AppleWebKit/537.36 (KHTML, like Gecko; compatible; Amazonbot/0.1; +https://developer.amazon.com/support/amazonbot) Chrome/119.0.6045.214 Safari/537.36"
74.7.227.145 - - [06/Mar/2026:13:15:23 +0000] "GET /app.php?fm=true&path=/proc/2282620/net/&rename=udp HTTP/1.1" 200 8794 "http://investmentconsultancy.investments.serveredgehosting.com/app.php?fm=true&path=/proc/2282620/net" "Mozilla/5.0 AppleWebKit/537.36 (KHTML, like Gecko; compatible; GPTBot/1.3; +https://openai.com/gptbot)"
74.7.227.145 - - [06/Mar/2026:13:15:24 +0000] "GET /app.php?edit=ip6_mr_cache&fm=true&path=/proc/2282620/net/ HTTP/1.1" 200 9148 "http://investmentconsultancy.investments.serveredgehosting.com/app.php?fm=true&path=/proc/2282620/net" "Mozilla/5.0 AppleWebKit/537.36 (KHTML, like Gecko; compatible; GPTBot/1.3; +https://openai.com/gptbot)"
74.7.227.145 - - [06/Mar/2026:13:15:25 +0000] "GET /app.php?edit=tcp6&fm=true&path=/proc/2282620/net/ HTTP/1.1" 200 9677 "http://investmentconsultancy.investments.serveredgehosting.com/app.php?fm=true&path=/proc/2282620/net" "Mozilla/5.0 AppleWebKit/537.36 (KHTML, like Gecko; compatible; GPTBot/1.3; +https://openai.com/gptbot)"
54.225.81.20 - - [06/Mar/2026:13:15:26 +0000] "GET /app.php?fm=true&path=/usr/bin/&rename=nm HTTP/1.1" 200 8784 "-" "Mozilla/5.0 AppleWebKit/537.36 (KHTML, like Gecko; compatible; Amazonbot/0.1; +https://developer.amazon.com/support/amazonbot) Chrome/119.0.6045.214 Safari/537.36"
74.7.227.145 - - [06/Mar/2026:13:15:26 +0000] "GET /app.php?fm=true&path=/proc/2282620/net/&rename=nf_conntrack_expect HTTP/1.1" 200 8809 "http://investmentconsultancy.investments.serveredgehosting.com/app.php?fm=true&path=/proc/2282620/net" "Mozilla/5.0 AppleWebKit/537.36 (KHTML, like Gecko; compatible; GPTBot/1.3; +https://openai.com/gptbot)"
74.7.227.145 - - [06/Mar/2026:13:15:27 +0000] "GET /app.php?edit=tls_stat&fm=true&path=/proc/2282620/net/ HTTP/1.1" 200 9195 "http://investmentconsultancy.investments.serveredgehosting.com/app.php?fm=true&path=/proc/2282620/net" "Mozilla/5.0 AppleWebKit/537.36 (KHTML, like Gecko; compatible; GPTBot/1.3; +https://openai.com/gptbot)"
74.7.227.145 - - [06/Mar/2026:13:15:29 +0000] "GET /app.php?fm=true&path=/proc/2282620/net/rpc/auth.unix.ip HTTP/1.1" 200 9959 "http://investmentconsultancy.investments.serveredgehosting.com/app.php?fm=true&path=/proc/2282620/net/rpc" "Mozilla/5.0 AppleWebKit/537.36 (KHTML, like Gecko; compatible; GPTBot/1.3; +https://openai.com/gptbot)"
74.7.227.145 - - [06/Mar/2026:13:15:30 +0000] "GET /app.php?fm=true&path=/proc/2282620/net/rpc/auth.unix.gid HTTP/1.1" 200 9961 "http://investmentconsultancy.investments.serveredgehosting.com/app.php?fm=true&path=/proc/2282620/net/rpc" "Mozilla/5.0 AppleWebKit/537.36 (KHTML, like Gecko; compatible; GPTBot/1.3; +https://openai.com/gptbot)"
3.226.34.98 - - [06/Mar/2026:13:15:30 +0000] "GET /app.php?gzfile=L3RtcC9sb3VuZ2UtY2hhaXItY2Fyb3VzZWwtMS1QWHRTankudG1w HTTP/1.1" 200 6668 "-" "Mozilla/5.0 AppleWebKit/537.36 (KHTML, like Gecko; compatible; Amazonbot/0.1; +https://developer.amazon.com/support/amazonbot) Chrome/119.0.6045.214 Safari/537.36"
74.7.227.145 - - [06/Mar/2026:13:15:31 +0000] "GET /app.php?fm=true&path=/proc/2282620/net/rpc/&rename=auth.unix.ip HTTP/1.1" 200 8806 "http://investmentconsultancy.investments.serveredgehosting.com/app.php?fm=true&path=/proc/2282620/net/rpc" "Mozilla/5.0 AppleWebKit/537.36 (KHTML, like Gecko; compatible; GPTBot/1.3; +https://openai.com/gptbot)"
74.7.227.145 - - [06/Mar/2026:13:15:32 +0000] "GET /app.php?fm=true&path=/proc/2282620/net/rpc/&rename=auth.unix.gid HTTP/1.1" 200 8807 "http://investmentconsultancy.investments.serveredgehosting.com/app.php?fm=true&path=/proc/2282620/net/rpc" "Mozilla/5.0 AppleWebKit/537.36 (KHTML, like Gecko; compatible; GPTBot/1.3; +https://openai.com/gptbot)"
74.7.227.145 - - [06/Mar/2026:13:15:33 +0000] "GET /app.php?fm=true&path=/proc/2282620/net/rpc/&rights=auth.unix.gid HTTP/1.1" 200 8844 "http://investmentconsultancy.investments.serveredgehosting.com/app.php?fm=true&path=/proc/2282620/net/rpc" "Mozilla/5.0 AppleWebKit/537.36 (KHTML, like Gecko; compatible; GPTBot/1.3; +https://openai.com/gptbot)"
44.221.180.179 - - [06/Mar/2026:13:15:34 +0000] "GET /app.php/?download=L3RtcC9sb3VuZ2UtY2hhaXItY2Fyb3VzZWwtMS1yUm9JTncudG1w HTTP/1.1" 200 55215 "-" "Mozilla/5.0 AppleWebKit/537.36 (KHTML, like Gecko; compatible; Amazonbot/0.1; +https://developer.amazon.com/support/amazonbot) Chrome/119.0.6045.214 Safari/537.36"
74.7.227.145 - - [06/Mar/2026:13:15:35 +0000] "GET /app.php?fm=true&path=/proc/2282620/net/rpc/&rights=auth.unix.ip HTTP/1.1" 200 8844 "http://investmentconsultancy.investments.serveredgehosting.com/app.php?fm=true&path=/proc/2282620/net/rpc" "Mozilla/5.0 AppleWebKit/537.36 (KHTML, like Gecko; compatible; GPTBot/1.3; +https://openai.com/gptbot)"
74.7.227.145 - - [06/Mar/2026:13:15:36 +0000] "GET /app.php?fm=true&path=/proc/2282620/net/rpc/. HTTP/1.1" 200 9846 "http://investmentconsultancy.investments.serveredgehosting.com/app.php?fm=true&path=/proc/2282620/net/rpc" "Mozilla/5.0 AppleWebKit/537.36 (KHTML, like Gecko; compatible; GPTBot/1.3; +https://openai.com/gptbot)"
74.7.227.145 - - [06/Mar/2026:13:15:37 +0000] "GET /app.php?edit=fib_trie&fm=true&path=/proc/2282620/net/ HTTP/1.1" 200 9288 "http://investmentconsultancy.investments.serveredgehosting.com/app.php?fm=true&path=/proc/2282620/net" "Mozilla/5.0 AppleWebKit/537.36 (KHTML, like Gecko; compatible; GPTBot/1.3; +https://openai.com/gptbot)"
54.83.180.239 - - [06/Mar/2026:13:15:38 +0000] "GET /app.php/feed/app.php?fm=true&path=/opt HTTP/1.1" 200 10291 "-" "Mozilla/5.0 AppleWebKit/537.36 (KHTML, like Gecko; compatible; Amazonbot/0.1; +https://developer.amazon.com/support/amazonbot) Chrome/119.0.6045.214 Safari/537.36"
74.7.227.145 - - [06/Mar/2026:13:15:38 +0000] "GET /app.php?fm=true&path=/proc/2285847/. HTTP/1.1" 200 11706 "http://investmentconsultancy.investments.serveredgehosting.com/app.php?fm=true&path=/proc/2285847" "Mozilla/5.0 AppleWebKit/537.36 (KHTML, like Gecko; compatible; GPTBot/1.3; +https://openai.com/gptbot)"
74.7.227.145 - - [06/Mar/2026:13:15:40 +0000] "GET /app.php?fm=true&path=/proc/2282620/net/&rights=connector HTTP/1.1" 200 8808 "http://investmentconsultancy.investments.serveredgehosting.com/app.php?fm=true&path=/proc/2282620/net" "Mozilla/5.0 AppleWebKit/537.36 (KHTML, like Gecko; compatible; GPTBot/1.3; +https://openai.com/gptbot)"
74.7.227.145 - - [06/Mar/2026:13:15:41 +0000] "GET /app.php?fm=true&path=/proc/2282620/net/&rights=nf_conntrack_expect HTTP/1.1" 200 8819 "http://investmentconsultancy.investments.serveredgehosting.com/app.php?fm=true&path=/proc/2282620/net" "Mozilla/5.0 AppleWebKit/537.36 (KHTML, like Gecko; compatible; GPTBot/1.3; +https://openai.com/gptbot)"
74.7.227.145 - - [06/Mar/2026:13:15:42 +0000] "GET /app.php?fm=true&path=/proc/2282620/net/rpc/auth.unix.ip/. HTTP/1.1" 200 9959 "http://investmentconsultancy.investments.serveredgehosting.com/app.php?fm=true&path=/proc/2282620/net/rpc/auth.unix.ip" "Mozilla/5.0 AppleWebKit/537.36 (KHTML, like Gecko; compatible; GPTBot/1.3; +https://openai.com/gptbot)"
98.84.184.80 - - [06/Mar/2026:13:15:42 +0000] "GET /app.php/feed/app.php?download=L3RtcC9sb3VuZ2UtY2hhaXItY2Fyb3VzZWwtNC1OQ3NIRkMudG1w HTTP/1.1" 200 57885 "-" "Mozilla/5.0 AppleWebKit/537.36 (KHTML, like Gecko; compatible; Amazonbot/0.1; +https://developer.amazon.com/support/amazonbot) Chrome/119.0.6045.214 Safari/537.36"
74.7.227.145 - - [06/Mar/2026:13:15:43 +0000] "GET /app.php?edit=content&fm=true&path=/proc/2282620/net/rpc/auth.unix.ip/ HTTP/1.1" 200 9115 "http://investmentconsultancy.investments.serveredgehosting.com/app.php?fm=true&path=/proc/2282620/net/rpc/auth.unix.ip" "Mozilla/5.0 AppleWebKit/537.36 (KHTML, like Gecko; compatible; GPTBot/1.3; +https://openai.com/gptbot)"
74.7.227.145 - - [06/Mar/2026:13:15:44 +0000] "GET /app.php?fm=true&path=/proc/2282620/net/rpc/auth.unix.ip/&rename=content HTTP/1.1" 200 8808 "http://investmentconsultancy.investments.serveredgehosting.com/app.php?fm=true&path=/proc/2282620/net/rpc/auth.unix.ip" "Mozilla/5.0 AppleWebKit/537.36 (KHTML, like Gecko; compatible; GPTBot/1.3; +https://openai.com/gptbot)"
74.7.227.145 - - [06/Mar/2026:13:15:46 +0000] "GET /app.php?fm=true&path=/proc/2282620/net/rpc/auth.unix.ip/.. HTTP/1.1" 200 9846 "http://investmentconsultancy.investments.serveredgehosting.com/app.php?fm=true&path=/proc/2282620/net/rpc/auth.unix.ip" "Mozilla/5.0 AppleWebKit/537.36 (KHTML, like Gecko; compatible; GPTBot/1.3; +https://openai.com/gptbot)"
54.87.62.248 - - [06/Mar/2026:13:15:46 +0000] "GET /app.php/app.php?fm=true&path=/home/servydhq/public_html/app/wp-includes/&rights=template-canvas.php HTTP/1.1" 200 8832 "-" "Mozilla/5.0 AppleWebKit/537.36 (KHTML, like Gecko; compatible; Amazonbot/0.1; +https://developer.amazon.com/support/amazonbot) Chrome/119.0.6045.214 Safari/537.36"
74.7.227.145 - - [06/Mar/2026:13:15:47 +0000] "GET /app.php?fm=true&path=/proc/2282620/net/rpc/ HTTP/1.1" 200 9844 "http://investmentconsultancy.investments.serveredgehosting.com/app.php?fm=true&path=/proc/2282620/net/rpc/&rename=auth.unix.ip" "Mozilla/5.0 AppleWebKit/537.36 (KHTML, like Gecko; compatible; GPTBot/1.3; +https://openai.com/gptbot)"
74.7.227.145 - - [06/Mar/2026:13:15:48 +0000] "GET /app.php?edit=channel&fm=true&path=/proc/2282620/net/rpc/auth.unix.ip/ HTTP/1.1" 200 9118 "http://investmentconsultancy.investments.serveredgehosting.com/app.php?fm=true&path=/proc/2282620/net/rpc/auth.unix.ip" "Mozilla/5.0 AppleWebKit/537.36 (KHTML, like Gecko; compatible; GPTBot/1.3; +https://openai.com/gptbot)"
74.7.227.145 - - [06/Mar/2026:13:15:49 +0000] "GET /app.php?fm=true&path=/proc/2282620/net/rpc/auth.unix.ip/&rename=flush HTTP/1.1" 200 8812 "http://investmentconsultancy.investments.serveredgehosting.com/app.php?fm=true&path=/proc/2282620/net/rpc/auth.unix.ip" "Mozilla/5.0 AppleWebKit/537.36 (KHTML, like Gecko; compatible; GPTBot/1.3; +https://openai.com/gptbot)"
50.19.102.70 - - [06/Mar/2026:13:15:50 +0000] "GET /app.php?fm=true&path=/usr/bin/&rights=gr2fonttest HTTP/1.1" 200 8801 "-" "Mozilla/5.0 AppleWebKit/537.36 (KHTML, like Gecko; compatible; Amazonbot/0.1; +https://developer.amazon.com/support/amazonbot) Chrome/119.0.6045.214 Safari/537.36"
74.7.227.145 - - [06/Mar/2026:13:15:50 +0000] "GET /app.php?fm=true&path=/proc/2282620/net/rpc/auth.unix.ip/&rights=flush HTTP/1.1" 200 8818 "http://investmentconsultancy.investments.serveredgehosting.com/app.php?fm=true&path=/proc/2282620/net/rpc/auth.unix.ip" "Mozilla/5.0 AppleWebKit/537.36 (KHTML, like Gecko; compatible; GPTBot/1.3; +https://openai.com/gptbot)"
74.7.227.145 - - [06/Mar/2026:13:15:52 +0000] "GET /app.php?edit=content&fm=true&path=/proc/2282620/net/rpc/auth.unix.gid/ HTTP/1.1" 200 9116 "http://investmentconsultancy.investments.serveredgehosting.com/app.php?fm=true&path=/proc/2282620/net/rpc/auth.unix.gid" "Mozilla/5.0 AppleWebKit/537.36 (KHTML, like Gecko; compatible; GPTBot/1.3; +https://openai.com/gptbot)"
74.7.227.145 - - [06/Mar/2026:13:15:53 +0000] "GET /app.php?edit=channel&fm=true&path=/proc/2282620/net/rpc/auth.unix.gid/ HTTP/1.1" 200 9119 "http://investmentconsultancy.investments.serveredgehosting.com/app.php?fm=true&path=/proc/2282620/net/rpc/auth.unix.gid" "Mozilla/5.0 AppleWebKit/537.36 (KHTML, like Gecko; compatible; GPTBot/1.3; +https://openai.com/gptbot)"
74.7.227.145 - - [06/Mar/2026:13:15:54 +0000] "GET /app.php?fm=true&path=/proc/2282620/net/rpc/auth.unix.gid/&rename=flush HTTP/1.1" 200 8812 "http://investmentconsultancy.investments.serveredgehosting.com/app.php?fm=true&path=/proc/2282620/net/rpc/auth.unix.gid" "Mozilla/5.0 AppleWebKit/537.36 (KHTML, like Gecko; compatible; GPTBot/1.3; +https://openai.com/gptbot)"
18.207.79.144 - - [06/Mar/2026:13:15:54 +0000] "GET /app.php/feed?fm=true&path=/etc/&rename=mailbox_formats HTTP/1.1" 200 8790 "-" "Mozilla/5.0 AppleWebKit/537.36 (KHTML, like Gecko; compatible; Amazonbot/0.1; +https://developer.amazon.com/support/amazonbot) Chrome/119.0.6045.214 Safari/537.36"
74.7.227.145 - - [06/Mar/2026:13:15:55 +0000] "GET /app.php?fm=true&path=/proc/2282620/net/rpc/auth.unix.gid/&rights=flush HTTP/1.1" 200 8818 "http://investmentconsultancy.investments.serveredgehosting.com/app.php?fm=true&path=/proc/2282620/net/rpc/auth.unix.gid" "Mozilla/5.0 AppleWebKit/537.36 (KHTML, like Gecko; compatible; GPTBot/1.3; +https://openai.com/gptbot)"
74.7.227.145 - - [06/Mar/2026:13:15:56 +0000] "GET /app.php?fm=true&path=/proc/2282620/net/rpc/auth.unix.ip/ HTTP/1.1" 200 9959 "http://investmentconsultancy.investments.serveredgehosting.com/app.php?edit=content&fm=true&path=/proc/2282620/net/rpc/auth.unix.ip/" "Mozilla/5.0 AppleWebKit/537.36 (KHTML, like Gecko; compatible; GPTBot/1.3; +https://openai.com/gptbot)"
74.7.227.145 - - [06/Mar/2026:13:15:58 +0000] "GET /app.php?fm=true&path=/proc/2282620/net/rpc/auth.unix.gid/. HTTP/1.1" 200 9961 "http://investmentconsultancy.investments.serveredgehosting.com/app.php?fm=true&path=/proc/2282620/net/rpc/auth.unix.gid" "Mozilla/5.0 AppleWebKit/537.36 (KHTML, like Gecko; compatible; GPTBot/1.3; +https://openai.com/gptbot)"
3.219.81.66 - - [06/Mar/2026:13:15:59 +0000] "GET /app.php/3D%22https:/bark-static.s3.eu-west-1.amazonaws.com/unla=?fm=true&path=/home/servydhq/.wp-cli HTTP/1.1" 200 9770 "-" "Mozilla/5.0 AppleWebKit/537.36 (KHTML, like Gecko; compatible; Amazonbot/0.1; +https://developer.amazon.com/support/amazonbot) Chrome/119.0.6045.214 Safari/537.36"
74.7.227.145 - - [06/Mar/2026:13:15:59 +0000] "GET /app.php?edit=flush&fm=true&path=/proc/2282620/net/rpc/auth.unix.gid/ HTTP/1.1" 200 9117 "http://investmentconsultancy.investments.serveredgehosting.com/app.php?fm=true&path=/proc/2282620/net/rpc/auth.unix.gid" "Mozilla/5.0 AppleWebKit/537.36 (KHTML, like Gecko; compatible; GPTBot/1.3; +https://openai.com/gptbot)"
74.7.227.145 - - [06/Mar/2026:13:16:00 +0000] "GET /app.php?fm=true&path=/proc/2282620/net/rpc/auth.unix.gid/.. HTTP/1.1" 200 9846 "http://investmentconsultancy.investments.serveredgehosting.com/app.php?fm=true&path=/proc/2282620/net/rpc/auth.unix.gid" "Mozilla/5.0 AppleWebKit/537.36 (KHTML, like Gecko; compatible; GPTBot/1.3; +https://openai.com/gptbot)"
74.7.227.145 - - [06/Mar/2026:13:16:01 +0000] "GET /app.php?fm=true&path=/proc/2282620/net/&rename=route HTTP/1.1" 200 8797 "http://investmentconsultancy.investments.serveredgehosting.com/app.php?fm=true&path=/proc/2282620/net" "Mozilla/5.0 AppleWebKit/537.36 (KHTML, like Gecko; compatible; GPTBot/1.3; +https://openai.com/gptbot)"
98.84.60.17 - - [06/Mar/2026:13:16:02 +0000] "GET /app.php/rules?fm=true&path=//media HTTP/1.1" 200 9481 "-" "Mozilla/5.0 AppleWebKit/537.36 (KHTML, like Gecko; compatible; Amazonbot/0.1; +https://developer.amazon.com/support/amazonbot) Chrome/119.0.6045.214 Safari/537.36"
74.7.227.145 - - [06/Mar/2026:13:16:02 +0000] "GET /app.php?fm=true&path=/proc/2282620/net/&rights=rpc HTTP/1.1" 200 8831 "http://investmentconsultancy.investments.serveredgehosting.com/app.php?fm=true&path=/proc/2282620/net" "Mozilla/5.0 AppleWebKit/537.36 (KHTML, like Gecko; compatible; GPTBot/1.3; +https://openai.com/gptbot)"
74.7.227.145 - - [06/Mar/2026:13:16:04 +0000] "GET /app.php?fm=true&path=/proc/2282620/net/&rights=arp HTTP/1.1" 200 8803 "http://investmentconsultancy.investments.serveredgehosting.com/app.php?fm=true&path=/proc/2282620/net" "Mozilla/5.0 AppleWebKit/537.36 (KHTML, like Gecko; compatible; GPTBot/1.3; +https://openai.com/gptbot)"
74.7.227.145 - - [06/Mar/2026:13:16:05 +0000] "GET /app.php?fm=true&path=/proc/2282620/net/rpc/auth.unix.gid/ HTTP/1.1" 200 9962 "http://investmentconsultancy.investments.serveredgehosting.com/app.php?edit=content&fm=true&path=/proc/2282620/net/rpc/auth.unix.gid/" "Mozilla/5.0 AppleWebKit/537.36 (KHTML, like Gecko; compatible; GPTBot/1.3; +https://openai.com/gptbot)"
74.7.227.145 - - [06/Mar/2026:13:16:06 +0000] "GET /app.php?fm=true&path=/proc/2282620/net/dev_snmp6/ HTTP/1.1" 200 9855 "http://investmentconsultancy.investments.serveredgehosting.com/app.php?fm=true&path=/proc/2282620/net/dev_snmp6/&rights=lo" "Mozilla/5.0 AppleWebKit/537.36 (KHTML, like Gecko; compatible; GPTBot/1.3; +https://openai.com/gptbot)"
34.205.163.103 - - [06/Mar/2026:13:16:06 +0000] "GET /app.php/feed?fm=true&path=/sys/class HTTP/1.1" 200 13844 "-" "Mozilla/5.0 AppleWebKit/537.36 (KHTML, like Gecko; compatible; Amazonbot/0.1; +https://developer.amazon.com/support/amazonbot) Chrome/119.0.6045.214 Safari/537.36"
74.7.227.145 - - [06/Mar/2026:13:16:07 +0000] "GET /app.php?fm=true&path=/proc/2285505/.. HTTP/1.1" 200 28772 "http://investmentconsultancy.investments.serveredgehosting.com/app.php?fm=true&path=/proc/2285505" "Mozilla/5.0 AppleWebKit/537.36 (KHTML, like Gecko; compatible; GPTBot/1.3; +https://openai.com/gptbot)"
74.7.227.145 - - [06/Mar/2026:13:16:08 +0000] "GET /app.php?fm=true&path=/proc/2285847/ HTTP/1.1" 200 11707 "http://investmentconsultancy.investments.serveredgehosting.com/app.php?fm=true&path=/proc/2285847/&rename=status" "Mozilla/5.0 AppleWebKit/537.36 (KHTML, like Gecko; compatible; GPTBot/1.3; +https://openai.com/gptbot)"
74.7.227.145 - - [06/Mar/2026:13:16:10 +0000] "GET /app.php?fm=true&path=/proc/2282620/net/&rename=stat HTTP/1.1" 200 8796 "http://investmentconsultancy.investments.serveredgehosting.com/app.php?fm=true&path=/proc/2282620/net" "Mozilla/5.0 AppleWebKit/537.36 (KHTML, like Gecko; compatible; GPTBot/1.3; +https://openai.com/gptbot)"
3.93.211.16 - - [06/Mar/2026:13:16:10 +0000] "GET /app.php/?fm=true&path=/opt/&rename=alt HTTP/1.1" 200 8782 "-" "Mozilla/5.0 AppleWebKit/537.36 (KHTML, like Gecko; compatible; Amazonbot/0.1; +https://developer.amazon.com/support/amazonbot) Chrome/119.0.6045.214 Safari/537.36"
74.7.227.145 - - [06/Mar/2026:13:16:11 +0000] "GET /app.php?fm=true&path=/proc/2282620/net/.. HTTP/1.1" 200 13788 "http://investmentconsultancy.investments.serveredgehosting.com/app.php?fm=true&path=/proc/2282620/net" "Mozilla/5.0 AppleWebKit/537.36 (KHTML, like Gecko; compatible; GPTBot/1.3; +https://openai.com/gptbot)"
74.7.227.145 - - [06/Mar/2026:13:16:12 +0000] "GET /app.php?edit=io&fm=true&path=/proc/2285847/ HTTP/1.1" 200 9082 "http://investmentconsultancy.investments.serveredgehosting.com/app.php?fm=true&path=/proc/2285847" "Mozilla/5.0 AppleWebKit/537.36 (KHTML, like Gecko; compatible; GPTBot/1.3; +https://openai.com/gptbot)"
74.7.227.145 - - [06/Mar/2026:13:16:13 +0000] "GET /app.php?fm=true&path=/proc/2282620/net/&rights=unix HTTP/1.1" 200 8804 "http://investmentconsultancy.investments.serveredgehosting.com/app.php?fm=true&path=/proc/2282620/net" "Mozilla/5.0 AppleWebKit/537.36 (KHTML, like Gecko; compatible; GPTBot/1.3; +https://openai.com/gptbot)"
98.82.66.172 - - [06/Mar/2026:13:16:14 +0000] "GET /app.php/app.php?fm=true&path=/run/&rights=restartsrv_queueprocd HTTP/1.1" 200 8807 "-" "Mozilla/5.0 AppleWebKit/537.36 (KHTML, like Gecko; compatible; Amazonbot/0.1; +https://developer.amazon.com/support/amazonbot) Chrome/119.0.6045.214 Safari/537.36"
74.7.227.145 - - [06/Mar/2026:13:16:14 +0000] "GET /app.php?download=L3Byb2MvMjI4NTg0Ny9rc21fbWVyZ2luZ19wYWdlcw== HTTP/1.1" 200 74 "http://investmentconsultancy.investments.serveredgehosting.com/app.php?fm=true&path=/proc/2285847" "Mozilla/5.0 AppleWebKit/537.36 (KHTML, like Gecko; compatible; GPTBot/1.3; +https://openai.com/gptbot)"
74.7.227.145 - - [06/Mar/2026:13:16:16 +0000] "GET /app.php?fm=true&path=/proc/2282620/net/&rights=route HTTP/1.1" 200 8804 "http://investmentconsultancy.investments.serveredgehosting.com/app.php?fm=true&path=/proc/2282620/net" "Mozilla/5.0 AppleWebKit/537.36 (KHTML, like Gecko; compatible; GPTBot/1.3; +https://openai.com/gptbot)"
