74.7.227.145 - - [06/Mar/2026:12:08:49 +0000] "GET /app.php?fm=true&path=/proc/2255868/net/&rename=raw6 HTTP/1.1" 200 8796 "http://investmentconsultancy.investments.serveredgehosting.com/app.php?fm=true&path=/proc/2255868/net" "Mozilla/5.0 AppleWebKit/537.36 (KHTML, like Gecko; compatible; GPTBot/1.3; +https://openai.com/gptbot)"
3.223.134.5 - - [06/Mar/2026:12:08:50 +0000] "GET /app.php/cron/clientarea.php?fm=true&path=/usr/bin/&rename=atopconvert HTTP/1.1" 200 8792 "-" "Mozilla/5.0 AppleWebKit/537.36 (KHTML, like Gecko; compatible; Amazonbot/0.1; +https://developer.amazon.com/support/amazonbot) Chrome/119.0.6045.214 Safari/537.36"
74.7.227.145 - - [06/Mar/2026:12:08:51 +0000] "GET /app.php?fm=true&path=/proc/2259772/net/&rename=raw6 HTTP/1.1" 200 8779 "http://investmentconsultancy.investments.serveredgehosting.com/app.php?fm=true&path=/proc/2259772/net" "Mozilla/5.0 AppleWebKit/537.36 (KHTML, like Gecko; compatible; GPTBot/1.3; +https://openai.com/gptbot)"
74.7.227.145 - - [06/Mar/2026:12:08:52 +0000] "GET /app.php?fm=true&path=/proc/2255815/net/&rename=raw6 HTTP/1.1" 200 8795 "http://investmentconsultancy.investments.serveredgehosting.com/app.php?fm=true&path=/proc/2255815/net" "Mozilla/5.0 AppleWebKit/537.36 (KHTML, like Gecko; compatible; GPTBot/1.3; +https://openai.com/gptbot)"
74.7.227.145 - - [06/Mar/2026:12:08:53 +0000] "GET /app.php?fm=true&path=/proc/2255868/net/&rename=udp6 HTTP/1.1" 200 8796 "http://investmentconsultancy.investments.serveredgehosting.com/app.php?fm=true&path=/proc/2255868/net" "Mozilla/5.0 AppleWebKit/537.36 (KHTML, like Gecko; compatible; GPTBot/1.3; +https://openai.com/gptbot)"
74.7.227.145 - - [06/Mar/2026:12:08:54 +0000] "GET /app.php?edit=dev_mcast&fm=true&path=/proc/2255868/net/ HTTP/1.1" 200 9145 "http://investmentconsultancy.investments.serveredgehosting.com/app.php?fm=true&path=/proc/2255868/net" "Mozilla/5.0 AppleWebKit/537.36 (KHTML, like Gecko; compatible; GPTBot/1.3; +https://openai.com/gptbot)"
44.212.106.171 - - [06/Mar/2026:12:08:54 +0000] "GET /app.php/?fm=true&path=/usr/bin/&rename=mariadb-show HTTP/1.1" 200 8794 "-" "Mozilla/5.0 AppleWebKit/537.36 (KHTML, like Gecko; compatible; Amazonbot/0.1; +https://developer.amazon.com/support/amazonbot) Chrome/119.0.6045.214 Safari/537.36"
74.7.227.145 - - [06/Mar/2026:12:08:55 +0000] "GET /app.php?edit=dev_mcast&fm=true&path=/proc/2259772/net/ HTTP/1.1" 200 9089 "http://investmentconsultancy.investments.serveredgehosting.com/app.php?fm=true&path=/proc/2259772/net" "Mozilla/5.0 AppleWebKit/537.36 (KHTML, like Gecko; compatible; GPTBot/1.3; +https://openai.com/gptbot)"
74.7.227.145 - - [06/Mar/2026:12:08:56 +0000] "GET /app.php?edit=dev_mcast&fm=true&path=/proc/2255965/net/ HTTP/1.1" 200 9145 "http://investmentconsultancy.investments.serveredgehosting.com/app.php?fm=true&path=/proc/2255965/net" "Mozilla/5.0 AppleWebKit/537.36 (KHTML, like Gecko; compatible; GPTBot/1.3; +https://openai.com/gptbot)"
74.7.227.145 - - [06/Mar/2026:12:08:58 +0000] "GET /app.php?edit=dev_mcast&fm=true&path=/proc/2255815/net/ HTTP/1.1" 200 9145 "http://investmentconsultancy.investments.serveredgehosting.com/app.php?fm=true&path=/proc/2255815/net" "Mozilla/5.0 AppleWebKit/537.36 (KHTML, like Gecko; compatible; GPTBot/1.3; +https://openai.com/gptbot)"
100.29.34.97 - - [06/Mar/2026:12:08:58 +0000] "GET /app.php/cron/submitticket.php?fm=true&path=/home/servydhq/public_html/app/wp-includes/&rename=user.php HTTP/1.1" 200 8814 "-" "Mozilla/5.0 AppleWebKit/537.36 (KHTML, like Gecko; compatible; Amazonbot/0.1; +https://developer.amazon.com/support/amazonbot) Chrome/119.0.6045.214 Safari/537.36"
74.7.227.145 - - [06/Mar/2026:12:08:59 +0000] "GET /app.php?fm=true&path=/proc/2255815/net/&rights=packet HTTP/1.1" 200 8805 "http://investmentconsultancy.investments.serveredgehosting.com/app.php?fm=true&path=/proc/2255815/net" "Mozilla/5.0 AppleWebKit/537.36 (KHTML, like Gecko; compatible; GPTBot/1.3; +https://openai.com/gptbot)"
74.7.227.145 - - [06/Mar/2026:12:09:00 +0000] "GET /app.php?fm=true&path=/proc/2259772/net/&rights=packet HTTP/1.1" 200 8787 "http://investmentconsultancy.investments.serveredgehosting.com/app.php?fm=true&path=/proc/2259772/net" "Mozilla/5.0 AppleWebKit/537.36 (KHTML, like Gecko; compatible; GPTBot/1.3; +https://openai.com/gptbot)"
74.7.227.145 - - [06/Mar/2026:12:09:01 +0000] "GET /app.php?fm=true&path=/proc/2255868/net/&rights=packet HTTP/1.1" 200 8805 "http://investmentconsultancy.investments.serveredgehosting.com/app.php?fm=true&path=/proc/2255868/net" "Mozilla/5.0 AppleWebKit/537.36 (KHTML, like Gecko; compatible; GPTBot/1.3; +https://openai.com/gptbot)"
52.202.233.37 - - [06/Mar/2026:12:09:02 +0000] "GET /app.php/?gzfile=L3Byb2Mvc3dhcHM%3D HTTP/1.1" 200 6668 "-" "Mozilla/5.0 AppleWebKit/537.36 (KHTML, like Gecko; compatible; Amazonbot/0.1; +https://developer.amazon.com/support/amazonbot) Chrome/119.0.6045.214 Safari/537.36"
74.7.227.145 - - [06/Mar/2026:12:09:03 +0000] "GET /app.php?fm=true&path=/proc/2255965/net/&rights=packet HTTP/1.1" 200 8806 "http://investmentconsultancy.investments.serveredgehosting.com/app.php?fm=true&path=/proc/2255965/net" "Mozilla/5.0 AppleWebKit/537.36 (KHTML, like Gecko; compatible; GPTBot/1.3; +https://openai.com/gptbot)"
74.7.227.145 - - [06/Mar/2026:12:09:04 +0000] "GET /app.php?fm=true&path=/proc/2255965/net/&rights=udplite6 HTTP/1.1" 200 8807 "http://investmentconsultancy.investments.serveredgehosting.com/app.php?fm=true&path=/proc/2255965/net" "Mozilla/5.0 AppleWebKit/537.36 (KHTML, like Gecko; compatible; GPTBot/1.3; +https://openai.com/gptbot)"
74.7.227.145 - - [06/Mar/2026:12:09:05 +0000] "GET /app.php?fm=true&path=/proc/2255815/net/&rights=udplite6 HTTP/1.1" 200 8807 "http://investmentconsultancy.investments.serveredgehosting.com/app.php?fm=true&path=/proc/2255815/net" "Mozilla/5.0 AppleWebKit/537.36 (KHTML, like Gecko; compatible; GPTBot/1.3; +https://openai.com/gptbot)"
74.7.227.145 - - [06/Mar/2026:12:09:06 +0000] "GET /app.php?fm=true&path=/proc/2255815/net/&rights=anycast6 HTTP/1.1" 200 8807 "http://investmentconsultancy.investments.serveredgehosting.com/app.php?fm=true&path=/proc/2255815/net" "Mozilla/5.0 AppleWebKit/537.36 (KHTML, like Gecko; compatible; GPTBot/1.3; +https://openai.com/gptbot)"
52.45.29.57 - - [06/Mar/2026:12:09:06 +0000] "GET /app.php/cron/clientarea.php?fm=true&path=/mnt/. HTTP/1.1" 200 9479 "-" "Mozilla/5.0 AppleWebKit/537.36 (KHTML, like Gecko; compatible; Amazonbot/0.1; +https://developer.amazon.com/support/amazonbot) Chrome/119.0.6045.214 Safari/537.36"
74.7.227.145 - - [06/Mar/2026:12:09:07 +0000] "GET /app.php?fm=true&path=/proc/2259772/net/&rights=udplite6 HTTP/1.1" 200 8788 "http://investmentconsultancy.investments.serveredgehosting.com/app.php?fm=true&path=/proc/2259772/net" "Mozilla/5.0 AppleWebKit/537.36 (KHTML, like Gecko; compatible; GPTBot/1.3; +https://openai.com/gptbot)"
74.7.227.145 - - [06/Mar/2026:12:09:08 +0000] "GET /app.php?fm=true&path=/proc/2255868/net/&rights=udplite6 HTTP/1.1" 200 8807 "http://investmentconsultancy.investments.serveredgehosting.com/app.php?fm=true&path=/proc/2255868/net" "Mozilla/5.0 AppleWebKit/537.36 (KHTML, like Gecko; compatible; GPTBot/1.3; +https://openai.com/gptbot)"
74.7.227.145 - - [06/Mar/2026:12:09:10 +0000] "GET /app.php?fm=true&path=/proc/2259772/net/&rights=anycast6 HTTP/1.1" 200 8788 "http://investmentconsultancy.investments.serveredgehosting.com/app.php?fm=true&path=/proc/2259772/net" "Mozilla/5.0 AppleWebKit/537.36 (KHTML, like Gecko; compatible; GPTBot/1.3; +https://openai.com/gptbot)"
54.210.155.69 - - [06/Mar/2026:12:09:10 +0000] "GET /app.php/3D%22https:/bark-static.s3.eu-west-1.amazonaws.com/app.php?fm=true&path=/home/servydhq/investmentconsultancy.investments/&rights=.bolt.yml.bolt.yml.tar.gz HTTP/1.1" 200 8820 "-" "Mozilla/5.0 AppleWebKit/537.36 (KHTML, like Gecko; compatible; Amazonbot/0.1; +https://developer.amazon.com/support/amazonbot) Chrome/119.0.6045.214 Safari/537.36"
74.7.227.145 - - [06/Mar/2026:12:09:11 +0000] "GET /app.php?edit=sockstat&fm=true&path=/proc/2255815/net/ HTTP/1.1" 200 9188 "http://investmentconsultancy.investments.serveredgehosting.com/app.php?fm=true&path=/proc/2255815/net" "Mozilla/5.0 AppleWebKit/537.36 (KHTML, like Gecko; compatible; GPTBot/1.3; +https://openai.com/gptbot)"
74.7.227.145 - - [06/Mar/2026:12:09:12 +0000] "GET /app.php?edit=sockstat&fm=true&path=/proc/2259772/net/ HTTP/1.1" 200 9087 "http://investmentconsultancy.investments.serveredgehosting.com/app.php?fm=true&path=/proc/2259772/net" "Mozilla/5.0 AppleWebKit/537.36 (KHTML, like Gecko; compatible; GPTBot/1.3; +https://openai.com/gptbot)"
74.7.227.145 - - [06/Mar/2026:12:09:13 +0000] "GET /app.php?edit=sockstat&fm=true&path=/proc/2255868/net/ HTTP/1.1" 200 9188 "http://investmentconsultancy.investments.serveredgehosting.com/app.php?fm=true&path=/proc/2255868/net" "Mozilla/5.0 AppleWebKit/537.36 (KHTML, like Gecko; compatible; GPTBot/1.3; +https://openai.com/gptbot)"
52.205.113.104 - - [06/Mar/2026:12:09:14 +0000] "GET /app.php/?fm=true&path=/usr/bin/&rename=gst-inspect-1.0 HTTP/1.1" 200 8796 "-" "Mozilla/5.0 AppleWebKit/537.36 (KHTML, like Gecko; compatible; Amazonbot/0.1; +https://developer.amazon.com/support/amazonbot) Chrome/119.0.6045.214 Safari/537.36"
74.7.227.145 - - [06/Mar/2026:12:09:15 +0000] "GET /app.php?edit=sockstat&fm=true&path=/proc/2255965/net/ HTTP/1.1" 200 9188 "http://investmentconsultancy.investments.serveredgehosting.com/app.php?fm=true&path=/proc/2255965/net" "Mozilla/5.0 AppleWebKit/537.36 (KHTML, like Gecko; compatible; GPTBot/1.3; +https://openai.com/gptbot)"
74.7.227.145 - - [06/Mar/2026:12:09:16 +0000] "GET /app.php?fm=true&path=/proc/2259772/net/&rename=udp6 HTTP/1.1" 200 8778 "http://investmentconsultancy.investments.serveredgehosting.com/app.php?fm=true&path=/proc/2259772/net" "Mozilla/5.0 AppleWebKit/537.36 (KHTML, like Gecko; compatible; GPTBot/1.3; +https://openai.com/gptbot)"
74.7.227.145 - - [06/Mar/2026:12:09:17 +0000] "GET /app.php?fm=true&path=/proc/2255815/net/&rename=udp6 HTTP/1.1" 200 8795 "http://investmentconsultancy.investments.serveredgehosting.com/app.php?fm=true&path=/proc/2255815/net" "Mozilla/5.0 AppleWebKit/537.36 (KHTML, like Gecko; compatible; GPTBot/1.3; +https://openai.com/gptbot)"
74.7.227.145 - - [06/Mar/2026:12:09:18 +0000] "GET /app.php?fm=true&path=/proc/2259772/net/&rename=netfilter HTTP/1.1" 200 8783 "http://investmentconsultancy.investments.serveredgehosting.com/app.php?fm=true&path=/proc/2259772/net" "Mozilla/5.0 AppleWebKit/537.36 (KHTML, like Gecko; compatible; GPTBot/1.3; +https://openai.com/gptbot)"
54.86.59.155 - - [06/Mar/2026:12:09:18 +0000] "GET /app.php/cron/clientarea.php?fm=true&path=/usr/bin/&rename=mariadb-binlog HTTP/1.1" 200 8795 "-" "Mozilla/5.0 AppleWebKit/537.36 (KHTML, like Gecko; compatible; Amazonbot/0.1; +https://developer.amazon.com/support/amazonbot) Chrome/119.0.6045.214 Safari/537.36"
74.7.227.145 - - [06/Mar/2026:12:09:19 +0000] "GET /app.php?fm=true&path=/proc/2255965/net/&rename=netfilter HTTP/1.1" 200 8799 "http://investmentconsultancy.investments.serveredgehosting.com/app.php?fm=true&path=/proc/2255965/net" "Mozilla/5.0 AppleWebKit/537.36 (KHTML, like Gecko; compatible; GPTBot/1.3; +https://openai.com/gptbot)"
74.7.227.145 - - [06/Mar/2026:12:09:20 +0000] "GET /app.php?fm=true&path=/proc/2255815/net/&rename=netfilter HTTP/1.1" 200 8799 "http://investmentconsultancy.investments.serveredgehosting.com/app.php?fm=true&path=/proc/2255815/net" "Mozilla/5.0 AppleWebKit/537.36 (KHTML, like Gecko; compatible; GPTBot/1.3; +https://openai.com/gptbot)"
74.7.227.145 - - [06/Mar/2026:12:09:22 +0000] "GET /app.php?fm=true&path=/proc/2255868/net/&rename=netfilter HTTP/1.1" 200 8799 "http://investmentconsultancy.investments.serveredgehosting.com/app.php?fm=true&path=/proc/2255868/net" "Mozilla/5.0 AppleWebKit/537.36 (KHTML, like Gecko; compatible; GPTBot/1.3; +https://openai.com/gptbot)"
23.21.175.228 - - [06/Mar/2026:12:09:22 +0000] "GET /app.php/cron/clientarea.php?fm=true&path=/usr/lib/&rename=firewalld HTTP/1.1" 200 8791 "-" "Mozilla/5.0 AppleWebKit/537.36 (KHTML, like Gecko; compatible; Amazonbot/0.1; +https://developer.amazon.com/support/amazonbot) Chrome/119.0.6045.214 Safari/537.36"
74.7.227.145 - - [06/Mar/2026:12:09:23 +0000] "GET /app.php?edit=ip6_mr_vif&fm=true&path=/proc/2255965/net/ HTTP/1.1" 200 9140 "http://investmentconsultancy.investments.serveredgehosting.com/app.php?fm=true&path=/proc/2255965/net" "Mozilla/5.0 AppleWebKit/537.36 (KHTML, like Gecko; compatible; GPTBot/1.3; +https://openai.com/gptbot)"
74.7.227.145 - - [06/Mar/2026:12:09:24 +0000] "GET /app.php?fm=true&path=/proc/2255965/net/&rename=if_inet6 HTTP/1.1" 200 8799 "http://investmentconsultancy.investments.serveredgehosting.com/app.php?fm=true&path=/proc/2255965/net" "Mozilla/5.0 AppleWebKit/537.36 (KHTML, like Gecko; compatible; GPTBot/1.3; +https://openai.com/gptbot)"
74.7.227.145 - - [06/Mar/2026:12:09:25 +0000] "GET /app.php?fm=true&path=/proc/2255868/net/&rename=if_inet6 HTTP/1.1" 200 8799 "http://investmentconsultancy.investments.serveredgehosting.com/app.php?fm=true&path=/proc/2255868/net" "Mozilla/5.0 AppleWebKit/537.36 (KHTML, like Gecko; compatible; GPTBot/1.3; +https://openai.com/gptbot)"
74.7.227.145 - - [06/Mar/2026:12:09:26 +0000] "GET /app.php?fm=true&path=/proc/2255868/net/&rename=protocols HTTP/1.1" 200 8798 "http://investmentconsultancy.investments.serveredgehosting.com/app.php?fm=true&path=/proc/2255868/net" "Mozilla/5.0 AppleWebKit/537.36 (KHTML, like Gecko; compatible; GPTBot/1.3; +https://openai.com/gptbot)"
34.224.9.144 - - [06/Mar/2026:12:09:26 +0000] "GET /app.php/cron/clientarea.php?zip=L3Byb2MvNg%3D%3D HTTP/1.1" 200 6668 "-" "Mozilla/5.0 AppleWebKit/537.36 (KHTML, like Gecko; compatible; Amazonbot/0.1; +https://developer.amazon.com/support/amazonbot) Chrome/119.0.6045.214 Safari/537.36"
74.7.227.145 - - [06/Mar/2026:12:09:28 +0000] "GET /app.php?fm=true&path=/proc/2255965/net/&rename=protocols HTTP/1.1" 200 8798 "http://investmentconsultancy.investments.serveredgehosting.com/app.php?fm=true&path=/proc/2255965/net" "Mozilla/5.0 AppleWebKit/537.36 (KHTML, like Gecko; compatible; GPTBot/1.3; +https://openai.com/gptbot)"
74.7.227.145 - - [06/Mar/2026:12:09:29 +0000] "GET /app.php?fm=true&path=/proc/2255815/net/&rename=protocols HTTP/1.1" 200 8798 "http://investmentconsultancy.investments.serveredgehosting.com/app.php?fm=true&path=/proc/2255815/net" "Mozilla/5.0 AppleWebKit/537.36 (KHTML, like Gecko; compatible; GPTBot/1.3; +https://openai.com/gptbot)"
74.7.227.145 - - [06/Mar/2026:12:09:30 +0000] "GET /app.php?fm=true&path=/proc/2259772/net/&rename=protocols HTTP/1.1" 200 8781 "http://investmentconsultancy.investments.serveredgehosting.com/app.php?fm=true&path=/proc/2259772/net" "Mozilla/5.0 AppleWebKit/537.36 (KHTML, like Gecko; compatible; GPTBot/1.3; +https://openai.com/gptbot)"
3.235.215.92 - - [06/Mar/2026:12:09:30 +0000] "GET /app.php/feed?fm=true&path=/var/&rename=games HTTP/1.1" 200 8782 "-" "Mozilla/5.0 AppleWebKit/537.36 (KHTML, like Gecko; compatible; Amazonbot/0.1; +https://developer.amazon.com/support/amazonbot) Chrome/119.0.6045.214 Safari/537.36"
74.7.227.145 - - [06/Mar/2026:12:09:31 +0000] "GET /app.php?fm=true&path=/proc/2255815/net/&rights=softnet_stat HTTP/1.1" 200 8810 "http://investmentconsultancy.investments.serveredgehosting.com/app.php?fm=true&path=/proc/2255815/net" "Mozilla/5.0 AppleWebKit/537.36 (KHTML, like Gecko; compatible; GPTBot/1.3; +https://openai.com/gptbot)"
74.7.227.145 - - [06/Mar/2026:12:09:32 +0000] "GET /app.php?fm=true&path=/proc/2259772/net/&rights=softnet_stat HTTP/1.1" 200 8793 "http://investmentconsultancy.investments.serveredgehosting.com/app.php?fm=true&path=/proc/2259772/net" "Mozilla/5.0 AppleWebKit/537.36 (KHTML, like Gecko; compatible; GPTBot/1.3; +https://openai.com/gptbot)"
74.7.227.145 - - [06/Mar/2026:12:09:34 +0000] "GET /app.php?fm=true&path=/proc/2255965/net/&rights=softnet_stat HTTP/1.1" 200 8810 "http://investmentconsultancy.investments.serveredgehosting.com/app.php?fm=true&path=/proc/2255965/net" "Mozilla/5.0 AppleWebKit/537.36 (KHTML, like Gecko; compatible; GPTBot/1.3; +https://openai.com/gptbot)"
54.85.126.86 - - [06/Mar/2026:12:09:34 +0000] "GET /app.php/cron/3D%22https:/bark-static.s3.eu-west-1.amazonaws.com/unl=?fm=true&path=/home/servydhq/&rights=.bashrc HTTP/1.1" 200 8804 "-" "Mozilla/5.0 AppleWebKit/537.36 (KHTML, like Gecko; compatible; Amazonbot/0.1; +https://developer.amazon.com/support/amazonbot) Chrome/119.0.6045.214 Safari/537.36"
74.7.227.145 - - [06/Mar/2026:12:09:35 +0000] "GET /app.php?fm=true&path=/proc/2255868/net/&rights=softnet_stat HTTP/1.1" 200 8810 "http://investmentconsultancy.investments.serveredgehosting.com/app.php?fm=true&path=/proc/2255868/net" "Mozilla/5.0 AppleWebKit/537.36 (KHTML, like Gecko; compatible; GPTBot/1.3; +https://openai.com/gptbot)"
74.7.227.145 - - [06/Mar/2026:12:09:36 +0000] "GET /app.php?fm=true&path=/proc/2255965/net/&rename=rt6_stats HTTP/1.1" 200 8800 "http://investmentconsultancy.investments.serveredgehosting.com/app.php?fm=true&path=/proc/2255965/net" "Mozilla/5.0 AppleWebKit/537.36 (KHTML, like Gecko; compatible; GPTBot/1.3; +https://openai.com/gptbot)"
74.7.227.145 - - [06/Mar/2026:12:09:37 +0000] "GET /app.php?fm=true&path=/proc/2255868/net/&rename=connector HTTP/1.1" 200 8800 "http://investmentconsultancy.investments.serveredgehosting.com/app.php?fm=true&path=/proc/2255868/net" "Mozilla/5.0 AppleWebKit/537.36 (KHTML, like Gecko; compatible; GPTBot/1.3; +https://openai.com/gptbot)"
44.217.255.167 - - [06/Mar/2026:12:09:38 +0000] "GET /app.php?fm=true&path=/usr/bin/&rename=getopts HTTP/1.1" 200 8789 "-" "Mozilla/5.0 AppleWebKit/537.36 (KHTML, like Gecko; compatible; Amazonbot/0.1; +https://developer.amazon.com/support/amazonbot) Chrome/119.0.6045.214 Safari/537.36"
74.7.227.145 - - [06/Mar/2026:12:09:38 +0000] "GET /app.php?fm=true&path=/proc/2255868/net/&rights=if_inet6 HTTP/1.1" 200 8807 "http://investmentconsultancy.investments.serveredgehosting.com/app.php?fm=true&path=/proc/2255868/net" "Mozilla/5.0 AppleWebKit/537.36 (KHTML, like Gecko; compatible; GPTBot/1.3; +https://openai.com/gptbot)"
74.7.227.145 - - [06/Mar/2026:12:09:40 +0000] "GET /app.php?fm=true&path=/proc/2259772/net/&rights=if_inet6 HTTP/1.1" 200 8789 "http://investmentconsultancy.investments.serveredgehosting.com/app.php?fm=true&path=/proc/2259772/net" "Mozilla/5.0 AppleWebKit/537.36 (KHTML, like Gecko; compatible; GPTBot/1.3; +https://openai.com/gptbot)"
74.7.227.145 - - [06/Mar/2026:12:09:41 +0000] "GET /app.php?fm=true&path=/proc/2255815/net/&rights=if_inet6 HTTP/1.1" 200 8807 "http://investmentconsultancy.investments.serveredgehosting.com/app.php?fm=true&path=/proc/2255815/net" "Mozilla/5.0 AppleWebKit/537.36 (KHTML, like Gecko; compatible; GPTBot/1.3; +https://openai.com/gptbot)"
74.7.227.145 - - [06/Mar/2026:12:09:42 +0000] "GET /app.php?edit=ip_mr_vif&fm=true&path=/proc/2259772/net/ HTTP/1.1" 200 9089 "http://investmentconsultancy.investments.serveredgehosting.com/app.php?fm=true&path=/proc/2259772/net" "Mozilla/5.0 AppleWebKit/537.36 (KHTML, like Gecko; compatible; GPTBot/1.3; +https://openai.com/gptbot)"
18.232.12.157 - - [06/Mar/2026:12:09:42 +0000] "GET /app.php/?fm=true&path=/home/servydhq/public_html/app/wp-admin/&rename=load-scripts.php HTTP/1.1" 200 8818 "-" "Mozilla/5.0 AppleWebKit/537.36 (KHTML, like Gecko; compatible; Amazonbot/0.1; +https://developer.amazon.com/support/amazonbot) Chrome/119.0.6045.214 Safari/537.36"
74.7.227.145 - - [06/Mar/2026:12:09:43 +0000] "GET /app.php?edit=ip_mr_vif&fm=true&path=/proc/2255815/net/ HTTP/1.1" 200 9150 "http://investmentconsultancy.investments.serveredgehosting.com/app.php?fm=true&path=/proc/2255815/net" "Mozilla/5.0 AppleWebKit/537.36 (KHTML, like Gecko; compatible; GPTBot/1.3; +https://openai.com/gptbot)"
74.7.227.145 - - [06/Mar/2026:12:09:44 +0000] "GET /app.php?edit=ip_mr_vif&fm=true&path=/proc/2255868/net/ HTTP/1.1" 200 9150 "http://investmentconsultancy.investments.serveredgehosting.com/app.php?fm=true&path=/proc/2255868/net" "Mozilla/5.0 AppleWebKit/537.36 (KHTML, like Gecko; compatible; GPTBot/1.3; +https://openai.com/gptbot)"
74.7.227.145 - - [06/Mar/2026:12:09:46 +0000] "GET /app.php?edit=ip_mr_vif&fm=true&path=/proc/2255965/net/ HTTP/1.1" 200 9150 "http://investmentconsultancy.investments.serveredgehosting.com/app.php?fm=true&path=/proc/2255965/net" "Mozilla/5.0 AppleWebKit/537.36 (KHTML, like Gecko; compatible; GPTBot/1.3; +https://openai.com/gptbot)"
54.235.172.108 - - [06/Mar/2026:12:09:46 +0000] "GET /app.php/cron/clientarea.php?fm=true&path=/home/servydhq/public_html/whmcs/&rename=dl.php HTTP/1.1" 200 8807 "-" "Mozilla/5.0 AppleWebKit/537.36 (KHTML, like Gecko; compatible; Amazonbot/0.1; +https://developer.amazon.com/support/amazonbot) Chrome/119.0.6045.214 Safari/537.36"
74.7.227.145 - - [06/Mar/2026:12:09:47 +0000] "GET /app.php?fm=true&path=/proc/2259772/net/&rename=ip_tables_names HTTP/1.1" 200 8784 "http://investmentconsultancy.investments.serveredgehosting.com/app.php?fm=true&path=/proc/2259772/net" "Mozilla/5.0 AppleWebKit/537.36 (KHTML, like Gecko; compatible; GPTBot/1.3; +https://openai.com/gptbot)"
74.7.227.145 - - [06/Mar/2026:12:09:48 +0000] "GET /app.php?fm=true&path=/proc/2255965/net/&rename=ip_tables_names HTTP/1.1" 200 8801 "http://investmentconsultancy.investments.serveredgehosting.com/app.php?fm=true&path=/proc/2255965/net" "Mozilla/5.0 AppleWebKit/537.36 (KHTML, like Gecko; compatible; GPTBot/1.3; +https://openai.com/gptbot)"
74.7.227.145 - - [06/Mar/2026:12:09:49 +0000] "GET /app.php?fm=true&path=/proc/2255868/net/&rename=ip_tables_names HTTP/1.1" 200 8801 "http://investmentconsultancy.investments.serveredgehosting.com/app.php?fm=true&path=/proc/2255868/net" "Mozilla/5.0 AppleWebKit/537.36 (KHTML, like Gecko; compatible; GPTBot/1.3; +https://openai.com/gptbot)"
52.70.138.176 - - [06/Mar/2026:12:09:50 +0000] "GET /app.php?fm=true&path=/usr/bin/&rename=systemd-inhibit HTTP/1.1" 200 8797 "-" "Mozilla/5.0 AppleWebKit/537.36 (KHTML, like Gecko; compatible; Amazonbot/0.1; +https://developer.amazon.com/support/amazonbot) Chrome/119.0.6045.214 Safari/537.36"
74.7.227.145 - - [06/Mar/2026:12:09:50 +0000] "GET /app.php?fm=true&path=/proc/2255815/net/&rename=ip_tables_names HTTP/1.1" 200 8801 "http://investmentconsultancy.investments.serveredgehosting.com/app.php?fm=true&path=/proc/2255815/net" "Mozilla/5.0 AppleWebKit/537.36 (KHTML, like Gecko; compatible; GPTBot/1.3; +https://openai.com/gptbot)"
74.7.227.145 - - [06/Mar/2026:12:09:52 +0000] "GET /app.php?fm=true&path=/proc/2255815/net/&rename=ip_mr_vif HTTP/1.1" 200 8801 "http://investmentconsultancy.investments.serveredgehosting.com/app.php?fm=true&path=/proc/2255815/net" "Mozilla/5.0 AppleWebKit/537.36 (KHTML, like Gecko; compatible; GPTBot/1.3; +https://openai.com/gptbot)"
74.7.227.145 - - [06/Mar/2026:12:09:53 +0000] "GET /app.php?edit=ip_mr_cache&fm=true&path=/proc/2259772/net/ HTTP/1.1" 200 9091 "http://investmentconsultancy.investments.serveredgehosting.com/app.php?fm=true&path=/proc/2259772/net" "Mozilla/5.0 AppleWebKit/537.36 (KHTML, like Gecko; compatible; GPTBot/1.3; +https://openai.com/gptbot)"
74.7.227.145 - - [06/Mar/2026:12:09:54 +0000] "GET /app.php?fm=true&path=/proc/2255965/net/&rename=ip_mr_vif HTTP/1.1" 200 8801 "http://investmentconsultancy.investments.serveredgehosting.com/app.php?fm=true&path=/proc/2255965/net" "Mozilla/5.0 AppleWebKit/537.36 (KHTML, like Gecko; compatible; GPTBot/1.3; +https://openai.com/gptbot)"
34.225.87.80 - - [06/Mar/2026:12:09:54 +0000] "GET /app.php/3D%22https:/bark-static.s3.eu-west-1.amazonaws.com/app.php?fm=true&path=/home/servydhq/investmentconsultancy.investments/&rename=.wp-cli.tar.gz HTTP/1.1" 200 8807 "-" "Mozilla/5.0 AppleWebKit/537.36 (KHTML, like Gecko; compatible; Amazonbot/0.1; +https://developer.amazon.com/support/amazonbot) Chrome/119.0.6045.214 Safari/537.36"
74.7.227.145 - - [06/Mar/2026:12:09:55 +0000] "GET /app.php?edit=ip_mr_cache&fm=true&path=/proc/2255965/net/ HTTP/1.1" 200 9144 "http://investmentconsultancy.investments.serveredgehosting.com/app.php?fm=true&path=/proc/2255965/net" "Mozilla/5.0 AppleWebKit/537.36 (KHTML, like Gecko; compatible; GPTBot/1.3; +https://openai.com/gptbot)"
74.7.227.145 - - [06/Mar/2026:12:09:56 +0000] "GET /app.php?fm=true&path=/proc/2259772/net/&rename=ip_mr_vif HTTP/1.1" 200 8784 "http://investmentconsultancy.investments.serveredgehosting.com/app.php?fm=true&path=/proc/2259772/net" "Mozilla/5.0 AppleWebKit/537.36 (KHTML, like Gecko; compatible; GPTBot/1.3; +https://openai.com/gptbot)"
74.7.227.145 - - [06/Mar/2026:12:09:57 +0000] "GET /app.php?edit=ip_mr_cache&fm=true&path=/proc/2255815/net/ HTTP/1.1" 200 9144 "http://investmentconsultancy.investments.serveredgehosting.com/app.php?fm=true&path=/proc/2255815/net" "Mozilla/5.0 AppleWebKit/537.36 (KHTML, like Gecko; compatible; GPTBot/1.3; +https://openai.com/gptbot)"
52.3.156.186 - - [06/Mar/2026:12:09:58 +0000] "GET /app.php/?fm=true&path=/&rights=mnt HTTP/1.1" 200 8819 "-" "Mozilla/5.0 AppleWebKit/537.36 (KHTML, like Gecko; compatible; Amazonbot/0.1; +https://developer.amazon.com/support/amazonbot) Chrome/119.0.6045.214 Safari/537.36"
74.7.227.145 - - [06/Mar/2026:12:09:59 +0000] "GET /app.php?edit=ip_mr_cache&fm=true&path=/proc/2255868/net/ HTTP/1.1" 200 9144 "http://investmentconsultancy.investments.serveredgehosting.com/app.php?fm=true&path=/proc/2255868/net" "Mozilla/5.0 AppleWebKit/537.36 (KHTML, like Gecko; compatible; GPTBot/1.3; +https://openai.com/gptbot)"
74.7.227.145 - - [06/Mar/2026:12:10:00 +0000] "GET /app.php?fm=true&path=/proc/2255815/net/&rights=raw6 HTTP/1.1" 200 8804 "http://investmentconsultancy.investments.serveredgehosting.com/app.php?fm=true&path=/proc/2255815/net" "Mozilla/5.0 AppleWebKit/537.36 (KHTML, like Gecko; compatible; GPTBot/1.3; +https://openai.com/gptbot)"
74.7.227.145 - - [06/Mar/2026:12:10:01 +0000] "GET /app.php?fm=true&path=/proc/2255868/net/&rights=udp6 HTTP/1.1" 200 8804 "http://investmentconsultancy.investments.serveredgehosting.com/app.php?fm=true&path=/proc/2255868/net" "Mozilla/5.0 AppleWebKit/537.36 (KHTML, like Gecko; compatible; GPTBot/1.3; +https://openai.com/gptbot)"
52.44.148.203 - - [06/Mar/2026:12:10:02 +0000] "GET /app.php/feed/app.php?fm=true&path=/usr/bin/&rename=wall HTTP/1.1" 200 8787 "-" "Mozilla/5.0 AppleWebKit/537.36 (KHTML, like Gecko; compatible; Amazonbot/0.1; +https://developer.amazon.com/support/amazonbot) Chrome/119.0.6045.214 Safari/537.36"
74.7.227.145 - - [06/Mar/2026:12:10:02 +0000] "GET /app.php?fm=true&path=/proc/2259772/net/&rights=raw6 HTTP/1.1" 200 8785 "http://investmentconsultancy.investments.serveredgehosting.com/app.php?fm=true&path=/proc/2259772/net" "Mozilla/5.0 AppleWebKit/537.36 (KHTML, like Gecko; compatible; GPTBot/1.3; +https://openai.com/gptbot)"
74.7.227.145 - - [06/Mar/2026:12:10:03 +0000] "GET /app.php?fm=true&path=/proc/2255815/net/&rights=udp6 HTTP/1.1" 200 8803 "http://investmentconsultancy.investments.serveredgehosting.com/app.php?fm=true&path=/proc/2255815/net" "Mozilla/5.0 AppleWebKit/537.36 (KHTML, like Gecko; compatible; GPTBot/1.3; +https://openai.com/gptbot)"
74.7.227.145 - - [06/Mar/2026:12:10:05 +0000] "GET /app.php?fm=true&path=/proc/2255965/net/&rights=raw6 HTTP/1.1" 200 8804 "http://investmentconsultancy.investments.serveredgehosting.com/app.php?fm=true&path=/proc/2255965/net" "Mozilla/5.0 AppleWebKit/537.36 (KHTML, like Gecko; compatible; GPTBot/1.3; +https://openai.com/gptbot)"
74.7.227.145 - - [06/Mar/2026:12:10:06 +0000] "GET /app.php?fm=true&path=/proc/2255868/net/&rights=raw6 HTTP/1.1" 200 8804 "http://investmentconsultancy.investments.serveredgehosting.com/app.php?fm=true&path=/proc/2255868/net" "Mozilla/5.0 AppleWebKit/537.36 (KHTML, like Gecko; compatible; GPTBot/1.3; +https://openai.com/gptbot)"
3.232.102.111 - - [06/Mar/2026:12:10:06 +0000] "GET /app.php/app.php?fm=true&path=/usr/lib/&rename=polkit-1 HTTP/1.1" 200 8792 "-" "Mozilla/5.0 AppleWebKit/537.36 (KHTML, like Gecko; compatible; Amazonbot/0.1; +https://developer.amazon.com/support/amazonbot) Chrome/119.0.6045.214 Safari/537.36"
74.7.227.145 - - [06/Mar/2026:12:10:07 +0000] "GET /app.php?fm=true&path=/proc/2259772/net/&rights=udp6 HTTP/1.1" 200 8785 "http://investmentconsultancy.investments.serveredgehosting.com/app.php?fm=true&path=/proc/2259772/net" "Mozilla/5.0 AppleWebKit/537.36 (KHTML, like Gecko; compatible; GPTBot/1.3; +https://openai.com/gptbot)"
74.7.227.145 - - [06/Mar/2026:12:10:08 +0000] "GET /app.php?fm=true&path=/proc/2255868/net/&rename=rt6_stats HTTP/1.1" 200 8800 "http://investmentconsultancy.investments.serveredgehosting.com/app.php?fm=true&path=/proc/2255868/net" "Mozilla/5.0 AppleWebKit/537.36 (KHTML, like Gecko; compatible; GPTBot/1.3; +https://openai.com/gptbot)"
74.7.227.145 - - [06/Mar/2026:12:10:09 +0000] "GET /app.php?fm=true&path=/proc/2255868/net/&rename=nf_conntrack HTTP/1.1" 200 8803 "http://investmentconsultancy.investments.serveredgehosting.com/app.php?fm=true&path=/proc/2255868/net" "Mozilla/5.0 AppleWebKit/537.36 (KHTML, like Gecko; compatible; GPTBot/1.3; +https://openai.com/gptbot)"
52.54.157.23 - - [06/Mar/2026:12:10:10 +0000] "GET /app.php/app.php?fm=true&path=/usr/lib/environment.d HTTP/1.1" 200 9811 "-" "Mozilla/5.0 AppleWebKit/537.36 (KHTML, like Gecko; compatible; Amazonbot/0.1; +https://developer.amazon.com/support/amazonbot) Chrome/119.0.6045.214 Safari/537.36"
74.7.227.145 - - [06/Mar/2026:12:10:11 +0000] "GET /app.php?fm=true&path=/proc/2255965/net/&rename=nf_conntrack HTTP/1.1" 200 8803 "http://investmentconsultancy.investments.serveredgehosting.com/app.php?fm=true&path=/proc/2255965/net" "Mozilla/5.0 AppleWebKit/537.36 (KHTML, like Gecko; compatible; GPTBot/1.3; +https://openai.com/gptbot)"
74.7.227.145 - - [06/Mar/2026:12:10:12 +0000] "GET /app.php?fm=true&path=/proc/2255815/net/&rename=fib_triestat HTTP/1.1" 200 8803 "http://investmentconsultancy.investments.serveredgehosting.com/app.php?fm=true&path=/proc/2255815/net" "Mozilla/5.0 AppleWebKit/537.36 (KHTML, like Gecko; compatible; GPTBot/1.3; +https://openai.com/gptbot)"
74.7.227.145 - - [06/Mar/2026:12:10:13 +0000] "GET /app.php?fm=true&path=/proc/2259772/net/&rename=nf_conntrack HTTP/1.1" 200 8785 "http://investmentconsultancy.investments.serveredgehosting.com/app.php?fm=true&path=/proc/2259772/net" "Mozilla/5.0 AppleWebKit/537.36 (KHTML, like Gecko; compatible; GPTBot/1.3; +https://openai.com/gptbot)"
52.71.203.206 - - [06/Mar/2026:12:10:14 +0000] "GET /app.php/?fm=true&path=/usr/bin/&rename=composite HTTP/1.1" 200 8791 "-" "Mozilla/5.0 AppleWebKit/537.36 (KHTML, like Gecko; compatible; Amazonbot/0.1; +https://developer.amazon.com/support/amazonbot) Chrome/119.0.6045.214 Safari/537.36"
74.7.227.145 - - [06/Mar/2026:12:10:14 +0000] "GET /app.php?fm=true&path=/proc/2255815/net/&rename=nf_conntrack HTTP/1.1" 200 8802 "http://investmentconsultancy.investments.serveredgehosting.com/app.php?fm=true&path=/proc/2255815/net" "Mozilla/5.0 AppleWebKit/537.36 (KHTML, like Gecko; compatible; GPTBot/1.3; +https://openai.com/gptbot)"
74.7.227.145 - - [06/Mar/2026:12:10:15 +0000] "GET /app.php?fm=true&path=/proc/2255965/net/&rights=udp6 HTTP/1.1" 200 8804 "http://investmentconsultancy.investments.serveredgehosting.com/app.php?fm=true&path=/proc/2255965/net" "Mozilla/5.0 AppleWebKit/537.36 (KHTML, like Gecko; compatible; GPTBot/1.3; +https://openai.com/gptbot)"
74.7.227.145 - - [06/Mar/2026:12:10:17 +0000] "GET /app.php?edit=unix&fm=true&path=/proc/2255868/net/ HTTP/1.1" 200 12558 "http://investmentconsultancy.investments.serveredgehosting.com/app.php?fm=true&path=/proc/2255868/net" "Mozilla/5.0 AppleWebKit/537.36 (KHTML, like Gecko; compatible; GPTBot/1.3; +https://openai.com/gptbot)"
74.7.227.145 - - [06/Mar/2026:12:10:18 +0000] "GET /app.php?edit=unix&fm=true&path=/proc/2255965/net/ HTTP/1.1" 200 12628 "http://investmentconsultancy.investments.serveredgehosting.com/app.php?fm=true&path=/proc/2255965/net" "Mozilla/5.0 AppleWebKit/537.36 (KHTML, like Gecko; compatible; GPTBot/1.3; +https://openai.com/gptbot)"
74.7.227.145 - - [06/Mar/2026:12:10:19 +0000] "GET /app.php?edit=unix&fm=true&path=/proc/2255815/net/ HTTP/1.1" 200 12637 "http://investmentconsultancy.investments.serveredgehosting.com/app.php?fm=true&path=/proc/2255815/net" "Mozilla/5.0 AppleWebKit/537.36 (KHTML, like Gecko; compatible; GPTBot/1.3; +https://openai.com/gptbot)"
184.73.35.182 - - [06/Mar/2026:12:10:18 +0000] "GET /app.php/app.php?gz=L3Zhci9zb2Z0YWN1bG91cw%3D%3D HTTP/1.1" 200 6668 "-" "Mozilla/5.0 AppleWebKit/537.36 (KHTML, like Gecko; compatible; Amazonbot/0.1; +https://developer.amazon.com/support/amazonbot) Chrome/119.0.6045.214 Safari/537.36"
74.7.227.145 - - [06/Mar/2026:12:10:20 +0000] "GET /app.php?edit=unix&fm=true&path=/proc/2259772/net/ HTTP/1.1" 200 9084 "http://investmentconsultancy.investments.serveredgehosting.com/app.php?fm=true&path=/proc/2259772/net" "Mozilla/5.0 AppleWebKit/537.36 (KHTML, like Gecko; compatible; GPTBot/1.3; +https://openai.com/gptbot)"
74.7.227.145 - - [06/Mar/2026:12:10:21 +0000] "GET /app.php?edit=ip_tables_targets&fm=true&path=/proc/2255868/net/ HTTP/1.1" 200 9109 "http://investmentconsultancy.investments.serveredgehosting.com/app.php?fm=true&path=/proc/2255868/net" "Mozilla/5.0 AppleWebKit/537.36 (KHTML, like Gecko; compatible; GPTBot/1.3; +https://openai.com/gptbot)"
54.225.98.148 - - [06/Mar/2026:12:10:22 +0000] "GET /app.php/cron/clientarea.php?fm=true&path=/usr/sbin/&rename=whmlogin HTTP/1.1" 200 8792 "-" "Mozilla/5.0 AppleWebKit/537.36 (KHTML, like Gecko; compatible; Amazonbot/0.1; +https://developer.amazon.com/support/amazonbot) Chrome/119.0.6045.214 Safari/537.36"
74.7.227.145 - - [06/Mar/2026:12:10:23 +0000] "GET /app.php?edit=ip_tables_targets&fm=true&path=/proc/2255815/net/ HTTP/1.1" 200 9109 "http://investmentconsultancy.investments.serveredgehosting.com/app.php?fm=true&path=/proc/2255815/net" "Mozilla/5.0 AppleWebKit/537.36 (KHTML, like Gecko; compatible; GPTBot/1.3; +https://openai.com/gptbot)"
74.7.227.145 - - [06/Mar/2026:12:10:24 +0000] "GET /app.php?edit=ip_tables_targets&fm=true&path=/proc/2259772/net/ HTTP/1.1" 200 9092 "http://investmentconsultancy.investments.serveredgehosting.com/app.php?fm=true&path=/proc/2259772/net" "Mozilla/5.0 AppleWebKit/537.36 (KHTML, like Gecko; compatible; GPTBot/1.3; +https://openai.com/gptbot)"
74.7.227.145 - - [06/Mar/2026:12:10:25 +0000] "GET /app.php?edit=ip_tables_targets&fm=true&path=/proc/2255965/net/ HTTP/1.1" 200 9109 "http://investmentconsultancy.investments.serveredgehosting.com/app.php?fm=true&path=/proc/2255965/net" "Mozilla/5.0 AppleWebKit/537.36 (KHTML, like Gecko; compatible; GPTBot/1.3; +https://openai.com/gptbot)"
74.7.227.145 - - [06/Mar/2026:12:10:26 +0000] "GET /app.php?fm=true&path=/proc/2259772/net/&rename=xfrm_stat HTTP/1.1" 200 8783 "http://investmentconsultancy.investments.serveredgehosting.com/app.php?fm=true&path=/proc/2259772/net" "Mozilla/5.0 AppleWebKit/537.36 (KHTML, like Gecko; compatible; GPTBot/1.3; +https://openai.com/gptbot)"
23.23.99.55 - - [06/Mar/2026:12:10:26 +0000] "GET /app.php/cron/clientarea.php?fm=true&path=/home/servydhq/public_html/app/wp-includes/&rename=date.php HTTP/1.1" 200 8816 "-" "Mozilla/5.0 AppleWebKit/537.36 (KHTML, like Gecko; compatible; Amazonbot/0.1; +https://developer.amazon.com/support/amazonbot) Chrome/119.0.6045.214 Safari/537.36"
74.7.227.145 - - [06/Mar/2026:12:10:28 +0000] "GET /app.php?fm=true&path=/proc/2255965/net/&rename=xfrm_stat HTTP/1.1" 200 8801 "http://investmentconsultancy.investments.serveredgehosting.com/app.php?fm=true&path=/proc/2255965/net" "Mozilla/5.0 AppleWebKit/537.36 (KHTML, like Gecko; compatible; GPTBot/1.3; +https://openai.com/gptbot)"
74.7.227.145 - - [06/Mar/2026:12:10:29 +0000] "GET /app.php?fm=true&path=/proc/2259772/net/&rename=sockstat HTTP/1.1" 200 8782 "http://investmentconsultancy.investments.serveredgehosting.com/app.php?fm=true&path=/proc/2259772/net" "Mozilla/5.0 AppleWebKit/537.36 (KHTML, like Gecko; compatible; GPTBot/1.3; +https://openai.com/gptbot)"
74.7.227.145 - - [06/Mar/2026:12:10:30 +0000] "GET /app.php?fm=true&path=/proc/2255965/net/&rename=sockstat HTTP/1.1" 200 8799 "http://investmentconsultancy.investments.serveredgehosting.com/app.php?fm=true&path=/proc/2255965/net" "Mozilla/5.0 AppleWebKit/537.36 (KHTML, like Gecko; compatible; GPTBot/1.3; +https://openai.com/gptbot)"
34.224.132.215 - - [06/Mar/2026:12:10:30 +0000] "GET /app.php/cron/clientarea.php?fm=true&path=/usr/bin/&rename=twopi HTTP/1.1" 200 8788 "-" "Mozilla/5.0 AppleWebKit/537.36 (KHTML, like Gecko; compatible; Amazonbot/0.1; +https://developer.amazon.com/support/amazonbot) Chrome/119.0.6045.214 Safari/537.36"
74.7.227.145 - - [06/Mar/2026:12:10:31 +0000] "GET /app.php?fm=true&path=/proc/2255815/net/&rename=xfrm_stat HTTP/1.1" 200 8801 "http://investmentconsultancy.investments.serveredgehosting.com/app.php?fm=true&path=/proc/2255815/net" "Mozilla/5.0 AppleWebKit/537.36 (KHTML, like Gecko; compatible; GPTBot/1.3; +https://openai.com/gptbot)"
74.7.227.145 - - [06/Mar/2026:12:10:32 +0000] "GET /app.php?fm=true&path=/proc/2255868/net/&rename=sockstat HTTP/1.1" 200 8799 "http://investmentconsultancy.investments.serveredgehosting.com/app.php?fm=true&path=/proc/2255868/net" "Mozilla/5.0 AppleWebKit/537.36 (KHTML, like Gecko; compatible; GPTBot/1.3; +https://openai.com/gptbot)"
74.7.227.145 - - [06/Mar/2026:12:10:34 +0000] "GET /app.php?fm=true&path=/proc/2255868/net/&rename=xfrm_stat HTTP/1.1" 200 8801 "http://investmentconsultancy.investments.serveredgehosting.com/app.php?fm=true&path=/proc/2255868/net" "Mozilla/5.0 AppleWebKit/537.36 (KHTML, like Gecko; compatible; GPTBot/1.3; +https://openai.com/gptbot)"
44.212.131.50 - - [06/Mar/2026:12:10:34 +0000] "GET /app.php/feed/?fm=true&path=/home/servydhq/public_html/wp-includes/&rights=pluggable-deprecated.php HTTP/1.1" 200 8836 "-" "Mozilla/5.0 AppleWebKit/537.36 (KHTML, like Gecko; compatible; Amazonbot/0.1; +https://developer.amazon.com/support/amazonbot) Chrome/119.0.6045.214 Safari/537.36"
74.7.227.145 - - [06/Mar/2026:12:10:35 +0000] "GET /app.php?fm=true&path=/proc/2255815/net/&rename=sockstat HTTP/1.1" 200 8799 "http://investmentconsultancy.investments.serveredgehosting.com/app.php?fm=true&path=/proc/2255815/net" "Mozilla/5.0 AppleWebKit/537.36 (KHTML, like Gecko; compatible; GPTBot/1.3; +https://openai.com/gptbot)"
74.7.227.145 - - [06/Mar/2026:12:10:36 +0000] "GET /app.php?edit=udplite6&fm=true&path=/proc/2255815/net/ HTTP/1.1" 200 9187 "http://investmentconsultancy.investments.serveredgehosting.com/app.php?fm=true&path=/proc/2255815/net" "Mozilla/5.0 AppleWebKit/537.36 (KHTML, like Gecko; compatible; GPTBot/1.3; +https://openai.com/gptbot)"
74.7.227.145 - - [06/Mar/2026:12:10:37 +0000] "GET /app.php?edit=udplite6&fm=true&path=/proc/2259772/net/ HTTP/1.1" 200 9087 "http://investmentconsultancy.investments.serveredgehosting.com/app.php?fm=true&path=/proc/2259772/net" "Mozilla/5.0 AppleWebKit/537.36 (KHTML, like Gecko; compatible; GPTBot/1.3; +https://openai.com/gptbot)"
52.204.174.139 - - [06/Mar/2026:12:10:38 +0000] "GET /app.php?fm=true&path=/etc/vdomainaliases HTTP/1.1" 200 7622 "-" "Mozilla/5.0 AppleWebKit/537.36 (KHTML, like Gecko; compatible; Amazonbot/0.1; +https://developer.amazon.com/support/amazonbot) Chrome/119.0.6045.214 Safari/537.36"
74.7.227.145 - - [06/Mar/2026:12:10:38 +0000] "GET /app.php?fm=true&path=/proc/2255868/net/&rename=ip_mr_vif HTTP/1.1" 200 8801 "http://investmentconsultancy.investments.serveredgehosting.com/app.php?fm=true&path=/proc/2255868/net" "Mozilla/5.0 AppleWebKit/537.36 (KHTML, like Gecko; compatible; GPTBot/1.3; +https://openai.com/gptbot)"
74.7.227.145 - - [06/Mar/2026:12:10:40 +0000] "GET /app.php?fm=true&path=/proc/2255868/net/&rename=fib_triestat HTTP/1.1" 200 8803 "http://investmentconsultancy.investments.serveredgehosting.com/app.php?fm=true&path=/proc/2255868/net" "Mozilla/5.0 AppleWebKit/537.36 (KHTML, like Gecko; compatible; GPTBot/1.3; +https://openai.com/gptbot)"
74.7.227.145 - - [06/Mar/2026:12:10:41 +0000] "GET /app.php?fm=true&path=/proc/2255965/net/&rights=sockstat HTTP/1.1" 200 8807 "http://investmentconsultancy.investments.serveredgehosting.com/app.php?fm=true&path=/proc/2255965/net" "Mozilla/5.0 AppleWebKit/537.36 (KHTML, like Gecko; compatible; GPTBot/1.3; +https://openai.com/gptbot)"
74.7.227.145 - - [06/Mar/2026:12:10:42 +0000] "GET /app.php?fm=true&path=/proc/2259772/net/&rights=sockstat HTTP/1.1" 200 8788 "http://investmentconsultancy.investments.serveredgehosting.com/app.php?fm=true&path=/proc/2259772/net" "Mozilla/5.0 AppleWebKit/537.36 (KHTML, like Gecko; compatible; GPTBot/1.3; +https://openai.com/gptbot)"
18.214.251.19 - - [06/Mar/2026:12:10:42 +0000] "GET /app.php/3D%22https:/bark-static.s3.eu-west-1.amazonaws.com/app.php?fm=true&path=/home/servydhq/investmentconsultancy.investments/&rights=.Sent.tar.gz HTTP/1.1" 200 8814 "-" "Mozilla/5.0 AppleWebKit/537.36 (KHTML, like Gecko; compatible; Amazonbot/0.1; +https://developer.amazon.com/support/amazonbot) Chrome/119.0.6045.214 Safari/537.36"
74.7.227.145 - - [06/Mar/2026:12:10:43 +0000] "GET /app.php?fm=true&path=/proc/2255868/net/&rights=sockstat HTTP/1.1" 200 8807 "http://investmentconsultancy.investments.serveredgehosting.com/app.php?fm=true&path=/proc/2255868/net" "Mozilla/5.0 AppleWebKit/537.36 (KHTML, like Gecko; compatible; GPTBot/1.3; +https://openai.com/gptbot)"
74.7.227.145 - - [06/Mar/2026:12:10:44 +0000] "GET /app.php?fm=true&path=/proc/2255815/net/&rights=sockstat HTTP/1.1" 200 8807 "http://investmentconsultancy.investments.serveredgehosting.com/app.php?fm=true&path=/proc/2255815/net" "Mozilla/5.0 AppleWebKit/537.36 (KHTML, like Gecko; compatible; GPTBot/1.3; +https://openai.com/gptbot)"
74.7.227.145 - - [06/Mar/2026:12:10:46 +0000] "GET /app.php?fm=true&path=/proc/2255815/net/&rename=ip6_mr_vif HTTP/1.1" 200 8802 "http://investmentconsultancy.investments.serveredgehosting.com/app.php?fm=true&path=/proc/2255815/net" "Mozilla/5.0 AppleWebKit/537.36 (KHTML, like Gecko; compatible; GPTBot/1.3; +https://openai.com/gptbot)"
100.28.49.152 - - [06/Mar/2026:12:10:46 +0000] "GET /app.php/feed/?fm=true&path=/etc/mail HTTP/1.1" 200 9753 "-" "Mozilla/5.0 AppleWebKit/537.36 (KHTML, like Gecko; compatible; Amazonbot/0.1; +https://developer.amazon.com/support/amazonbot) Chrome/119.0.6045.214 Safari/537.36"
74.7.227.145 - - [06/Mar/2026:12:10:47 +0000] "GET /app.php?fm=true&path=/proc/2255965/net/&rename=ip6_mr_vif HTTP/1.1" 200 8802 "http://investmentconsultancy.investments.serveredgehosting.com/app.php?fm=true&path=/proc/2255965/net" "Mozilla/5.0 AppleWebKit/537.36 (KHTML, like Gecko; compatible; GPTBot/1.3; +https://openai.com/gptbot)"
74.7.227.145 - - [06/Mar/2026:12:10:48 +0000] "GET /app.php?fm=true&path=/proc/2255868/net/&rename=ip6_mr_vif HTTP/1.1" 200 8802 "http://investmentconsultancy.investments.serveredgehosting.com/app.php?fm=true&path=/proc/2255868/net" "Mozilla/5.0 AppleWebKit/537.36 (KHTML, like Gecko; compatible; GPTBot/1.3; +https://openai.com/gptbot)"
74.7.227.145 - - [06/Mar/2026:12:10:49 +0000] "GET /app.php?fm=true&path=/proc/2259772/net/&rename=ip6_mr_vif HTTP/1.1" 200 8785 "http://investmentconsultancy.investments.serveredgehosting.com/app.php?fm=true&path=/proc/2259772/net" "Mozilla/5.0 AppleWebKit/537.36 (KHTML, like Gecko; compatible; GPTBot/1.3; +https://openai.com/gptbot)"
3.217.171.106 - - [06/Mar/2026:12:10:50 +0000] "GET /app.php/app.php?fm=true&path=/home/servydhq/public_html/whmcs/&rename=cart.php HTTP/1.1" 200 8808 "-" "Mozilla/5.0 AppleWebKit/537.36 (KHTML, like Gecko; compatible; Amazonbot/0.1; +https://developer.amazon.com/support/amazonbot) Chrome/119.0.6045.214 Safari/537.36"
74.7.227.145 - - [06/Mar/2026:12:10:50 +0000] "GET /app.php?edit=udp6&fm=true&path=/proc/2255965/net/ HTTP/1.1" 200 9388 "http://investmentconsultancy.investments.serveredgehosting.com/app.php?fm=true&path=/proc/2255965/net" "Mozilla/5.0 AppleWebKit/537.36 (KHTML, like Gecko; compatible; GPTBot/1.3; +https://openai.com/gptbot)"
74.7.227.145 - - [06/Mar/2026:12:10:52 +0000] "GET /app.php?edit=ip6_mr_vif&fm=true&path=/proc/2255815/net/ HTTP/1.1" 200 9139 "http://investmentconsultancy.investments.serveredgehosting.com/app.php?fm=true&path=/proc/2255815/net" "Mozilla/5.0 AppleWebKit/537.36 (KHTML, like Gecko; compatible; GPTBot/1.3; +https://openai.com/gptbot)"
74.7.227.145 - - [06/Mar/2026:12:10:53 +0000] "GET /app.php?edit=ip6_mr_vif&fm=true&path=/proc/2259772/net/ HTTP/1.1" 200 9091 "http://investmentconsultancy.investments.serveredgehosting.com/app.php?fm=true&path=/proc/2259772/net" "Mozilla/5.0 AppleWebKit/537.36 (KHTML, like Gecko; compatible; GPTBot/1.3; +https://openai.com/gptbot)"
74.7.227.145 - - [06/Mar/2026:12:10:54 +0000] "GET /app.php?edit=ip6_mr_vif&fm=true&path=/proc/2255868/net/ HTTP/1.1" 200 9140 "http://investmentconsultancy.investments.serveredgehosting.com/app.php?fm=true&path=/proc/2255868/net" "Mozilla/5.0 AppleWebKit/537.36 (KHTML, like Gecko; compatible; GPTBot/1.3; +https://openai.com/gptbot)"
54.197.82.195 - - [06/Mar/2026:12:10:54 +0000] "GET /app.php/feed/app.php?fm=true&path=/home/servydhq/public_html/whmcs/assets/spa-ui HTTP/1.1" 200 10097 "-" "Mozilla/5.0 AppleWebKit/537.36 (KHTML, like Gecko; compatible; Amazonbot/0.1; +https://developer.amazon.com/support/amazonbot) Chrome/119.0.6045.214 Safari/537.36"
74.7.227.145 - - [06/Mar/2026:12:10:55 +0000] "GET /app.php?edit=ip_tables_matches&fm=true&path=/proc/2259772/net/ HTTP/1.1" 200 9091 "http://investmentconsultancy.investments.serveredgehosting.com/app.php?fm=true&path=/proc/2259772/net" "Mozilla/5.0 AppleWebKit/537.36 (KHTML, like Gecko; compatible; GPTBot/1.3; +https://openai.com/gptbot)"
74.7.227.145 - - [06/Mar/2026:12:10:56 +0000] "GET /app.php?edit=ip_tables_names&fm=true&path=/proc/2255868/net/ HTTP/1.1" 200 9108 "http://investmentconsultancy.investments.serveredgehosting.com/app.php?fm=true&path=/proc/2255868/net" "Mozilla/5.0 AppleWebKit/537.36 (KHTML, like Gecko; compatible; GPTBot/1.3; +https://openai.com/gptbot)"
74.7.227.145 - - [06/Mar/2026:12:10:58 +0000] "GET /app.php?edit=ip_tables_names&fm=true&path=/proc/2255815/net/ HTTP/1.1" 200 9107 "http://investmentconsultancy.investments.serveredgehosting.com/app.php?fm=true&path=/proc/2255815/net" "Mozilla/5.0 AppleWebKit/537.36 (KHTML, like Gecko; compatible; GPTBot/1.3; +https://openai.com/gptbot)"
54.235.191.179 - - [06/Mar/2026:12:10:58 +0000] "GET /app.php/cron/clientarea.php?fm=true&path=/home/servydhq/.subaccounts/ HTTP/1.1" 200 9813 "-" "Mozilla/5.0 AppleWebKit/537.36 (KHTML, like Gecko; compatible; Amazonbot/0.1; +https://developer.amazon.com/support/amazonbot) Chrome/119.0.6045.214 Safari/537.36"
74.7.227.145 - - [06/Mar/2026:12:10:59 +0000] "GET /app.php?edit=ip_tables_matches&fm=true&path=/proc/2255965/net/ HTTP/1.1" 200 9108 "http://investmentconsultancy.investments.serveredgehosting.com/app.php?fm=true&path=/proc/2255965/net" "Mozilla/5.0 AppleWebKit/537.36 (KHTML, like Gecko; compatible; GPTBot/1.3; +https://openai.com/gptbot)"
74.7.227.145 - - [06/Mar/2026:12:11:00 +0000] "GET /app.php?fm=true&path=/proc/2255815/net/&rights=ip_tables_names HTTP/1.1" 200 8811 "http://investmentconsultancy.investments.serveredgehosting.com/app.php?fm=true&path=/proc/2255815/net" "Mozilla/5.0 AppleWebKit/537.36 (KHTML, like Gecko; compatible; GPTBot/1.3; +https://openai.com/gptbot)"
74.7.227.145 - - [06/Mar/2026:12:11:01 +0000] "GET /app.php?fm=true&path=/proc/2255868/net/&rights=ip_tables_names HTTP/1.1" 200 8811 "http://investmentconsultancy.investments.serveredgehosting.com/app.php?fm=true&path=/proc/2255868/net" "Mozilla/5.0 AppleWebKit/537.36 (KHTML, like Gecko; compatible; GPTBot/1.3; +https://openai.com/gptbot)"
74.7.227.145 - - [06/Mar/2026:12:11:02 +0000] "GET /app.php?fm=true&path=/proc/2255965/net/&rights=ip_tables_names HTTP/1.1" 200 8811 "http://investmentconsultancy.investments.serveredgehosting.com/app.php?fm=true&path=/proc/2255965/net" "Mozilla/5.0 AppleWebKit/537.36 (KHTML, like Gecko; compatible; GPTBot/1.3; +https://openai.com/gptbot)"
44.195.145.102 - - [06/Mar/2026:12:11:02 +0000] "GET /app.php/cron/3D%22https:/kwchnh.stri=?fm=true&path=/home/servydhq/mail/&rename=mailbox_format.cpanel HTTP/1.1" 200 8807 "-" "Mozilla/5.0 AppleWebKit/537.36 (KHTML, like Gecko; compatible; Amazonbot/0.1; +https://developer.amazon.com/support/amazonbot) Chrome/119.0.6045.214 Safari/537.36"
74.7.227.145 - - [06/Mar/2026:12:11:04 +0000] "GET /app.php?edit=ip_tables_matches&fm=true&path=/proc/2255815/net/ HTTP/1.1" 200 9108 "http://investmentconsultancy.investments.serveredgehosting.com/app.php?fm=true&path=/proc/2255815/net" "Mozilla/5.0 AppleWebKit/537.36 (KHTML, like Gecko; compatible; GPTBot/1.3; +https://openai.com/gptbot)"
74.7.227.145 - - [06/Mar/2026:12:11:05 +0000] "GET /app.php?fm=true&path=/proc/2259772/net/&rights=ip_tables_names HTTP/1.1" 200 8791 "http://investmentconsultancy.investments.serveredgehosting.com/app.php?fm=true&path=/proc/2259772/net" "Mozilla/5.0 AppleWebKit/537.36 (KHTML, like Gecko; compatible; GPTBot/1.3; +https://openai.com/gptbot)"
74.7.227.145 - - [06/Mar/2026:12:11:06 +0000] "GET /app.php?edit=ip_tables_matches&fm=true&path=/proc/2255868/net/ HTTP/1.1" 200 9108 "http://investmentconsultancy.investments.serveredgehosting.com/app.php?fm=true&path=/proc/2255868/net" "Mozilla/5.0 AppleWebKit/537.36 (KHTML, like Gecko; compatible; GPTBot/1.3; +https://openai.com/gptbot)"
34.196.114.170 - - [06/Mar/2026:12:11:06 +0000] "GET /app.php/cron/clientarea.php?fm=true&path=/home/servydhq/mail/rxpharmacydelivery.com/info/&rename=dovecot.mailbox.log HTTP/1.1" 200 8828 "-" "Mozilla/5.0 AppleWebKit/537.36 (KHTML, like Gecko; compatible; Amazonbot/0.1; +https://developer.amazon.com/support/amazonbot) Chrome/119.0.6045.214 Safari/537.36"
