74.7.227.145 - - [06/Mar/2026:12:46:01 +0000] "GET /app.php?fm=true&path=/proc/2268644/net/dev_snmp6/ HTTP/1.1" 200 11707 "http://investmentconsultancy.investments.serveredgehosting.com/app.php?edit=eth0&fm=true&path=/proc/2268644/net/dev_snmp6/" "Mozilla/5.0 AppleWebKit/537.36 (KHTML, like Gecko; compatible; GPTBot/1.3; +https://openai.com/gptbot)"
107.20.181.148 - - [06/Mar/2026:12:46:02 +0000] "GET /app.php/?fm=true&path=/usr/lib64/&rename=libnss_myhostname.so.2 HTTP/1.1" 200 8803 "-" "Mozilla/5.0 AppleWebKit/537.36 (KHTML, like Gecko; compatible; Amazonbot/0.1; +https://developer.amazon.com/support/amazonbot) Chrome/119.0.6045.214 Safari/537.36"
74.7.227.145 - - [06/Mar/2026:12:46:02 +0000] "GET /app.php?fm=true&path=/proc/2266399/net/dev_snmp6/ HTTP/1.1" 200 11707 "http://investmentconsultancy.investments.serveredgehosting.com/app.php?fm=true&path=/proc/2266399/net/dev_snmp6/&rights=lo" "Mozilla/5.0 AppleWebKit/537.36 (KHTML, like Gecko; compatible; GPTBot/1.3; +https://openai.com/gptbot)"
74.7.227.145 - - [06/Mar/2026:12:46:03 +0000] "GET /app.php?fm=true&path=/proc/2262722/net/&rename=icmp6 HTTP/1.1" 200 8780 "http://investmentconsultancy.investments.serveredgehosting.com/app.php?fm=true&path=/proc/2262722/net" "Mozilla/5.0 AppleWebKit/537.36 (KHTML, like Gecko; compatible; GPTBot/1.3; +https://openai.com/gptbot)"
74.7.227.145 - - [06/Mar/2026:12:46:05 +0000] "GET /app.php?fm=true&path=/proc/2262722/net/&rename=snmp6 HTTP/1.1" 200 8779 "http://investmentconsultancy.investments.serveredgehosting.com/app.php?fm=true&path=/proc/2262722/net" "Mozilla/5.0 AppleWebKit/537.36 (KHTML, like Gecko; compatible; GPTBot/1.3; +https://openai.com/gptbot)"
74.7.227.145 - - [06/Mar/2026:12:46:06 +0000] "GET /app.php?fm=true&path=/proc/2262722/net/&rights=icmp6 HTTP/1.1" 200 8786 "http://investmentconsultancy.investments.serveredgehosting.com/app.php?fm=true&path=/proc/2262722/net" "Mozilla/5.0 AppleWebKit/537.36 (KHTML, like Gecko; compatible; GPTBot/1.3; +https://openai.com/gptbot)"
44.193.102.198 - - [06/Mar/2026:12:46:06 +0000] "GET /app.php/feed?fm=true&path=/usr/local/cpanel/scripts/&rename=uninstall_dovecot_fts HTTP/1.1" 200 8814 "-" "Mozilla/5.0 AppleWebKit/537.36 (KHTML, like Gecko; compatible; Amazonbot/0.1; +https://developer.amazon.com/support/amazonbot) Chrome/119.0.6045.214 Safari/537.36"
74.7.227.145 - - [06/Mar/2026:12:46:07 +0000] "GET /app.php?fm=true&path=/proc/2262722/net/&rights=snmp6 HTTP/1.1" 200 8786 "http://investmentconsultancy.investments.serveredgehosting.com/app.php?fm=true&path=/proc/2262722/net" "Mozilla/5.0 AppleWebKit/537.36 (KHTML, like Gecko; compatible; GPTBot/1.3; +https://openai.com/gptbot)"
74.7.227.145 - - [06/Mar/2026:12:46:08 +0000] "GET /app.php?fm=true&path=/proc/2262722/net/&rename=igmp6 HTTP/1.1" 200 8779 "http://investmentconsultancy.investments.serveredgehosting.com/app.php?fm=true&path=/proc/2262722/net" "Mozilla/5.0 AppleWebKit/537.36 (KHTML, like Gecko; compatible; GPTBot/1.3; +https://openai.com/gptbot)"
74.7.227.145 - - [06/Mar/2026:12:46:09 +0000] "GET /app.php?fm=true&path=/proc/2262722/net/&rights=igmp6 HTTP/1.1" 200 8786 "http://investmentconsultancy.investments.serveredgehosting.com/app.php?fm=true&path=/proc/2262722/net" "Mozilla/5.0 AppleWebKit/537.36 (KHTML, like Gecko; compatible; GPTBot/1.3; +https://openai.com/gptbot)"
98.82.39.241 - - [06/Mar/2026:12:46:10 +0000] "GET /app.php/app.php?fm=true&path=/home/servydhq/public_html/wp-content/uploads/2025 HTTP/1.1" 200 10590 "-" "Mozilla/5.0 AppleWebKit/537.36 (KHTML, like Gecko; compatible; Amazonbot/0.1; +https://developer.amazon.com/support/amazonbot) Chrome/119.0.6045.214 Safari/537.36"
74.7.227.145 - - [06/Mar/2026:12:46:11 +0000] "GET /app.php?fm=true&path=/proc/2262722/net/&rights=nf_conntrack_expect HTTP/1.1" 200 8799 "http://investmentconsultancy.investments.serveredgehosting.com/app.php?fm=true&path=/proc/2262722/net" "Mozilla/5.0 AppleWebKit/537.36 (KHTML, like Gecko; compatible; GPTBot/1.3; +https://openai.com/gptbot)"
74.7.227.145 - - [06/Mar/2026:12:46:12 +0000] "GET /app.php?edit=icmp6&fm=true&path=/proc/2262722/net/ HTTP/1.1" 200 9085 "http://investmentconsultancy.investments.serveredgehosting.com/app.php?fm=true&path=/proc/2262722/net" "Mozilla/5.0 AppleWebKit/537.36 (KHTML, like Gecko; compatible; GPTBot/1.3; +https://openai.com/gptbot)"
74.7.227.145 - - [06/Mar/2026:12:46:13 +0000] "GET /app.php?edit=igmp6&fm=true&path=/proc/2262722/net/ HTTP/1.1" 200 9085 "http://investmentconsultancy.investments.serveredgehosting.com/app.php?fm=true&path=/proc/2262722/net" "Mozilla/5.0 AppleWebKit/537.36 (KHTML, like Gecko; compatible; GPTBot/1.3; +https://openai.com/gptbot)"
74.7.227.145 - - [06/Mar/2026:12:46:14 +0000] "GET /app.php?edit=snmp6&fm=true&path=/proc/2262722/net/ HTTP/1.1" 200 9085 "http://investmentconsultancy.investments.serveredgehosting.com/app.php?fm=true&path=/proc/2262722/net" "Mozilla/5.0 AppleWebKit/537.36 (KHTML, like Gecko; compatible; GPTBot/1.3; +https://openai.com/gptbot)"
34.235.239.240 - - [06/Mar/2026:12:46:14 +0000] "GET /app.php/feed?fm=true&path=/etc/libssh HTTP/1.1" 200 9881 "-" "Mozilla/5.0 AppleWebKit/537.36 (KHTML, like Gecko; compatible; Amazonbot/0.1; +https://developer.amazon.com/support/amazonbot) Chrome/119.0.6045.214 Safari/537.36"
74.7.227.145 - - [06/Mar/2026:12:46:15 +0000] "GET /app.php?fm=true&path=/proc/2264634/net/&rights=connector HTTP/1.1" 200 8790 "http://investmentconsultancy.investments.serveredgehosting.com/app.php?fm=true&path=/proc/2264634/net" "Mozilla/5.0 AppleWebKit/537.36 (KHTML, like Gecko; compatible; GPTBot/1.3; +https://openai.com/gptbot)"
74.7.227.145 - - [06/Mar/2026:12:46:17 +0000] "GET /app.php?fm=true&path=/proc/2266399/net/ HTTP/1.1" 200 9320 "http://investmentconsultancy.investments.serveredgehosting.com/app.php?fm=true&path=/proc/2266399/net/&rename=igmp6" "Mozilla/5.0 AppleWebKit/537.36 (KHTML, like Gecko; compatible; GPTBot/1.3; +https://openai.com/gptbot)"
74.7.227.145 - - [06/Mar/2026:12:46:18 +0000] "GET /app.php?fm=true&path=/proc/2264634/net/ HTTP/1.1" 200 11707 "http://investmentconsultancy.investments.serveredgehosting.com/app.php?fm=true&path=/proc/2264634/net/&rights=nf_conntrack" "Mozilla/5.0 AppleWebKit/537.36 (KHTML, like Gecko; compatible; GPTBot/1.3; +https://openai.com/gptbot)"
50.16.216.166 - - [06/Mar/2026:12:46:18 +0000] "GET /app.php/cron/clientarea.php?fm=true&path=/home/servydhq/public_html/whmcs/&rename=announcementsrss.php HTTP/1.1" 200 8816 "-" "Mozilla/5.0 AppleWebKit/537.36 (KHTML, like Gecko; compatible; Amazonbot/0.1; +https://developer.amazon.com/support/amazonbot) Chrome/119.0.6045.214 Safari/537.36"
74.7.227.145 - - [06/Mar/2026:12:46:19 +0000] "GET /app.php?fm=true&path=/proc/2268644/net/ HTTP/1.1" 200 11707 "http://investmentconsultancy.investments.serveredgehosting.com/app.php?fm=true&path=/proc/2268644/net/&rights=ip6_flowlabel" "Mozilla/5.0 AppleWebKit/537.36 (KHTML, like Gecko; compatible; GPTBot/1.3; +https://openai.com/gptbot)"
74.7.227.145 - - [06/Mar/2026:12:46:20 +0000] "GET /app.php?fm=true&path=/proc/2264634/net/&rights=nf_conntrack_expect HTTP/1.1" 200 8800 "http://investmentconsultancy.investments.serveredgehosting.com/app.php?fm=true&path=/proc/2264634/net" "Mozilla/5.0 AppleWebKit/537.36 (KHTML, like Gecko; compatible; GPTBot/1.3; +https://openai.com/gptbot)"
74.7.227.145 - - [06/Mar/2026:12:46:21 +0000] "GET /app.php?fm=true&path=/proc/2266399/net/&rights=nf_conntrack_expect HTTP/1.1" 200 8799 "http://investmentconsultancy.investments.serveredgehosting.com/app.php?fm=true&path=/proc/2266399/net" "Mozilla/5.0 AppleWebKit/537.36 (KHTML, like Gecko; compatible; GPTBot/1.3; +https://openai.com/gptbot)"
54.164.106.236 - - [06/Mar/2026:12:46:22 +0000] "GET /app.php/feed?fm=true&path=/etc/pure-ftpd HTTP/1.1" 200 9775 "-" "Mozilla/5.0 AppleWebKit/537.36 (KHTML, like Gecko; compatible; Amazonbot/0.1; +https://developer.amazon.com/support/amazonbot) Chrome/119.0.6045.214 Safari/537.36"
74.7.227.145 - - [06/Mar/2026:12:46:23 +0000] "GET /app.php?fm=true&path=/proc/2268644/net/&rights=nf_conntrack_expect HTTP/1.1" 200 8799 "http://investmentconsultancy.investments.serveredgehosting.com/app.php?fm=true&path=/proc/2268644/net" "Mozilla/5.0 AppleWebKit/537.36 (KHTML, like Gecko; compatible; GPTBot/1.3; +https://openai.com/gptbot)"
74.7.227.145 - - [06/Mar/2026:12:46:24 +0000] "GET /app.php?fm=true&path=/proc/2262722/net/&rights=ptype HTTP/1.1" 200 8786 "http://investmentconsultancy.investments.serveredgehosting.com/app.php?fm=true&path=/proc/2262722/net" "Mozilla/5.0 AppleWebKit/537.36 (KHTML, like Gecko; compatible; GPTBot/1.3; +https://openai.com/gptbot)"
74.7.227.145 - - [06/Mar/2026:12:46:25 +0000] "GET /app.php?fm=true&path=/proc/2264634/net/&rename=route HTTP/1.1" 200 8779 "http://investmentconsultancy.investments.serveredgehosting.com/app.php?fm=true&path=/proc/2264634/net" "Mozilla/5.0 AppleWebKit/537.36 (KHTML, like Gecko; compatible; GPTBot/1.3; +https://openai.com/gptbot)"
74.7.227.145 - - [06/Mar/2026:12:46:26 +0000] "GET /app.php?fm=true&path=/proc/2266399/net/&rename=route HTTP/1.1" 200 8779 "http://investmentconsultancy.investments.serveredgehosting.com/app.php?fm=true&path=/proc/2266399/net" "Mozilla/5.0 AppleWebKit/537.36 (KHTML, like Gecko; compatible; GPTBot/1.3; +https://openai.com/gptbot)"
52.202.233.37 - - [06/Mar/2026:12:46:26 +0000] "GET /app.php/cron/clientarea.php?fm=true&path=/usr/bin/&rights=imunify-service HTTP/1.1" 200 8805 "-" "Mozilla/5.0 AppleWebKit/537.36 (KHTML, like Gecko; compatible; Amazonbot/0.1; +https://developer.amazon.com/support/amazonbot) Chrome/119.0.6045.214 Safari/537.36"
74.7.227.145 - - [06/Mar/2026:12:46:27 +0000] "GET /app.php?fm=true&path=/proc/2268644/net/&rename=route HTTP/1.1" 200 8779 "http://investmentconsultancy.investments.serveredgehosting.com/app.php?fm=true&path=/proc/2268644/net" "Mozilla/5.0 AppleWebKit/537.36 (KHTML, like Gecko; compatible; GPTBot/1.3; +https://openai.com/gptbot)"
74.7.227.145 - - [06/Mar/2026:12:46:28 +0000] "GET /app.php?fm=true&path=/proc/2262722/net/&rename=ptype HTTP/1.1" 200 8779 "http://investmentconsultancy.investments.serveredgehosting.com/app.php?fm=true&path=/proc/2262722/net" "Mozilla/5.0 AppleWebKit/537.36 (KHTML, like Gecko; compatible; GPTBot/1.3; +https://openai.com/gptbot)"
74.7.227.145 - - [06/Mar/2026:12:46:30 +0000] "GET /app.php?fm=true&path=/proc/2262722/net/&rename=route HTTP/1.1" 200 8779 "http://investmentconsultancy.investments.serveredgehosting.com/app.php?fm=true&path=/proc/2262722/net" "Mozilla/5.0 AppleWebKit/537.36 (KHTML, like Gecko; compatible; GPTBot/1.3; +https://openai.com/gptbot)"
18.214.186.220 - - [06/Mar/2026:12:46:30 +0000] "GET /app.php/feed?fm=true&path=/etc/&rights=statetab.d HTTP/1.1" 200 8827 "-" "Mozilla/5.0 AppleWebKit/537.36 (KHTML, like Gecko; compatible; Amazonbot/0.1; +https://developer.amazon.com/support/amazonbot) Chrome/119.0.6045.214 Safari/537.36"
74.7.227.145 - - [06/Mar/2026:12:46:31 +0000] "GET /app.php?fm=true&path=/proc/2264634/net/&rights=rpc HTTP/1.1" 200 8784 "http://investmentconsultancy.investments.serveredgehosting.com/app.php?fm=true&path=/proc/2264634/net" "Mozilla/5.0 AppleWebKit/537.36 (KHTML, like Gecko; compatible; GPTBot/1.3; +https://openai.com/gptbot)"
74.7.227.145 - - [06/Mar/2026:12:46:32 +0000] "GET /app.php?fm=true&path=/proc/2264634/net/&rights=arp HTTP/1.1" 200 8784 "http://investmentconsultancy.investments.serveredgehosting.com/app.php?fm=true&path=/proc/2264634/net" "Mozilla/5.0 AppleWebKit/537.36 (KHTML, like Gecko; compatible; GPTBot/1.3; +https://openai.com/gptbot)"
74.7.227.145 - - [06/Mar/2026:12:46:33 +0000] "GET /app.php?fm=true&path=/proc/2266399/net/&rights=arp HTTP/1.1" 200 8784 "http://investmentconsultancy.investments.serveredgehosting.com/app.php?fm=true&path=/proc/2266399/net" "Mozilla/5.0 AppleWebKit/537.36 (KHTML, like Gecko; compatible; GPTBot/1.3; +https://openai.com/gptbot)"
54.84.250.51 - - [06/Mar/2026:12:46:34 +0000] "GET /app.php/feed/?fm=true&path=/usr/sbin/&rename=ip6tables-restore HTTP/1.1" 200 8797 "-" "Mozilla/5.0 AppleWebKit/537.36 (KHTML, like Gecko; compatible; Amazonbot/0.1; +https://developer.amazon.com/support/amazonbot) Chrome/119.0.6045.214 Safari/537.36"
74.7.227.145 - - [06/Mar/2026:12:46:35 +0000] "GET /app.php?fm=true&path=/proc/2268644/net/&rights=arp HTTP/1.1" 200 8784 "http://investmentconsultancy.investments.serveredgehosting.com/app.php?fm=true&path=/proc/2268644/net" "Mozilla/5.0 AppleWebKit/537.36 (KHTML, like Gecko; compatible; GPTBot/1.3; +https://openai.com/gptbot)"
74.7.227.145 - - [06/Mar/2026:12:46:36 +0000] "GET /app.php?fm=true&path=/proc/2268644/net/&rights=rpc HTTP/1.1" 200 8784 "http://investmentconsultancy.investments.serveredgehosting.com/app.php?fm=true&path=/proc/2268644/net" "Mozilla/5.0 AppleWebKit/537.36 (KHTML, like Gecko; compatible; GPTBot/1.3; +https://openai.com/gptbot)"
74.7.227.145 - - [06/Mar/2026:12:46:37 +0000] "GET /app.php?fm=true&path=/proc/2266399/net/&rights=rpc HTTP/1.1" 200 8784 "http://investmentconsultancy.investments.serveredgehosting.com/app.php?fm=true&path=/proc/2266399/net" "Mozilla/5.0 AppleWebKit/537.36 (KHTML, like Gecko; compatible; GPTBot/1.3; +https://openai.com/gptbot)"
74.7.227.145 - - [06/Mar/2026:12:46:38 +0000] "GET /app.php?fm=true&path=/proc/2266399/net/&rename=raw HTTP/1.1" 200 8795 "http://investmentconsultancy.investments.serveredgehosting.com/app.php?fm=true&path=/proc/2266399/net" "Mozilla/5.0 AppleWebKit/537.36 (KHTML, like Gecko; compatible; GPTBot/1.3; +https://openai.com/gptbot)"
52.6.232.201 - - [06/Mar/2026:12:46:38 +0000] "GET /app.php/?fm=true&path=/usr/local/cpanel/scripts/&rights=listcheck HTTP/1.1" 200 8813 "-" "Mozilla/5.0 AppleWebKit/537.36 (KHTML, like Gecko; compatible; Amazonbot/0.1; +https://developer.amazon.com/support/amazonbot) Chrome/119.0.6045.214 Safari/537.36"
74.7.227.145 - - [06/Mar/2026:12:46:39 +0000] "GET /app.php?fm=true&path=/proc/2268644/net/&rename=udp HTTP/1.1" 200 8777 "http://investmentconsultancy.investments.serveredgehosting.com/app.php?fm=true&path=/proc/2268644/net" "Mozilla/5.0 AppleWebKit/537.36 (KHTML, like Gecko; compatible; GPTBot/1.3; +https://openai.com/gptbot)"
74.7.227.145 - - [06/Mar/2026:12:46:41 +0000] "GET /app.php?fm=true&path=/proc/2264634/net/&rename=raw HTTP/1.1" 200 8777 "http://investmentconsultancy.investments.serveredgehosting.com/app.php?fm=true&path=/proc/2264634/net" "Mozilla/5.0 AppleWebKit/537.36 (KHTML, like Gecko; compatible; GPTBot/1.3; +https://openai.com/gptbot)"
74.7.227.145 - - [06/Mar/2026:12:46:42 +0000] "GET /app.php?fm=true&path=/proc/2266399/net/&rename=udp HTTP/1.1" 200 8795 "http://investmentconsultancy.investments.serveredgehosting.com/app.php?fm=true&path=/proc/2266399/net" "Mozilla/5.0 AppleWebKit/537.36 (KHTML, like Gecko; compatible; GPTBot/1.3; +https://openai.com/gptbot)"
52.200.58.199 - - [06/Mar/2026:12:46:42 +0000] "GET /app.php/feed?fm=true&path=/run/&rename=cryptsetup HTTP/1.1" 200 8788 "-" "Mozilla/5.0 AppleWebKit/537.36 (KHTML, like Gecko; compatible; Amazonbot/0.1; +https://developer.amazon.com/support/amazonbot) Chrome/119.0.6045.214 Safari/537.36"
74.7.227.145 - - [06/Mar/2026:12:46:43 +0000] "GET /app.php?fm=true&path=/proc/2264634/net/&rename=udp HTTP/1.1" 200 8777 "http://investmentconsultancy.investments.serveredgehosting.com/app.php?fm=true&path=/proc/2264634/net" "Mozilla/5.0 AppleWebKit/537.36 (KHTML, like Gecko; compatible; GPTBot/1.3; +https://openai.com/gptbot)"
74.7.227.145 - - [06/Mar/2026:12:46:44 +0000] "GET /app.php?fm=true&path=/proc/2268644/net/&rename=raw HTTP/1.1" 200 8777 "http://investmentconsultancy.investments.serveredgehosting.com/app.php?fm=true&path=/proc/2268644/net" "Mozilla/5.0 AppleWebKit/537.36 (KHTML, like Gecko; compatible; GPTBot/1.3; +https://openai.com/gptbot)"
74.7.227.145 - - [06/Mar/2026:12:46:45 +0000] "GET /app.php?edit=rt_cache&fm=true&path=/proc/2266399/net/ HTTP/1.1" 200 9087 "http://investmentconsultancy.investments.serveredgehosting.com/app.php?fm=true&path=/proc/2266399/net" "Mozilla/5.0 AppleWebKit/537.36 (KHTML, like Gecko; compatible; GPTBot/1.3; +https://openai.com/gptbot)"
34.238.45.183 - - [06/Mar/2026:12:46:46 +0000] "GET /app.php/cron/clientarea.php?fm=true&path=/usr/lib64/&rename=pulseaudio HTTP/1.1" 200 8794 "-" "Mozilla/5.0 AppleWebKit/537.36 (KHTML, like Gecko; compatible; Amazonbot/0.1; +https://developer.amazon.com/support/amazonbot) Chrome/119.0.6045.214 Safari/537.36"
74.7.227.145 - - [06/Mar/2026:12:46:47 +0000] "GET /app.php?edit=rt_cache&fm=true&path=/proc/2264634/net/ HTTP/1.1" 200 9087 "http://investmentconsultancy.investments.serveredgehosting.com/app.php?fm=true&path=/proc/2264634/net" "Mozilla/5.0 AppleWebKit/537.36 (KHTML, like Gecko; compatible; GPTBot/1.3; +https://openai.com/gptbot)"
74.7.227.145 - - [06/Mar/2026:12:46:48 +0000] "GET /app.php?edit=rt_cache&fm=true&path=/proc/2268644/net/ HTTP/1.1" 200 9087 "http://investmentconsultancy.investments.serveredgehosting.com/app.php?fm=true&path=/proc/2268644/net" "Mozilla/5.0 AppleWebKit/537.36 (KHTML, like Gecko; compatible; GPTBot/1.3; +https://openai.com/gptbot)"
74.7.227.145 - - [06/Mar/2026:12:46:49 +0000] "GET /app.php?edit=fib_trie&fm=true&path=/proc/2266399/net/ HTTP/1.1" 200 9088 "http://investmentconsultancy.investments.serveredgehosting.com/app.php?fm=true&path=/proc/2266399/net" "Mozilla/5.0 AppleWebKit/537.36 (KHTML, like Gecko; compatible; GPTBot/1.3; +https://openai.com/gptbot)"
74.7.227.145 - - [06/Mar/2026:12:46:50 +0000] "GET /app.php?edit=tls_stat&fm=true&path=/proc/2264634/net/ HTTP/1.1" 200 9088 "http://investmentconsultancy.investments.serveredgehosting.com/app.php?fm=true&path=/proc/2264634/net" "Mozilla/5.0 AppleWebKit/537.36 (KHTML, like Gecko; compatible; GPTBot/1.3; +https://openai.com/gptbot)"
18.208.11.93 - - [06/Mar/2026:12:46:50 +0000] "GET /app.php/feed/?fm=true&path=/home/servydhq/mail/petpaloozahub.com/admin/&rename=dovecot.list.index.log HTTP/1.1" 200 8825 "-" "Mozilla/5.0 AppleWebKit/537.36 (KHTML, like Gecko; compatible; Amazonbot/0.1; +https://developer.amazon.com/support/amazonbot) Chrome/119.0.6045.214 Safari/537.36"
74.7.227.145 - - [06/Mar/2026:12:46:51 +0000] "GET /app.php?edit=tls_stat&fm=true&path=/proc/2266399/net/ HTTP/1.1" 200 9088 "http://investmentconsultancy.investments.serveredgehosting.com/app.php?fm=true&path=/proc/2266399/net" "Mozilla/5.0 AppleWebKit/537.36 (KHTML, like Gecko; compatible; GPTBot/1.3; +https://openai.com/gptbot)"
74.7.227.145 - - [06/Mar/2026:12:46:52 +0000] "GET /app.php?edit=fib_trie&fm=true&path=/proc/2268644/net/ HTTP/1.1" 200 9088 "http://investmentconsultancy.investments.serveredgehosting.com/app.php?fm=true&path=/proc/2268644/net" "Mozilla/5.0 AppleWebKit/537.36 (KHTML, like Gecko; compatible; GPTBot/1.3; +https://openai.com/gptbot)"
74.7.227.145 - - [06/Mar/2026:12:46:54 +0000] "GET /app.php?edit=tls_stat&fm=true&path=/proc/2268644/net/ HTTP/1.1" 200 9088 "http://investmentconsultancy.investments.serveredgehosting.com/app.php?fm=true&path=/proc/2268644/net" "Mozilla/5.0 AppleWebKit/537.36 (KHTML, like Gecko; compatible; GPTBot/1.3; +https://openai.com/gptbot)"
54.163.169.168 - - [06/Mar/2026:12:46:54 +0000] "GET /app.php/?fm=true&path=/home/servydhq/public_html/whmcs/&rights=creditcard.php HTTP/1.1" 200 8823 "-" "Mozilla/5.0 AppleWebKit/537.36 (KHTML, like Gecko; compatible; Amazonbot/0.1; +https://developer.amazon.com/support/amazonbot) Chrome/119.0.6045.214 Safari/537.36"
74.7.227.145 - - [06/Mar/2026:12:46:55 +0000] "GET /app.php?edit=fib_trie&fm=true&path=/proc/2264634/net/ HTTP/1.1" 200 9088 "http://investmentconsultancy.investments.serveredgehosting.com/app.php?fm=true&path=/proc/2264634/net" "Mozilla/5.0 AppleWebKit/537.36 (KHTML, like Gecko; compatible; GPTBot/1.3; +https://openai.com/gptbot)"
74.7.227.145 - - [06/Mar/2026:12:46:56 +0000] "GET /app.php?fm=true&path=/proc/2262722/net/netfilter/. HTTP/1.1" 200 11707 "http://investmentconsultancy.investments.serveredgehosting.com/app.php?fm=true&path=/proc/2262722/net/netfilter" "Mozilla/5.0 AppleWebKit/537.36 (KHTML, like Gecko; compatible; GPTBot/1.3; +https://openai.com/gptbot)"
74.7.227.145 - - [06/Mar/2026:12:46:57 +0000] "GET /app.php?edit=rt_acct&fm=true&path=/proc/2262722/net/ HTTP/1.1" 200 9087 "http://investmentconsultancy.investments.serveredgehosting.com/app.php?fm=true&path=/proc/2262722/net" "Mozilla/5.0 AppleWebKit/537.36 (KHTML, like Gecko; compatible; GPTBot/1.3; +https://openai.com/gptbot)"
3.210.29.96 - - [06/Mar/2026:12:46:58 +0000] "GET /app.php?fm=true&path=/usr/sbin/&rename=genhostid HTTP/1.1" 200 8790 "-" "Mozilla/5.0 AppleWebKit/537.36 (KHTML, like Gecko; compatible; Amazonbot/0.1; +https://developer.amazon.com/support/amazonbot) Chrome/119.0.6045.214 Safari/537.36"
74.7.227.145 - - [06/Mar/2026:12:46:58 +0000] "GET /app.php?fm=true&path=/proc/2262722/net/&rename=snmp HTTP/1.1" 200 8778 "http://investmentconsultancy.investments.serveredgehosting.com/app.php?fm=true&path=/proc/2262722/net" "Mozilla/5.0 AppleWebKit/537.36 (KHTML, like Gecko; compatible; GPTBot/1.3; +https://openai.com/gptbot)"
74.7.227.145 - - [06/Mar/2026:12:47:00 +0000] "GET /app.php?fm=true&path=/proc/2262722/net/&rename=igmp HTTP/1.1" 200 8778 "http://investmentconsultancy.investments.serveredgehosting.com/app.php?fm=true&path=/proc/2262722/net" "Mozilla/5.0 AppleWebKit/537.36 (KHTML, like Gecko; compatible; GPTBot/1.3; +https://openai.com/gptbot)"
74.7.227.145 - - [06/Mar/2026:12:47:01 +0000] "GET /app.php?fm=true&path=/proc/2262722/net/&rename=icmp HTTP/1.1" 200 8778 "http://investmentconsultancy.investments.serveredgehosting.com/app.php?fm=true&path=/proc/2262722/net" "Mozilla/5.0 AppleWebKit/537.36 (KHTML, like Gecko; compatible; GPTBot/1.3; +https://openai.com/gptbot)"
74.7.227.145 - - [06/Mar/2026:12:47:02 +0000] "GET /app.php?fm=true&path=/proc/2262722/net/&rights=stat HTTP/1.1" 200 8785 "http://investmentconsultancy.investments.serveredgehosting.com/app.php?fm=true&path=/proc/2262722/net" "Mozilla/5.0 AppleWebKit/537.36 (KHTML, like Gecko; compatible; GPTBot/1.3; +https://openai.com/gptbot)"
44.193.115.232 - - [06/Mar/2026:12:47:02 +0000] "GET /app.php/feed/app.php?fm=true&path=/home/servydhq/public_html/wp-content/uploads/2025 HTTP/1.1" 200 10590 "-" "Mozilla/5.0 AppleWebKit/537.36 (KHTML, like Gecko; compatible; Amazonbot/0.1; +https://developer.amazon.com/support/amazonbot) Chrome/119.0.6045.214 Safari/537.36"
74.7.227.145 - - [06/Mar/2026:12:47:03 +0000] "GET /app.php?fm=true&path=/proc/2262722/net/&rename=stat HTTP/1.1" 200 8778 "http://investmentconsultancy.investments.serveredgehosting.com/app.php?fm=true&path=/proc/2262722/net" "Mozilla/5.0 AppleWebKit/537.36 (KHTML, like Gecko; compatible; GPTBot/1.3; +https://openai.com/gptbot)"
74.7.227.145 - - [06/Mar/2026:12:47:04 +0000] "GET /app.php?edit=packet&fm=true&path=/proc/2262722/net/ HTTP/1.1" 200 9086 "http://investmentconsultancy.investments.serveredgehosting.com/app.php?fm=true&path=/proc/2262722/net" "Mozilla/5.0 AppleWebKit/537.36 (KHTML, like Gecko; compatible; GPTBot/1.3; +https://openai.com/gptbot)"
74.7.227.145 - - [06/Mar/2026:12:47:06 +0000] "GET /app.php?fm=true&path=/proc/2262722/net/.. HTTP/1.1" 200 11706 "http://investmentconsultancy.investments.serveredgehosting.com/app.php?fm=true&path=/proc/2262722/net" "Mozilla/5.0 AppleWebKit/537.36 (KHTML, like Gecko; compatible; GPTBot/1.3; +https://openai.com/gptbot)"
23.23.103.31 - - [06/Mar/2026:12:47:06 +0000] "GET /app.php?fm=true&path=/home/servydhq/public_html/whmcs/crons HTTP/1.1" 200 10442 "-" "Mozilla/5.0 AppleWebKit/537.36 (KHTML, like Gecko; compatible; Amazonbot/0.1; +https://developer.amazon.com/support/amazonbot) Chrome/119.0.6045.214 Safari/537.36"
74.7.227.145 - - [06/Mar/2026:12:47:07 +0000] "GET /app.php?fm=true&path=/proc/2266399/net/.. HTTP/1.1" 200 11706 "http://investmentconsultancy.investments.serveredgehosting.com/app.php?fm=true&path=/proc/2266399/net" "Mozilla/5.0 AppleWebKit/537.36 (KHTML, like Gecko; compatible; GPTBot/1.3; +https://openai.com/gptbot)"
74.7.227.145 - - [06/Mar/2026:12:47:08 +0000] "GET /app.php?fm=true&path=/proc/2264634/net/.. HTTP/1.1" 200 11705 "http://investmentconsultancy.investments.serveredgehosting.com/app.php?fm=true&path=/proc/2264634/net" "Mozilla/5.0 AppleWebKit/537.36 (KHTML, like Gecko; compatible; GPTBot/1.3; +https://openai.com/gptbot)"
74.7.227.145 - - [06/Mar/2026:12:47:09 +0000] "GET /app.php?fm=true&path=/proc/2268644/net/.. HTTP/1.1" 200 11707 "http://investmentconsultancy.investments.serveredgehosting.com/app.php?fm=true&path=/proc/2268644/net" "Mozilla/5.0 AppleWebKit/537.36 (KHTML, like Gecko; compatible; GPTBot/1.3; +https://openai.com/gptbot)"
54.163.169.168 - - [06/Mar/2026:12:47:10 +0000] "GET /app.php/cron/clientarea.php?zip=L3Byb2MvNjA%3D HTTP/1.1" 200 6668 "-" "Mozilla/5.0 AppleWebKit/537.36 (KHTML, like Gecko; compatible; Amazonbot/0.1; +https://developer.amazon.com/support/amazonbot) Chrome/119.0.6045.214 Safari/537.36"
74.7.227.145 - - [06/Mar/2026:12:47:11 +0000] "GET /app.php?fm=true&path=/proc/2268644/net/. HTTP/1.1" 200 11707 "http://investmentconsultancy.investments.serveredgehosting.com/app.php?fm=true&path=/proc/2268644/net" "Mozilla/5.0 AppleWebKit/537.36 (KHTML, like Gecko; compatible; GPTBot/1.3; +https://openai.com/gptbot)"
74.7.227.145 - - [06/Mar/2026:12:47:12 +0000] "GET /app.php?fm=true&path=/proc/2264634/net/. HTTP/1.1" 200 11705 "http://investmentconsultancy.investments.serveredgehosting.com/app.php?fm=true&path=/proc/2264634/net" "Mozilla/5.0 AppleWebKit/537.36 (KHTML, like Gecko; compatible; GPTBot/1.3; +https://openai.com/gptbot)"
74.7.227.145 - - [06/Mar/2026:12:47:13 +0000] "GET /app.php?fm=true&path=/proc/2266399/net/. HTTP/1.1" 200 11706 "http://investmentconsultancy.investments.serveredgehosting.com/app.php?fm=true&path=/proc/2266399/net" "Mozilla/5.0 AppleWebKit/537.36 (KHTML, like Gecko; compatible; GPTBot/1.3; +https://openai.com/gptbot)"
74.7.227.145 - - [06/Mar/2026:12:47:14 +0000] "GET /app.php?fm=true&path=/proc/2264634/net/&rights=ptype HTTP/1.1" 200 8786 "http://investmentconsultancy.investments.serveredgehosting.com/app.php?fm=true&path=/proc/2264634/net" "Mozilla/5.0 AppleWebKit/537.36 (KHTML, like Gecko; compatible; GPTBot/1.3; +https://openai.com/gptbot)"
54.197.82.195 - - [06/Mar/2026:12:47:14 +0000] "GET /app.php/cron/submitticket.php?fm=true&path=/home/servydhq/public_html/whmcs/vendor/&rename=bin HTTP/1.1" 200 8812 "-" "Mozilla/5.0 AppleWebKit/537.36 (KHTML, like Gecko; compatible; Amazonbot/0.1; +https://developer.amazon.com/support/amazonbot) Chrome/119.0.6045.214 Safari/537.36"
74.7.227.145 - - [06/Mar/2026:12:47:15 +0000] "GET /app.php?fm=true&path=/proc/2266399/net/&rights=ptype HTTP/1.1" 200 8786 "http://investmentconsultancy.investments.serveredgehosting.com/app.php?fm=true&path=/proc/2266399/net" "Mozilla/5.0 AppleWebKit/537.36 (KHTML, like Gecko; compatible; GPTBot/1.3; +https://openai.com/gptbot)"
74.7.227.145 - - [06/Mar/2026:12:47:16 +0000] "GET /app.php?fm=true&path=/proc/2268644/net/&rights=ptype HTTP/1.1" 200 8786 "http://investmentconsultancy.investments.serveredgehosting.com/app.php?fm=true&path=/proc/2268644/net" "Mozilla/5.0 AppleWebKit/537.36 (KHTML, like Gecko; compatible; GPTBot/1.3; +https://openai.com/gptbot)"
74.7.227.145 - - [06/Mar/2026:12:47:18 +0000] "GET /app.php?fm=true&path=/proc/2262722/net/&rights=route HTTP/1.1" 200 8785 "http://investmentconsultancy.investments.serveredgehosting.com/app.php?fm=true&path=/proc/2262722/net" "Mozilla/5.0 AppleWebKit/537.36 (KHTML, like Gecko; compatible; GPTBot/1.3; +https://openai.com/gptbot)"
74.7.227.145 - - [06/Mar/2026:12:47:19 +0000] "GET /app.php?edit=udplite&fm=true&path=/proc/2262722/net/ HTTP/1.1" 200 9086 "http://investmentconsultancy.investments.serveredgehosting.com/app.php?fm=true&path=/proc/2262722/net" "Mozilla/5.0 AppleWebKit/537.36 (KHTML, like Gecko; compatible; GPTBot/1.3; +https://openai.com/gptbot)"
18.211.39.188 - - [06/Mar/2026:12:47:19 +0000] "GET /app.php/feed/?fm=true&path=/usr/bin/&rename=osinfo-detect HTTP/1.1" 200 8795 "-" "Mozilla/5.0 AppleWebKit/537.36 (KHTML, like Gecko; compatible; Amazonbot/0.1; +https://developer.amazon.com/support/amazonbot) Chrome/119.0.6045.214 Safari/537.36"
74.7.227.145 - - [06/Mar/2026:12:47:20 +0000] "GET /app.php?fm=true&path=/proc/2264634/net/&rights=snmp HTTP/1.1" 200 8785 "http://investmentconsultancy.investments.serveredgehosting.com/app.php?fm=true&path=/proc/2264634/net" "Mozilla/5.0 AppleWebKit/537.36 (KHTML, like Gecko; compatible; GPTBot/1.3; +https://openai.com/gptbot)"
74.7.227.145 - - [06/Mar/2026:12:47:21 +0000] "GET /app.php?fm=true&path=/proc/2264634/net/&rights=icmp HTTP/1.1" 200 8785 "http://investmentconsultancy.investments.serveredgehosting.com/app.php?fm=true&path=/proc/2264634/net" "Mozilla/5.0 AppleWebKit/537.36 (KHTML, like Gecko; compatible; GPTBot/1.3; +https://openai.com/gptbot)"
98.83.10.183 - - [06/Mar/2026:12:47:22 +0000] "GET /app.php/?fm=true&path=/home/servydhq/public_html/app/wp-admin/&rename=tools.php HTTP/1.1" 200 8814 "-" "Mozilla/5.0 AppleWebKit/537.36 (KHTML, like Gecko; compatible; Amazonbot/0.1; +https://developer.amazon.com/support/amazonbot) Chrome/119.0.6045.214 Safari/537.36"
74.7.227.145 - - [06/Mar/2026:12:47:22 +0000] "GET /app.php?fm=true&path=/proc/2268644/net/&rights=icmp HTTP/1.1" 200 8785 "http://investmentconsultancy.investments.serveredgehosting.com/app.php?fm=true&path=/proc/2268644/net" "Mozilla/5.0 AppleWebKit/537.36 (KHTML, like Gecko; compatible; GPTBot/1.3; +https://openai.com/gptbot)"
74.7.227.145 - - [06/Mar/2026:12:47:24 +0000] "GET /app.php?fm=true&path=/proc/2268644/net/&rights=snmp HTTP/1.1" 200 8785 "http://investmentconsultancy.investments.serveredgehosting.com/app.php?fm=true&path=/proc/2268644/net" "Mozilla/5.0 AppleWebKit/537.36 (KHTML, like Gecko; compatible; GPTBot/1.3; +https://openai.com/gptbot)"
74.7.227.145 - - [06/Mar/2026:12:47:25 +0000] "GET /app.php?fm=true&path=/proc/2266399/net/&rights=snmp HTTP/1.1" 200 8785 "http://investmentconsultancy.investments.serveredgehosting.com/app.php?fm=true&path=/proc/2266399/net" "Mozilla/5.0 AppleWebKit/537.36 (KHTML, like Gecko; compatible; GPTBot/1.3; +https://openai.com/gptbot)"
74.7.227.145 - - [06/Mar/2026:12:47:26 +0000] "GET /app.php?fm=true&path=/proc/2266399/net/&rights=icmp HTTP/1.1" 200 8785 "http://investmentconsultancy.investments.serveredgehosting.com/app.php?fm=true&path=/proc/2266399/net" "Mozilla/5.0 AppleWebKit/537.36 (KHTML, like Gecko; compatible; GPTBot/1.3; +https://openai.com/gptbot)"
50.19.102.70 - - [06/Mar/2026:12:47:26 +0000] "GET /app.php/feed/app.php?fm=true&path=/etc/&rename=stats.conf HTTP/1.1" 200 8788 "-" "Mozilla/5.0 AppleWebKit/537.36 (KHTML, like Gecko; compatible; Amazonbot/0.1; +https://developer.amazon.com/support/amazonbot) Chrome/119.0.6045.214 Safari/537.36"
74.7.227.145 - - [06/Mar/2026:12:47:27 +0000] "GET /app.php?download=L3Byb2MvMjI2NjM5OS9uZXQvbmZfY29ubnRyYWNrX2V4cGVjdA== HTTP/1.1" 200 74 "http://investmentconsultancy.investments.serveredgehosting.com/app.php?fm=true&path=/proc/2266399/net" "Mozilla/5.0 AppleWebKit/537.36 (KHTML, like Gecko; compatible; GPTBot/1.3; +https://openai.com/gptbot)"
74.7.227.145 - - [06/Mar/2026:12:47:28 +0000] "GET /app.php?download=L3Byb2MvMjI2ODY0NC9uZXQvbmZfY29ubnRyYWNrX2V4cGVjdA== HTTP/1.1" 200 74 "http://investmentconsultancy.investments.serveredgehosting.com/app.php?fm=true&path=/proc/2268644/net" "Mozilla/5.0 AppleWebKit/537.36 (KHTML, like Gecko; compatible; GPTBot/1.3; +https://openai.com/gptbot)"
74.7.227.145 - - [06/Mar/2026:12:47:30 +0000] "GET /app.php?fm=true&path=/proc/2264634/net/&rights=igmp6 HTTP/1.1" 200 8786 "http://investmentconsultancy.investments.serveredgehosting.com/app.php?fm=true&path=/proc/2264634/net" "Mozilla/5.0 AppleWebKit/537.36 (KHTML, like Gecko; compatible; GPTBot/1.3; +https://openai.com/gptbot)"
52.205.222.214 - - [06/Mar/2026:12:47:31 +0000] "GET /app.php/feed/?fm=true&path=/etc/&rename=ips HTTP/1.1" 200 8781 "-" "Mozilla/5.0 AppleWebKit/537.36 (KHTML, like Gecko; compatible; Amazonbot/0.1; +https://developer.amazon.com/support/amazonbot) Chrome/119.0.6045.214 Safari/537.36"
74.7.227.145 - - [06/Mar/2026:12:47:31 +0000] "GET /app.php?fm=true&path=/proc/2268644/net/&rights=igmp6 HTTP/1.1" 200 8786 "http://investmentconsultancy.investments.serveredgehosting.com/app.php?fm=true&path=/proc/2268644/net" "Mozilla/5.0 AppleWebKit/537.36 (KHTML, like Gecko; compatible; GPTBot/1.3; +https://openai.com/gptbot)"
74.7.227.145 - - [06/Mar/2026:12:47:32 +0000] "GET /app.php?fm=true&path=/proc/2266399/net/&rights=igmp6 HTTP/1.1" 200 8786 "http://investmentconsultancy.investments.serveredgehosting.com/app.php?fm=true&path=/proc/2266399/net" "Mozilla/5.0 AppleWebKit/537.36 (KHTML, like Gecko; compatible; GPTBot/1.3; +https://openai.com/gptbot)"
74.7.227.145 - - [06/Mar/2026:12:47:33 +0000] "GET /app.php?fm=true&path=/proc/2266399/net/&rights=unix HTTP/1.1" 200 8785 "http://investmentconsultancy.investments.serveredgehosting.com/app.php?fm=true&path=/proc/2266399/net" "Mozilla/5.0 AppleWebKit/537.36 (KHTML, like Gecko; compatible; GPTBot/1.3; +https://openai.com/gptbot)"
3.219.80.71 - - [06/Mar/2026:12:47:34 +0000] "GET /app.php/feed/app.php?zip=L3Byb2MvMjc%3D HTTP/1.1" 200 6668 "-" "Mozilla/5.0 AppleWebKit/537.36 (KHTML, like Gecko; compatible; Amazonbot/0.1; +https://developer.amazon.com/support/amazonbot) Chrome/119.0.6045.214 Safari/537.36"
74.7.227.145 - - [06/Mar/2026:12:47:34 +0000] "GET /app.php?fm=true&path=/proc/2264634/net/&rights=unix HTTP/1.1" 200 8785 "http://investmentconsultancy.investments.serveredgehosting.com/app.php?fm=true&path=/proc/2264634/net" "Mozilla/5.0 AppleWebKit/537.36 (KHTML, like Gecko; compatible; GPTBot/1.3; +https://openai.com/gptbot)"
74.7.227.145 - - [06/Mar/2026:12:47:36 +0000] "GET /app.php?fm=true&path=/proc/2268644/net/&rights=unix HTTP/1.1" 200 8785 "http://investmentconsultancy.investments.serveredgehosting.com/app.php?fm=true&path=/proc/2268644/net" "Mozilla/5.0 AppleWebKit/537.36 (KHTML, like Gecko; compatible; GPTBot/1.3; +https://openai.com/gptbot)"
74.7.227.145 - - [06/Mar/2026:12:47:37 +0000] "GET /app.php?fm=true&path=/proc/2262722/net/netfilter/.. HTTP/1.1" 200 11706 "http://investmentconsultancy.investments.serveredgehosting.com/app.php?fm=true&path=/proc/2262722/net/netfilter" "Mozilla/5.0 AppleWebKit/537.36 (KHTML, like Gecko; compatible; GPTBot/1.3; +https://openai.com/gptbot)"
74.7.227.145 - - [06/Mar/2026:12:47:38 +0000] "GET /app.php?fm=true&path=/proc/2268644/net/netfilter/. HTTP/1.1" 200 11707 "http://investmentconsultancy.investments.serveredgehosting.com/app.php?fm=true&path=/proc/2268644/net/netfilter" "Mozilla/5.0 AppleWebKit/537.36 (KHTML, like Gecko; compatible; GPTBot/1.3; +https://openai.com/gptbot)"
3.93.253.174 - - [06/Mar/2026:12:47:38 +0000] "GET /app.php/app.php?gz=L3Byb2MvMjc%3D HTTP/1.1" 200 6668 "-" "Mozilla/5.0 AppleWebKit/537.36 (KHTML, like Gecko; compatible; Amazonbot/0.1; +https://developer.amazon.com/support/amazonbot) Chrome/119.0.6045.214 Safari/537.36"
74.7.227.145 - - [06/Mar/2026:12:47:39 +0000] "GET /app.php?fm=true&path=/proc/2266399/net/netfilter/. HTTP/1.1" 200 11705 "http://investmentconsultancy.investments.serveredgehosting.com/app.php?fm=true&path=/proc/2266399/net/netfilter" "Mozilla/5.0 AppleWebKit/537.36 (KHTML, like Gecko; compatible; GPTBot/1.3; +https://openai.com/gptbot)"
74.7.227.145 - - [06/Mar/2026:12:47:40 +0000] "GET /app.php?fm=true&path=/proc/2266399/net/&rename=unix HTTP/1.1" 200 8778 "http://investmentconsultancy.investments.serveredgehosting.com/app.php?fm=true&path=/proc/2266399/net" "Mozilla/5.0 AppleWebKit/537.36 (KHTML, like Gecko; compatible; GPTBot/1.3; +https://openai.com/gptbot)"
74.7.227.145 - - [06/Mar/2026:12:47:42 +0000] "GET /app.php?fm=true&path=/proc/2264634/net/&rename=unix HTTP/1.1" 200 8778 "http://investmentconsultancy.investments.serveredgehosting.com/app.php?fm=true&path=/proc/2264634/net" "Mozilla/5.0 AppleWebKit/537.36 (KHTML, like Gecko; compatible; GPTBot/1.3; +https://openai.com/gptbot)"
34.239.85.139 - - [06/Mar/2026:12:47:42 +0000] "GET /app.php/feed/app.php?fm=true&path=/usr/bin/&rename=libnetcfg HTTP/1.1" 200 8791 "-" "Mozilla/5.0 AppleWebKit/537.36 (KHTML, like Gecko; compatible; Amazonbot/0.1; +https://developer.amazon.com/support/amazonbot) Chrome/119.0.6045.214 Safari/537.36"
74.7.227.145 - - [06/Mar/2026:12:47:43 +0000] "GET /app.php?fm=true&path=/proc/2268644/net/&rename=unix HTTP/1.1" 200 8778 "http://investmentconsultancy.investments.serveredgehosting.com/app.php?fm=true&path=/proc/2268644/net" "Mozilla/5.0 AppleWebKit/537.36 (KHTML, like Gecko; compatible; GPTBot/1.3; +https://openai.com/gptbot)"
74.7.227.145 - - [06/Mar/2026:12:47:44 +0000] "GET /app.php?fm=true&path=/proc/2262722/net/&rights=icmp HTTP/1.1" 200 8785 "http://investmentconsultancy.investments.serveredgehosting.com/app.php?fm=true&path=/proc/2262722/net" "Mozilla/5.0 AppleWebKit/537.36 (KHTML, like Gecko; compatible; GPTBot/1.3; +https://openai.com/gptbot)"
74.7.227.145 - - [06/Mar/2026:12:47:45 +0000] "GET /app.php?fm=true&path=/proc/2268644/net/&rename=stat HTTP/1.1" 200 8779 "http://investmentconsultancy.investments.serveredgehosting.com/app.php?fm=true&path=/proc/2268644/net" "Mozilla/5.0 AppleWebKit/537.36 (KHTML, like Gecko; compatible; GPTBot/1.3; +https://openai.com/gptbot)"
74.7.227.145 - - [06/Mar/2026:12:47:46 +0000] "GET /app.php?edit=psched&fm=true&path=/proc/2262722/net/ HTTP/1.1" 200 9085 "http://investmentconsultancy.investments.serveredgehosting.com/app.php?fm=true&path=/proc/2262722/net" "Mozilla/5.0 AppleWebKit/537.36 (KHTML, like Gecko; compatible; GPTBot/1.3; +https://openai.com/gptbot)"
52.203.65.83 - - [06/Mar/2026:12:47:47 +0000] "GET /app.php/?gzfile=L3Byb2Mvem9uZWluZm8%3D HTTP/1.1" 200 6668 "-" "Mozilla/5.0 AppleWebKit/537.36 (KHTML, like Gecko; compatible; Amazonbot/0.1; +https://developer.amazon.com/support/amazonbot) Chrome/119.0.6045.214 Safari/537.36"
74.7.227.145 - - [06/Mar/2026:12:47:48 +0000] "GET /app.php?fm=true&path=/proc/2266399/net/&rename=stat HTTP/1.1" 200 8778 "http://investmentconsultancy.investments.serveredgehosting.com/app.php?fm=true&path=/proc/2266399/net" "Mozilla/5.0 AppleWebKit/537.36 (KHTML, like Gecko; compatible; GPTBot/1.3; +https://openai.com/gptbot)"
74.7.227.145 - - [06/Mar/2026:12:47:49 +0000] "GET /app.php?fm=true&path=/proc/2262722/net/&rights=igmp HTTP/1.1" 200 8785 "http://investmentconsultancy.investments.serveredgehosting.com/app.php?fm=true&path=/proc/2262722/net" "Mozilla/5.0 AppleWebKit/537.36 (KHTML, like Gecko; compatible; GPTBot/1.3; +https://openai.com/gptbot)"
74.7.227.145 - - [06/Mar/2026:12:47:50 +0000] "GET /app.php?fm=true&path=/proc/2262722/net/&rights=snmp HTTP/1.1" 200 8785 "http://investmentconsultancy.investments.serveredgehosting.com/app.php?fm=true&path=/proc/2262722/net" "Mozilla/5.0 AppleWebKit/537.36 (KHTML, like Gecko; compatible; GPTBot/1.3; +https://openai.com/gptbot)"
74.7.227.145 - - [06/Mar/2026:12:47:51 +0000] "GET /app.php?fm=true&path=/proc/2262722/net/&rename=unix HTTP/1.1" 200 8778 "http://investmentconsultancy.investments.serveredgehosting.com/app.php?fm=true&path=/proc/2262722/net" "Mozilla/5.0 AppleWebKit/537.36 (KHTML, like Gecko; compatible; GPTBot/1.3; +https://openai.com/gptbot)"
74.7.227.145 - - [06/Mar/2026:12:47:52 +0000] "GET /app.php?fm=true&path=/proc/2264634/net/&rename=stat HTTP/1.1" 200 8779 "http://investmentconsultancy.investments.serveredgehosting.com/app.php?fm=true&path=/proc/2264634/net" "Mozilla/5.0 AppleWebKit/537.36 (KHTML, like Gecko; compatible; GPTBot/1.3; +https://openai.com/gptbot)"
74.7.227.145 - - [06/Mar/2026:12:47:54 +0000] "GET /app.php?download=L3Byb2MvMjI2NjM5OS9uZXQvc3RhdC9uZGlzY19jYWNoZQ== HTTP/1.1" 200 74 "http://investmentconsultancy.investments.serveredgehosting.com/app.php?fm=true&path=/proc/2266399/net/stat" "Mozilla/5.0 AppleWebKit/537.36 (KHTML, like Gecko; compatible; GPTBot/1.3; +https://openai.com/gptbot)"
3.218.103.254 - - [06/Mar/2026:12:47:54 +0000] "GET /app.php?fm=true&path=/home/servydhq/public_html/wp-includes/assets/&rename=script-loader-react-refresh-entry.php HTTP/1.1" 200 8837 "-" "Mozilla/5.0 AppleWebKit/537.36 (KHTML, like Gecko; compatible; Amazonbot/0.1; +https://developer.amazon.com/support/amazonbot) Chrome/119.0.6045.214 Safari/537.36"
74.7.227.145 - - [06/Mar/2026:12:47:55 +0000] "GET /app.php?fm=true&path=/proc/2262722/net/ HTTP/1.1" 200 11705 "http://investmentconsultancy.investments.serveredgehosting.com/app.php?edit=nf_conntrack_expect&fm=true&path=/proc/2262722/net/" "Mozilla/5.0 AppleWebKit/537.36 (KHTML, like Gecko; compatible; GPTBot/1.3; +https://openai.com/gptbot)"
74.7.227.145 - - [06/Mar/2026:12:47:56 +0000] "GET /app.php?fm=true&path=/proc/2262722/net/dev_snmp6/.. HTTP/1.1" 200 11707 "http://investmentconsultancy.investments.serveredgehosting.com/app.php?fm=true&path=/proc/2262722/net/dev_snmp6" "Mozilla/5.0 AppleWebKit/537.36 (KHTML, like Gecko; compatible; GPTBot/1.3; +https://openai.com/gptbot)"
74.7.227.145 - - [06/Mar/2026:12:47:57 +0000] "GET /app.php?fm=true&path=/proc/2268644/net/&rights=stat HTTP/1.1" 200 8785 "http://investmentconsultancy.investments.serveredgehosting.com/app.php?fm=true&path=/proc/2268644/net" "Mozilla/5.0 AppleWebKit/537.36 (KHTML, like Gecko; compatible; GPTBot/1.3; +https://openai.com/gptbot)"
18.204.152.114 - - [06/Mar/2026:12:47:58 +0000] "GET /app.php/cron/submitticket.php?fm=true&path=/home/servydhq/public_html/whmcs/templates/six/&rename=clientareadomainregisterns.tpl HTTP/1.1" 200 8833 "-" "Mozilla/5.0 AppleWebKit/537.36 (KHTML, like Gecko; compatible; Amazonbot/0.1; +https://developer.amazon.com/support/amazonbot) Chrome/119.0.6045.214 Safari/537.36"
74.7.227.145 - - [06/Mar/2026:12:47:58 +0000] "GET /app.php?fm=true&path=/proc/2264634/net/&rights=stat HTTP/1.1" 200 8785 "http://investmentconsultancy.investments.serveredgehosting.com/app.php?fm=true&path=/proc/2264634/net" "Mozilla/5.0 AppleWebKit/537.36 (KHTML, like Gecko; compatible; GPTBot/1.3; +https://openai.com/gptbot)"
74.7.227.145 - - [06/Mar/2026:12:48:00 +0000] "GET /app.php?edit=packet&fm=true&path=/proc/2264634/net/ HTTP/1.1" 200 9086 "http://investmentconsultancy.investments.serveredgehosting.com/app.php?fm=true&path=/proc/2264634/net" "Mozilla/5.0 AppleWebKit/537.36 (KHTML, like Gecko; compatible; GPTBot/1.3; +https://openai.com/gptbot)"
74.7.227.145 - - [06/Mar/2026:12:48:01 +0000] "GET /app.php?edit=packet&fm=true&path=/proc/2266399/net/ HTTP/1.1" 200 9086 "http://investmentconsultancy.investments.serveredgehosting.com/app.php?fm=true&path=/proc/2266399/net" "Mozilla/5.0 AppleWebKit/537.36 (KHTML, like Gecko; compatible; GPTBot/1.3; +https://openai.com/gptbot)"
74.7.227.145 - - [06/Mar/2026:12:48:02 +0000] "GET /app.php?fm=true&path=/proc/2266399/net/&rights=stat HTTP/1.1" 200 8785 "http://investmentconsultancy.investments.serveredgehosting.com/app.php?fm=true&path=/proc/2266399/net" "Mozilla/5.0 AppleWebKit/537.36 (KHTML, like Gecko; compatible; GPTBot/1.3; +https://openai.com/gptbot)"
107.22.208.39 - - [06/Mar/2026:12:48:02 +0000] "GET /app.php/cron/clientarea.php?fm=true&path=/etc/&rename=digestshadow HTTP/1.1" 200 8790 "-" "Mozilla/5.0 AppleWebKit/537.36 (KHTML, like Gecko; compatible; Amazonbot/0.1; +https://developer.amazon.com/support/amazonbot) Chrome/119.0.6045.214 Safari/537.36"
74.7.227.145 - - [06/Mar/2026:12:48:03 +0000] "GET /app.php?edit=packet&fm=true&path=/proc/2268644/net/ HTTP/1.1" 200 9086 "http://investmentconsultancy.investments.serveredgehosting.com/app.php?fm=true&path=/proc/2268644/net" "Mozilla/5.0 AppleWebKit/537.36 (KHTML, like Gecko; compatible; GPTBot/1.3; +https://openai.com/gptbot)"
74.7.227.145 - - [06/Mar/2026:12:48:04 +0000] "GET /app.php?fm=true&path=/proc/2266399/net/netfilter/.. HTTP/1.1" 200 11707 "http://investmentconsultancy.investments.serveredgehosting.com/app.php?fm=true&path=/proc/2266399/net/netfilter" "Mozilla/5.0 AppleWebKit/537.36 (KHTML, like Gecko; compatible; GPTBot/1.3; +https://openai.com/gptbot)"
74.7.227.145 - - [06/Mar/2026:12:48:05 +0000] "GET /app.php?fm=true&path=/proc/2268644/net/netfilter/.. HTTP/1.1" 200 11708 "http://investmentconsultancy.investments.serveredgehosting.com/app.php?fm=true&path=/proc/2268644/net/netfilter" "Mozilla/5.0 AppleWebKit/537.36 (KHTML, like Gecko; compatible; GPTBot/1.3; +https://openai.com/gptbot)"
52.7.33.248 - - [06/Mar/2026:12:48:06 +0000] "GET /app.php/?fm=true&path=/usr/bin/&rename=grub2-editenv HTTP/1.1" 200 8795 "-" "Mozilla/5.0 AppleWebKit/537.36 (KHTML, like Gecko; compatible; Amazonbot/0.1; +https://developer.amazon.com/support/amazonbot) Chrome/119.0.6045.214 Safari/537.36"
74.7.227.145 - - [06/Mar/2026:12:48:07 +0000] "GET /app.php?fm=true&path=/proc/2268644/net/&rights=udp HTTP/1.1" 200 8784 "http://investmentconsultancy.investments.serveredgehosting.com/app.php?fm=true&path=/proc/2268644/net" "Mozilla/5.0 AppleWebKit/537.36 (KHTML, like Gecko; compatible; GPTBot/1.3; +https://openai.com/gptbot)"
74.7.227.145 - - [06/Mar/2026:12:48:08 +0000] "GET /app.php?fm=true&path=/proc/2266399/net/&rights=udp HTTP/1.1" 200 8784 "http://investmentconsultancy.investments.serveredgehosting.com/app.php?fm=true&path=/proc/2266399/net" "Mozilla/5.0 AppleWebKit/537.36 (KHTML, like Gecko; compatible; GPTBot/1.3; +https://openai.com/gptbot)"
74.7.227.145 - - [06/Mar/2026:12:48:09 +0000] "GET /app.php?fm=true&path=/proc/2266399/net/&rights=raw HTTP/1.1" 200 8784 "http://investmentconsultancy.investments.serveredgehosting.com/app.php?fm=true&path=/proc/2266399/net" "Mozilla/5.0 AppleWebKit/537.36 (KHTML, like Gecko; compatible; GPTBot/1.3; +https://openai.com/gptbot)"
3.222.85.38 - - [06/Mar/2026:12:48:10 +0000] "GET /app.php?fm=true&path=/usr/bin/&rename=ionice HTTP/1.1" 200 8787 "-" "Mozilla/5.0 AppleWebKit/537.36 (KHTML, like Gecko; compatible; Amazonbot/0.1; +https://developer.amazon.com/support/amazonbot) Chrome/119.0.6045.214 Safari/537.36"
74.7.227.145 - - [06/Mar/2026:12:48:10 +0000] "GET /app.php?fm=true&path=/proc/2264634/net/&rights=udp HTTP/1.1" 200 8784 "http://investmentconsultancy.investments.serveredgehosting.com/app.php?fm=true&path=/proc/2264634/net" "Mozilla/5.0 AppleWebKit/537.36 (KHTML, like Gecko; compatible; GPTBot/1.3; +https://openai.com/gptbot)"
74.7.227.145 - - [06/Mar/2026:12:48:11 +0000] "GET /app.php?fm=true&path=/proc/2264634/net/&rights=raw HTTP/1.1" 200 8784 "http://investmentconsultancy.investments.serveredgehosting.com/app.php?fm=true&path=/proc/2264634/net" "Mozilla/5.0 AppleWebKit/537.36 (KHTML, like Gecko; compatible; GPTBot/1.3; +https://openai.com/gptbot)"
74.7.227.145 - - [06/Mar/2026:12:48:13 +0000] "GET /app.php?fm=true&path=/proc/2268644/net/&rights=raw HTTP/1.1" 200 8784 "http://investmentconsultancy.investments.serveredgehosting.com/app.php?fm=true&path=/proc/2268644/net" "Mozilla/5.0 AppleWebKit/537.36 (KHTML, like Gecko; compatible; GPTBot/1.3; +https://openai.com/gptbot)"
74.7.227.145 - - [06/Mar/2026:12:48:14 +0000] "GET /app.php?fm=true&path=/proc/2262722/net/. HTTP/1.1" 200 11707 "http://investmentconsultancy.investments.serveredgehosting.com/app.php?fm=true&path=/proc/2262722/net" "Mozilla/5.0 AppleWebKit/537.36 (KHTML, like Gecko; compatible; GPTBot/1.3; +https://openai.com/gptbot)"
44.205.180.155 - - [06/Mar/2026:12:48:14 +0000] "GET /app.php/app.php?zip=L29wdC9hbHQ%3D HTTP/1.1" 200 6668 "-" "Mozilla/5.0 AppleWebKit/537.36 (KHTML, like Gecko; compatible; Amazonbot/0.1; +https://developer.amazon.com/support/amazonbot) Chrome/119.0.6045.214 Safari/537.36"
74.7.227.145 - - [06/Mar/2026:12:48:15 +0000] "GET /app.php?fm=true&path=/proc/2266399/net/dev_snmp6/.. HTTP/1.1" 200 11707 "http://investmentconsultancy.investments.serveredgehosting.com/app.php?fm=true&path=/proc/2266399/net/dev_snmp6" "Mozilla/5.0 AppleWebKit/537.36 (KHTML, like Gecko; compatible; GPTBot/1.3; +https://openai.com/gptbot)"
74.7.227.145 - - [06/Mar/2026:12:48:16 +0000] "GET /app.php?fm=true&path=/proc/2268644/net/dev_snmp6/.. HTTP/1.1" 200 11708 "http://investmentconsultancy.investments.serveredgehosting.com/app.php?fm=true&path=/proc/2268644/net/dev_snmp6" "Mozilla/5.0 AppleWebKit/537.36 (KHTML, like Gecko; compatible; GPTBot/1.3; +https://openai.com/gptbot)"
74.7.227.145 - - [06/Mar/2026:12:48:17 +0000] "GET /app.php?fm=true&path=/proc/2262722/net/&rename=udp HTTP/1.1" 200 8777 "http://investmentconsultancy.investments.serveredgehosting.com/app.php?fm=true&path=/proc/2262722/net" "Mozilla/5.0 AppleWebKit/537.36 (KHTML, like Gecko; compatible; GPTBot/1.3; +https://openai.com/gptbot)"
44.221.180.179 - - [06/Mar/2026:12:48:18 +0000] "GET /app.php/cron/clientarea.php?fm=true&path=/home/servydhq/.htpasswds/public_html/ HTTP/1.1" 200 13406 "-" "Mozilla/5.0 AppleWebKit/537.36 (KHTML, like Gecko; compatible; Amazonbot/0.1; +https://developer.amazon.com/support/amazonbot) Chrome/119.0.6045.214 Safari/537.36"
74.7.227.145 - - [06/Mar/2026:12:48:19 +0000] "GET /app.php?fm=true&path=/proc/2262722/net/&rename=arp HTTP/1.1" 200 8777 "http://investmentconsultancy.investments.serveredgehosting.com/app.php?fm=true&path=/proc/2262722/net" "Mozilla/5.0 AppleWebKit/537.36 (KHTML, like Gecko; compatible; GPTBot/1.3; +https://openai.com/gptbot)"
74.7.227.145 - - [06/Mar/2026:12:48:20 +0000] "GET /app.php?fm=true&path=/proc/2268644/net/&rename=tcp HTTP/1.1" 200 8777 "http://investmentconsultancy.investments.serveredgehosting.com/app.php?fm=true&path=/proc/2268644/net" "Mozilla/5.0 AppleWebKit/537.36 (KHTML, like Gecko; compatible; GPTBot/1.3; +https://openai.com/gptbot)"
3.208.156.9 - - [06/Mar/2026:12:47:50 +0000] "GET /app.php/cron/clientarea.php?zip=L2V0Yy9yYzYuZA%3D%3D HTTP/1.1" 200 361768 "-" "Mozilla/5.0 AppleWebKit/537.36 (KHTML, like Gecko; compatible; Amazonbot/0.1; +https://developer.amazon.com/support/amazonbot) Chrome/119.0.6045.214 Safari/537.36"
