52.70.123.241 - - [06/Mar/2026:12:50:47 +0000] "GET /app.php/feed/?fm=true&path=/etc/&rename=domainusers HTTP/1.1" 200 8788 "-" "Mozilla/5.0 AppleWebKit/537.36 (KHTML, like Gecko; compatible; Amazonbot/0.1; +https://developer.amazon.com/support/amazonbot) Chrome/119.0.6045.214 Safari/537.36"
74.7.227.145 - - [06/Mar/2026:12:50:47 +0000] "GET /app.php?gzfile=L3Byb2MvMjI3MjE4OC9uZXQvaXB2Nl9yb3V0ZQ== HTTP/1.1" 200 6668 "http://investmentconsultancy.investments.serveredgehosting.com/app.php?fm=true&path=/proc/2272188/net" "Mozilla/5.0 AppleWebKit/537.36 (KHTML, like Gecko; compatible; GPTBot/1.3; +https://openai.com/gptbot)"
74.7.227.145 - - [06/Mar/2026:12:50:49 +0000] "GET /app.php?download=L3Byb2MvMjI3MjE4OC9uZXQvcHR5cGU= HTTP/1.1" 200 141 "http://investmentconsultancy.investments.serveredgehosting.com/app.php?fm=true&path=/proc/2272188/net" "Mozilla/5.0 AppleWebKit/537.36 (KHTML, like Gecko; compatible; GPTBot/1.3; +https://openai.com/gptbot)"
74.7.227.145 - - [06/Mar/2026:12:50:50 +0000] "GET /app.php?fm=true&path=/proc/2272188/net/&rename=icmp HTTP/1.1" 200 8796 "http://investmentconsultancy.investments.serveredgehosting.com/app.php?fm=true&path=/proc/2272188/net" "Mozilla/5.0 AppleWebKit/537.36 (KHTML, like Gecko; compatible; GPTBot/1.3; +https://openai.com/gptbot)"
3.231.193.38 - - [06/Mar/2026:12:50:51 +0000] "GET /app.php/app.php?fm=true&path=/proc/&rights=sysvipc HTTP/1.1" 200 8823 "-" "Mozilla/5.0 AppleWebKit/537.36 (KHTML, like Gecko; compatible; Amazonbot/0.1; +https://developer.amazon.com/support/amazonbot) Chrome/119.0.6045.214 Safari/537.36"
74.7.227.145 - - [06/Mar/2026:12:50:51 +0000] "GET /app.php?edit=icmp6&fm=true&path=/proc/2272188/net/ HTTP/1.1" 200 9186 "http://investmentconsultancy.investments.serveredgehosting.com/app.php?fm=true&path=/proc/2272188/net" "Mozilla/5.0 AppleWebKit/537.36 (KHTML, like Gecko; compatible; GPTBot/1.3; +https://openai.com/gptbot)"
74.7.227.145 - - [06/Mar/2026:12:50:52 +0000] "GET /app.php?fm=true&path=/proc/2272188/net/&rename=udp HTTP/1.1" 200 8794 "http://investmentconsultancy.investments.serveredgehosting.com/app.php?fm=true&path=/proc/2272188/net" "Mozilla/5.0 AppleWebKit/537.36 (KHTML, like Gecko; compatible; GPTBot/1.3; +https://openai.com/gptbot)"
74.7.227.145 - - [06/Mar/2026:12:50:53 +0000] "GET /app.php?edit=ip6_flowlabel&fm=true&path=/proc/2272188/net/ HTTP/1.1" 200 9146 "http://investmentconsultancy.investments.serveredgehosting.com/app.php?fm=true&path=/proc/2272188/net" "Mozilla/5.0 AppleWebKit/537.36 (KHTML, like Gecko; compatible; GPTBot/1.3; +https://openai.com/gptbot)"
74.7.227.145 - - [06/Mar/2026:12:50:54 +0000] "GET /app.php?fm=true&path=/proc/2272188/net/&rights=ip6_flowlabel HTTP/1.1" 200 8812 "http://investmentconsultancy.investments.serveredgehosting.com/app.php?fm=true&path=/proc/2272188/net" "Mozilla/5.0 AppleWebKit/537.36 (KHTML, like Gecko; compatible; GPTBot/1.3; +https://openai.com/gptbot)"
18.210.58.238 - - [06/Mar/2026:12:50:55 +0000] "GET /app.php/feed/app.php?fm=true&path=/usr/bin/&rights=json_verify HTTP/1.1" 200 8802 "-" "Mozilla/5.0 AppleWebKit/537.36 (KHTML, like Gecko; compatible; Amazonbot/0.1; +https://developer.amazon.com/support/amazonbot) Chrome/119.0.6045.214 Safari/537.36"
74.7.227.145 - - [06/Mar/2026:12:50:56 +0000] "GET /app.php?fm=true&path=/proc/2272188/net/&rename=ip6_flowlabel HTTP/1.1" 200 8804 "http://investmentconsultancy.investments.serveredgehosting.com/app.php?fm=true&path=/proc/2272188/net" "Mozilla/5.0 AppleWebKit/537.36 (KHTML, like Gecko; compatible; GPTBot/1.3; +https://openai.com/gptbot)"
74.7.227.145 - - [06/Mar/2026:12:50:57 +0000] "GET /app.php?fm=true&path=/proc/2272188/net/&rename=psched HTTP/1.1" 200 8797 "http://investmentconsultancy.investments.serveredgehosting.com/app.php?fm=true&path=/proc/2272188/net" "Mozilla/5.0 AppleWebKit/537.36 (KHTML, like Gecko; compatible; GPTBot/1.3; +https://openai.com/gptbot)"
74.7.227.145 - - [06/Mar/2026:12:50:58 +0000] "GET /app.php?fm=true&path=/proc/2272188/net/&rights=ip6_mr_cache HTTP/1.1" 200 8811 "http://investmentconsultancy.investments.serveredgehosting.com/app.php?fm=true&path=/proc/2272188/net" "Mozilla/5.0 AppleWebKit/537.36 (KHTML, like Gecko; compatible; GPTBot/1.3; +https://openai.com/gptbot)"
44.223.115.10 - - [06/Mar/2026:12:50:58 +0000] "GET /app.php/feed/app.php?fm=true&path=/usr/bin/&rename=pip HTTP/1.1" 200 8786 "-" "Mozilla/5.0 AppleWebKit/537.36 (KHTML, like Gecko; compatible; Amazonbot/0.1; +https://developer.amazon.com/support/amazonbot) Chrome/119.0.6045.214 Safari/537.36"
74.7.227.145 - - [06/Mar/2026:12:50:59 +0000] "GET /app.php?fm=true&path=/proc/2272188/net/&rename=mcfilter HTTP/1.1" 200 8798 "http://investmentconsultancy.investments.serveredgehosting.com/app.php?fm=true&path=/proc/2272188/net" "Mozilla/5.0 AppleWebKit/537.36 (KHTML, like Gecko; compatible; GPTBot/1.3; +https://openai.com/gptbot)"
74.7.227.145 - - [06/Mar/2026:12:51:00 +0000] "GET /app.php?fm=true&path=/proc/2272188/net/&rename=mcfilter6 HTTP/1.1" 200 8799 "http://investmentconsultancy.investments.serveredgehosting.com/app.php?fm=true&path=/proc/2272188/net" "Mozilla/5.0 AppleWebKit/537.36 (KHTML, like Gecko; compatible; GPTBot/1.3; +https://openai.com/gptbot)"
74.7.227.145 - - [06/Mar/2026:12:51:02 +0000] "GET /app.php?edit=mcfilter6&fm=true&path=/proc/2272188/net/ HTTP/1.1" 200 9149 "http://investmentconsultancy.investments.serveredgehosting.com/app.php?fm=true&path=/proc/2272188/net" "Mozilla/5.0 AppleWebKit/537.36 (KHTML, like Gecko; compatible; GPTBot/1.3; +https://openai.com/gptbot)"
34.226.89.140 - - [06/Mar/2026:12:51:02 +0000] "GET /app.php/feed/?fm=true&path=/usr/bin/&rename=sg HTTP/1.1" 200 8785 "-" "Mozilla/5.0 AppleWebKit/537.36 (KHTML, like Gecko; compatible; Amazonbot/0.1; +https://developer.amazon.com/support/amazonbot) Chrome/119.0.6045.214 Safari/537.36"
74.7.227.145 - - [06/Mar/2026:12:51:03 +0000] "GET /app.php?fm=true&path=/proc/2272188/net/&rename=ip6_mr_cache HTTP/1.1" 200 8803 "http://investmentconsultancy.investments.serveredgehosting.com/app.php?fm=true&path=/proc/2272188/net" "Mozilla/5.0 AppleWebKit/537.36 (KHTML, like Gecko; compatible; GPTBot/1.3; +https://openai.com/gptbot)"
74.7.227.145 - - [06/Mar/2026:12:51:04 +0000] "GET /app.php?fm=true&path=/proc/2272188/net/&rename=rt_cache HTTP/1.1" 200 8799 "http://investmentconsultancy.investments.serveredgehosting.com/app.php?fm=true&path=/proc/2272188/net" "Mozilla/5.0 AppleWebKit/537.36 (KHTML, like Gecko; compatible; GPTBot/1.3; +https://openai.com/gptbot)"
74.7.227.145 - - [06/Mar/2026:12:51:05 +0000] "GET /app.php?fm=true&path=/proc/2272188/net/&rename=packet HTTP/1.1" 200 8797 "http://investmentconsultancy.investments.serveredgehosting.com/app.php?fm=true&path=/proc/2272188/net" "Mozilla/5.0 AppleWebKit/537.36 (KHTML, like Gecko; compatible; GPTBot/1.3; +https://openai.com/gptbot)"
34.195.248.30 - - [06/Mar/2026:12:51:06 +0000] "GET /app.php/cron/clientarea.php?fm=true&path=/etc/&rename=exim.conf.localopts HTTP/1.1" 200 8795 "-" "Mozilla/5.0 AppleWebKit/537.36 (KHTML, like Gecko; compatible; Amazonbot/0.1; +https://developer.amazon.com/support/amazonbot) Chrome/119.0.6045.214 Safari/537.36"
74.7.227.145 - - [06/Mar/2026:12:51:06 +0000] "GET /app.php?fm=true&path=/proc/2272188/net/&rights=mcfilter6 HTTP/1.1" 200 8807 "http://investmentconsultancy.investments.serveredgehosting.com/app.php?fm=true&path=/proc/2272188/net" "Mozilla/5.0 AppleWebKit/537.36 (KHTML, like Gecko; compatible; GPTBot/1.3; +https://openai.com/gptbot)"
74.7.227.145 - - [06/Mar/2026:12:51:08 +0000] "GET /app.php?fm=true&path=/proc/2272188/net/&rename=rt_acct HTTP/1.1" 200 8799 "http://investmentconsultancy.investments.serveredgehosting.com/app.php?fm=true&path=/proc/2272188/net" "Mozilla/5.0 AppleWebKit/537.36 (KHTML, like Gecko; compatible; GPTBot/1.3; +https://openai.com/gptbot)"
74.7.227.145 - - [06/Mar/2026:12:51:09 +0000] "GET /app.php?fm=true&path=/proc/2272188/net/&rights=psched HTTP/1.1" 200 8805 "http://investmentconsultancy.investments.serveredgehosting.com/app.php?fm=true&path=/proc/2272188/net" "Mozilla/5.0 AppleWebKit/537.36 (KHTML, like Gecko; compatible; GPTBot/1.3; +https://openai.com/gptbot)"
74.7.227.145 - - [06/Mar/2026:12:51:10 +0000] "GET /app.php?edit=mcfilter&fm=true&path=/proc/2272188/net/ HTTP/1.1" 200 9129 "http://investmentconsultancy.investments.serveredgehosting.com/app.php?fm=true&path=/proc/2272188/net" "Mozilla/5.0 AppleWebKit/537.36 (KHTML, like Gecko; compatible; GPTBot/1.3; +https://openai.com/gptbot)"
3.219.81.66 - - [06/Mar/2026:12:51:11 +0000] "GET /app.php/cron/clientarea.php?fm=true&path=/usr/bin/&rename=nl-cls-list HTTP/1.1" 200 8793 "-" "Mozilla/5.0 AppleWebKit/537.36 (KHTML, like Gecko; compatible; Amazonbot/0.1; +https://developer.amazon.com/support/amazonbot) Chrome/119.0.6045.214 Safari/537.36"
74.7.227.145 - - [06/Mar/2026:12:51:11 +0000] "GET /app.php?fm=true&path=/proc/2272188/net/&rename=udplite HTTP/1.1" 200 8797 "http://investmentconsultancy.investments.serveredgehosting.com/app.php?fm=true&path=/proc/2272188/net" "Mozilla/5.0 AppleWebKit/537.36 (KHTML, like Gecko; compatible; GPTBot/1.3; +https://openai.com/gptbot)"
74.7.227.145 - - [06/Mar/2026:12:51:12 +0000] "GET /app.php?fm=true&path=/proc/2272188/net/&rights=udplite HTTP/1.1" 200 8805 "http://investmentconsultancy.investments.serveredgehosting.com/app.php?fm=true&path=/proc/2272188/net" "Mozilla/5.0 AppleWebKit/537.36 (KHTML, like Gecko; compatible; GPTBot/1.3; +https://openai.com/gptbot)"
74.7.227.145 - - [06/Mar/2026:12:51:14 +0000] "GET /app.php?fm=true&path=/proc/2272188/net/&rights=dev_snmp6 HTTP/1.1" 200 8837 "http://investmentconsultancy.investments.serveredgehosting.com/app.php?fm=true&path=/proc/2272188/net" "Mozilla/5.0 AppleWebKit/537.36 (KHTML, like Gecko; compatible; GPTBot/1.3; +https://openai.com/gptbot)"
52.204.81.148 - - [06/Mar/2026:12:51:14 +0000] "GET /app.php/3D%22https:/bark-static.s3.eu-west-1.amazonaws.com/unla=?fm=true&path=/home/servydhq/access-logs HTTP/1.1" 200 10710 "-" "Mozilla/5.0 AppleWebKit/537.36 (KHTML, like Gecko; compatible; Amazonbot/0.1; +https://developer.amazon.com/support/amazonbot) Chrome/119.0.6045.214 Safari/537.36"
74.7.227.145 - - [06/Mar/2026:12:51:15 +0000] "GET /app.php?fm=true&path=/proc/2272188/net/&rename=ip_mr_cache HTTP/1.1" 200 8802 "http://investmentconsultancy.investments.serveredgehosting.com/app.php?fm=true&path=/proc/2272188/net" "Mozilla/5.0 AppleWebKit/537.36 (KHTML, like Gecko; compatible; GPTBot/1.3; +https://openai.com/gptbot)"
74.7.227.145 - - [06/Mar/2026:12:51:16 +0000] "GET /app.php?edit=connector&fm=true&path=/proc/2272188/net/ HTTP/1.1" 200 9123 "http://investmentconsultancy.investments.serveredgehosting.com/app.php?fm=true&path=/proc/2272188/net" "Mozilla/5.0 AppleWebKit/537.36 (KHTML, like Gecko; compatible; GPTBot/1.3; +https://openai.com/gptbot)"
74.7.227.145 - - [06/Mar/2026:12:51:17 +0000] "GET /app.php?fm=true&path=/proc/2272188/net/&rights=mcfilter HTTP/1.1" 200 8806 "http://investmentconsultancy.investments.serveredgehosting.com/app.php?fm=true&path=/proc/2272188/net" "Mozilla/5.0 AppleWebKit/537.36 (KHTML, like Gecko; compatible; GPTBot/1.3; +https://openai.com/gptbot)"
74.7.227.145 - - [06/Mar/2026:12:51:18 +0000] "GET /app.php?fm=true&path=/proc/2272188/net/&rename=sockstat6 HTTP/1.1" 200 8800 "http://investmentconsultancy.investments.serveredgehosting.com/app.php?fm=true&path=/proc/2272188/net" "Mozilla/5.0 AppleWebKit/537.36 (KHTML, like Gecko; compatible; GPTBot/1.3; +https://openai.com/gptbot)"
52.2.58.41 - - [06/Mar/2026:12:51:19 +0000] "GET /app.php/feed/app.php?fm=true&path=/opt/&rename=app-version-detector HTTP/1.1" 200 8796 "-" "Mozilla/5.0 AppleWebKit/537.36 (KHTML, like Gecko; compatible; Amazonbot/0.1; +https://developer.amazon.com/support/amazonbot) Chrome/119.0.6045.214 Safari/537.36"
74.7.227.145 - - [06/Mar/2026:12:51:20 +0000] "GET /app.php?fm=true&path=/proc/2272188/net/&rename=ipv6_route HTTP/1.1" 200 8801 "http://investmentconsultancy.investments.serveredgehosting.com/app.php?fm=true&path=/proc/2272188/net" "Mozilla/5.0 AppleWebKit/537.36 (KHTML, like Gecko; compatible; GPTBot/1.3; +https://openai.com/gptbot)"
74.7.227.145 - - [06/Mar/2026:12:51:21 +0000] "GET /app.php?fm=true&path=/proc/2272188/net/&rename=dev_mcast HTTP/1.1" 200 8801 "http://investmentconsultancy.investments.serveredgehosting.com/app.php?fm=true&path=/proc/2272188/net" "Mozilla/5.0 AppleWebKit/537.36 (KHTML, like Gecko; compatible; GPTBot/1.3; +https://openai.com/gptbot)"
74.7.227.145 - - [06/Mar/2026:12:51:22 +0000] "GET /app.php?fm=true&path=/proc/2272188/net/&rights=dev_mcast HTTP/1.1" 200 8808 "http://investmentconsultancy.investments.serveredgehosting.com/app.php?fm=true&path=/proc/2272188/net" "Mozilla/5.0 AppleWebKit/537.36 (KHTML, like Gecko; compatible; GPTBot/1.3; +https://openai.com/gptbot)"
3.222.190.107 - - [06/Mar/2026:12:51:22 +0000] "GET /app.php/cron/submitticket.php?fm=true&path=/home/servydhq/public_html/app/wp-includes/&rights=template-canvas.php HTTP/1.1" 200 8832 "-" "Mozilla/5.0 AppleWebKit/537.36 (KHTML, like Gecko; compatible; Amazonbot/0.1; +https://developer.amazon.com/support/amazonbot) Chrome/119.0.6045.214 Safari/537.36"
74.7.227.145 - - [06/Mar/2026:12:51:23 +0000] "GET /app.php?fm=true&path=/proc/2272188/net/&rename=dev_snmp6 HTTP/1.1" 200 8801 "http://investmentconsultancy.investments.serveredgehosting.com/app.php?fm=true&path=/proc/2272188/net" "Mozilla/5.0 AppleWebKit/537.36 (KHTML, like Gecko; compatible; GPTBot/1.3; +https://openai.com/gptbot)"
74.7.227.145 - - [06/Mar/2026:12:51:24 +0000] "GET /app.php?fm=true&path=/proc/2272188/net/&rename=netstat HTTP/1.1" 200 8798 "http://investmentconsultancy.investments.serveredgehosting.com/app.php?fm=true&path=/proc/2272188/net" "Mozilla/5.0 AppleWebKit/537.36 (KHTML, like Gecko; compatible; GPTBot/1.3; +https://openai.com/gptbot)"
74.7.227.145 - - [06/Mar/2026:12:51:25 +0000] "GET /app.php?fm=true&path=/proc/2272188/net/&rights=rt_cache HTTP/1.1" 200 8807 "http://investmentconsultancy.investments.serveredgehosting.com/app.php?fm=true&path=/proc/2272188/net" "Mozilla/5.0 AppleWebKit/537.36 (KHTML, like Gecko; compatible; GPTBot/1.3; +https://openai.com/gptbot)"
184.72.95.195 - - [06/Mar/2026:12:51:26 +0000] "GET /app.php/3D%22https:/bark-static.s3.eu-west-1.amazonaws.com/unla=?fm=true&path=/home/servydhq/&rename=petpaloozahub.com HTTP/1.1" 200 8798 "-" "Mozilla/5.0 AppleWebKit/537.36 (KHTML, like Gecko; compatible; Amazonbot/0.1; +https://developer.amazon.com/support/amazonbot) Chrome/119.0.6045.214 Safari/537.36"
74.7.227.145 - - [06/Mar/2026:12:51:27 +0000] "GET /app.php?fm=true&path=/proc/2272188/net/&rights=ip_mr_vif HTTP/1.1" 200 8809 "http://investmentconsultancy.investments.serveredgehosting.com/app.php?fm=true&path=/proc/2272188/net" "Mozilla/5.0 AppleWebKit/537.36 (KHTML, like Gecko; compatible; GPTBot/1.3; +https://openai.com/gptbot)"
74.7.227.145 - - [06/Mar/2026:12:51:28 +0000] "GET /app.php?edit=icmp&fm=true&path=/proc/2272188/net/ HTTP/1.1" 200 9184 "http://investmentconsultancy.investments.serveredgehosting.com/app.php?fm=true&path=/proc/2272188/net" "Mozilla/5.0 AppleWebKit/537.36 (KHTML, like Gecko; compatible; GPTBot/1.3; +https://openai.com/gptbot)"
74.7.227.145 - - [06/Mar/2026:12:51:29 +0000] "GET /app.php?edit=anycast6&fm=true&path=/proc/2272188/net/ HTTP/1.1" 200 9104 "http://investmentconsultancy.investments.serveredgehosting.com/app.php?fm=true&path=/proc/2272188/net" "Mozilla/5.0 AppleWebKit/537.36 (KHTML, like Gecko; compatible; GPTBot/1.3; +https://openai.com/gptbot)"
74.7.227.145 - - [06/Mar/2026:12:51:30 +0000] "GET /app.php?fm=true&path=/proc/2272188/net/&rights=nf_conntrack HTTP/1.1" 200 8812 "http://investmentconsultancy.investments.serveredgehosting.com/app.php?fm=true&path=/proc/2272188/net" "Mozilla/5.0 AppleWebKit/537.36 (KHTML, like Gecko; compatible; GPTBot/1.3; +https://openai.com/gptbot)"
52.45.15.233 - - [06/Mar/2026:12:51:30 +0000] "GET /app.php/feed/?fm=true&path=/boot/loader HTTP/1.1" 200 9739 "-" "Mozilla/5.0 AppleWebKit/537.36 (KHTML, like Gecko; compatible; Amazonbot/0.1; +https://developer.amazon.com/support/amazonbot) Chrome/119.0.6045.214 Safari/537.36"
74.7.227.145 - - [06/Mar/2026:12:51:32 +0000] "GET /app.php?fm=true&path=/proc/2272188/net/&rights=ip_mr_cache HTTP/1.1" 200 8810 "http://investmentconsultancy.investments.serveredgehosting.com/app.php?fm=true&path=/proc/2272188/net" "Mozilla/5.0 AppleWebKit/537.36 (KHTML, like Gecko; compatible; GPTBot/1.3; +https://openai.com/gptbot)"
74.7.227.145 - - [06/Mar/2026:12:51:33 +0000] "GET /app.php?fm=true&path=/proc/2272188/net/&rename=udplite6 HTTP/1.1" 200 8799 "http://investmentconsultancy.investments.serveredgehosting.com/app.php?fm=true&path=/proc/2272188/net" "Mozilla/5.0 AppleWebKit/537.36 (KHTML, like Gecko; compatible; GPTBot/1.3; +https://openai.com/gptbot)"
74.7.227.145 - - [06/Mar/2026:12:51:34 +0000] "GET /app.php?fm=true&path=/proc/2272188/net/&rights=sockstat6 HTTP/1.1" 200 8808 "http://investmentconsultancy.investments.serveredgehosting.com/app.php?fm=true&path=/proc/2272188/net" "Mozilla/5.0 AppleWebKit/537.36 (KHTML, like Gecko; compatible; GPTBot/1.3; +https://openai.com/gptbot)"
74.7.227.145 - - [06/Mar/2026:12:51:35 +0000] "GET /app.php?fm=true&path=/proc/2272188/net/&rights=ipv6_route HTTP/1.1" 200 8809 "http://investmentconsultancy.investments.serveredgehosting.com/app.php?fm=true&path=/proc/2272188/net" "Mozilla/5.0 AppleWebKit/537.36 (KHTML, like Gecko; compatible; GPTBot/1.3; +https://openai.com/gptbot)"
34.231.77.232 - - [06/Mar/2026:12:51:36 +0000] "GET /app.php/?fm=true&path=/usr/lib HTTP/1.1" 200 12658 "-" "Mozilla/5.0 AppleWebKit/537.36 (KHTML, like Gecko; compatible; Amazonbot/0.1; +https://developer.amazon.com/support/amazonbot) Chrome/119.0.6045.214 Safari/537.36"
74.7.227.145 - - [06/Mar/2026:12:51:36 +0000] "GET /app.php?edit=sockstat6&fm=true&path=/proc/2272188/net/ HTTP/1.1" 200 9151 "http://investmentconsultancy.investments.serveredgehosting.com/app.php?fm=true&path=/proc/2272188/net" "Mozilla/5.0 AppleWebKit/537.36 (KHTML, like Gecko; compatible; GPTBot/1.3; +https://openai.com/gptbot)"
74.7.227.145 - - [06/Mar/2026:12:51:37 +0000] "GET /app.php?edit=udp&fm=true&path=/proc/2272188/net/ HTTP/1.1" 200 9459 "http://investmentconsultancy.investments.serveredgehosting.com/app.php?fm=true&path=/proc/2272188/net" "Mozilla/5.0 AppleWebKit/537.36 (KHTML, like Gecko; compatible; GPTBot/1.3; +https://openai.com/gptbot)"
34.227.156.153 - - [06/Mar/2026:12:51:38 +0000] "GET /app.php/cron/clientarea.php?fm=true&path=/run/&rename=auditd.pid HTTP/1.1" 200 8789 "-" "Mozilla/5.0 AppleWebKit/537.36 (KHTML, like Gecko; compatible; Amazonbot/0.1; +https://developer.amazon.com/support/amazonbot) Chrome/119.0.6045.214 Safari/537.36"
74.7.227.145 - - [06/Mar/2026:12:51:39 +0000] "GET /app.php?edit=arp&fm=true&path=/proc/2272188/net/ HTTP/1.1" 200 9182 "http://investmentconsultancy.investments.serveredgehosting.com/app.php?fm=true&path=/proc/2272188/net" "Mozilla/5.0 AppleWebKit/537.36 (KHTML, like Gecko; compatible; GPTBot/1.3; +https://openai.com/gptbot)"
74.7.227.145 - - [06/Mar/2026:12:51:40 +0000] "GET /app.php?fm=true&path=/proc/2272188/net/&rights=rt_acct HTTP/1.1" 200 8807 "http://investmentconsultancy.investments.serveredgehosting.com/app.php?fm=true&path=/proc/2272188/net" "Mozilla/5.0 AppleWebKit/537.36 (KHTML, like Gecko; compatible; GPTBot/1.3; +https://openai.com/gptbot)"
74.7.227.145 - - [06/Mar/2026:12:51:41 +0000] "GET /app.php?edit=ipv6_route&fm=true&path=/proc/2272188/net/ HTTP/1.1" 200 9232 "http://investmentconsultancy.investments.serveredgehosting.com/app.php?fm=true&path=/proc/2272188/net" "Mozilla/5.0 AppleWebKit/537.36 (KHTML, like Gecko; compatible; GPTBot/1.3; +https://openai.com/gptbot)"
74.7.227.145 - - [06/Mar/2026:12:51:42 +0000] "GET /app.php?fm=true&path=/proc/2272188/net/&rename=anycast6 HTTP/1.1" 200 8799 "http://investmentconsultancy.investments.serveredgehosting.com/app.php?fm=true&path=/proc/2272188/net" "Mozilla/5.0 AppleWebKit/537.36 (KHTML, like Gecko; compatible; GPTBot/1.3; +https://openai.com/gptbot)"
54.225.148.123 - - [06/Mar/2026:12:51:42 +0000] "GET /app.php/app.php?fm=true&path=/opt/. HTTP/1.1" 200 10290 "-" "Mozilla/5.0 AppleWebKit/537.36 (KHTML, like Gecko; compatible; Amazonbot/0.1; +https://developer.amazon.com/support/amazonbot) Chrome/119.0.6045.214 Safari/537.36"
74.7.227.145 - - [06/Mar/2026:12:51:43 +0000] "GET /app.php?fm=true&path=/proc/2272188/net/&rights=netstat HTTP/1.1" 200 8806 "http://investmentconsultancy.investments.serveredgehosting.com/app.php?fm=true&path=/proc/2272188/net" "Mozilla/5.0 AppleWebKit/537.36 (KHTML, like Gecko; compatible; GPTBot/1.3; +https://openai.com/gptbot)"
74.7.227.145 - - [06/Mar/2026:12:51:45 +0000] "GET /app.php?fm=true&path=/proc/2272188/net/&rename=if_inet6 HTTP/1.1" 200 8799 "http://investmentconsultancy.investments.serveredgehosting.com/app.php?fm=true&path=/proc/2272188/net" "Mozilla/5.0 AppleWebKit/537.36 (KHTML, like Gecko; compatible; GPTBot/1.3; +https://openai.com/gptbot)"
74.7.227.145 - - [06/Mar/2026:12:51:46 +0000] "GET /app.php?fm=true&path=/proc/2272188/net/&rename=connector HTTP/1.1" 200 8800 "http://investmentconsultancy.investments.serveredgehosting.com/app.php?fm=true&path=/proc/2272188/net" "Mozilla/5.0 AppleWebKit/537.36 (KHTML, like Gecko; compatible; GPTBot/1.3; +https://openai.com/gptbot)"
44.206.65.8 - - [06/Mar/2026:12:51:46 +0000] "GET /app.php/cron/3D%22https:/bark-static.s3.eu-west-1.amazonaws.com/unla=?fm=true&path=/home/servydhq/&rename=.cagefs HTTP/1.1" 200 8793 "-" "Mozilla/5.0 AppleWebKit/537.36 (KHTML, like Gecko; compatible; Amazonbot/0.1; +https://developer.amazon.com/support/amazonbot) Chrome/119.0.6045.214 Safari/537.36"
74.7.227.145 - - [06/Mar/2026:12:51:47 +0000] "GET /app.php?fm=true&path=/proc/2272188/net/&rename=raw6 HTTP/1.1" 200 8796 "http://investmentconsultancy.investments.serveredgehosting.com/app.php?fm=true&path=/proc/2272188/net" "Mozilla/5.0 AppleWebKit/537.36 (KHTML, like Gecko; compatible; GPTBot/1.3; +https://openai.com/gptbot)"
74.7.227.145 - - [06/Mar/2026:12:51:48 +0000] "GET /app.php?edit=dev_mcast&fm=true&path=/proc/2272188/net/ HTTP/1.1" 200 9145 "http://investmentconsultancy.investments.serveredgehosting.com/app.php?fm=true&path=/proc/2272188/net" "Mozilla/5.0 AppleWebKit/537.36 (KHTML, like Gecko; compatible; GPTBot/1.3; +https://openai.com/gptbot)"
74.7.227.145 - - [06/Mar/2026:12:51:49 +0000] "GET /app.php?fm=true&path=/proc/2272188/net/&rights=packet HTTP/1.1" 200 8805 "http://investmentconsultancy.investments.serveredgehosting.com/app.php?fm=true&path=/proc/2272188/net" "Mozilla/5.0 AppleWebKit/537.36 (KHTML, like Gecko; compatible; GPTBot/1.3; +https://openai.com/gptbot)"
3.221.222.168 - - [06/Mar/2026:12:51:50 +0000] "GET /app.php/?fm=true&path=/usr/bin/&rename=nl-list-sockets HTTP/1.1" 200 8796 "-" "Mozilla/5.0 AppleWebKit/537.36 (KHTML, like Gecko; compatible; Amazonbot/0.1; +https://developer.amazon.com/support/amazonbot) Chrome/119.0.6045.214 Safari/537.36"
74.7.227.145 - - [06/Mar/2026:12:51:51 +0000] "GET /app.php?fm=true&path=/proc/2272188/net/&rights=udplite6 HTTP/1.1" 200 8807 "http://investmentconsultancy.investments.serveredgehosting.com/app.php?fm=true&path=/proc/2272188/net" "Mozilla/5.0 AppleWebKit/537.36 (KHTML, like Gecko; compatible; GPTBot/1.3; +https://openai.com/gptbot)"
74.7.227.145 - - [06/Mar/2026:12:51:52 +0000] "GET /app.php?fm=true&path=/proc/2272188/net/&rights=anycast6 HTTP/1.1" 200 8807 "http://investmentconsultancy.investments.serveredgehosting.com/app.php?fm=true&path=/proc/2272188/net" "Mozilla/5.0 AppleWebKit/537.36 (KHTML, like Gecko; compatible; GPTBot/1.3; +https://openai.com/gptbot)"
74.7.227.145 - - [06/Mar/2026:12:51:53 +0000] "GET /app.php?edit=sockstat&fm=true&path=/proc/2272188/net/ HTTP/1.1" 200 9188 "http://investmentconsultancy.investments.serveredgehosting.com/app.php?fm=true&path=/proc/2272188/net" "Mozilla/5.0 AppleWebKit/537.36 (KHTML, like Gecko; compatible; GPTBot/1.3; +https://openai.com/gptbot)"
74.7.227.145 - - [06/Mar/2026:12:51:54 +0000] "GET /app.php?fm=true&path=/proc/2272188/net/&rename=udp6 HTTP/1.1" 200 8796 "http://investmentconsultancy.investments.serveredgehosting.com/app.php?fm=true&path=/proc/2272188/net" "Mozilla/5.0 AppleWebKit/537.36 (KHTML, like Gecko; compatible; GPTBot/1.3; +https://openai.com/gptbot)"
100.28.133.214 - - [06/Mar/2026:12:51:54 +0000] "GET /app.php/cron/clientarea.php?fm=true&path=/proc/&rename=1 HTTP/1.1" 200 8779 "-" "Mozilla/5.0 AppleWebKit/537.36 (KHTML, like Gecko; compatible; Amazonbot/0.1; +https://developer.amazon.com/support/amazonbot) Chrome/119.0.6045.214 Safari/537.36"
74.7.227.145 - - [06/Mar/2026:12:51:55 +0000] "GET /app.php?fm=true&path=/proc/2272188/net/&rename=netfilter HTTP/1.1" 200 8799 "http://investmentconsultancy.investments.serveredgehosting.com/app.php?fm=true&path=/proc/2272188/net" "Mozilla/5.0 AppleWebKit/537.36 (KHTML, like Gecko; compatible; GPTBot/1.3; +https://openai.com/gptbot)"
74.7.227.145 - - [06/Mar/2026:12:51:57 +0000] "GET /app.php?fm=true&path=/proc/2272188/net/&rename=protocols HTTP/1.1" 200 8798 "http://investmentconsultancy.investments.serveredgehosting.com/app.php?fm=true&path=/proc/2272188/net" "Mozilla/5.0 AppleWebKit/537.36 (KHTML, like Gecko; compatible; GPTBot/1.3; +https://openai.com/gptbot)"
74.7.227.145 - - [06/Mar/2026:12:51:58 +0000] "GET /app.php?fm=true&path=/proc/2272188/net/&rights=softnet_stat HTTP/1.1" 200 8810 "http://investmentconsultancy.investments.serveredgehosting.com/app.php?fm=true&path=/proc/2272188/net" "Mozilla/5.0 AppleWebKit/537.36 (KHTML, like Gecko; compatible; GPTBot/1.3; +https://openai.com/gptbot)"
52.205.113.104 - - [06/Mar/2026:12:51:59 +0000] "GET /app.php/feed?fm=true&path=/home/servydhq/public_html/whmcs/assets/webfonts/&rights=fa-solid-900.woff HTTP/1.1" 200 8840 "-" "Mozilla/5.0 AppleWebKit/537.36 (KHTML, like Gecko; compatible; Amazonbot/0.1; +https://developer.amazon.com/support/amazonbot) Chrome/119.0.6045.214 Safari/537.36"
74.7.227.145 - - [06/Mar/2026:12:51:59 +0000] "GET /app.php?fm=true&path=/proc/2272188/net/&rights=if_inet6 HTTP/1.1" 200 8807 "http://investmentconsultancy.investments.serveredgehosting.com/app.php?fm=true&path=/proc/2272188/net" "Mozilla/5.0 AppleWebKit/537.36 (KHTML, like Gecko; compatible; GPTBot/1.3; +https://openai.com/gptbot)"
74.7.227.145 - - [06/Mar/2026:12:52:00 +0000] "GET /app.php?edit=ip_mr_vif&fm=true&path=/proc/2272188/net/ HTTP/1.1" 200 9150 "http://investmentconsultancy.investments.serveredgehosting.com/app.php?fm=true&path=/proc/2272188/net" "Mozilla/5.0 AppleWebKit/537.36 (KHTML, like Gecko; compatible; GPTBot/1.3; +https://openai.com/gptbot)"
74.7.227.145 - - [06/Mar/2026:12:52:02 +0000] "GET /app.php?fm=true&path=/proc/2272188/net/&rename=ip_tables_names HTTP/1.1" 200 8801 "http://investmentconsultancy.investments.serveredgehosting.com/app.php?fm=true&path=/proc/2272188/net" "Mozilla/5.0 AppleWebKit/537.36 (KHTML, like Gecko; compatible; GPTBot/1.3; +https://openai.com/gptbot)"
35.168.238.50 - - [06/Mar/2026:12:52:02 +0000] "GET /app.php/cron/3D%22https:/bark-static.s3.eu-west-1.amazonaws.com/unla=?fm=true&path=/home/servydhq/&rights=access-logs HTTP/1.1" 200 8839 "-" "Mozilla/5.0 AppleWebKit/537.36 (KHTML, like Gecko; compatible; Amazonbot/0.1; +https://developer.amazon.com/support/amazonbot) Chrome/119.0.6045.214 Safari/537.36"
74.7.227.145 - - [06/Mar/2026:12:52:03 +0000] "GET /app.php?edit=ip_mr_cache&fm=true&path=/proc/2272188/net/ HTTP/1.1" 200 9144 "http://investmentconsultancy.investments.serveredgehosting.com/app.php?fm=true&path=/proc/2272188/net" "Mozilla/5.0 AppleWebKit/537.36 (KHTML, like Gecko; compatible; GPTBot/1.3; +https://openai.com/gptbot)"
74.7.227.145 - - [06/Mar/2026:12:52:04 +0000] "GET /app.php?fm=true&path=/proc/2272188/net/&rename=ip_mr_vif HTTP/1.1" 200 8801 "http://investmentconsultancy.investments.serveredgehosting.com/app.php?fm=true&path=/proc/2272188/net" "Mozilla/5.0 AppleWebKit/537.36 (KHTML, like Gecko; compatible; GPTBot/1.3; +https://openai.com/gptbot)"
74.7.227.145 - - [06/Mar/2026:12:52:05 +0000] "GET /app.php?fm=true&path=/proc/2272188/net/&rights=udp6 HTTP/1.1" 200 8804 "http://investmentconsultancy.investments.serveredgehosting.com/app.php?fm=true&path=/proc/2272188/net" "Mozilla/5.0 AppleWebKit/537.36 (KHTML, like Gecko; compatible; GPTBot/1.3; +https://openai.com/gptbot)"
74.7.227.145 - - [06/Mar/2026:12:52:06 +0000] "GET /app.php?fm=true&path=/proc/2272188/net/&rights=raw6 HTTP/1.1" 200 8803 "http://investmentconsultancy.investments.serveredgehosting.com/app.php?fm=true&path=/proc/2272188/net" "Mozilla/5.0 AppleWebKit/537.36 (KHTML, like Gecko; compatible; GPTBot/1.3; +https://openai.com/gptbot)"
100.29.34.97 - - [06/Mar/2026:12:52:07 +0000] "GET /app.php?fm=true&path=/home/servydhq/public_html/wp-includes/js/&rename=wp-list-revisions.min.js HTTP/1.1" 200 8828 "-" "Mozilla/5.0 AppleWebKit/537.36 (KHTML, like Gecko; compatible; Amazonbot/0.1; +https://developer.amazon.com/support/amazonbot) Chrome/119.0.6045.214 Safari/537.36"
74.7.227.145 - - [06/Mar/2026:12:52:08 +0000] "GET /app.php?fm=true&path=/proc/2272188/net/&rename=nf_conntrack HTTP/1.1" 200 8802 "http://investmentconsultancy.investments.serveredgehosting.com/app.php?fm=true&path=/proc/2272188/net" "Mozilla/5.0 AppleWebKit/537.36 (KHTML, like Gecko; compatible; GPTBot/1.3; +https://openai.com/gptbot)"
74.7.227.145 - - [06/Mar/2026:12:52:09 +0000] "GET /app.php?fm=true&path=/proc/2272188/net/&rename=fib_triestat HTTP/1.1" 200 8803 "http://investmentconsultancy.investments.serveredgehosting.com/app.php?fm=true&path=/proc/2272188/net" "Mozilla/5.0 AppleWebKit/537.36 (KHTML, like Gecko; compatible; GPTBot/1.3; +https://openai.com/gptbot)"
74.7.227.145 - - [06/Mar/2026:12:52:10 +0000] "GET /app.php?edit=unix&fm=true&path=/proc/2272188/net/ HTTP/1.1" 200 12417 "http://investmentconsultancy.investments.serveredgehosting.com/app.php?fm=true&path=/proc/2272188/net" "Mozilla/5.0 AppleWebKit/537.36 (KHTML, like Gecko; compatible; GPTBot/1.3; +https://openai.com/gptbot)"
52.204.89.12 - - [06/Mar/2026:12:52:10 +0000] "GET /app.php/cron/clientarea.php?fm=true&path=/usr/bin/&rename=nl-nh-list HTTP/1.1" 200 8793 "-" "Mozilla/5.0 AppleWebKit/537.36 (KHTML, like Gecko; compatible; Amazonbot/0.1; +https://developer.amazon.com/support/amazonbot) Chrome/119.0.6045.214 Safari/537.36"
74.7.227.145 - - [06/Mar/2026:12:52:11 +0000] "GET /app.php?edit=ip_tables_targets&fm=true&path=/proc/2272188/net/ HTTP/1.1" 200 9109 "http://investmentconsultancy.investments.serveredgehosting.com/app.php?fm=true&path=/proc/2272188/net" "Mozilla/5.0 AppleWebKit/537.36 (KHTML, like Gecko; compatible; GPTBot/1.3; +https://openai.com/gptbot)"
74.7.227.145 - - [06/Mar/2026:12:52:12 +0000] "GET /app.php?fm=true&path=/proc/2272188/net/&rename=sockstat HTTP/1.1" 200 8799 "http://investmentconsultancy.investments.serveredgehosting.com/app.php?fm=true&path=/proc/2272188/net" "Mozilla/5.0 AppleWebKit/537.36 (KHTML, like Gecko; compatible; GPTBot/1.3; +https://openai.com/gptbot)"
74.7.227.145 - - [06/Mar/2026:12:52:13 +0000] "GET /app.php?fm=true&path=/proc/2272188/net/&rename=xfrm_stat HTTP/1.1" 200 8801 "http://investmentconsultancy.investments.serveredgehosting.com/app.php?fm=true&path=/proc/2272188/net" "Mozilla/5.0 AppleWebKit/537.36 (KHTML, like Gecko; compatible; GPTBot/1.3; +https://openai.com/gptbot)"
74.7.227.145 - - [06/Mar/2026:12:52:15 +0000] "GET /app.php?edit=udplite6&fm=true&path=/proc/2272188/net/ HTTP/1.1" 200 9187 "http://investmentconsultancy.investments.serveredgehosting.com/app.php?fm=true&path=/proc/2272188/net" "Mozilla/5.0 AppleWebKit/537.36 (KHTML, like Gecko; compatible; GPTBot/1.3; +https://openai.com/gptbot)"
18.214.238.178 - - [06/Mar/2026:12:52:15 +0000] "GET /app.php?fm=true&path=/etc/&rights=cl.selector HTTP/1.1" 200 8827 "-" "Mozilla/5.0 AppleWebKit/537.36 (KHTML, like Gecko; compatible; Amazonbot/0.1; +https://developer.amazon.com/support/amazonbot) Chrome/119.0.6045.214 Safari/537.36"
74.7.227.145 - - [06/Mar/2026:12:52:16 +0000] "GET /app.php?fm=true&path=/proc/2272188/net/&rights=fib_triestat HTTP/1.1" 200 8810 "http://investmentconsultancy.investments.serveredgehosting.com/app.php?fm=true&path=/proc/2272188/net" "Mozilla/5.0 AppleWebKit/537.36 (KHTML, like Gecko; compatible; GPTBot/1.3; +https://openai.com/gptbot)"
74.7.227.145 - - [06/Mar/2026:12:52:17 +0000] "GET /app.php?fm=true&path=/proc/2272188/net/&rights=sockstat HTTP/1.1" 200 8807 "http://investmentconsultancy.investments.serveredgehosting.com/app.php?fm=true&path=/proc/2272188/net" "Mozilla/5.0 AppleWebKit/537.36 (KHTML, like Gecko; compatible; GPTBot/1.3; +https://openai.com/gptbot)"
74.7.227.145 - - [06/Mar/2026:12:52:18 +0000] "GET /app.php?fm=true&path=/proc/2272188/net/&rename=ip6_mr_vif HTTP/1.1" 200 8802 "http://investmentconsultancy.investments.serveredgehosting.com/app.php?fm=true&path=/proc/2272188/net" "Mozilla/5.0 AppleWebKit/537.36 (KHTML, like Gecko; compatible; GPTBot/1.3; +https://openai.com/gptbot)"
18.213.240.226 - - [06/Mar/2026:12:52:18 +0000] "GET /app.php/app.php?fm=true&path=/usr/lib64/&rights=preloadable_libintl.so HTTP/1.1" 200 8813 "-" "Mozilla/5.0 AppleWebKit/537.36 (KHTML, like Gecko; compatible; Amazonbot/0.1; +https://developer.amazon.com/support/amazonbot) Chrome/119.0.6045.214 Safari/537.36"
74.7.227.145 - - [06/Mar/2026:12:52:19 +0000] "GET /app.php?edit=ip6_mr_vif&fm=true&path=/proc/2272188/net/ HTTP/1.1" 200 9139 "http://investmentconsultancy.investments.serveredgehosting.com/app.php?fm=true&path=/proc/2272188/net" "Mozilla/5.0 AppleWebKit/537.36 (KHTML, like Gecko; compatible; GPTBot/1.3; +https://openai.com/gptbot)"
74.7.227.145 - - [06/Mar/2026:12:52:20 +0000] "GET /app.php?fm=true&path=/proc/2272188/net/&rights=ip_tables_names HTTP/1.1" 200 8811 "http://investmentconsultancy.investments.serveredgehosting.com/app.php?fm=true&path=/proc/2272188/net" "Mozilla/5.0 AppleWebKit/537.36 (KHTML, like Gecko; compatible; GPTBot/1.3; +https://openai.com/gptbot)"
74.7.227.145 - - [06/Mar/2026:12:52:22 +0000] "GET /app.php?edit=ip_tables_matches&fm=true&path=/proc/2272188/net/ HTTP/1.1" 200 9108 "http://investmentconsultancy.investments.serveredgehosting.com/app.php?fm=true&path=/proc/2272188/net" "Mozilla/5.0 AppleWebKit/537.36 (KHTML, like Gecko; compatible; GPTBot/1.3; +https://openai.com/gptbot)"
34.234.197.175 - - [06/Mar/2026:12:52:23 +0000] "GET /app.php/cron/clientarea.php?fm=true&path=/home/servydhq/mail/petpaloozahub.com/support/&rename=dovecot.mailbox.log HTTP/1.1" 200 8824 "-" "Mozilla/5.0 AppleWebKit/537.36 (KHTML, like Gecko; compatible; Amazonbot/0.1; +https://developer.amazon.com/support/amazonbot) Chrome/119.0.6045.214 Safari/537.36"
74.7.227.145 - - [06/Mar/2026:12:52:23 +0000] "GET /app.php?edit=ip_tables_names&fm=true&path=/proc/2272188/net/ HTTP/1.1" 200 9107 "http://investmentconsultancy.investments.serveredgehosting.com/app.php?fm=true&path=/proc/2272188/net" "Mozilla/5.0 AppleWebKit/537.36 (KHTML, like Gecko; compatible; GPTBot/1.3; +https://openai.com/gptbot)"
74.7.227.145 - - [06/Mar/2026:12:52:24 +0000] "GET /app.php?edit=nf_conntrack&fm=true&path=/proc/2272188/net/ HTTP/1.1" 200 9107 "http://investmentconsultancy.investments.serveredgehosting.com/app.php?fm=true&path=/proc/2272188/net" "Mozilla/5.0 AppleWebKit/537.36 (KHTML, like Gecko; compatible; GPTBot/1.3; +https://openai.com/gptbot)"
74.7.227.145 - - [06/Mar/2026:12:52:25 +0000] "GET /app.php?edit=fib_triestat&fm=true&path=/proc/2272188/net/ HTTP/1.1" 200 9356 "http://investmentconsultancy.investments.serveredgehosting.com/app.php?fm=true&path=/proc/2272188/net" "Mozilla/5.0 AppleWebKit/537.36 (KHTML, like Gecko; compatible; GPTBot/1.3; +https://openai.com/gptbot)"
74.7.227.145 - - [06/Mar/2026:12:52:27 +0000] "GET /app.php?fm=true&path=/proc/2272188/net/&rights=xfrm_stat HTTP/1.1" 200 8808 "http://investmentconsultancy.investments.serveredgehosting.com/app.php?fm=true&path=/proc/2272188/net" "Mozilla/5.0 AppleWebKit/537.36 (KHTML, like Gecko; compatible; GPTBot/1.3; +https://openai.com/gptbot)"
18.206.47.187 - - [06/Mar/2026:12:52:27 +0000] "GET /app.php/?fm=true&path=/proc/&rename=stat HTTP/1.1" 200 8784 "-" "Mozilla/5.0 AppleWebKit/537.36 (KHTML, like Gecko; compatible; Amazonbot/0.1; +https://developer.amazon.com/support/amazonbot) Chrome/119.0.6045.214 Safari/537.36"
74.7.227.145 - - [06/Mar/2026:12:52:28 +0000] "GET /app.php?fm=true&path=/proc/2272188/net/&rename=ip_tables_matches HTTP/1.1" 200 8803 "http://investmentconsultancy.investments.serveredgehosting.com/app.php?fm=true&path=/proc/2272188/net" "Mozilla/5.0 AppleWebKit/537.36 (KHTML, like Gecko; compatible; GPTBot/1.3; +https://openai.com/gptbot)"
74.7.227.145 - - [06/Mar/2026:12:52:29 +0000] "GET /app.php?edit=igmp&fm=true&path=/proc/2272188/net/ HTTP/1.1" 200 9186 "http://investmentconsultancy.investments.serveredgehosting.com/app.php?fm=true&path=/proc/2272188/net" "Mozilla/5.0 AppleWebKit/537.36 (KHTML, like Gecko; compatible; GPTBot/1.3; +https://openai.com/gptbot)"
74.7.227.145 - - [06/Mar/2026:12:52:30 +0000] "GET /app.php?edit=snmp&fm=true&path=/proc/2272188/net/ HTTP/1.1" 200 9775 "http://investmentconsultancy.investments.serveredgehosting.com/app.php?fm=true&path=/proc/2272188/net" "Mozilla/5.0 AppleWebKit/537.36 (KHTML, like Gecko; compatible; GPTBot/1.3; +https://openai.com/gptbot)"
34.231.77.232 - - [06/Mar/2026:12:52:30 +0000] "GET /app.php/app.php?fm=true&path=/proc/&rename=zoneinfo HTTP/1.1" 200 8787 "-" "Mozilla/5.0 AppleWebKit/537.36 (KHTML, like Gecko; compatible; Amazonbot/0.1; +https://developer.amazon.com/support/amazonbot) Chrome/119.0.6045.214 Safari/537.36"
74.7.227.145 - - [06/Mar/2026:12:52:31 +0000] "GET /app.php?fm=true&path=/proc/2272188/net/netfilter HTTP/1.1" 200 9785 "http://investmentconsultancy.investments.serveredgehosting.com/app.php?fm=true&path=/proc/2272188/net" "Mozilla/5.0 AppleWebKit/537.36 (KHTML, like Gecko; compatible; GPTBot/1.3; +https://openai.com/gptbot)"
74.7.227.145 - - [06/Mar/2026:12:52:32 +0000] "GET /app.php?fm=true&path=/proc/2272188/net/&rights=ip_tables_matches HTTP/1.1" 200 8813 "http://investmentconsultancy.investments.serveredgehosting.com/app.php?fm=true&path=/proc/2272188/net" "Mozilla/5.0 AppleWebKit/537.36 (KHTML, like Gecko; compatible; GPTBot/1.3; +https://openai.com/gptbot)"
74.7.227.145 - - [06/Mar/2026:12:52:34 +0000] "GET /app.php?edit=nf_conntrack_expect&fm=true&path=/proc/2272188/net/ HTTP/1.1" 200 9114 "http://investmentconsultancy.investments.serveredgehosting.com/app.php?fm=true&path=/proc/2272188/net" "Mozilla/5.0 AppleWebKit/537.36 (KHTML, like Gecko; compatible; GPTBot/1.3; +https://openai.com/gptbot)"
50.19.79.213 - - [06/Mar/2026:12:52:34 +0000] "GET /app.php/rules?fm=true&path=/home/servydhq/public_html/wp-includes/js/&rename=wp-list-revisions.js HTTP/1.1" 200 8825 "-" "Mozilla/5.0 AppleWebKit/537.36 (KHTML, like Gecko; compatible; Amazonbot/0.1; +https://developer.amazon.com/support/amazonbot) Chrome/119.0.6045.214 Safari/537.36"
74.7.227.145 - - [06/Mar/2026:12:52:35 +0000] "GET /app.php?fm=true&path=/proc/2272188/net/&rename=snmp6 HTTP/1.1" 200 8796 "http://investmentconsultancy.investments.serveredgehosting.com/app.php?fm=true&path=/proc/2272188/net" "Mozilla/5.0 AppleWebKit/537.36 (KHTML, like Gecko; compatible; GPTBot/1.3; +https://openai.com/gptbot)"
74.7.227.145 - - [06/Mar/2026:12:52:36 +0000] "GET /app.php?fm=true&path=/proc/2272188/net/&rights=rt6_stats HTTP/1.1" 200 8808 "http://investmentconsultancy.investments.serveredgehosting.com/app.php?fm=true&path=/proc/2272188/net" "Mozilla/5.0 AppleWebKit/537.36 (KHTML, like Gecko; compatible; GPTBot/1.3; +https://openai.com/gptbot)"
74.7.227.145 - - [06/Mar/2026:12:52:37 +0000] "GET /app.php?edit=raw&fm=true&path=/proc/2272188/net/ HTTP/1.1" 200 9180 "http://investmentconsultancy.investments.serveredgehosting.com/app.php?fm=true&path=/proc/2272188/net" "Mozilla/5.0 AppleWebKit/537.36 (KHTML, like Gecko; compatible; GPTBot/1.3; +https://openai.com/gptbot)"
52.202.52.82 - - [06/Mar/2026:12:52:38 +0000] "GET /app.php/cron/clientarea.php?fm=true&path=/opt/&rename=ai-bolit HTTP/1.1" 200 8787 "-" "Mozilla/5.0 AppleWebKit/537.36 (KHTML, like Gecko; compatible; Amazonbot/0.1; +https://developer.amazon.com/support/amazonbot) Chrome/119.0.6045.214 Safari/537.36"
74.7.227.145 - - [06/Mar/2026:12:52:38 +0000] "GET /app.php?fm=true&path=/proc/2272188/net/dev_snmp6 HTTP/1.1" 200 9855 "http://investmentconsultancy.investments.serveredgehosting.com/app.php?fm=true&path=/proc/2272188/net" "Mozilla/5.0 AppleWebKit/537.36 (KHTML, like Gecko; compatible; GPTBot/1.3; +https://openai.com/gptbot)"
74.7.227.145 - - [06/Mar/2026:12:52:40 +0000] "GET /app.php?fm=true&path=/proc/2272188/net/&rights=ip_tables_targets HTTP/1.1" 200 8812 "http://investmentconsultancy.investments.serveredgehosting.com/app.php?fm=true&path=/proc/2272188/net" "Mozilla/5.0 AppleWebKit/537.36 (KHTML, like Gecko; compatible; GPTBot/1.3; +https://openai.com/gptbot)"
74.7.227.145 - - [06/Mar/2026:12:52:41 +0000] "GET /app.php?fm=true&path=/proc/2272188/net/&rename=ip_tables_targets HTTP/1.1" 200 8802 "http://investmentconsultancy.investments.serveredgehosting.com/app.php?fm=true&path=/proc/2272188/net" "Mozilla/5.0 AppleWebKit/537.36 (KHTML, like Gecko; compatible; GPTBot/1.3; +https://openai.com/gptbot)"
74.7.227.145 - - [06/Mar/2026:12:52:42 +0000] "GET /app.php?fm=true&path=/proc/2272188/net/&rename=ptype HTTP/1.1" 200 8796 "http://investmentconsultancy.investments.serveredgehosting.com/app.php?fm=true&path=/proc/2272188/net" "Mozilla/5.0 AppleWebKit/537.36 (KHTML, like Gecko; compatible; GPTBot/1.3; +https://openai.com/gptbot)"
34.202.88.37 - - [06/Mar/2026:12:52:42 +0000] "GET /app.php/feed?fm=true&path=/proc/self HTTP/1.1" 200 10657 "-" "Mozilla/5.0 AppleWebKit/537.36 (KHTML, like Gecko; compatible; Amazonbot/0.1; +https://developer.amazon.com/support/amazonbot) Chrome/119.0.6045.214 Safari/537.36"
74.7.227.145 - - [06/Mar/2026:12:52:43 +0000] "GET /app.php?edit=protocols&fm=true&path=/proc/2272188/net/ HTTP/1.1" 200 9524 "http://investmentconsultancy.investments.serveredgehosting.com/app.php?fm=true&path=/proc/2272188/net" "Mozilla/5.0 AppleWebKit/537.36 (KHTML, like Gecko; compatible; GPTBot/1.3; +https://openai.com/gptbot)"
74.7.227.145 - - [06/Mar/2026:12:52:44 +0000] "GET /app.php?edit=nf_log&fm=true&path=/proc/2272188/net/netfilter/ HTTP/1.1" 200 9204 "http://investmentconsultancy.investments.serveredgehosting.com/app.php?fm=true&path=/proc/2272188/net/netfilter" "Mozilla/5.0 AppleWebKit/537.36 (KHTML, like Gecko; compatible; GPTBot/1.3; +https://openai.com/gptbot)"
74.7.227.145 - - [06/Mar/2026:12:52:46 +0000] "GET /app.php?fm=true&path=/proc/2272188/net/netfilter/&rights=nf_log HTTP/1.1" 200 8813 "http://investmentconsultancy.investments.serveredgehosting.com/app.php?fm=true&path=/proc/2272188/net/netfilter" "Mozilla/5.0 AppleWebKit/537.36 (KHTML, like Gecko; compatible; GPTBot/1.3; +https://openai.com/gptbot)"
52.204.71.8 - - [06/Mar/2026:12:52:47 +0000] "GET /app.php/feed/app.php?fm=true&path=/usr/bin/&rename=dovecot-sysreport HTTP/1.1" 200 8797 "-" "Mozilla/5.0 AppleWebKit/537.36 (KHTML, like Gecko; compatible; Amazonbot/0.1; +https://developer.amazon.com/support/amazonbot) Chrome/119.0.6045.214 Safari/537.36"
74.7.227.145 - - [06/Mar/2026:12:52:47 +0000] "GET /app.php?fm=true&path=/proc/2272188/net/&rename=netlink HTTP/1.1" 200 8798 "http://investmentconsultancy.investments.serveredgehosting.com/app.php?fm=true&path=/proc/2272188/net" "Mozilla/5.0 AppleWebKit/537.36 (KHTML, like Gecko; compatible; GPTBot/1.3; +https://openai.com/gptbot)"
74.7.227.145 - - [06/Mar/2026:12:52:48 +0000] "GET /app.php?fm=true&path=/proc/2272188/net/&rename=icmp6 HTTP/1.1" 200 8797 "http://investmentconsultancy.investments.serveredgehosting.com/app.php?fm=true&path=/proc/2272188/net" "Mozilla/5.0 AppleWebKit/537.36 (KHTML, like Gecko; compatible; GPTBot/1.3; +https://openai.com/gptbot)"
74.7.227.145 - - [06/Mar/2026:12:52:49 +0000] "GET /app.php?fm=true&path=/proc/2272188/net/&rename=fib_trie HTTP/1.1" 200 8800 "http://investmentconsultancy.investments.serveredgehosting.com/app.php?fm=true&path=/proc/2272188/net" "Mozilla/5.0 AppleWebKit/537.36 (KHTML, like Gecko; compatible; GPTBot/1.3; +https://openai.com/gptbot)"
18.215.24.66 - - [06/Mar/2026:12:52:50 +0000] "GET /app.php/app.php?edit=restartsrv_queueprocd&fm=true&path=/run/ HTTP/1.1" 200 9102 "-" "Mozilla/5.0 AppleWebKit/537.36 (KHTML, like Gecko; compatible; Amazonbot/0.1; +https://developer.amazon.com/support/amazonbot) Chrome/119.0.6045.214 Safari/537.36"
74.7.227.145 - - [06/Mar/2026:12:52:50 +0000] "GET /app.php?fm=true&path=/proc/2272188/net/&rename=tls_stat HTTP/1.1" 200 8800 "http://investmentconsultancy.investments.serveredgehosting.com/app.php?fm=true&path=/proc/2272188/net" "Mozilla/5.0 AppleWebKit/537.36 (KHTML, like Gecko; compatible; GPTBot/1.3; +https://openai.com/gptbot)"
74.7.227.145 - - [06/Mar/2026:12:52:51 +0000] "GET /app.php?fm=true&path=/proc/2272188/net/dev_snmp6/&rights=lo HTTP/1.1" 200 8811 "http://investmentconsultancy.investments.serveredgehosting.com/app.php?fm=true&path=/proc/2272188/net/dev_snmp6" "Mozilla/5.0 AppleWebKit/537.36 (KHTML, like Gecko; compatible; GPTBot/1.3; +https://openai.com/gptbot)"
74.7.227.145 - - [06/Mar/2026:12:52:53 +0000] "GET /app.php?fm=true&path=/proc/2272188/net/dev_snmp6/&rename=lo HTTP/1.1" 200 8803 "http://investmentconsultancy.investments.serveredgehosting.com/app.php?fm=true&path=/proc/2272188/net/dev_snmp6" "Mozilla/5.0 AppleWebKit/537.36 (KHTML, like Gecko; compatible; GPTBot/1.3; +https://openai.com/gptbot)"
74.7.227.145 - - [06/Mar/2026:12:52:54 +0000] "GET /app.php?fm=true&path=/proc/2272188/net/dev_snmp6/&rights=eth0 HTTP/1.1" 200 8812 "http://investmentconsultancy.investments.serveredgehosting.com/app.php?fm=true&path=/proc/2272188/net/dev_snmp6" "Mozilla/5.0 AppleWebKit/537.36 (KHTML, like Gecko; compatible; GPTBot/1.3; +https://openai.com/gptbot)"
74.7.227.145 - - [06/Mar/2026:12:52:55 +0000] "GET /app.php?fm=true&path=/proc/2272188/net/dev_snmp6/&rename=eth0 HTTP/1.1" 200 8804 "http://investmentconsultancy.investments.serveredgehosting.com/app.php?fm=true&path=/proc/2272188/net/dev_snmp6" "Mozilla/5.0 AppleWebKit/537.36 (KHTML, like Gecko; compatible; GPTBot/1.3; +https://openai.com/gptbot)"
74.7.227.145 - - [06/Mar/2026:12:52:56 +0000] "GET /app.php?edit=eth0&fm=true&path=/proc/2272188/net/dev_snmp6/ HTTP/1.1" 200 9750 "http://investmentconsultancy.investments.serveredgehosting.com/app.php?fm=true&path=/proc/2272188/net/dev_snmp6" "Mozilla/5.0 AppleWebKit/537.36 (KHTML, like Gecko; compatible; GPTBot/1.3; +https://openai.com/gptbot)"
34.194.95.99 - - [06/Mar/2026:12:52:57 +0000] "GET /app.php?zip=L3J1bg%3D%3D HTTP/1.1" 200 6668 "-" "Mozilla/5.0 AppleWebKit/537.36 (KHTML, like Gecko; compatible; Amazonbot/0.1; +https://developer.amazon.com/support/amazonbot) Chrome/119.0.6045.214 Safari/537.36"
74.7.227.145 - - [06/Mar/2026:12:52:58 +0000] "GET /app.php?fm=true&path=/proc/2272188/net/&rename=rt6_stats HTTP/1.1" 200 8800 "http://investmentconsultancy.investments.serveredgehosting.com/app.php?fm=true&path=/proc/2272188/net" "Mozilla/5.0 AppleWebKit/537.36 (KHTML, like Gecko; compatible; GPTBot/1.3; +https://openai.com/gptbot)"
34.226.89.140 - - [06/Mar/2026:12:52:59 +0000] "GET /app.php/app.php?fm=true&path=/opt/&rename=ai-bolit HTTP/1.1" 200 8787 "-" "Mozilla/5.0 AppleWebKit/537.36 (KHTML, like Gecko; compatible; Amazonbot/0.1; +https://developer.amazon.com/support/amazonbot) Chrome/119.0.6045.214 Safari/537.36"
74.7.227.145 - - [06/Mar/2026:12:52:59 +0000] "GET /app.php?fm=true&path=/proc/2272188/net/&rights=tls_stat HTTP/1.1" 200 8808 "http://investmentconsultancy.investments.serveredgehosting.com/app.php?fm=true&path=/proc/2272188/net" "Mozilla/5.0 AppleWebKit/537.36 (KHTML, like Gecko; compatible; GPTBot/1.3; +https://openai.com/gptbot)"
74.7.227.145 - - [06/Mar/2026:12:53:00 +0000] "GET /app.php?fm=true&path=/proc/2272188/net/&rights=netlink HTTP/1.1" 200 8805 "http://investmentconsultancy.investments.serveredgehosting.com/app.php?fm=true&path=/proc/2272188/net" "Mozilla/5.0 AppleWebKit/537.36 (KHTML, like Gecko; compatible; GPTBot/1.3; +https://openai.com/gptbot)"
74.7.227.145 - - [06/Mar/2026:12:53:01 +0000] "GET /app.php?fm=true&path=/proc/2272188/net/&rights=ip6_mr_vif HTTP/1.1" 200 8810 "http://investmentconsultancy.investments.serveredgehosting.com/app.php?fm=true&path=/proc/2272188/net" "Mozilla/5.0 AppleWebKit/537.36 (KHTML, like Gecko; compatible; GPTBot/1.3; +https://openai.com/gptbot)"
74.7.227.145 - - [06/Mar/2026:12:53:02 +0000] "GET /app.php?edit=lo&fm=true&path=/proc/2272188/net/dev_snmp6/ HTTP/1.1" 200 9683 "http://investmentconsultancy.investments.serveredgehosting.com/app.php?fm=true&path=/proc/2272188/net/dev_snmp6" "Mozilla/5.0 AppleWebKit/537.36 (KHTML, like Gecko; compatible; GPTBot/1.3; +https://openai.com/gptbot)"
35.169.240.53 - - [06/Mar/2026:12:53:02 +0000] "GET /app.php/cron/clientarea.php?fm=true&path=/usr/bin/&rename=scl_source HTTP/1.1" 200 8792 "-" "Mozilla/5.0 AppleWebKit/537.36 (KHTML, like Gecko; compatible; Amazonbot/0.1; +https://developer.amazon.com/support/amazonbot) Chrome/119.0.6045.214 Safari/537.36"
74.7.227.145 - - [06/Mar/2026:12:53:04 +0000] "GET /app.php?fm=true&path=/proc/2272188/net/netfilter/ HTTP/1.1" 200 9786 "http://investmentconsultancy.investments.serveredgehosting.com/app.php?edit=nf_log&fm=true&path=/proc/2272188/net/netfilter/" "Mozilla/5.0 AppleWebKit/537.36 (KHTML, like Gecko; compatible; GPTBot/1.3; +https://openai.com/gptbot)"
74.7.227.145 - - [06/Mar/2026:12:53:05 +0000] "GET /app.php?fm=true&path=/proc/2272188/net/&rights=fib_trie HTTP/1.1" 200 8807 "http://investmentconsultancy.investments.serveredgehosting.com/app.php?fm=true&path=/proc/2272188/net" "Mozilla/5.0 AppleWebKit/537.36 (KHTML, like Gecko; compatible; GPTBot/1.3; +https://openai.com/gptbot)"
