74.7.227.145 - - [06/Mar/2026:12:27:24 +0000] "GET /app.php?zip=L3Byb2MvMjI2NjM5OQ== HTTP/1.1" 200 6668 "http://investmentconsultancy.investments.serveredgehosting.com/app.php?fm=true&path=/proc/2249443/.." "Mozilla/5.0 AppleWebKit/537.36 (KHTML, like Gecko; compatible; GPTBot/1.3; +https://openai.com/gptbot)"
74.7.227.145 - - [06/Mar/2026:12:27:25 +0000] "GET /app.php?zip=L3Byb2MvMjI2OTA2MQ== HTTP/1.1" 200 6668 "http://investmentconsultancy.investments.serveredgehosting.com/app.php?fm=true&path=/proc/2249443/.." "Mozilla/5.0 AppleWebKit/537.36 (KHTML, like Gecko; compatible; GPTBot/1.3; +https://openai.com/gptbot)"
18.214.251.19 - - [06/Mar/2026:12:27:26 +0000] "GET /app.php/feed?fm=true&path=/run/&rename=dbus HTTP/1.1" 200 8782 "-" "Mozilla/5.0 AppleWebKit/537.36 (KHTML, like Gecko; compatible; Amazonbot/0.1; +https://developer.amazon.com/support/amazonbot) Chrome/119.0.6045.214 Safari/537.36"
74.7.227.145 - - [06/Mar/2026:12:27:27 +0000] "GET /app.php?zip=L3Byb2MvMjI2NjM0OQ== HTTP/1.1" 200 6668 "http://investmentconsultancy.investments.serveredgehosting.com/app.php?fm=true&path=/proc/2249443/.." "Mozilla/5.0 AppleWebKit/537.36 (KHTML, like Gecko; compatible; GPTBot/1.3; +https://openai.com/gptbot)"
74.7.227.145 - - [06/Mar/2026:12:27:28 +0000] "GET /app.php?zip=L3Byb2MvMjI2NjE0Mg== HTTP/1.1" 200 6668 "http://investmentconsultancy.investments.serveredgehosting.com/app.php?fm=true&path=/proc/2249443/.." "Mozilla/5.0 AppleWebKit/537.36 (KHTML, like Gecko; compatible; GPTBot/1.3; +https://openai.com/gptbot)"
74.7.227.145 - - [06/Mar/2026:12:27:29 +0000] "GET /app.php?zip=L3Byb2MvMjI3MDI4Ng== HTTP/1.1" 200 6668 "http://investmentconsultancy.investments.serveredgehosting.com/app.php?fm=true&path=/proc/2268402/.." "Mozilla/5.0 AppleWebKit/537.36 (KHTML, like Gecko; compatible; GPTBot/1.3; +https://openai.com/gptbot)"
74.7.227.145 - - [06/Mar/2026:12:27:30 +0000] "GET /app.php?fm=true&path=/proc/2249443/net/&rights=tcp HTTP/1.1" 200 8784 "http://investmentconsultancy.investments.serveredgehosting.com/app.php?fm=true&path=/proc/2249443/net" "Mozilla/5.0 AppleWebKit/537.36 (KHTML, like Gecko; compatible; GPTBot/1.3; +https://openai.com/gptbot)"
54.92.171.106 - - [06/Mar/2026:12:27:30 +0000] "GET /app.php/?fm=true&path=/run/pure-ftpd HTTP/1.1" 200 7617 "-" "Mozilla/5.0 AppleWebKit/537.36 (KHTML, like Gecko; compatible; Amazonbot/0.1; +https://developer.amazon.com/support/amazonbot) Chrome/119.0.6045.214 Safari/537.36"
74.7.227.145 - - [06/Mar/2026:12:27:31 +0000] "GET /app.php?zip=L3Byb2MvMjI2Mzk2NQ== HTTP/1.1" 200 6668 "http://investmentconsultancy.investments.serveredgehosting.com/app.php?fm=true&path=/proc/2249443/.." "Mozilla/5.0 AppleWebKit/537.36 (KHTML, like Gecko; compatible; GPTBot/1.3; +https://openai.com/gptbot)"
74.7.227.145 - - [06/Mar/2026:12:27:33 +0000] "GET /app.php?fm=true&path=/proc/2268402/net/&rights=sockstat6 HTTP/1.1" 200 8808 "http://investmentconsultancy.investments.serveredgehosting.com/app.php?fm=true&path=/proc/2268402/net" "Mozilla/5.0 AppleWebKit/537.36 (KHTML, like Gecko; compatible; GPTBot/1.3; +https://openai.com/gptbot)"
74.7.227.145 - - [06/Mar/2026:12:27:34 +0000] "GET /app.php?fm=true&path=/proc/2268402/net/&rights=nf_conntrack_expect HTTP/1.1" 200 8819 "http://investmentconsultancy.investments.serveredgehosting.com/app.php?fm=true&path=/proc/2268402/net" "Mozilla/5.0 AppleWebKit/537.36 (KHTML, like Gecko; compatible; GPTBot/1.3; +https://openai.com/gptbot)"
54.198.33.233 - - [06/Mar/2026:12:27:34 +0000] "GET /app.php?fm=true&path=/home/servydhq/public_html/whmcs/&rename=creditcard.php HTTP/1.1" 200 8813 "-" "Mozilla/5.0 AppleWebKit/537.36 (KHTML, like Gecko; compatible; Amazonbot/0.1; +https://developer.amazon.com/support/amazonbot) Chrome/119.0.6045.214 Safari/537.36"
74.7.227.145 - - [06/Mar/2026:12:27:35 +0000] "GET /app.php?edit=ip6_flowlabel&fm=true&path=/proc/2268402/net/ HTTP/1.1" 200 9146 "http://investmentconsultancy.investments.serveredgehosting.com/app.php?fm=true&path=/proc/2268402/net" "Mozilla/5.0 AppleWebKit/537.36 (KHTML, like Gecko; compatible; GPTBot/1.3; +https://openai.com/gptbot)"
74.7.227.145 - - [06/Mar/2026:12:27:36 +0000] "GET /app.php?fm=true&path=/proc/2268402/net/&rights=ip6_flowlabel HTTP/1.1" 200 8812 "http://investmentconsultancy.investments.serveredgehosting.com/app.php?fm=true&path=/proc/2268402/net" "Mozilla/5.0 AppleWebKit/537.36 (KHTML, like Gecko; compatible; GPTBot/1.3; +https://openai.com/gptbot)"
74.7.227.145 - - [06/Mar/2026:12:27:38 +0000] "GET /app.php?fm=true&path=/proc/2268402/net/&rename=ip6_flowlabel HTTP/1.1" 200 8804 "http://investmentconsultancy.investments.serveredgehosting.com/app.php?fm=true&path=/proc/2268402/net" "Mozilla/5.0 AppleWebKit/537.36 (KHTML, like Gecko; compatible; GPTBot/1.3; +https://openai.com/gptbot)"
18.209.137.234 - - [06/Mar/2026:12:27:38 +0000] "GET /app.php?fm=true&path=/usr/bin/&rename=hostname HTTP/1.1" 200 8786 "-" "Mozilla/5.0 AppleWebKit/537.36 (KHTML, like Gecko; compatible; Amazonbot/0.1; +https://developer.amazon.com/support/amazonbot) Chrome/119.0.6045.214 Safari/537.36"
74.7.227.145 - - [06/Mar/2026:12:27:39 +0000] "GET /app.php?fm=true&path=/proc/2268402/net/&rights=ip6_mr_cache HTTP/1.1" 200 8811 "http://investmentconsultancy.investments.serveredgehosting.com/app.php?fm=true&path=/proc/2268402/net" "Mozilla/5.0 AppleWebKit/537.36 (KHTML, like Gecko; compatible; GPTBot/1.3; +https://openai.com/gptbot)"
74.7.227.145 - - [06/Mar/2026:12:27:40 +0000] "GET /app.php?fm=true&path=/proc/2268402/net/&rename=psched HTTP/1.1" 200 8797 "http://investmentconsultancy.investments.serveredgehosting.com/app.php?fm=true&path=/proc/2268402/net" "Mozilla/5.0 AppleWebKit/537.36 (KHTML, like Gecko; compatible; GPTBot/1.3; +https://openai.com/gptbot)"
74.7.227.145 - - [06/Mar/2026:12:27:41 +0000] "GET /app.php?fm=true&path=/proc/2268402/net/&rename=mcfilter6 HTTP/1.1" 200 8799 "http://investmentconsultancy.investments.serveredgehosting.com/app.php?fm=true&path=/proc/2268402/net" "Mozilla/5.0 AppleWebKit/537.36 (KHTML, like Gecko; compatible; GPTBot/1.3; +https://openai.com/gptbot)"
74.7.227.145 - - [06/Mar/2026:12:27:42 +0000] "GET /app.php?edit=mcfilter6&fm=true&path=/proc/2268402/net/ HTTP/1.1" 200 9149 "http://investmentconsultancy.investments.serveredgehosting.com/app.php?fm=true&path=/proc/2268402/net" "Mozilla/5.0 AppleWebKit/537.36 (KHTML, like Gecko; compatible; GPTBot/1.3; +https://openai.com/gptbot)"
3.218.35.239 - - [06/Mar/2026:12:27:42 +0000] "GET /app.php/rules?fm=true&path=/home/servydhq/public_html/wp-includes/js/&rights=autosave.min.js HTTP/1.1" 200 8832 "-" "Mozilla/5.0 AppleWebKit/537.36 (KHTML, like Gecko; compatible; Amazonbot/0.1; +https://developer.amazon.com/support/amazonbot) Chrome/119.0.6045.214 Safari/537.36"
74.7.227.145 - - [06/Mar/2026:12:27:43 +0000] "GET /app.php?fm=true&path=/proc/2268402/net/&rename=ip6_mr_cache HTTP/1.1" 200 8803 "http://investmentconsultancy.investments.serveredgehosting.com/app.php?fm=true&path=/proc/2268402/net" "Mozilla/5.0 AppleWebKit/537.36 (KHTML, like Gecko; compatible; GPTBot/1.3; +https://openai.com/gptbot)"
74.7.227.145 - - [06/Mar/2026:12:27:45 +0000] "GET /app.php?fm=true&path=/proc/2268402/net/&rights=dev_mcast HTTP/1.1" 200 8808 "http://investmentconsultancy.investments.serveredgehosting.com/app.php?fm=true&path=/proc/2268402/net" "Mozilla/5.0 AppleWebKit/537.36 (KHTML, like Gecko; compatible; GPTBot/1.3; +https://openai.com/gptbot)"
74.7.227.145 - - [06/Mar/2026:12:27:46 +0000] "GET /app.php?fm=true&path=/proc/2268402/net/&rename=rt_cache HTTP/1.1" 200 8799 "http://investmentconsultancy.investments.serveredgehosting.com/app.php?fm=true&path=/proc/2268402/net" "Mozilla/5.0 AppleWebKit/537.36 (KHTML, like Gecko; compatible; GPTBot/1.3; +https://openai.com/gptbot)"
34.231.45.47 - - [06/Mar/2026:12:27:46 +0000] "GET /app.php/3D%22https:/bark-static.s3.eu-west-1.amazonaws.com/app.php?fm=true&path=/home/servydhq/investmentconsultancy.investments/&rights=.bash_profile.bash_profile.tar.gz HTTP/1.1" 200 8823 "-" "Mozilla/5.0 AppleWebKit/537.36 (KHTML, like Gecko; compatible; Amazonbot/0.1; +https://developer.amazon.com/support/amazonbot) Chrome/119.0.6045.214 Safari/537.36"
74.7.227.145 - - [06/Mar/2026:12:27:47 +0000] "GET /app.php?fm=true&path=/proc/2268402/net/&rights=mcfilter6 HTTP/1.1" 200 8807 "http://investmentconsultancy.investments.serveredgehosting.com/app.php?fm=true&path=/proc/2268402/net" "Mozilla/5.0 AppleWebKit/537.36 (KHTML, like Gecko; compatible; GPTBot/1.3; +https://openai.com/gptbot)"
74.7.227.145 - - [06/Mar/2026:12:27:48 +0000] "GET /app.php?fm=true&path=/proc/2268402/net/&rename=rt_acct HTTP/1.1" 200 8799 "http://investmentconsultancy.investments.serveredgehosting.com/app.php?fm=true&path=/proc/2268402/net" "Mozilla/5.0 AppleWebKit/537.36 (KHTML, like Gecko; compatible; GPTBot/1.3; +https://openai.com/gptbot)"
74.7.227.145 - - [06/Mar/2026:12:27:49 +0000] "GET /app.php?fm=true&path=/proc/2268402/net/&rename=udplite HTTP/1.1" 200 8797 "http://investmentconsultancy.investments.serveredgehosting.com/app.php?fm=true&path=/proc/2268402/net" "Mozilla/5.0 AppleWebKit/537.36 (KHTML, like Gecko; compatible; GPTBot/1.3; +https://openai.com/gptbot)"
50.19.221.48 - - [06/Mar/2026:12:27:50 +0000] "GET /app.php?fm=true&path=/usr/bin/&rename=uptime HTTP/1.1" 200 8786 "-" "Mozilla/5.0 AppleWebKit/537.36 (KHTML, like Gecko; compatible; Amazonbot/0.1; +https://developer.amazon.com/support/amazonbot) Chrome/119.0.6045.214 Safari/537.36"
74.7.227.145 - - [06/Mar/2026:12:27:51 +0000] "GET /app.php?fm=true&path=/proc/2268402/net/&rename=packet HTTP/1.1" 200 8797 "http://investmentconsultancy.investments.serveredgehosting.com/app.php?fm=true&path=/proc/2268402/net" "Mozilla/5.0 AppleWebKit/537.36 (KHTML, like Gecko; compatible; GPTBot/1.3; +https://openai.com/gptbot)"
74.7.227.145 - - [06/Mar/2026:12:27:52 +0000] "GET /app.php?edit=mcfilter&fm=true&path=/proc/2268402/net/ HTTP/1.1" 200 9129 "http://investmentconsultancy.investments.serveredgehosting.com/app.php?fm=true&path=/proc/2268402/net" "Mozilla/5.0 AppleWebKit/537.36 (KHTML, like Gecko; compatible; GPTBot/1.3; +https://openai.com/gptbot)"
74.7.227.145 - - [06/Mar/2026:12:27:53 +0000] "GET /app.php?fm=true&path=/proc/2268402/net/&rights=psched HTTP/1.1" 200 8805 "http://investmentconsultancy.investments.serveredgehosting.com/app.php?fm=true&path=/proc/2268402/net" "Mozilla/5.0 AppleWebKit/537.36 (KHTML, like Gecko; compatible; GPTBot/1.3; +https://openai.com/gptbot)"
3.216.227.216 - - [06/Mar/2026:12:27:54 +0000] "GET /app.php/3D%22https:/bark-static.s3.eu-west-1.amazonaws.com/app.php?fm=true&path=/home/servydhq/investmentconsultancy.investments/&rename=.lock.tar HTTP/1.1" 200 8801 "-" "Mozilla/5.0 AppleWebKit/537.36 (KHTML, like Gecko; compatible; Amazonbot/0.1; +https://developer.amazon.com/support/amazonbot) Chrome/119.0.6045.214 Safari/537.36"
74.7.227.145 - - [06/Mar/2026:12:27:54 +0000] "GET /app.php?fm=true&path=/proc/2268402/net/&rights=dev_snmp6 HTTP/1.1" 200 8837 "http://investmentconsultancy.investments.serveredgehosting.com/app.php?fm=true&path=/proc/2268402/net" "Mozilla/5.0 AppleWebKit/537.36 (KHTML, like Gecko; compatible; GPTBot/1.3; +https://openai.com/gptbot)"
74.7.227.145 - - [06/Mar/2026:12:27:55 +0000] "GET /app.php?fm=true&path=/proc/2268402/net/&rights=udplite HTTP/1.1" 200 8805 "http://investmentconsultancy.investments.serveredgehosting.com/app.php?fm=true&path=/proc/2268402/net" "Mozilla/5.0 AppleWebKit/537.36 (KHTML, like Gecko; compatible; GPTBot/1.3; +https://openai.com/gptbot)"
74.7.227.145 - - [06/Mar/2026:12:27:57 +0000] "GET /app.php?fm=true&path=/proc/2268402/net/&rename=softnet_stat HTTP/1.1" 200 8802 "http://investmentconsultancy.investments.serveredgehosting.com/app.php?fm=true&path=/proc/2268402/net" "Mozilla/5.0 AppleWebKit/537.36 (KHTML, like Gecko; compatible; GPTBot/1.3; +https://openai.com/gptbot)"
74.7.227.145 - - [06/Mar/2026:12:27:58 +0000] "GET /app.php?fm=true&path=/proc/2268402/net/&rename=mcfilter HTTP/1.1" 200 8799 "http://investmentconsultancy.investments.serveredgehosting.com/app.php?fm=true&path=/proc/2268402/net" "Mozilla/5.0 AppleWebKit/537.36 (KHTML, like Gecko; compatible; GPTBot/1.3; +https://openai.com/gptbot)"
18.213.240.226 - - [06/Mar/2026:12:27:58 +0000] "GET /app.php/?fm=true&path=/home/servydhq/public_html/app/wp-includes/Requests HTTP/1.1" 200 9886 "-" "Mozilla/5.0 AppleWebKit/537.36 (KHTML, like Gecko; compatible; Amazonbot/0.1; +https://developer.amazon.com/support/amazonbot) Chrome/119.0.6045.214 Safari/537.36"
74.7.227.145 - - [06/Mar/2026:12:27:59 +0000] "GET /app.php?fm=true&path=/proc/2268402/net/&rename=sockstat6 HTTP/1.1" 200 8800 "http://investmentconsultancy.investments.serveredgehosting.com/app.php?fm=true&path=/proc/2268402/net" "Mozilla/5.0 AppleWebKit/537.36 (KHTML, like Gecko; compatible; GPTBot/1.3; +https://openai.com/gptbot)"
74.7.227.145 - - [06/Mar/2026:12:28:00 +0000] "GET /app.php?fm=true&path=/proc/2268402/net/&rename=ipv6_route HTTP/1.1" 200 8801 "http://investmentconsultancy.investments.serveredgehosting.com/app.php?fm=true&path=/proc/2268402/net" "Mozilla/5.0 AppleWebKit/537.36 (KHTML, like Gecko; compatible; GPTBot/1.3; +https://openai.com/gptbot)"
74.7.227.145 - - [06/Mar/2026:12:28:02 +0000] "GET /app.php?fm=true&path=/proc/2268402/net/&rename=dev_mcast HTTP/1.1" 200 8801 "http://investmentconsultancy.investments.serveredgehosting.com/app.php?fm=true&path=/proc/2268402/net" "Mozilla/5.0 AppleWebKit/537.36 (KHTML, like Gecko; compatible; GPTBot/1.3; +https://openai.com/gptbot)"
52.70.209.13 - - [06/Mar/2026:12:28:02 +0000] "GET /app.php/feed/?fm=true&path=/etc/fonts HTTP/1.1" 200 9905 "-" "Mozilla/5.0 AppleWebKit/537.36 (KHTML, like Gecko; compatible; Amazonbot/0.1; +https://developer.amazon.com/support/amazonbot) Chrome/119.0.6045.214 Safari/537.36"
74.7.227.145 - - [06/Mar/2026:12:28:03 +0000] "GET /app.php?fm=true&path=/proc/2268402/net/&rights=mcfilter HTTP/1.1" 200 8806 "http://investmentconsultancy.investments.serveredgehosting.com/app.php?fm=true&path=/proc/2268402/net" "Mozilla/5.0 AppleWebKit/537.36 (KHTML, like Gecko; compatible; GPTBot/1.3; +https://openai.com/gptbot)"
74.7.227.145 - - [06/Mar/2026:12:28:04 +0000] "GET /app.php?edit=ip_mr_vif&fm=true&path=/proc/2268402/net/ HTTP/1.1" 200 9150 "http://investmentconsultancy.investments.serveredgehosting.com/app.php?fm=true&path=/proc/2268402/net" "Mozilla/5.0 AppleWebKit/537.36 (KHTML, like Gecko; compatible; GPTBot/1.3; +https://openai.com/gptbot)"
74.7.227.145 - - [06/Mar/2026:12:28:05 +0000] "GET /app.php?fm=true&path=/proc/2268402/net/&rename=dev_snmp6 HTTP/1.1" 200 8801 "http://investmentconsultancy.investments.serveredgehosting.com/app.php?fm=true&path=/proc/2268402/net" "Mozilla/5.0 AppleWebKit/537.36 (KHTML, like Gecko; compatible; GPTBot/1.3; +https://openai.com/gptbot)"
52.2.191.202 - - [06/Mar/2026:12:28:06 +0000] "GET /app.php/feed/?fm=true&path=/run/&rename=sw-engine.pid HTTP/1.1" 200 8791 "-" "Mozilla/5.0 AppleWebKit/537.36 (KHTML, like Gecko; compatible; Amazonbot/0.1; +https://developer.amazon.com/support/amazonbot) Chrome/119.0.6045.214 Safari/537.36"
74.7.227.145 - - [06/Mar/2026:12:28:07 +0000] "GET /app.php?fm=true&path=/proc/2268402/net/&rights=ip_tables_names HTTP/1.1" 200 8811 "http://investmentconsultancy.investments.serveredgehosting.com/app.php?fm=true&path=/proc/2268402/net" "Mozilla/5.0 AppleWebKit/537.36 (KHTML, like Gecko; compatible; GPTBot/1.3; +https://openai.com/gptbot)"
74.7.227.145 - - [06/Mar/2026:12:28:08 +0000] "GET /app.php?fm=true&path=/proc/2268402/net/&rename=fib_triestat HTTP/1.1" 200 8803 "http://investmentconsultancy.investments.serveredgehosting.com/app.php?fm=true&path=/proc/2268402/net" "Mozilla/5.0 AppleWebKit/537.36 (KHTML, like Gecko; compatible; GPTBot/1.3; +https://openai.com/gptbot)"
74.7.227.145 - - [06/Mar/2026:12:28:09 +0000] "GET /app.php?fm=true&path=/proc/2268402/net/&rights=ip_mr_vif HTTP/1.1" 200 8809 "http://investmentconsultancy.investments.serveredgehosting.com/app.php?fm=true&path=/proc/2268402/net" "Mozilla/5.0 AppleWebKit/537.36 (KHTML, like Gecko; compatible; GPTBot/1.3; +https://openai.com/gptbot)"
74.7.227.145 - - [06/Mar/2026:12:28:10 +0000] "GET /app.php?edit=anycast6&fm=true&path=/proc/2268402/net/ HTTP/1.1" 200 9105 "http://investmentconsultancy.investments.serveredgehosting.com/app.php?fm=true&path=/proc/2268402/net" "Mozilla/5.0 AppleWebKit/537.36 (KHTML, like Gecko; compatible; GPTBot/1.3; +https://openai.com/gptbot)"
3.224.104.67 - - [06/Mar/2026:12:28:11 +0000] "GET /app.php/cron/clientarea.php?fm=true&path=/proc/&rename=10 HTTP/1.1" 200 8781 "-" "Mozilla/5.0 AppleWebKit/537.36 (KHTML, like Gecko; compatible; Amazonbot/0.1; +https://developer.amazon.com/support/amazonbot) Chrome/119.0.6045.214 Safari/537.36"
74.7.227.145 - - [06/Mar/2026:12:28:11 +0000] "GET /app.php?edit=ip_tables_names&fm=true&path=/proc/2268402/net/ HTTP/1.1" 200 9108 "http://investmentconsultancy.investments.serveredgehosting.com/app.php?fm=true&path=/proc/2268402/net" "Mozilla/5.0 AppleWebKit/537.36 (KHTML, like Gecko; compatible; GPTBot/1.3; +https://openai.com/gptbot)"
74.7.227.145 - - [06/Mar/2026:12:28:12 +0000] "GET /app.php?fm=true&path=/proc/2268402/net/&rights=fib_triestat HTTP/1.1" 200 8811 "http://investmentconsultancy.investments.serveredgehosting.com/app.php?fm=true&path=/proc/2268402/net" "Mozilla/5.0 AppleWebKit/537.36 (KHTML, like Gecko; compatible; GPTBot/1.3; +https://openai.com/gptbot)"
74.7.227.145 - - [06/Mar/2026:12:28:14 +0000] "GET /app.php?fm=true&path=/proc/2268402/net/&rights=nf_conntrack HTTP/1.1" 200 8812 "http://investmentconsultancy.investments.serveredgehosting.com/app.php?fm=true&path=/proc/2268402/net" "Mozilla/5.0 AppleWebKit/537.36 (KHTML, like Gecko; compatible; GPTBot/1.3; +https://openai.com/gptbot)"
3.219.81.66 - - [06/Mar/2026:12:28:14 +0000] "GET /app.php?fm=true&path=/proc/&rename=zoneinfo HTTP/1.1" 200 8787 "-" "Mozilla/5.0 AppleWebKit/537.36 (KHTML, like Gecko; compatible; Amazonbot/0.1; +https://developer.amazon.com/support/amazonbot) Chrome/119.0.6045.214 Safari/537.36"
74.7.227.145 - - [06/Mar/2026:12:28:15 +0000] "GET /app.php?fm=true&path=/proc/2268402/net/&rights=rt_cache HTTP/1.1" 200 8807 "http://investmentconsultancy.investments.serveredgehosting.com/app.php?fm=true&path=/proc/2268402/net" "Mozilla/5.0 AppleWebKit/537.36 (KHTML, like Gecko; compatible; GPTBot/1.3; +https://openai.com/gptbot)"
74.7.227.145 - - [06/Mar/2026:12:28:16 +0000] "GET /app.php?fm=true&path=/proc/2268402/net/&rename=udplite6 HTTP/1.1" 200 8799 "http://investmentconsultancy.investments.serveredgehosting.com/app.php?fm=true&path=/proc/2268402/net" "Mozilla/5.0 AppleWebKit/537.36 (KHTML, like Gecko; compatible; GPTBot/1.3; +https://openai.com/gptbot)"
74.7.227.145 - - [06/Mar/2026:12:28:17 +0000] "GET /app.php?fm=true&path=/proc/2268402/net/&rights=ip_mr_cache HTTP/1.1" 200 8810 "http://investmentconsultancy.investments.serveredgehosting.com/app.php?fm=true&path=/proc/2268402/net" "Mozilla/5.0 AppleWebKit/537.36 (KHTML, like Gecko; compatible; GPTBot/1.3; +https://openai.com/gptbot)"
52.207.47.227 - - [06/Mar/2026:12:28:18 +0000] "GET /app.php/cron/submitticket.php?fm=true&path=/home/servydhq/public_html/app/wp-includes/html-api HTTP/1.1" 200 11285 "-" "Mozilla/5.0 AppleWebKit/537.36 (KHTML, like Gecko; compatible; Amazonbot/0.1; +https://developer.amazon.com/support/amazonbot) Chrome/119.0.6045.214 Safari/537.36"
74.7.227.145 - - [06/Mar/2026:12:28:18 +0000] "GET /app.php?fm=true&path=/proc/2268402/net/&rights=ipv6_route HTTP/1.1" 200 8809 "http://investmentconsultancy.investments.serveredgehosting.com/app.php?fm=true&path=/proc/2268402/net" "Mozilla/5.0 AppleWebKit/537.36 (KHTML, like Gecko; compatible; GPTBot/1.3; +https://openai.com/gptbot)"
74.7.227.145 - - [06/Mar/2026:12:28:20 +0000] "GET /app.php?edit=sockstat6&fm=true&path=/proc/2268402/net/ HTTP/1.1" 200 9151 "http://investmentconsultancy.investments.serveredgehosting.com/app.php?fm=true&path=/proc/2268402/net" "Mozilla/5.0 AppleWebKit/537.36 (KHTML, like Gecko; compatible; GPTBot/1.3; +https://openai.com/gptbot)"
74.7.227.145 - - [06/Mar/2026:12:28:21 +0000] "GET /app.php?edit=arp&fm=true&path=/proc/2268402/net/ HTTP/1.1" 200 9183 "http://investmentconsultancy.investments.serveredgehosting.com/app.php?fm=true&path=/proc/2268402/net" "Mozilla/5.0 AppleWebKit/537.36 (KHTML, like Gecko; compatible; GPTBot/1.3; +https://openai.com/gptbot)"
23.23.104.107 - - [06/Mar/2026:12:28:22 +0000] "GET /app.php/app.php?fm=true&path=/usr/lib/rpm HTTP/1.1" 200 11720 "-" "Mozilla/5.0 AppleWebKit/537.36 (KHTML, like Gecko; compatible; Amazonbot/0.1; +https://developer.amazon.com/support/amazonbot) Chrome/119.0.6045.214 Safari/537.36"
74.7.227.145 - - [06/Mar/2026:12:28:22 +0000] "GET /app.php?fm=true&path=/proc/2268402/net/&rename=netstat HTTP/1.1" 200 8798 "http://investmentconsultancy.investments.serveredgehosting.com/app.php?fm=true&path=/proc/2268402/net" "Mozilla/5.0 AppleWebKit/537.36 (KHTML, like Gecko; compatible; GPTBot/1.3; +https://openai.com/gptbot)"
74.7.227.145 - - [06/Mar/2026:12:28:23 +0000] "GET /app.php?edit=udp&fm=true&path=/proc/2268402/net/ HTTP/1.1" 200 9458 "http://investmentconsultancy.investments.serveredgehosting.com/app.php?fm=true&path=/proc/2268402/net" "Mozilla/5.0 AppleWebKit/537.36 (KHTML, like Gecko; compatible; GPTBot/1.3; +https://openai.com/gptbot)"
74.7.227.145 - - [06/Mar/2026:12:28:25 +0000] "GET /app.php?edit=ipv6_route&fm=true&path=/proc/2268402/net/ HTTP/1.1" 200 9232 "http://investmentconsultancy.investments.serveredgehosting.com/app.php?fm=true&path=/proc/2268402/net" "Mozilla/5.0 AppleWebKit/537.36 (KHTML, like Gecko; compatible; GPTBot/1.3; +https://openai.com/gptbot)"
74.7.227.145 - - [06/Mar/2026:12:28:26 +0000] "GET /app.php?fm=true&path=/proc/2268402/net/&rename=anycast6 HTTP/1.1" 200 8799 "http://investmentconsultancy.investments.serveredgehosting.com/app.php?fm=true&path=/proc/2268402/net" "Mozilla/5.0 AppleWebKit/537.36 (KHTML, like Gecko; compatible; GPTBot/1.3; +https://openai.com/gptbot)"
74.7.227.145 - - [06/Mar/2026:12:28:27 +0000] "GET /app.php?gzfile=L3Byb2MvMjI2ODQwMi9uZXQvcnQ2X3N0YXRz HTTP/1.1" 200 6668 "http://investmentconsultancy.investments.serveredgehosting.com/app.php?fm=true&path=/proc/2268402/net" "Mozilla/5.0 AppleWebKit/537.36 (KHTML, like Gecko; compatible; GPTBot/1.3; +https://openai.com/gptbot)"
54.197.114.76 - - [06/Mar/2026:12:28:27 +0000] "GET /app.php/app.php?fm=true&path=/home/servydhq/public_html/app/wp-includes/&rename=class-wp-post.php HTTP/1.1" 200 8820 "-" "Mozilla/5.0 AppleWebKit/537.36 (KHTML, like Gecko; compatible; Amazonbot/0.1; +https://developer.amazon.com/support/amazonbot) Chrome/119.0.6045.214 Safari/537.36"
74.7.227.145 - - [06/Mar/2026:12:28:28 +0000] "GET /app.php?fm=true&path=/proc/2268402/net/&rights=rt_acct HTTP/1.1" 200 8807 "http://investmentconsultancy.investments.serveredgehosting.com/app.php?fm=true&path=/proc/2268402/net" "Mozilla/5.0 AppleWebKit/537.36 (KHTML, like Gecko; compatible; GPTBot/1.3; +https://openai.com/gptbot)"
74.7.227.145 - - [06/Mar/2026:12:28:29 +0000] "GET /app.php?fm=true&path=/proc/2268402/net/&rename=if_inet6 HTTP/1.1" 200 8799 "http://investmentconsultancy.investments.serveredgehosting.com/app.php?fm=true&path=/proc/2268402/net" "Mozilla/5.0 AppleWebKit/537.36 (KHTML, like Gecko; compatible; GPTBot/1.3; +https://openai.com/gptbot)"
52.1.157.90 - - [06/Mar/2026:12:28:30 +0000] "GET /app.php/cron/wp-admin/clientarea.php?fm=true&path=/home/servydhq/public_html/app/wp-includes/js/&rename=autosave.min.js HTTP/1.1" 200 8825 "-" "Mozilla/5.0 AppleWebKit/537.36 (KHTML, like Gecko; compatible; Amazonbot/0.1; +https://developer.amazon.com/support/amazonbot) Chrome/119.0.6045.214 Safari/537.36"
74.7.227.145 - - [06/Mar/2026:12:28:31 +0000] "GET /app.php?fm=true&path=/proc/2268402/net/&rename=raw6 HTTP/1.1" 200 8796 "http://investmentconsultancy.investments.serveredgehosting.com/app.php?fm=true&path=/proc/2268402/net" "Mozilla/5.0 AppleWebKit/537.36 (KHTML, like Gecko; compatible; GPTBot/1.3; +https://openai.com/gptbot)"
74.7.227.145 - - [06/Mar/2026:12:28:32 +0000] "GET /app.php?edit=dev_mcast&fm=true&path=/proc/2268402/net/ HTTP/1.1" 200 9145 "http://investmentconsultancy.investments.serveredgehosting.com/app.php?fm=true&path=/proc/2268402/net" "Mozilla/5.0 AppleWebKit/537.36 (KHTML, like Gecko; compatible; GPTBot/1.3; +https://openai.com/gptbot)"
74.7.227.145 - - [06/Mar/2026:12:28:33 +0000] "GET /app.php?edit=connector&fm=true&path=/proc/2268402/net/ HTTP/1.1" 200 9124 "http://investmentconsultancy.investments.serveredgehosting.com/app.php?fm=true&path=/proc/2268402/net" "Mozilla/5.0 AppleWebKit/537.36 (KHTML, like Gecko; compatible; GPTBot/1.3; +https://openai.com/gptbot)"
74.7.227.145 - - [06/Mar/2026:12:28:34 +0000] "GET /app.php?fm=true&path=/proc/2268402/net/&rights=udplite6 HTTP/1.1" 200 8807 "http://investmentconsultancy.investments.serveredgehosting.com/app.php?fm=true&path=/proc/2268402/net" "Mozilla/5.0 AppleWebKit/537.36 (KHTML, like Gecko; compatible; GPTBot/1.3; +https://openai.com/gptbot)"
3.224.215.150 - - [06/Mar/2026:12:28:34 +0000] "GET /app.php/app.php?gz=L3Byb2MvMTMx HTTP/1.1" 200 6668 "-" "Mozilla/5.0 AppleWebKit/537.36 (KHTML, like Gecko; compatible; Amazonbot/0.1; +https://developer.amazon.com/support/amazonbot) Chrome/119.0.6045.214 Safari/537.36"
74.7.227.145 - - [06/Mar/2026:12:28:35 +0000] "GET /app.php?fm=true&path=/proc/2268402/net/&rights=anycast6 HTTP/1.1" 200 8807 "http://investmentconsultancy.investments.serveredgehosting.com/app.php?fm=true&path=/proc/2268402/net" "Mozilla/5.0 AppleWebKit/537.36 (KHTML, like Gecko; compatible; GPTBot/1.3; +https://openai.com/gptbot)"
74.7.227.145 - - [06/Mar/2026:12:28:37 +0000] "GET /app.php?edit=sockstat&fm=true&path=/proc/2268402/net/ HTTP/1.1" 200 9188 "http://investmentconsultancy.investments.serveredgehosting.com/app.php?fm=true&path=/proc/2268402/net" "Mozilla/5.0 AppleWebKit/537.36 (KHTML, like Gecko; compatible; GPTBot/1.3; +https://openai.com/gptbot)"
74.7.227.145 - - [06/Mar/2026:12:28:38 +0000] "GET /app.php?fm=true&path=/proc/2268402/net/&rights=packet HTTP/1.1" 200 8806 "http://investmentconsultancy.investments.serveredgehosting.com/app.php?fm=true&path=/proc/2268402/net" "Mozilla/5.0 AppleWebKit/537.36 (KHTML, like Gecko; compatible; GPTBot/1.3; +https://openai.com/gptbot)"
34.199.252.22 - - [06/Mar/2026:12:28:38 +0000] "GET /app.php/cron/clientarea.php?fm=true&path=/usr/&rename=src HTTP/1.1" 200 8782 "-" "Mozilla/5.0 AppleWebKit/537.36 (KHTML, like Gecko; compatible; Amazonbot/0.1; +https://developer.amazon.com/support/amazonbot) Chrome/119.0.6045.214 Safari/537.36"
74.7.227.145 - - [06/Mar/2026:12:28:39 +0000] "GET /app.php?fm=true&path=/proc/2268402/net/&rename=udp6 HTTP/1.1" 200 8796 "http://investmentconsultancy.investments.serveredgehosting.com/app.php?fm=true&path=/proc/2268402/net" "Mozilla/5.0 AppleWebKit/537.36 (KHTML, like Gecko; compatible; GPTBot/1.3; +https://openai.com/gptbot)"
74.7.227.145 - - [06/Mar/2026:12:28:40 +0000] "GET /app.php?fm=true&path=/proc/2268402/net/&rename=netfilter HTTP/1.1" 200 8799 "http://investmentconsultancy.investments.serveredgehosting.com/app.php?fm=true&path=/proc/2268402/net" "Mozilla/5.0 AppleWebKit/537.36 (KHTML, like Gecko; compatible; GPTBot/1.3; +https://openai.com/gptbot)"
74.7.227.145 - - [06/Mar/2026:12:28:41 +0000] "GET /app.php?fm=true&path=/proc/2268402/net/&rename=connector HTTP/1.1" 200 8800 "http://investmentconsultancy.investments.serveredgehosting.com/app.php?fm=true&path=/proc/2268402/net" "Mozilla/5.0 AppleWebKit/537.36 (KHTML, like Gecko; compatible; GPTBot/1.3; +https://openai.com/gptbot)"
18.213.240.226 - - [06/Mar/2026:12:28:42 +0000] "GET /app.php/feed/app.php?gz=L2V0Yy92ZmlsdGVycw%3D%3D HTTP/1.1" 200 6668 "-" "Mozilla/5.0 AppleWebKit/537.36 (KHTML, like Gecko; compatible; Amazonbot/0.1; +https://developer.amazon.com/support/amazonbot) Chrome/119.0.6045.214 Safari/537.36"
74.7.227.145 - - [06/Mar/2026:12:28:42 +0000] "GET /app.php?fm=true&path=/proc/2268402/net/&rights=if_inet6 HTTP/1.1" 200 8807 "http://investmentconsultancy.investments.serveredgehosting.com/app.php?fm=true&path=/proc/2268402/net" "Mozilla/5.0 AppleWebKit/537.36 (KHTML, like Gecko; compatible; GPTBot/1.3; +https://openai.com/gptbot)"
74.7.227.145 - - [06/Mar/2026:12:28:44 +0000] "GET /app.php?fm=true&path=/proc/2268402/net/&rights=softnet_stat HTTP/1.1" 200 8810 "http://investmentconsultancy.investments.serveredgehosting.com/app.php?fm=true&path=/proc/2268402/net" "Mozilla/5.0 AppleWebKit/537.36 (KHTML, like Gecko; compatible; GPTBot/1.3; +https://openai.com/gptbot)"
74.7.227.145 - - [06/Mar/2026:12:28:45 +0000] "GET /app.php?fm=true&path=/proc/2268402/net/&rights=udp6 HTTP/1.1" 200 8804 "http://investmentconsultancy.investments.serveredgehosting.com/app.php?fm=true&path=/proc/2268402/net" "Mozilla/5.0 AppleWebKit/537.36 (KHTML, like Gecko; compatible; GPTBot/1.3; +https://openai.com/gptbot)"
74.7.227.145 - - [06/Mar/2026:12:28:46 +0000] "GET /app.php?fm=true&path=/proc/2268402/net/&rights=raw6 HTTP/1.1" 200 8804 "http://investmentconsultancy.investments.serveredgehosting.com/app.php?fm=true&path=/proc/2268402/net" "Mozilla/5.0 AppleWebKit/537.36 (KHTML, like Gecko; compatible; GPTBot/1.3; +https://openai.com/gptbot)"
100.28.57.133 - - [06/Mar/2026:12:28:46 +0000] "GET /app.php/?fm=true&path=/usr/bin/&rename=mariadb-tzinfo-to-sql HTTP/1.1" 200 8802 "-" "Mozilla/5.0 AppleWebKit/537.36 (KHTML, like Gecko; compatible; Amazonbot/0.1; +https://developer.amazon.com/support/amazonbot) Chrome/119.0.6045.214 Safari/537.36"
74.7.227.145 - - [06/Mar/2026:12:28:47 +0000] "GET /app.php?fm=true&path=/proc/2268402/net/&rename=nf_conntrack HTTP/1.1" 200 8803 "http://investmentconsultancy.investments.serveredgehosting.com/app.php?fm=true&path=/proc/2268402/net" "Mozilla/5.0 AppleWebKit/537.36 (KHTML, like Gecko; compatible; GPTBot/1.3; +https://openai.com/gptbot)"
74.7.227.145 - - [06/Mar/2026:12:28:48 +0000] "GET /app.php?fm=true&path=/proc/2268402/net/&rename=ip_tables_names HTTP/1.1" 200 8801 "http://investmentconsultancy.investments.serveredgehosting.com/app.php?fm=true&path=/proc/2268402/net" "Mozilla/5.0 AppleWebKit/537.36 (KHTML, like Gecko; compatible; GPTBot/1.3; +https://openai.com/gptbot)"
74.7.227.145 - - [06/Mar/2026:12:28:50 +0000] "GET /app.php?edit=igmp&fm=true&path=/proc/2268402/net/ HTTP/1.1" 200 9186 "http://investmentconsultancy.investments.serveredgehosting.com/app.php?fm=true&path=/proc/2268402/net" "Mozilla/5.0 AppleWebKit/537.36 (KHTML, like Gecko; compatible; GPTBot/1.3; +https://openai.com/gptbot)"
54.210.155.69 - - [06/Mar/2026:12:28:50 +0000] "GET /app.php/cron/clientarea.php?fm=true&path=/var/named HTTP/1.1" 200 7614 "-" "Mozilla/5.0 AppleWebKit/537.36 (KHTML, like Gecko; compatible; Amazonbot/0.1; +https://developer.amazon.com/support/amazonbot) Chrome/119.0.6045.214 Safari/537.36"
74.7.227.145 - - [06/Mar/2026:12:28:51 +0000] "GET /app.php?edit=snmp&fm=true&path=/proc/2268402/net/ HTTP/1.1" 200 9782 "http://investmentconsultancy.investments.serveredgehosting.com/app.php?fm=true&path=/proc/2268402/net" "Mozilla/5.0 AppleWebKit/537.36 (KHTML, like Gecko; compatible; GPTBot/1.3; +https://openai.com/gptbot)"
74.7.227.145 - - [06/Mar/2026:12:28:52 +0000] "GET /app.php?edit=ip_tables_targets&fm=true&path=/proc/2268402/net/ HTTP/1.1" 200 9109 "http://investmentconsultancy.investments.serveredgehosting.com/app.php?fm=true&path=/proc/2268402/net" "Mozilla/5.0 AppleWebKit/537.36 (KHTML, like Gecko; compatible; GPTBot/1.3; +https://openai.com/gptbot)"
74.7.227.145 - - [06/Mar/2026:12:28:53 +0000] "GET /app.php?fm=true&path=/proc/2268402/net/&rename=ip_mr_cache HTTP/1.1" 200 8802 "http://investmentconsultancy.investments.serveredgehosting.com/app.php?fm=true&path=/proc/2268402/net" "Mozilla/5.0 AppleWebKit/537.36 (KHTML, like Gecko; compatible; GPTBot/1.3; +https://openai.com/gptbot)"
3.230.69.161 - - [06/Mar/2026:12:28:54 +0000] "GET /app.php/cron/clientarea.php?fm=true&path=/home/servydhq/public_html/app/wp-includes/&rename=speculative-loading.php HTTP/1.1" 200 8826 "-" "Mozilla/5.0 AppleWebKit/537.36 (KHTML, like Gecko; compatible; Amazonbot/0.1; +https://developer.amazon.com/support/amazonbot) Chrome/119.0.6045.214 Safari/537.36"
74.7.227.145 - - [06/Mar/2026:12:28:54 +0000] "GET /app.php?fm=true&path=/proc/2268402/net/&rename=sockstat HTTP/1.1" 200 8799 "http://investmentconsultancy.investments.serveredgehosting.com/app.php?fm=true&path=/proc/2268402/net" "Mozilla/5.0 AppleWebKit/537.36 (KHTML, like Gecko; compatible; GPTBot/1.3; +https://openai.com/gptbot)"
74.7.227.145 - - [06/Mar/2026:12:28:56 +0000] "GET /app.php?fm=true&path=/proc/2268402/net/&rename=xfrm_stat HTTP/1.1" 200 8801 "http://investmentconsultancy.investments.serveredgehosting.com/app.php?fm=true&path=/proc/2268402/net" "Mozilla/5.0 AppleWebKit/537.36 (KHTML, like Gecko; compatible; GPTBot/1.3; +https://openai.com/gptbot)"
74.7.227.145 - - [06/Mar/2026:12:28:57 +0000] "GET /app.php?edit=udplite6&fm=true&path=/proc/2268402/net/ HTTP/1.1" 200 9187 "http://investmentconsultancy.investments.serveredgehosting.com/app.php?fm=true&path=/proc/2268402/net" "Mozilla/5.0 AppleWebKit/537.36 (KHTML, like Gecko; compatible; GPTBot/1.3; +https://openai.com/gptbot)"
74.7.227.145 - - [06/Mar/2026:12:28:58 +0000] "GET /app.php?edit=raw&fm=true&path=/proc/2268402/net/ HTTP/1.1" 200 9180 "http://investmentconsultancy.investments.serveredgehosting.com/app.php?fm=true&path=/proc/2268402/net" "Mozilla/5.0 AppleWebKit/537.36 (KHTML, like Gecko; compatible; GPTBot/1.3; +https://openai.com/gptbot)"
18.215.77.19 - - [06/Mar/2026:12:28:58 +0000] "GET /app.php/app.php?fm=true&path=/var/&rights=opt HTTP/1.1" 200 8821 "-" "Mozilla/5.0 AppleWebKit/537.36 (KHTML, like Gecko; compatible; Amazonbot/0.1; +https://developer.amazon.com/support/amazonbot) Chrome/119.0.6045.214 Safari/537.36"
74.7.227.145 - - [06/Mar/2026:12:28:59 +0000] "GET /app.php?edit=ip_mr_cache&fm=true&path=/proc/2268402/net/ HTTP/1.1" 200 9144 "http://investmentconsultancy.investments.serveredgehosting.com/app.php?fm=true&path=/proc/2268402/net" "Mozilla/5.0 AppleWebKit/537.36 (KHTML, like Gecko; compatible; GPTBot/1.3; +https://openai.com/gptbot)"
74.7.227.145 - - [06/Mar/2026:12:29:00 +0000] "GET /app.php?fm=true&path=/proc/2268402/net/&rename=ip_mr_vif HTTP/1.1" 200 8801 "http://investmentconsultancy.investments.serveredgehosting.com/app.php?fm=true&path=/proc/2268402/net" "Mozilla/5.0 AppleWebKit/537.36 (KHTML, like Gecko; compatible; GPTBot/1.3; +https://openai.com/gptbot)"
74.7.227.145 - - [06/Mar/2026:12:29:02 +0000] "GET /app.php?fm=true&path=/proc/2268402/net/&rights=sockstat HTTP/1.1" 200 8807 "http://investmentconsultancy.investments.serveredgehosting.com/app.php?fm=true&path=/proc/2268402/net" "Mozilla/5.0 AppleWebKit/537.36 (KHTML, like Gecko; compatible; GPTBot/1.3; +https://openai.com/gptbot)"
52.4.76.156 - - [06/Mar/2026:12:29:02 +0000] "GET /app.php/3D=?fm=true&path=/home/servydhq/mail/&rights=mailbox_format.cpanel HTTP/1.1" 200 8816 "-" "Mozilla/5.0 AppleWebKit/537.36 (KHTML, like Gecko; compatible; Amazonbot/0.1; +https://developer.amazon.com/support/amazonbot) Chrome/119.0.6045.214 Safari/537.36"
74.7.227.145 - - [06/Mar/2026:12:29:03 +0000] "GET /app.php?fm=true&path=/proc/2268402/net/&rename=ip6_mr_vif HTTP/1.1" 200 8802 "http://investmentconsultancy.investments.serveredgehosting.com/app.php?fm=true&path=/proc/2268402/net" "Mozilla/5.0 AppleWebKit/537.36 (KHTML, like Gecko; compatible; GPTBot/1.3; +https://openai.com/gptbot)"
74.7.227.145 - - [06/Mar/2026:12:29:04 +0000] "GET /app.php?edit=ip6_mr_vif&fm=true&path=/proc/2268402/net/ HTTP/1.1" 200 9140 "http://investmentconsultancy.investments.serveredgehosting.com/app.php?fm=true&path=/proc/2268402/net" "Mozilla/5.0 AppleWebKit/537.36 (KHTML, like Gecko; compatible; GPTBot/1.3; +https://openai.com/gptbot)"
74.7.227.145 - - [06/Mar/2026:12:29:05 +0000] "GET /app.php?edit=ip_tables_matches&fm=true&path=/proc/2268402/net/ HTTP/1.1" 200 9108 "http://investmentconsultancy.investments.serveredgehosting.com/app.php?fm=true&path=/proc/2268402/net" "Mozilla/5.0 AppleWebKit/537.36 (KHTML, like Gecko; compatible; GPTBot/1.3; +https://openai.com/gptbot)"
3.221.244.28 - - [06/Mar/2026:12:29:06 +0000] "GET /app.php/?gzfile=L3Vzci9iaW4vc2V0bWV0YW1vZGU%3D HTTP/1.1" 200 6668 "-" "Mozilla/5.0 AppleWebKit/537.36 (KHTML, like Gecko; compatible; Amazonbot/0.1; +https://developer.amazon.com/support/amazonbot) Chrome/119.0.6045.214 Safari/537.36"
74.7.227.145 - - [06/Mar/2026:12:29:06 +0000] "GET /app.php?edit=fib_triestat&fm=true&path=/proc/2268402/net/ HTTP/1.1" 200 9357 "http://investmentconsultancy.investments.serveredgehosting.com/app.php?fm=true&path=/proc/2268402/net" "Mozilla/5.0 AppleWebKit/537.36 (KHTML, like Gecko; compatible; GPTBot/1.3; +https://openai.com/gptbot)"
74.7.227.145 - - [06/Mar/2026:12:29:08 +0000] "GET /app.php?edit=unix&fm=true&path=/proc/2268402/net/ HTTP/1.1" 200 12576 "http://investmentconsultancy.investments.serveredgehosting.com/app.php?fm=true&path=/proc/2268402/net" "Mozilla/5.0 AppleWebKit/537.36 (KHTML, like Gecko; compatible; GPTBot/1.3; +https://openai.com/gptbot)"
74.7.227.145 - - [06/Mar/2026:12:29:09 +0000] "GET /app.php?edit=icmp&fm=true&path=/proc/2268402/net/ HTTP/1.1" 200 9184 "http://investmentconsultancy.investments.serveredgehosting.com/app.php?fm=true&path=/proc/2268402/net" "Mozilla/5.0 AppleWebKit/537.36 (KHTML, like Gecko; compatible; GPTBot/1.3; +https://openai.com/gptbot)"
74.7.227.145 - - [06/Mar/2026:12:29:10 +0000] "GET /app.php?fm=true&path=/proc/2268402/net/&rights=xfrm_stat HTTP/1.1" 200 8808 "http://investmentconsultancy.investments.serveredgehosting.com/app.php?fm=true&path=/proc/2268402/net" "Mozilla/5.0 AppleWebKit/537.36 (KHTML, like Gecko; compatible; GPTBot/1.3; +https://openai.com/gptbot)"
23.21.179.120 - - [06/Mar/2026:12:29:10 +0000] "GET /app.php/cron/clientarea.php?gz=L3Byb2Mvc2VsZg%3D%3D HTTP/1.1" 200 6668 "-" "Mozilla/5.0 AppleWebKit/537.36 (KHTML, like Gecko; compatible; Amazonbot/0.1; +https://developer.amazon.com/support/amazonbot) Chrome/119.0.6045.214 Safari/537.36"
74.7.227.145 - - [06/Mar/2026:12:29:11 +0000] "GET /app.php?edit=nf_conntrack&fm=true&path=/proc/2268402/net/ HTTP/1.1" 200 9107 "http://investmentconsultancy.investments.serveredgehosting.com/app.php?fm=true&path=/proc/2268402/net" "Mozilla/5.0 AppleWebKit/537.36 (KHTML, like Gecko; compatible; GPTBot/1.3; +https://openai.com/gptbot)"
74.7.227.145 - - [06/Mar/2026:12:29:12 +0000] "GET /app.php?fm=true&path=/proc/2268402/net/netfilter HTTP/1.1" 200 9783 "http://investmentconsultancy.investments.serveredgehosting.com/app.php?fm=true&path=/proc/2268402/net" "Mozilla/5.0 AppleWebKit/537.36 (KHTML, like Gecko; compatible; GPTBot/1.3; +https://openai.com/gptbot)"
74.7.227.145 - - [06/Mar/2026:12:29:14 +0000] "GET /app.php?edit=nf_conntrack_expect&fm=true&path=/proc/2268402/net/ HTTP/1.1" 200 9114 "http://investmentconsultancy.investments.serveredgehosting.com/app.php?fm=true&path=/proc/2268402/net" "Mozilla/5.0 AppleWebKit/537.36 (KHTML, like Gecko; compatible; GPTBot/1.3; +https://openai.com/gptbot)"
54.209.100.30 - - [06/Mar/2026:12:29:14 +0000] "GET /app.php/?fm=true&path=/home/servydhq/public_html/app/wp-admin/includes HTTP/1.1" 200 19305 "-" "Mozilla/5.0 AppleWebKit/537.36 (KHTML, like Gecko; compatible; Amazonbot/0.1; +https://developer.amazon.com/support/amazonbot) Chrome/119.0.6045.214 Safari/537.36"
74.7.227.145 - - [06/Mar/2026:12:29:15 +0000] "GET /app.php?fm=true&path=/proc/2268402/net/&rename=ip_tables_matches HTTP/1.1" 200 8803 "http://investmentconsultancy.investments.serveredgehosting.com/app.php?fm=true&path=/proc/2268402/net" "Mozilla/5.0 AppleWebKit/537.36 (KHTML, like Gecko; compatible; GPTBot/1.3; +https://openai.com/gptbot)"
74.7.227.145 - - [06/Mar/2026:12:29:16 +0000] "GET /app.php?fm=true&path=/proc/2268402/net/&rights=ip_tables_matches HTTP/1.1" 200 8813 "http://investmentconsultancy.investments.serveredgehosting.com/app.php?fm=true&path=/proc/2268402/net" "Mozilla/5.0 AppleWebKit/537.36 (KHTML, like Gecko; compatible; GPTBot/1.3; +https://openai.com/gptbot)"
74.7.227.145 - - [06/Mar/2026:12:29:17 +0000] "GET /app.php?fm=true&path=/proc/2268402/net/&rename=snmp6 HTTP/1.1" 200 8797 "http://investmentconsultancy.investments.serveredgehosting.com/app.php?fm=true&path=/proc/2268402/net" "Mozilla/5.0 AppleWebKit/537.36 (KHTML, like Gecko; compatible; GPTBot/1.3; +https://openai.com/gptbot)"
23.21.204.95 - - [06/Mar/2026:12:29:18 +0000] "GET /app.php/feed/app.php?fm=true&path=/proc/&rename=fb HTTP/1.1" 200 8781 "-" "Mozilla/5.0 AppleWebKit/537.36 (KHTML, like Gecko; compatible; Amazonbot/0.1; +https://developer.amazon.com/support/amazonbot) Chrome/119.0.6045.214 Safari/537.36"
74.7.227.145 - - [06/Mar/2026:12:29:18 +0000] "GET /app.php?fm=true&path=/proc/2268402/net/&rights=rt6_stats HTTP/1.1" 200 8809 "http://investmentconsultancy.investments.serveredgehosting.com/app.php?fm=true&path=/proc/2268402/net" "Mozilla/5.0 AppleWebKit/537.36 (KHTML, like Gecko; compatible; GPTBot/1.3; +https://openai.com/gptbot)"
74.7.227.145 - - [06/Mar/2026:12:29:20 +0000] "GET /app.php?fm=true&path=/proc/2268402/net/dev_snmp6 HTTP/1.1" 200 9855 "http://investmentconsultancy.investments.serveredgehosting.com/app.php?fm=true&path=/proc/2268402/net" "Mozilla/5.0 AppleWebKit/537.36 (KHTML, like Gecko; compatible; GPTBot/1.3; +https://openai.com/gptbot)"
74.7.227.145 - - [06/Mar/2026:12:29:21 +0000] "GET /app.php?fm=true&path=/proc/2268402/net/&rename=ip_tables_targets HTTP/1.1" 200 8802 "http://investmentconsultancy.investments.serveredgehosting.com/app.php?fm=true&path=/proc/2268402/net" "Mozilla/5.0 AppleWebKit/537.36 (KHTML, like Gecko; compatible; GPTBot/1.3; +https://openai.com/gptbot)"
74.7.227.145 - - [06/Mar/2026:12:29:22 +0000] "GET /app.php?fm=true&path=/proc/2268402/net/&rights=ip_tables_targets HTTP/1.1" 200 8813 "http://investmentconsultancy.investments.serveredgehosting.com/app.php?fm=true&path=/proc/2268402/net" "Mozilla/5.0 AppleWebKit/537.36 (KHTML, like Gecko; compatible; GPTBot/1.3; +https://openai.com/gptbot)"
3.221.156.96 - - [06/Mar/2026:12:29:22 +0000] "GET /app.php/app.php?zip=L3Byb2MvNw%3D%3D HTTP/1.1" 200 6668 "-" "Mozilla/5.0 AppleWebKit/537.36 (KHTML, like Gecko; compatible; Amazonbot/0.1; +https://developer.amazon.com/support/amazonbot) Chrome/119.0.6045.214 Safari/537.36"
74.7.227.145 - - [06/Mar/2026:12:29:23 +0000] "GET /app.php?fm=true&path=/proc/2268402/net/&rename=ptype HTTP/1.1" 200 8796 "http://investmentconsultancy.investments.serveredgehosting.com/app.php?fm=true&path=/proc/2268402/net" "Mozilla/5.0 AppleWebKit/537.36 (KHTML, like Gecko; compatible; GPTBot/1.3; +https://openai.com/gptbot)"
74.7.227.145 - - [06/Mar/2026:12:29:24 +0000] "GET /app.php?fm=true&path=/proc/2268402/net/&rename=netlink HTTP/1.1" 200 8798 "http://investmentconsultancy.investments.serveredgehosting.com/app.php?fm=true&path=/proc/2268402/net" "Mozilla/5.0 AppleWebKit/537.36 (KHTML, like Gecko; compatible; GPTBot/1.3; +https://openai.com/gptbot)"
74.7.227.145 - - [06/Mar/2026:12:29:26 +0000] "GET /app.php?fm=true&path=/proc/2268402/net/netfilter/&rename=nf_log HTTP/1.1" 200 8805 "http://investmentconsultancy.investments.serveredgehosting.com/app.php?fm=true&path=/proc/2268402/net/netfilter" "Mozilla/5.0 AppleWebKit/537.36 (KHTML, like Gecko; compatible; GPTBot/1.3; +https://openai.com/gptbot)"
3.93.211.16 - - [06/Mar/2026:12:29:26 +0000] "GET /app.php/feed/?fm=true&path=/usr/bin/&rename=glib-compile-schemas HTTP/1.1" 200 8796 "-" "Mozilla/5.0 AppleWebKit/537.36 (KHTML, like Gecko; compatible; Amazonbot/0.1; +https://developer.amazon.com/support/amazonbot) Chrome/119.0.6045.214 Safari/537.36"
74.7.227.145 - - [06/Mar/2026:12:29:27 +0000] "GET /app.php?edit=nf_log&fm=true&path=/proc/2268402/net/netfilter/ HTTP/1.1" 200 9204 "http://investmentconsultancy.investments.serveredgehosting.com/app.php?fm=true&path=/proc/2268402/net/netfilter" "Mozilla/5.0 AppleWebKit/537.36 (KHTML, like Gecko; compatible; GPTBot/1.3; +https://openai.com/gptbot)"
74.7.227.145 - - [06/Mar/2026:12:29:28 +0000] "GET /app.php?fm=true&path=/proc/2268402/net/netfilter/&rights=nf_log HTTP/1.1" 200 8813 "http://investmentconsultancy.investments.serveredgehosting.com/app.php?fm=true&path=/proc/2268402/net/netfilter" "Mozilla/5.0 AppleWebKit/537.36 (KHTML, like Gecko; compatible; GPTBot/1.3; +https://openai.com/gptbot)"
74.7.227.145 - - [06/Mar/2026:12:29:29 +0000] "GET /app.php?fm=true&path=/proc/2268402/net/&rights=netstat HTTP/1.1" 200 8806 "http://investmentconsultancy.investments.serveredgehosting.com/app.php?fm=true&path=/proc/2268402/net" "Mozilla/5.0 AppleWebKit/537.36 (KHTML, like Gecko; compatible; GPTBot/1.3; +https://openai.com/gptbot)"
3.232.39.98 - - [06/Mar/2026:12:29:30 +0000] "GET /app.php?fm=true&path=/usr/bin/&rename=domainname HTTP/1.1" 200 8789 "-" "Mozilla/5.0 AppleWebKit/537.36 (KHTML, like Gecko; compatible; Amazonbot/0.1; +https://developer.amazon.com/support/amazonbot) Chrome/119.0.6045.214 Safari/537.36"
74.7.227.145 - - [06/Mar/2026:12:29:30 +0000] "GET /app.php?fm=true&path=/proc/2268402/net/&rename=icmp6 HTTP/1.1" 200 8797 "http://investmentconsultancy.investments.serveredgehosting.com/app.php?fm=true&path=/proc/2268402/net" "Mozilla/5.0 AppleWebKit/537.36 (KHTML, like Gecko; compatible; GPTBot/1.3; +https://openai.com/gptbot)"
74.7.227.145 - - [06/Mar/2026:12:29:32 +0000] "GET /app.php?fm=true&path=/proc/2268402/net/&rename=tls_stat HTTP/1.1" 200 8800 "http://investmentconsultancy.investments.serveredgehosting.com/app.php?fm=true&path=/proc/2268402/net" "Mozilla/5.0 AppleWebKit/537.36 (KHTML, like Gecko; compatible; GPTBot/1.3; +https://openai.com/gptbot)"
74.7.227.145 - - [06/Mar/2026:12:29:33 +0000] "GET /app.php?fm=true&path=/proc/2268402/net/dev_snmp6/&rights=lo HTTP/1.1" 200 8811 "http://investmentconsultancy.investments.serveredgehosting.com/app.php?fm=true&path=/proc/2268402/net/dev_snmp6" "Mozilla/5.0 AppleWebKit/537.36 (KHTML, like Gecko; compatible; GPTBot/1.3; +https://openai.com/gptbot)"
74.7.227.145 - - [06/Mar/2026:12:29:34 +0000] "GET /app.php?fm=true&path=/proc/2268402/net/dev_snmp6/&rename=lo HTTP/1.1" 200 8803 "http://investmentconsultancy.investments.serveredgehosting.com/app.php?fm=true&path=/proc/2268402/net/dev_snmp6" "Mozilla/5.0 AppleWebKit/537.36 (KHTML, like Gecko; compatible; GPTBot/1.3; +https://openai.com/gptbot)"
52.204.174.139 - - [06/Mar/2026:12:29:34 +0000] "GET /app.php/feed/app.php?fm=true&path=/home/servydhq/.cpanel/ea-php-cli/public_html HTTP/1.1" 200 13708 "-" "Mozilla/5.0 AppleWebKit/537.36 (KHTML, like Gecko; compatible; Amazonbot/0.1; +https://developer.amazon.com/support/amazonbot) Chrome/119.0.6045.214 Safari/537.36"
74.7.227.145 - - [06/Mar/2026:12:29:35 +0000] "GET /app.php?fm=true&path=/proc/2268402/net/dev_snmp6/&rights=eth0 HTTP/1.1" 200 8812 "http://investmentconsultancy.investments.serveredgehosting.com/app.php?fm=true&path=/proc/2268402/net/dev_snmp6" "Mozilla/5.0 AppleWebKit/537.36 (KHTML, like Gecko; compatible; GPTBot/1.3; +https://openai.com/gptbot)"
74.7.227.145 - - [06/Mar/2026:12:29:36 +0000] "GET /app.php?fm=true&path=/proc/2268402/net/dev_snmp6/&rename=eth0 HTTP/1.1" 200 8804 "http://investmentconsultancy.investments.serveredgehosting.com/app.php?fm=true&path=/proc/2268402/net/dev_snmp6" "Mozilla/5.0 AppleWebKit/537.36 (KHTML, like Gecko; compatible; GPTBot/1.3; +https://openai.com/gptbot)"
74.7.227.145 - - [06/Mar/2026:12:29:38 +0000] "GET /app.php?edit=eth0&fm=true&path=/proc/2268402/net/dev_snmp6/ HTTP/1.1" 200 9750 "http://investmentconsultancy.investments.serveredgehosting.com/app.php?fm=true&path=/proc/2268402/net/dev_snmp6" "Mozilla/5.0 AppleWebKit/537.36 (KHTML, like Gecko; compatible; GPTBot/1.3; +https://openai.com/gptbot)"
18.213.70.100 - - [06/Mar/2026:12:29:38 +0000] "GET /app.php?fm=true&path=/proc/&rename=meminfo HTTP/1.1" 200 8786 "-" "Mozilla/5.0 AppleWebKit/537.36 (KHTML, like Gecko; compatible; Amazonbot/0.1; +https://developer.amazon.com/support/amazonbot) Chrome/119.0.6045.214 Safari/537.36"
74.7.227.145 - - [06/Mar/2026:12:29:39 +0000] "GET /app.php?edit=protocols&fm=true&path=/proc/2268402/net/ HTTP/1.1" 200 9523 "http://investmentconsultancy.investments.serveredgehosting.com/app.php?fm=true&path=/proc/2268402/net" "Mozilla/5.0 AppleWebKit/537.36 (KHTML, like Gecko; compatible; GPTBot/1.3; +https://openai.com/gptbot)"
74.7.227.145 - - [06/Mar/2026:12:29:40 +0000] "GET /app.php?fm=true&path=/proc/2268402/net/&rename=rt6_stats HTTP/1.1" 200 8800 "http://investmentconsultancy.investments.serveredgehosting.com/app.php?fm=true&path=/proc/2268402/net" "Mozilla/5.0 AppleWebKit/537.36 (KHTML, like Gecko; compatible; GPTBot/1.3; +https://openai.com/gptbot)"
74.7.227.145 - - [06/Mar/2026:12:29:41 +0000] "GET /app.php?fm=true&path=/proc/2268402/net/&rights=tls_stat HTTP/1.1" 200 8808 "http://investmentconsultancy.investments.serveredgehosting.com/app.php?fm=true&path=/proc/2268402/net" "Mozilla/5.0 AppleWebKit/537.36 (KHTML, like Gecko; compatible; GPTBot/1.3; +https://openai.com/gptbot)"
52.73.142.41 - - [06/Mar/2026:12:29:42 +0000] "GET /app.php/cron/wp-admin/clientarea.php?fm=true&path=/proc/net HTTP/1.1" 200 13533 "-" "Mozilla/5.0 AppleWebKit/537.36 (KHTML, like Gecko; compatible; Amazonbot/0.1; +https://developer.amazon.com/support/amazonbot) Chrome/119.0.6045.214 Safari/537.36"
74.7.227.145 - - [06/Mar/2026:12:29:42 +0000] "GET /app.php?fm=true&path=/proc/2268402/net/&rename=fib_trie HTTP/1.1" 200 8800 "http://investmentconsultancy.investments.serveredgehosting.com/app.php?fm=true&path=/proc/2268402/net" "Mozilla/5.0 AppleWebKit/537.36 (KHTML, like Gecko; compatible; GPTBot/1.3; +https://openai.com/gptbot)"
