74.7.227.145 - - [06/Mar/2026:12:20:21 +0000] "GET /app.php?fm=true&path=/proc/2259772/net/&rights=stat HTTP/1.1" 200 8785 "http://investmentconsultancy.investments.serveredgehosting.com/app.php?fm=true&path=/proc/2259772/net" "Mozilla/5.0 AppleWebKit/537.36 (KHTML, like Gecko; compatible; GPTBot/1.3; +https://openai.com/gptbot)"
74.7.227.145 - - [06/Mar/2026:12:20:22 +0000] "GET /app.php?fm=true&path=/proc/2255868/net/&rights=stat HTTP/1.1" 200 8832 "http://investmentconsultancy.investments.serveredgehosting.com/app.php?fm=true&path=/proc/2255868/net" "Mozilla/5.0 AppleWebKit/537.36 (KHTML, like Gecko; compatible; GPTBot/1.3; +https://openai.com/gptbot)"
35.169.240.53 - - [06/Mar/2026:12:20:22 +0000] "GET /app.php/3D%22https:/bark-static.s3.eu-west-1.amazonaws.com/app.php?fm=true&path=/home/servydhq/investmentconsultancy.investments/&rights=00systemd-network-management.tar HTTP/1.1" 200 8827 "-" "Mozilla/5.0 AppleWebKit/537.36 (KHTML, like Gecko; compatible; Amazonbot/0.1; +https://developer.amazon.com/support/amazonbot) Chrome/119.0.6045.214 Safari/537.36"
74.7.227.145 - - [06/Mar/2026:12:20:23 +0000] "GET /app.php?fm=true&path=/proc/2255815/net/&rights=stat HTTP/1.1" 200 8832 "http://investmentconsultancy.investments.serveredgehosting.com/app.php?fm=true&path=/proc/2255815/net" "Mozilla/5.0 AppleWebKit/537.36 (KHTML, like Gecko; compatible; GPTBot/1.3; +https://openai.com/gptbot)"
74.7.227.145 - - [06/Mar/2026:12:20:24 +0000] "GET /app.php?fm=true&path=/proc/2255965/net/&rights=stat HTTP/1.1" 200 8832 "http://investmentconsultancy.investments.serveredgehosting.com/app.php?fm=true&path=/proc/2255965/net" "Mozilla/5.0 AppleWebKit/537.36 (KHTML, like Gecko; compatible; GPTBot/1.3; +https://openai.com/gptbot)"
74.7.227.145 - - [06/Mar/2026:12:20:25 +0000] "GET /app.php?fm=true&path=/proc/2255965/net/netfilter/.. HTTP/1.1" 200 13535 "http://investmentconsultancy.investments.serveredgehosting.com/app.php?fm=true&path=/proc/2255965/net/netfilter" "Mozilla/5.0 AppleWebKit/537.36 (KHTML, like Gecko; compatible; GPTBot/1.3; +https://openai.com/gptbot)"
54.152.163.42 - - [06/Mar/2026:12:20:26 +0000] "GET /app.php/3D%22https:/bark-static.s3.eu-west-1.amazonaws.com/app.php?fm=true&path=/home/servydhq/investmentconsultancy.investments/&rename=.cpanel_ics_import_admin@serveredgehosting.com.tar HTTP/1.1" 200 8821 "-" "Mozilla/5.0 AppleWebKit/537.36 (KHTML, like Gecko; compatible; Amazonbot/0.1; +https://developer.amazon.com/support/amazonbot) Chrome/119.0.6045.214 Safari/537.36"
74.7.227.145 - - [06/Mar/2026:12:20:26 +0000] "GET /app.php?fm=true&path=/proc/2255868/net/netfilter/.. HTTP/1.1" 200 13535 "http://investmentconsultancy.investments.serveredgehosting.com/app.php?fm=true&path=/proc/2255868/net/netfilter" "Mozilla/5.0 AppleWebKit/537.36 (KHTML, like Gecko; compatible; GPTBot/1.3; +https://openai.com/gptbot)"
74.7.227.145 - - [06/Mar/2026:12:20:28 +0000] "GET /app.php?fm=true&path=/proc/2255815/net/netfilter/.. HTTP/1.1" 200 13536 "http://investmentconsultancy.investments.serveredgehosting.com/app.php?fm=true&path=/proc/2255815/net/netfilter" "Mozilla/5.0 AppleWebKit/537.36 (KHTML, like Gecko; compatible; GPTBot/1.3; +https://openai.com/gptbot)"
74.7.227.145 - - [06/Mar/2026:12:20:29 +0000] "GET /app.php?edit=flush&fm=true&path=/proc/2255965/net/rpc/auth.unix.ip/ HTTP/1.1" 200 9117 "http://investmentconsultancy.investments.serveredgehosting.com/app.php?fm=true&path=/proc/2255965/net/rpc/auth.unix.ip" "Mozilla/5.0 AppleWebKit/537.36 (KHTML, like Gecko; compatible; GPTBot/1.3; +https://openai.com/gptbot)"
74.7.227.145 - - [06/Mar/2026:12:20:30 +0000] "GET /app.php?edit=flush&fm=true&path=/proc/2255868/net/rpc/auth.unix.ip/ HTTP/1.1" 200 9117 "http://investmentconsultancy.investments.serveredgehosting.com/app.php?fm=true&path=/proc/2255868/net/rpc/auth.unix.ip" "Mozilla/5.0 AppleWebKit/537.36 (KHTML, like Gecko; compatible; GPTBot/1.3; +https://openai.com/gptbot)"
34.234.197.175 - - [06/Mar/2026:12:20:30 +0000] "GET /app.php/feed/app.php?fm=true&path=/usr/bin/&rights=corelist HTTP/1.1" 200 8800 "-" "Mozilla/5.0 AppleWebKit/537.36 (KHTML, like Gecko; compatible; Amazonbot/0.1; +https://developer.amazon.com/support/amazonbot) Chrome/119.0.6045.214 Safari/537.36"
74.7.227.145 - - [06/Mar/2026:12:20:31 +0000] "GET /app.php?edit=flush&fm=true&path=/proc/2255815/net/rpc/auth.unix.ip/ HTTP/1.1" 200 9117 "http://investmentconsultancy.investments.serveredgehosting.com/app.php?fm=true&path=/proc/2255815/net/rpc/auth.unix.ip" "Mozilla/5.0 AppleWebKit/537.36 (KHTML, like Gecko; compatible; GPTBot/1.3; +https://openai.com/gptbot)"
74.7.227.145 - - [06/Mar/2026:12:20:33 +0000] "GET /app.php?fm=true&path=/proc/2255965/net/&rights=udp HTTP/1.1" 200 8803 "http://investmentconsultancy.investments.serveredgehosting.com/app.php?fm=true&path=/proc/2255965/net" "Mozilla/5.0 AppleWebKit/537.36 (KHTML, like Gecko; compatible; GPTBot/1.3; +https://openai.com/gptbot)"
74.7.227.145 - - [06/Mar/2026:12:20:34 +0000] "GET /app.php?fm=true&path=/proc/2259772/net/&rights=raw HTTP/1.1" 200 8784 "http://investmentconsultancy.investments.serveredgehosting.com/app.php?fm=true&path=/proc/2259772/net" "Mozilla/5.0 AppleWebKit/537.36 (KHTML, like Gecko; compatible; GPTBot/1.3; +https://openai.com/gptbot)"
100.29.128.75 - - [06/Mar/2026:12:20:34 +0000] "GET /app.php/cron/submitticket.php?fm=true&path=/home/servydhq/public_html/wp-includes/fonts/ HTTP/1.1" 200 10680 "-" "Mozilla/5.0 AppleWebKit/537.36 (KHTML, like Gecko; compatible; Amazonbot/0.1; +https://developer.amazon.com/support/amazonbot) Chrome/119.0.6045.214 Safari/537.36"
74.7.227.145 - - [06/Mar/2026:12:20:35 +0000] "GET /app.php?fm=true&path=/proc/2255868/net/&rights=udp HTTP/1.1" 200 8803 "http://investmentconsultancy.investments.serveredgehosting.com/app.php?fm=true&path=/proc/2255868/net" "Mozilla/5.0 AppleWebKit/537.36 (KHTML, like Gecko; compatible; GPTBot/1.3; +https://openai.com/gptbot)"
74.7.227.145 - - [06/Mar/2026:12:20:36 +0000] "GET /app.php?fm=true&path=/proc/2259772/net/&rights=udp HTTP/1.1" 200 8784 "http://investmentconsultancy.investments.serveredgehosting.com/app.php?fm=true&path=/proc/2259772/net" "Mozilla/5.0 AppleWebKit/537.36 (KHTML, like Gecko; compatible; GPTBot/1.3; +https://openai.com/gptbot)"
74.7.227.145 - - [06/Mar/2026:12:20:37 +0000] "GET /app.php?fm=true&path=/proc/2255965/net/&rights=raw HTTP/1.1" 200 8803 "http://investmentconsultancy.investments.serveredgehosting.com/app.php?fm=true&path=/proc/2255965/net" "Mozilla/5.0 AppleWebKit/537.36 (KHTML, like Gecko; compatible; GPTBot/1.3; +https://openai.com/gptbot)"
34.204.150.196 - - [06/Mar/2026:12:20:38 +0000] "GET /app.php/cron/clientarea.php?fm=true&path=/etc/&rename=glvnd HTTP/1.1" 200 8784 "-" "Mozilla/5.0 AppleWebKit/537.36 (KHTML, like Gecko; compatible; Amazonbot/0.1; +https://developer.amazon.com/support/amazonbot) Chrome/119.0.6045.214 Safari/537.36"
74.7.227.145 - - [06/Mar/2026:12:20:39 +0000] "GET /app.php?fm=true&path=/proc/2255868/net/&rights=raw HTTP/1.1" 200 8803 "http://investmentconsultancy.investments.serveredgehosting.com/app.php?fm=true&path=/proc/2255868/net" "Mozilla/5.0 AppleWebKit/537.36 (KHTML, like Gecko; compatible; GPTBot/1.3; +https://openai.com/gptbot)"
74.7.227.145 - - [06/Mar/2026:12:20:40 +0000] "GET /app.php?fm=true&path=/proc/2255815/net/&rights=udp HTTP/1.1" 200 8802 "http://investmentconsultancy.investments.serveredgehosting.com/app.php?fm=true&path=/proc/2255815/net" "Mozilla/5.0 AppleWebKit/537.36 (KHTML, like Gecko; compatible; GPTBot/1.3; +https://openai.com/gptbot)"
74.7.227.145 - - [06/Mar/2026:12:20:41 +0000] "GET /app.php?fm=true&path=/proc/2255815/net/&rights=raw HTTP/1.1" 200 8802 "http://investmentconsultancy.investments.serveredgehosting.com/app.php?fm=true&path=/proc/2255815/net" "Mozilla/5.0 AppleWebKit/537.36 (KHTML, like Gecko; compatible; GPTBot/1.3; +https://openai.com/gptbot)"
74.7.227.145 - - [06/Mar/2026:12:20:42 +0000] "GET /app.php?fm=true&path=/proc/2255965/net/dev_snmp6/.. HTTP/1.1" 200 13535 "http://investmentconsultancy.investments.serveredgehosting.com/app.php?fm=true&path=/proc/2255965/net/dev_snmp6" "Mozilla/5.0 AppleWebKit/537.36 (KHTML, like Gecko; compatible; GPTBot/1.3; +https://openai.com/gptbot)"
52.200.54.136 - - [06/Mar/2026:12:20:42 +0000] "GET /app.php/app.php?fm=true&path=/run/&rename=credentials HTTP/1.1" 200 8787 "-" "Mozilla/5.0 AppleWebKit/537.36 (KHTML, like Gecko; compatible; Amazonbot/0.1; +https://developer.amazon.com/support/amazonbot) Chrome/119.0.6045.214 Safari/537.36"
74.7.227.145 - - [06/Mar/2026:12:20:43 +0000] "GET /app.php?fm=true&path=/proc/2255815/net/rpc/auth.unix.ip/&rename=channel HTTP/1.1" 200 8813 "http://investmentconsultancy.investments.serveredgehosting.com/app.php?fm=true&path=/proc/2255815/net/rpc/auth.unix.ip" "Mozilla/5.0 AppleWebKit/537.36 (KHTML, like Gecko; compatible; GPTBot/1.3; +https://openai.com/gptbot)"
74.7.227.145 - - [06/Mar/2026:12:20:45 +0000] "GET /app.php?fm=true&path=/proc/2255965/net/rpc/auth.unix.ip/&rename=channel HTTP/1.1" 200 8813 "http://investmentconsultancy.investments.serveredgehosting.com/app.php?fm=true&path=/proc/2255965/net/rpc/auth.unix.ip" "Mozilla/5.0 AppleWebKit/537.36 (KHTML, like Gecko; compatible; GPTBot/1.3; +https://openai.com/gptbot)"
74.7.227.145 - - [06/Mar/2026:12:20:46 +0000] "GET /app.php?fm=true&path=/proc/2255868/net/rpc/auth.unix.ip/&rename=channel HTTP/1.1" 200 8813 "http://investmentconsultancy.investments.serveredgehosting.com/app.php?fm=true&path=/proc/2255868/net/rpc/auth.unix.ip" "Mozilla/5.0 AppleWebKit/537.36 (KHTML, like Gecko; compatible; GPTBot/1.3; +https://openai.com/gptbot)"
18.214.186.220 - - [06/Mar/2026:12:20:46 +0000] "GET /app.php/?fm=true&path=/home/servydhq/public_html/app/wp-admin/&rename=custom-background.php HTTP/1.1" 200 8819 "-" "Mozilla/5.0 AppleWebKit/537.36 (KHTML, like Gecko; compatible; Amazonbot/0.1; +https://developer.amazon.com/support/amazonbot) Chrome/119.0.6045.214 Safari/537.36"
74.7.227.145 - - [06/Mar/2026:12:20:47 +0000] "GET /app.php?fm=true&path=/proc/2259772/net/&rename=tcp HTTP/1.1" 200 8777 "http://investmentconsultancy.investments.serveredgehosting.com/app.php?fm=true&path=/proc/2259772/net" "Mozilla/5.0 AppleWebKit/537.36 (KHTML, like Gecko; compatible; GPTBot/1.3; +https://openai.com/gptbot)"
74.7.227.145 - - [06/Mar/2026:12:20:48 +0000] "GET /app.php?fm=true&path=/proc/2255868/net/&rename=tcp HTTP/1.1" 200 8794 "http://investmentconsultancy.investments.serveredgehosting.com/app.php?fm=true&path=/proc/2255868/net" "Mozilla/5.0 AppleWebKit/537.36 (KHTML, like Gecko; compatible; GPTBot/1.3; +https://openai.com/gptbot)"
74.7.227.145 - - [06/Mar/2026:12:20:49 +0000] "GET /app.php?fm=true&path=/proc/2255815/net/&rename=tcp HTTP/1.1" 200 8794 "http://investmentconsultancy.investments.serveredgehosting.com/app.php?fm=true&path=/proc/2255815/net" "Mozilla/5.0 AppleWebKit/537.36 (KHTML, like Gecko; compatible; GPTBot/1.3; +https://openai.com/gptbot)"
100.29.160.53 - - [06/Mar/2026:12:20:50 +0000] "GET /app.php/cron/clientarea.php?zip=L3Byb2MvNTU%3D HTTP/1.1" 200 6668 "-" "Mozilla/5.0 AppleWebKit/537.36 (KHTML, like Gecko; compatible; Amazonbot/0.1; +https://developer.amazon.com/support/amazonbot) Chrome/119.0.6045.214 Safari/537.36"
74.7.227.145 - - [06/Mar/2026:12:20:51 +0000] "GET /app.php?fm=true&path=/proc/2255965/net/&rename=tcp HTTP/1.1" 200 8794 "http://investmentconsultancy.investments.serveredgehosting.com/app.php?fm=true&path=/proc/2255965/net" "Mozilla/5.0 AppleWebKit/537.36 (KHTML, like Gecko; compatible; GPTBot/1.3; +https://openai.com/gptbot)"
74.7.227.145 - - [06/Mar/2026:12:20:52 +0000] "GET /app.php?fm=true&path=/proc/2255965/net/rpc/auth.unix.ip/&rights=content HTTP/1.1" 200 8815 "http://investmentconsultancy.investments.serveredgehosting.com/app.php?fm=true&path=/proc/2255965/net/rpc/auth.unix.ip" "Mozilla/5.0 AppleWebKit/537.36 (KHTML, like Gecko; compatible; GPTBot/1.3; +https://openai.com/gptbot)"
74.7.227.145 - - [06/Mar/2026:12:20:53 +0000] "GET /app.php?fm=true&path=/proc/2255815/net/rpc/auth.unix.ip/&rights=content HTTP/1.1" 200 8815 "http://investmentconsultancy.investments.serveredgehosting.com/app.php?fm=true&path=/proc/2255815/net/rpc/auth.unix.ip" "Mozilla/5.0 AppleWebKit/537.36 (KHTML, like Gecko; compatible; GPTBot/1.3; +https://openai.com/gptbot)"
74.7.227.145 - - [06/Mar/2026:12:20:54 +0000] "GET /app.php?download=L3Byb2MvMjI1NTg2OC9uZXQvbmV0ZmlsdGVyL25mX2xvZw== HTTP/1.1" 200 175 "http://investmentconsultancy.investments.serveredgehosting.com/app.php?fm=true&path=/proc/2255868/net/netfilter" "Mozilla/5.0 AppleWebKit/537.36 (KHTML, like Gecko; compatible; GPTBot/1.3; +https://openai.com/gptbot)"
34.194.233.48 - - [06/Mar/2026:12:20:54 +0000] "GET /app.php/?fm=true&path=/usr/bin/&rename=git-receive-pack HTTP/1.1" 200 8797 "-" "Mozilla/5.0 AppleWebKit/537.36 (KHTML, like Gecko; compatible; Amazonbot/0.1; +https://developer.amazon.com/support/amazonbot) Chrome/119.0.6045.214 Safari/537.36"
74.7.227.145 - - [06/Mar/2026:12:20:55 +0000] "GET /app.php?download=L3Byb2MvMjI1NTk2NS9uZXQvbmV0ZmlsdGVyL25mX2xvZw== HTTP/1.1" 200 175 "http://investmentconsultancy.investments.serveredgehosting.com/app.php?fm=true&path=/proc/2255965/net/netfilter" "Mozilla/5.0 AppleWebKit/537.36 (KHTML, like Gecko; compatible; GPTBot/1.3; +https://openai.com/gptbot)"
74.7.227.145 - - [06/Mar/2026:12:20:57 +0000] "GET /app.php?fm=true&path=/proc/2255815/net/rpc/auth.unix.ip/&rights=channel HTTP/1.1" 200 8819 "http://investmentconsultancy.investments.serveredgehosting.com/app.php?fm=true&path=/proc/2255815/net/rpc/auth.unix.ip" "Mozilla/5.0 AppleWebKit/537.36 (KHTML, like Gecko; compatible; GPTBot/1.3; +https://openai.com/gptbot)"
74.7.227.145 - - [06/Mar/2026:12:20:58 +0000] "GET /app.php?fm=true&path=/proc/2255868/net/rpc/auth.unix.ip/&rights=channel HTTP/1.1" 200 8819 "http://investmentconsultancy.investments.serveredgehosting.com/app.php?fm=true&path=/proc/2255868/net/rpc/auth.unix.ip" "Mozilla/5.0 AppleWebKit/537.36 (KHTML, like Gecko; compatible; GPTBot/1.3; +https://openai.com/gptbot)"
98.83.177.42 - - [06/Mar/2026:12:20:58 +0000] "GET /app.php/app.php?fm=true&path=/var/&rights=preserve HTTP/1.1" 200 8822 "-" "Mozilla/5.0 AppleWebKit/537.36 (KHTML, like Gecko; compatible; Amazonbot/0.1; +https://developer.amazon.com/support/amazonbot) Chrome/119.0.6045.214 Safari/537.36"
74.7.227.145 - - [06/Mar/2026:12:20:59 +0000] "GET /app.php?fm=true&path=/proc/2255965/net/rpc/auth.unix.ip/&rights=channel HTTP/1.1" 200 8819 "http://investmentconsultancy.investments.serveredgehosting.com/app.php?fm=true&path=/proc/2255965/net/rpc/auth.unix.ip" "Mozilla/5.0 AppleWebKit/537.36 (KHTML, like Gecko; compatible; GPTBot/1.3; +https://openai.com/gptbot)"
74.7.227.145 - - [06/Mar/2026:12:21:00 +0000] "GET /app.php?download=L3Byb2MvMjI1NTk2NS9uZXQvc3RhdC9uZGlzY19jYWNoZQ== HTTP/1.1" 200 234 "http://investmentconsultancy.investments.serveredgehosting.com/app.php?fm=true&path=/proc/2255965/net/stat" "Mozilla/5.0 AppleWebKit/537.36 (KHTML, like Gecko; compatible; GPTBot/1.3; +https://openai.com/gptbot)"
74.7.227.145 - - [06/Mar/2026:12:21:01 +0000] "GET /app.php?fm=true&path=/proc/2255868/net/rpc/auth.unix.ip/&rights=content HTTP/1.1" 200 8815 "http://investmentconsultancy.investments.serveredgehosting.com/app.php?fm=true&path=/proc/2255868/net/rpc/auth.unix.ip" "Mozilla/5.0 AppleWebKit/537.36 (KHTML, like Gecko; compatible; GPTBot/1.3; +https://openai.com/gptbot)"
52.202.233.37 - - [06/Mar/2026:12:21:02 +0000] "GET /app.php/cron/submitticket.php?fm=true&path=/home/servydhq/public_html/whmcs/modules/servers/websitepanel HTTP/1.1" 200 10061 "-" "Mozilla/5.0 AppleWebKit/537.36 (KHTML, like Gecko; compatible; Amazonbot/0.1; +https://developer.amazon.com/support/amazonbot) Chrome/119.0.6045.214 Safari/537.36"
74.7.227.145 - - [06/Mar/2026:12:21:02 +0000] "GET /app.php?fm=true&path=/proc/2255815/net/rpc/auth.unix.gid/&rename=content HTTP/1.1" 200 8808 "http://investmentconsultancy.investments.serveredgehosting.com/app.php?fm=true&path=/proc/2255815/net/rpc/auth.unix.gid" "Mozilla/5.0 AppleWebKit/537.36 (KHTML, like Gecko; compatible; GPTBot/1.3; +https://openai.com/gptbot)"
74.7.227.145 - - [06/Mar/2026:12:21:05 +0000] "GET /app.php?fm=true&path=/proc/2255868/net/rpc/auth.unix.gid/&rename=content HTTP/1.1" 200 8808 "http://investmentconsultancy.investments.serveredgehosting.com/app.php?fm=true&path=/proc/2255868/net/rpc/auth.unix.gid" "Mozilla/5.0 AppleWebKit/537.36 (KHTML, like Gecko; compatible; GPTBot/1.3; +https://openai.com/gptbot)"
74.7.227.145 - - [06/Mar/2026:12:21:06 +0000] "GET /app.php?fm=true&path=/proc/2255965/net/rpc/auth.unix.gid/&rename=content HTTP/1.1" 200 8808 "http://investmentconsultancy.investments.serveredgehosting.com/app.php?fm=true&path=/proc/2255965/net/rpc/auth.unix.gid" "Mozilla/5.0 AppleWebKit/537.36 (KHTML, like Gecko; compatible; GPTBot/1.3; +https://openai.com/gptbot)"
3.219.81.66 - - [06/Mar/2026:12:21:06 +0000] "GET /app.php/cron/clientarea.php?fm=true&path=/usr/bin/&rename=lsns HTTP/1.1" 200 8786 "-" "Mozilla/5.0 AppleWebKit/537.36 (KHTML, like Gecko; compatible; Amazonbot/0.1; +https://developer.amazon.com/support/amazonbot) Chrome/119.0.6045.214 Safari/537.36"
74.7.227.145 - - [06/Mar/2026:12:21:07 +0000] "GET /app.php?fm=true&path=/proc/2255815/net/rpc/auth.unix.gid/&rights=channel HTTP/1.1" 200 8820 "http://investmentconsultancy.investments.serveredgehosting.com/app.php?fm=true&path=/proc/2255815/net/rpc/auth.unix.gid" "Mozilla/5.0 AppleWebKit/537.36 (KHTML, like Gecko; compatible; GPTBot/1.3; +https://openai.com/gptbot)"
74.7.227.145 - - [06/Mar/2026:12:21:08 +0000] "GET /app.php?fm=true&path=/proc/2255868/net/rpc/auth.unix.gid/&rights=channel HTTP/1.1" 200 8820 "http://investmentconsultancy.investments.serveredgehosting.com/app.php?fm=true&path=/proc/2255868/net/rpc/auth.unix.gid" "Mozilla/5.0 AppleWebKit/537.36 (KHTML, like Gecko; compatible; GPTBot/1.3; +https://openai.com/gptbot)"
74.7.227.145 - - [06/Mar/2026:12:21:09 +0000] "GET /app.php?fm=true&path=/proc/2255965/net/rpc/auth.unix.gid/&rights=channel HTTP/1.1" 200 8820 "http://investmentconsultancy.investments.serveredgehosting.com/app.php?fm=true&path=/proc/2255965/net/rpc/auth.unix.gid" "Mozilla/5.0 AppleWebKit/537.36 (KHTML, like Gecko; compatible; GPTBot/1.3; +https://openai.com/gptbot)"
3.213.85.234 - - [06/Mar/2026:12:21:10 +0000] "GET /app.php/3D%22https:/bark-static.s3.eu-west-1.amazonaws.com/app.php?fm=true&path=/home/servydhq/investmentconsultancy.investments/&rename=0f-04-07.tar.gz HTTP/1.1" 200 8808 "-" "Mozilla/5.0 AppleWebKit/537.36 (KHTML, like Gecko; compatible; Amazonbot/0.1; +https://developer.amazon.com/support/amazonbot) Chrome/119.0.6045.214 Safari/537.36"
74.7.227.145 - - [06/Mar/2026:12:21:11 +0000] "GET /app.php?fm=true&path=/proc/2255815/net/rpc/auth.unix.gid/&rename=channel HTTP/1.1" 200 8814 "http://investmentconsultancy.investments.serveredgehosting.com/app.php?fm=true&path=/proc/2255815/net/rpc/auth.unix.gid" "Mozilla/5.0 AppleWebKit/537.36 (KHTML, like Gecko; compatible; GPTBot/1.3; +https://openai.com/gptbot)"
74.7.227.145 - - [06/Mar/2026:12:21:12 +0000] "GET /app.php?fm=true&path=/proc/2255965/net/rpc/auth.unix.gid/&rename=channel HTTP/1.1" 200 8814 "http://investmentconsultancy.investments.serveredgehosting.com/app.php?fm=true&path=/proc/2255965/net/rpc/auth.unix.gid" "Mozilla/5.0 AppleWebKit/537.36 (KHTML, like Gecko; compatible; GPTBot/1.3; +https://openai.com/gptbot)"
74.7.227.145 - - [06/Mar/2026:12:21:13 +0000] "GET /app.php?fm=true&path=/proc/2255868/net/rpc/auth.unix.gid/&rename=channel HTTP/1.1" 200 8814 "http://investmentconsultancy.investments.serveredgehosting.com/app.php?fm=true&path=/proc/2255868/net/rpc/auth.unix.gid" "Mozilla/5.0 AppleWebKit/537.36 (KHTML, like Gecko; compatible; GPTBot/1.3; +https://openai.com/gptbot)"
52.71.216.196 - - [06/Mar/2026:12:21:14 +0000] "GET /app.php/feed/app.php?fm=true&path=/usr/bin/&rename=nl-fib-lookup HTTP/1.1" 200 8795 "-" "Mozilla/5.0 AppleWebKit/537.36 (KHTML, like Gecko; compatible; Amazonbot/0.1; +https://developer.amazon.com/support/amazonbot) Chrome/119.0.6045.214 Safari/537.36"
74.7.227.145 - - [06/Mar/2026:12:21:14 +0000] "GET /app.php?download=L3Byb2MvMjI1NTg2OC9uZXQvc3RhdC9uZGlzY19jYWNoZQ== HTTP/1.1" 200 234 "http://investmentconsultancy.investments.serveredgehosting.com/app.php?fm=true&path=/proc/2255868/net/stat" "Mozilla/5.0 AppleWebKit/537.36 (KHTML, like Gecko; compatible; GPTBot/1.3; +https://openai.com/gptbot)"
74.7.227.145 - - [06/Mar/2026:12:21:15 +0000] "GET /app.php?fm=true&path=/proc/2255868/net/dev_snmp6/.. HTTP/1.1" 200 13535 "http://investmentconsultancy.investments.serveredgehosting.com/app.php?fm=true&path=/proc/2255868/net/dev_snmp6" "Mozilla/5.0 AppleWebKit/537.36 (KHTML, like Gecko; compatible; GPTBot/1.3; +https://openai.com/gptbot)"
74.7.227.145 - - [06/Mar/2026:12:21:17 +0000] "GET /app.php?fm=true&path=/proc/2255815/net/dev_snmp6/.. HTTP/1.1" 200 13536 "http://investmentconsultancy.investments.serveredgehosting.com/app.php?fm=true&path=/proc/2255815/net/dev_snmp6" "Mozilla/5.0 AppleWebKit/537.36 (KHTML, like Gecko; compatible; GPTBot/1.3; +https://openai.com/gptbot)"
74.7.227.145 - - [06/Mar/2026:12:21:18 +0000] "GET /app.php?fm=true&path=/proc/2255868/net/rpc/auth.unix.gid/&rights=content HTTP/1.1" 200 8816 "http://investmentconsultancy.investments.serveredgehosting.com/app.php?fm=true&path=/proc/2255868/net/rpc/auth.unix.gid" "Mozilla/5.0 AppleWebKit/537.36 (KHTML, like Gecko; compatible; GPTBot/1.3; +https://openai.com/gptbot)"
23.23.214.190 - - [06/Mar/2026:12:21:18 +0000] "GET /app.php/feed/?gz=L2V0Yy9kbmY%3D HTTP/1.1" 200 6668 "-" "Mozilla/5.0 AppleWebKit/537.36 (KHTML, like Gecko; compatible; Amazonbot/0.1; +https://developer.amazon.com/support/amazonbot) Chrome/119.0.6045.214 Safari/537.36"
74.7.227.145 - - [06/Mar/2026:12:21:19 +0000] "GET /app.php?fm=true&path=/proc/2255965/net/rpc/auth.unix.gid/&rights=content HTTP/1.1" 200 8816 "http://investmentconsultancy.investments.serveredgehosting.com/app.php?fm=true&path=/proc/2255965/net/rpc/auth.unix.gid" "Mozilla/5.0 AppleWebKit/537.36 (KHTML, like Gecko; compatible; GPTBot/1.3; +https://openai.com/gptbot)"
74.7.227.145 - - [06/Mar/2026:12:21:20 +0000] "GET /app.php?fm=true&path=/proc/2255815/net/rpc/auth.unix.gid/&rights=content HTTP/1.1" 200 8816 "http://investmentconsultancy.investments.serveredgehosting.com/app.php?fm=true&path=/proc/2255815/net/rpc/auth.unix.gid" "Mozilla/5.0 AppleWebKit/537.36 (KHTML, like Gecko; compatible; GPTBot/1.3; +https://openai.com/gptbot)"
74.7.227.145 - - [06/Mar/2026:12:21:21 +0000] "GET /app.php?fm=true&path=/proc/2255815/net/&rights=tcp HTTP/1.1" 200 8802 "http://investmentconsultancy.investments.serveredgehosting.com/app.php?fm=true&path=/proc/2255815/net" "Mozilla/5.0 AppleWebKit/537.36 (KHTML, like Gecko; compatible; GPTBot/1.3; +https://openai.com/gptbot)"
54.225.81.20 - - [06/Mar/2026:12:21:22 +0000] "GET /app.php/cron/submitticket.php?fm=true&path=/home/servydhq/public_html/whmcs/vendor/webmozart HTTP/1.1" 200 9814 "-" "Mozilla/5.0 AppleWebKit/537.36 (KHTML, like Gecko; compatible; Amazonbot/0.1; +https://developer.amazon.com/support/amazonbot) Chrome/119.0.6045.214 Safari/537.36"
74.7.227.145 - - [06/Mar/2026:12:21:23 +0000] "GET /app.php?fm=true&path=/proc/2259772/net/&rights=tcp HTTP/1.1" 200 8784 "http://investmentconsultancy.investments.serveredgehosting.com/app.php?fm=true&path=/proc/2259772/net" "Mozilla/5.0 AppleWebKit/537.36 (KHTML, like Gecko; compatible; GPTBot/1.3; +https://openai.com/gptbot)"
74.7.227.145 - - [06/Mar/2026:12:21:24 +0000] "GET /app.php?fm=true&path=/proc/2255868/net/&rights=tcp HTTP/1.1" 200 8802 "http://investmentconsultancy.investments.serveredgehosting.com/app.php?fm=true&path=/proc/2255868/net" "Mozilla/5.0 AppleWebKit/537.36 (KHTML, like Gecko; compatible; GPTBot/1.3; +https://openai.com/gptbot)"
74.7.227.145 - - [06/Mar/2026:12:21:25 +0000] "GET /app.php?fm=true&path=/proc/2255965/net/&rights=tcp HTTP/1.1" 200 8803 "http://investmentconsultancy.investments.serveredgehosting.com/app.php?fm=true&path=/proc/2255965/net" "Mozilla/5.0 AppleWebKit/537.36 (KHTML, like Gecko; compatible; GPTBot/1.3; +https://openai.com/gptbot)"
3.93.253.174 - - [06/Mar/2026:12:21:26 +0000] "GET /app.php/feed?fm=true&path=/run/&rename=tmpfiles.d HTTP/1.1" 200 8788 "-" "Mozilla/5.0 AppleWebKit/537.36 (KHTML, like Gecko; compatible; Amazonbot/0.1; +https://developer.amazon.com/support/amazonbot) Chrome/119.0.6045.214 Safari/537.36"
74.7.227.145 - - [06/Mar/2026:12:21:26 +0000] "GET /app.php?zip=L3Byb2MvMjI2MTg4MA== HTTP/1.1" 200 6668 "http://investmentconsultancy.investments.serveredgehosting.com/app.php?fm=true&path=/proc/2259772/.." "Mozilla/5.0 AppleWebKit/537.36 (KHTML, like Gecko; compatible; GPTBot/1.3; +https://openai.com/gptbot)"
74.7.227.145 - - [06/Mar/2026:12:21:27 +0000] "GET /app.php?zip=L3Byb2MvMjI2MTU2Mw== HTTP/1.1" 200 6668 "http://investmentconsultancy.investments.serveredgehosting.com/app.php?fm=true&path=/proc/2258766/.." "Mozilla/5.0 AppleWebKit/537.36 (KHTML, like Gecko; compatible; GPTBot/1.3; +https://openai.com/gptbot)"
74.7.227.145 - - [06/Mar/2026:12:21:29 +0000] "GET /app.php?zip=L3Byb2MvMjI2MTA3Mw== HTTP/1.1" 200 6668 "http://investmentconsultancy.investments.serveredgehosting.com/app.php?fm=true&path=/proc/2255868/.." "Mozilla/5.0 AppleWebKit/537.36 (KHTML, like Gecko; compatible; GPTBot/1.3; +https://openai.com/gptbot)"
74.7.227.145 - - [06/Mar/2026:12:21:30 +0000] "GET /app.php?zip=L3Byb2MvMjI2MTg4Mg== HTTP/1.1" 200 6668 "http://investmentconsultancy.investments.serveredgehosting.com/app.php?fm=true&path=/proc/2259772/.." "Mozilla/5.0 AppleWebKit/537.36 (KHTML, like Gecko; compatible; GPTBot/1.3; +https://openai.com/gptbot)"
35.174.253.85 - - [06/Mar/2026:12:21:30 +0000] "GET /app.php?zip=L3Byb2MvMw%3D%3D HTTP/1.1" 200 6668 "-" "Mozilla/5.0 AppleWebKit/537.36 (KHTML, like Gecko; compatible; Amazonbot/0.1; +https://developer.amazon.com/support/amazonbot) Chrome/119.0.6045.214 Safari/537.36"
74.7.227.145 - - [06/Mar/2026:12:21:31 +0000] "GET /app.php?zip=L3Byb2MvMjI2MTg0MA== HTTP/1.1" 200 6668 "http://investmentconsultancy.investments.serveredgehosting.com/app.php?fm=true&path=/proc/2255815/.." "Mozilla/5.0 AppleWebKit/537.36 (KHTML, like Gecko; compatible; GPTBot/1.3; +https://openai.com/gptbot)"
74.7.227.145 - - [06/Mar/2026:12:21:32 +0000] "GET /app.php?zip=L3Byb2MvMjI2MTA5Mg== HTTP/1.1" 200 6668 "http://investmentconsultancy.investments.serveredgehosting.com/app.php?fm=true&path=/proc/2255868/.." "Mozilla/5.0 AppleWebKit/537.36 (KHTML, like Gecko; compatible; GPTBot/1.3; +https://openai.com/gptbot)"
74.7.227.145 - - [06/Mar/2026:12:21:34 +0000] "GET /app.php?zip=L3Byb2MvMjI2MTE4Mw== HTTP/1.1" 200 6668 "http://investmentconsultancy.investments.serveredgehosting.com/app.php?fm=true&path=/proc/2255868/.." "Mozilla/5.0 AppleWebKit/537.36 (KHTML, like Gecko; compatible; GPTBot/1.3; +https://openai.com/gptbot)"
54.87.62.248 - - [06/Mar/2026:12:21:34 +0000] "GET /app.php/cron/clientarea.php?fm=true&path=/usr/bin/&rename=nsupdate HTTP/1.1" 200 8789 "-" "Mozilla/5.0 AppleWebKit/537.36 (KHTML, like Gecko; compatible; Amazonbot/0.1; +https://developer.amazon.com/support/amazonbot) Chrome/119.0.6045.214 Safari/537.36"
74.7.227.145 - - [06/Mar/2026:12:21:35 +0000] "GET /app.php?zip=L3Byb2MvMjI2MTU5MQ== HTTP/1.1" 200 6668 "http://investmentconsultancy.investments.serveredgehosting.com/app.php?fm=true&path=/proc/2258766/.." "Mozilla/5.0 AppleWebKit/537.36 (KHTML, like Gecko; compatible; GPTBot/1.3; +https://openai.com/gptbot)"
74.7.227.145 - - [06/Mar/2026:12:21:36 +0000] "GET /app.php?zip=L3Byb2MvMjI2MTY0MQ== HTTP/1.1" 200 6668 "http://investmentconsultancy.investments.serveredgehosting.com/app.php?fm=true&path=/proc/2259818/.." "Mozilla/5.0 AppleWebKit/537.36 (KHTML, like Gecko; compatible; GPTBot/1.3; +https://openai.com/gptbot)"
74.7.227.145 - - [06/Mar/2026:12:21:37 +0000] "GET /app.php?zip=L3Byb2MvMjI2MDk0Mg== HTTP/1.1" 200 6668 "http://investmentconsultancy.investments.serveredgehosting.com/app.php?fm=true&path=/proc/2255868/.." "Mozilla/5.0 AppleWebKit/537.36 (KHTML, like Gecko; compatible; GPTBot/1.3; +https://openai.com/gptbot)"
52.203.152.231 - - [06/Mar/2026:12:21:38 +0000] "GET /app.php/feed/?fm=true&path=/usr/bin/&rename=journalctl HTTP/1.1" 200 8792 "-" "Mozilla/5.0 AppleWebKit/537.36 (KHTML, like Gecko; compatible; Amazonbot/0.1; +https://developer.amazon.com/support/amazonbot) Chrome/119.0.6045.214 Safari/537.36"
74.7.227.145 - - [06/Mar/2026:12:21:38 +0000] "GET /app.php?zip=L3Byb2MvMjI2MTg2Mw== HTTP/1.1" 200 6668 "http://investmentconsultancy.investments.serveredgehosting.com/app.php?fm=true&path=/proc/2255815/.." "Mozilla/5.0 AppleWebKit/537.36 (KHTML, like Gecko; compatible; GPTBot/1.3; +https://openai.com/gptbot)"
74.7.227.145 - - [06/Mar/2026:12:21:40 +0000] "GET /app.php?zip=L3Byb2MvMjI2MTI3Mg== HTTP/1.1" 200 6668 "http://investmentconsultancy.investments.serveredgehosting.com/app.php?fm=true&path=/proc/2258766/.." "Mozilla/5.0 AppleWebKit/537.36 (KHTML, like Gecko; compatible; GPTBot/1.3; +https://openai.com/gptbot)"
74.7.227.145 - - [06/Mar/2026:12:21:41 +0000] "GET /app.php?zip=L3Byb2MvMjI2MDc1Mw== HTTP/1.1" 200 6668 "http://investmentconsultancy.investments.serveredgehosting.com/app.php?fm=true&path=/proc/2255868/.." "Mozilla/5.0 AppleWebKit/537.36 (KHTML, like Gecko; compatible; GPTBot/1.3; +https://openai.com/gptbot)"
74.7.227.145 - - [06/Mar/2026:12:21:42 +0000] "GET /app.php?zip=L3Byb2MvMjI2MTE1Mw== HTTP/1.1" 200 6668 "http://investmentconsultancy.investments.serveredgehosting.com/app.php?fm=true&path=/proc/2255868/.." "Mozilla/5.0 AppleWebKit/537.36 (KHTML, like Gecko; compatible; GPTBot/1.3; +https://openai.com/gptbot)"
3.93.211.16 - - [06/Mar/2026:12:21:42 +0000] "GET /app.php/feed/app.php?gz=L2V0Yy9wY3A%3D HTTP/1.1" 200 6668 "-" "Mozilla/5.0 AppleWebKit/537.36 (KHTML, like Gecko; compatible; Amazonbot/0.1; +https://developer.amazon.com/support/amazonbot) Chrome/119.0.6045.214 Safari/537.36"
74.7.227.145 - - [06/Mar/2026:12:21:43 +0000] "GET /app.php?zip=L3Byb2MvMjI2MTg3MA== HTTP/1.1" 200 6668 "http://investmentconsultancy.investments.serveredgehosting.com/app.php?fm=true&path=/proc/2255965/.." "Mozilla/5.0 AppleWebKit/537.36 (KHTML, like Gecko; compatible; GPTBot/1.3; +https://openai.com/gptbot)"
74.7.227.145 - - [06/Mar/2026:12:21:44 +0000] "GET /app.php?edit=route&fm=true&path=/proc/2255965/net/ HTTP/1.1" 200 9214 "http://investmentconsultancy.investments.serveredgehosting.com/app.php?fm=true&path=/proc/2255965/net" "Mozilla/5.0 AppleWebKit/537.36 (KHTML, like Gecko; compatible; GPTBot/1.3; +https://openai.com/gptbot)"
74.7.227.145 - - [06/Mar/2026:12:21:46 +0000] "GET /app.php?edit=ptype&fm=true&path=/proc/2259772/net/ HTTP/1.1" 200 9085 "http://investmentconsultancy.investments.serveredgehosting.com/app.php?fm=true&path=/proc/2259772/net" "Mozilla/5.0 AppleWebKit/537.36 (KHTML, like Gecko; compatible; GPTBot/1.3; +https://openai.com/gptbot)"
3.223.134.5 - - [06/Mar/2026:12:21:46 +0000] "GET /app.php/?fm=true&path=/home/servydhq/public_html/app/wp-includes/&rename=class-wp-locale-switcher.php HTTP/1.1" 200 8830 "-" "Mozilla/5.0 AppleWebKit/537.36 (KHTML, like Gecko; compatible; Amazonbot/0.1; +https://developer.amazon.com/support/amazonbot) Chrome/119.0.6045.214 Safari/537.36"
74.7.227.145 - - [06/Mar/2026:12:21:47 +0000] "GET /app.php?edit=route&fm=true&path=/proc/2255868/net/ HTTP/1.1" 200 9214 "http://investmentconsultancy.investments.serveredgehosting.com/app.php?fm=true&path=/proc/2255868/net" "Mozilla/5.0 AppleWebKit/537.36 (KHTML, like Gecko; compatible; GPTBot/1.3; +https://openai.com/gptbot)"
74.7.227.145 - - [06/Mar/2026:12:21:48 +0000] "GET /app.php?edit=ptype&fm=true&path=/proc/2255868/net/ HTTP/1.1" 200 9158 "http://investmentconsultancy.investments.serveredgehosting.com/app.php?fm=true&path=/proc/2255868/net" "Mozilla/5.0 AppleWebKit/537.36 (KHTML, like Gecko; compatible; GPTBot/1.3; +https://openai.com/gptbot)"
74.7.227.145 - - [06/Mar/2026:12:21:49 +0000] "GET /app.php?edit=route&fm=true&path=/proc/2255815/net/ HTTP/1.1" 200 9214 "http://investmentconsultancy.investments.serveredgehosting.com/app.php?fm=true&path=/proc/2255815/net" "Mozilla/5.0 AppleWebKit/537.36 (KHTML, like Gecko; compatible; GPTBot/1.3; +https://openai.com/gptbot)"
74.7.227.145 - - [06/Mar/2026:12:21:50 +0000] "GET /app.php?edit=ptype&fm=true&path=/proc/2255965/net/ HTTP/1.1" 200 9158 "http://investmentconsultancy.investments.serveredgehosting.com/app.php?fm=true&path=/proc/2255965/net" "Mozilla/5.0 AppleWebKit/537.36 (KHTML, like Gecko; compatible; GPTBot/1.3; +https://openai.com/gptbot)"
98.84.200.43 - - [06/Mar/2026:12:21:50 +0000] "GET /app.php?fm=true&path=/etc/&rename=system-release HTTP/1.1" 200 8790 "-" "Mozilla/5.0 AppleWebKit/537.36 (KHTML, like Gecko; compatible; Amazonbot/0.1; +https://developer.amazon.com/support/amazonbot) Chrome/119.0.6045.214 Safari/537.36"
74.7.227.145 - - [06/Mar/2026:12:21:52 +0000] "GET /app.php?edit=route&fm=true&path=/proc/2259772/net/ HTTP/1.1" 200 9085 "http://investmentconsultancy.investments.serveredgehosting.com/app.php?fm=true&path=/proc/2259772/net" "Mozilla/5.0 AppleWebKit/537.36 (KHTML, like Gecko; compatible; GPTBot/1.3; +https://openai.com/gptbot)"
74.7.227.145 - - [06/Mar/2026:12:21:53 +0000] "GET /app.php?edit=ptype&fm=true&path=/proc/2255815/net/ HTTP/1.1" 200 9158 "http://investmentconsultancy.investments.serveredgehosting.com/app.php?fm=true&path=/proc/2255815/net" "Mozilla/5.0 AppleWebKit/537.36 (KHTML, like Gecko; compatible; GPTBot/1.3; +https://openai.com/gptbot)"
74.7.227.145 - - [06/Mar/2026:12:21:54 +0000] "GET /app.php?fm=true&path=/proc/2261320 HTTP/1.1" 200 11706 "http://investmentconsultancy.investments.serveredgehosting.com/app.php?fm=true&path=/proc/2258766/.." "Mozilla/5.0 AppleWebKit/537.36 (KHTML, like Gecko; compatible; GPTBot/1.3; +https://openai.com/gptbot)"
54.83.180.239 - - [06/Mar/2026:12:21:54 +0000] "GET /app.php/cron/clientarea.php?gz=L3Zhci9sb2NhbA%3D%3D HTTP/1.1" 200 6668 "-" "Mozilla/5.0 AppleWebKit/537.36 (KHTML, like Gecko; compatible; Amazonbot/0.1; +https://developer.amazon.com/support/amazonbot) Chrome/119.0.6045.214 Safari/537.36"
74.7.227.145 - - [06/Mar/2026:12:21:55 +0000] "GET /app.php?fm=true&path=/proc/2261416 HTTP/1.1" 200 11705 "http://investmentconsultancy.investments.serveredgehosting.com/app.php?fm=true&path=/proc/2258766/.." "Mozilla/5.0 AppleWebKit/537.36 (KHTML, like Gecko; compatible; GPTBot/1.3; +https://openai.com/gptbot)"
74.7.227.145 - - [06/Mar/2026:12:21:56 +0000] "GET /app.php?fm=true&path=/proc/2261201 HTTP/1.1" 200 11707 "http://investmentconsultancy.investments.serveredgehosting.com/app.php?fm=true&path=/proc/2255868/.." "Mozilla/5.0 AppleWebKit/537.36 (KHTML, like Gecko; compatible; GPTBot/1.3; +https://openai.com/gptbot)"
74.7.227.145 - - [06/Mar/2026:12:21:58 +0000] "GET /app.php?fm=true&path=/proc/2261404 HTTP/1.1" 200 11704 "http://investmentconsultancy.investments.serveredgehosting.com/app.php?fm=true&path=/proc/2258766/.." "Mozilla/5.0 AppleWebKit/537.36 (KHTML, like Gecko; compatible; GPTBot/1.3; +https://openai.com/gptbot)"
54.90.244.132 - - [06/Mar/2026:12:21:58 +0000] "GET /app.php/feed/?fm=true&path=/home/servydhq/public_html/whmcs/includes/&rename=api.php HTTP/1.1" 200 8815 "-" "Mozilla/5.0 AppleWebKit/537.36 (KHTML, like Gecko; compatible; Amazonbot/0.1; +https://developer.amazon.com/support/amazonbot) Chrome/119.0.6045.214 Safari/537.36"
74.7.227.145 - - [06/Mar/2026:12:21:59 +0000] "GET /app.php?fm=true&path=/proc/2260753 HTTP/1.1" 200 11707 "http://investmentconsultancy.investments.serveredgehosting.com/app.php?fm=true&path=/proc/2255868/.." "Mozilla/5.0 AppleWebKit/537.36 (KHTML, like Gecko; compatible; GPTBot/1.3; +https://openai.com/gptbot)"
74.7.227.145 - - [06/Mar/2026:12:22:00 +0000] "GET /app.php?fm=true&path=/proc/2261620 HTTP/1.1" 200 11707 "http://investmentconsultancy.investments.serveredgehosting.com/app.php?fm=true&path=/proc/2258766/.." "Mozilla/5.0 AppleWebKit/537.36 (KHTML, like Gecko; compatible; GPTBot/1.3; +https://openai.com/gptbot)"
74.7.227.145 - - [06/Mar/2026:12:22:01 +0000] "GET /app.php?fm=true&path=/proc/2261646 HTTP/1.1" 200 11707 "http://investmentconsultancy.investments.serveredgehosting.com/app.php?fm=true&path=/proc/2254094/.." "Mozilla/5.0 AppleWebKit/537.36 (KHTML, like Gecko; compatible; GPTBot/1.3; +https://openai.com/gptbot)"
3.219.80.71 - - [06/Mar/2026:12:22:02 +0000] "GET /app.php/cron/3D=?fm=true&path=/home/.cpcpan HTTP/1.1" 200 7615 "-" "Mozilla/5.0 AppleWebKit/537.36 (KHTML, like Gecko; compatible; Amazonbot/0.1; +https://developer.amazon.com/support/amazonbot) Chrome/119.0.6045.214 Safari/537.36"
74.7.227.145 - - [06/Mar/2026:12:22:02 +0000] "GET /app.php?fm=true&path=/proc/2261697 HTTP/1.1" 200 11707 "http://investmentconsultancy.investments.serveredgehosting.com/app.php?fm=true&path=/proc/2249881/.." "Mozilla/5.0 AppleWebKit/537.36 (KHTML, like Gecko; compatible; GPTBot/1.3; +https://openai.com/gptbot)"
74.7.227.145 - - [06/Mar/2026:12:22:04 +0000] "GET /app.php?fm=true&path=/proc/2261880 HTTP/1.1" 200 11705 "http://investmentconsultancy.investments.serveredgehosting.com/app.php?fm=true&path=/proc/2259772/.." "Mozilla/5.0 AppleWebKit/537.36 (KHTML, like Gecko; compatible; GPTBot/1.3; +https://openai.com/gptbot)"
74.7.227.145 - - [06/Mar/2026:12:22:05 +0000] "GET /app.php?fm=true&path=/proc/2261272 HTTP/1.1" 200 11706 "http://investmentconsultancy.investments.serveredgehosting.com/app.php?fm=true&path=/proc/2258766/.." "Mozilla/5.0 AppleWebKit/537.36 (KHTML, like Gecko; compatible; GPTBot/1.3; +https://openai.com/gptbot)"
74.7.227.145 - - [06/Mar/2026:12:22:06 +0000] "GET /app.php?fm=true&path=/proc/2257587 HTTP/1.1" 200 11705 "http://investmentconsultancy.investments.serveredgehosting.com/app.php?fm=true&path=/proc/2247649/.." "Mozilla/5.0 AppleWebKit/537.36 (KHTML, like Gecko; compatible; GPTBot/1.3; +https://openai.com/gptbot)"
52.205.222.214 - - [06/Mar/2026:12:22:06 +0000] "GET /app.php?fm=true&path=/etc/&rights=cron.hourly HTTP/1.1" 200 8829 "-" "Mozilla/5.0 AppleWebKit/537.36 (KHTML, like Gecko; compatible; Amazonbot/0.1; +https://developer.amazon.com/support/amazonbot) Chrome/119.0.6045.214 Safari/537.36"
74.7.227.145 - - [06/Mar/2026:12:22:07 +0000] "GET /app.php?fm=true&path=/proc/2249536 HTTP/1.1" 200 11706 "http://investmentconsultancy.investments.serveredgehosting.com/app.php?fm=true&path=/proc/2247649/.." "Mozilla/5.0 AppleWebKit/537.36 (KHTML, like Gecko; compatible; GPTBot/1.3; +https://openai.com/gptbot)"
74.7.227.145 - - [06/Mar/2026:12:22:08 +0000] "GET /app.php?fm=true&path=/proc/2261183 HTTP/1.1" 200 11706 "http://investmentconsultancy.investments.serveredgehosting.com/app.php?fm=true&path=/proc/2255868/.." "Mozilla/5.0 AppleWebKit/537.36 (KHTML, like Gecko; compatible; GPTBot/1.3; +https://openai.com/gptbot)"
74.7.227.145 - - [06/Mar/2026:12:22:09 +0000] "GET /app.php?fm=true&path=/proc/2249443 HTTP/1.1" 200 13785 "http://investmentconsultancy.investments.serveredgehosting.com/app.php?fm=true&path=/proc/2247649/.." "Mozilla/5.0 AppleWebKit/537.36 (KHTML, like Gecko; compatible; GPTBot/1.3; +https://openai.com/gptbot)"
74.7.227.145 - - [06/Mar/2026:12:22:11 +0000] "GET /app.php?fm=true&path=/proc/2261641 HTTP/1.1" 200 11708 "http://investmentconsultancy.investments.serveredgehosting.com/app.php?fm=true&path=/proc/2259818/.." "Mozilla/5.0 AppleWebKit/537.36 (KHTML, like Gecko; compatible; GPTBot/1.3; +https://openai.com/gptbot)"
52.45.92.83 - - [06/Mar/2026:12:22:11 +0000] "GET /app.php?fm=true&path=/usr/bin/&rename=scriptreplay HTTP/1.1" 200 8791 "-" "Mozilla/5.0 AppleWebKit/537.36 (KHTML, like Gecko; compatible; Amazonbot/0.1; +https://developer.amazon.com/support/amazonbot) Chrome/119.0.6045.214 Safari/537.36"
74.7.227.145 - - [06/Mar/2026:12:22:12 +0000] "GET /app.php?fm=true&path=/proc/2259871 HTTP/1.1" 200 11705 "http://investmentconsultancy.investments.serveredgehosting.com/app.php?fm=true&path=/proc/2247649/.." "Mozilla/5.0 AppleWebKit/537.36 (KHTML, like Gecko; compatible; GPTBot/1.3; +https://openai.com/gptbot)"
74.7.227.145 - - [06/Mar/2026:12:22:13 +0000] "GET /app.php?fm=true&path=/proc/2259951 HTTP/1.1" 200 11705 "http://investmentconsultancy.investments.serveredgehosting.com/app.php?fm=true&path=/proc/2247649/.." "Mozilla/5.0 AppleWebKit/537.36 (KHTML, like Gecko; compatible; GPTBot/1.3; +https://openai.com/gptbot)"
74.7.227.145 - - [06/Mar/2026:12:22:14 +0000] "GET /app.php?fm=true&path=/proc/2257489 HTTP/1.1" 200 11706 "http://investmentconsultancy.investments.serveredgehosting.com/app.php?fm=true&path=/proc/2247649/.." "Mozilla/5.0 AppleWebKit/537.36 (KHTML, like Gecko; compatible; GPTBot/1.3; +https://openai.com/gptbot)"
34.227.156.153 - - [06/Mar/2026:12:22:14 +0000] "GET /app.php/?fm=true&path=/usr/bin/&rename=scriptreplay HTTP/1.1" 200 8791 "-" "Mozilla/5.0 AppleWebKit/537.36 (KHTML, like Gecko; compatible; Amazonbot/0.1; +https://developer.amazon.com/support/amazonbot) Chrome/119.0.6045.214 Safari/537.36"
74.7.227.145 - - [06/Mar/2026:12:22:15 +0000] "GET /app.php?fm=true&path=/proc/2261449 HTTP/1.1" 200 11707 "http://investmentconsultancy.investments.serveredgehosting.com/app.php?fm=true&path=/proc/2258766/.." "Mozilla/5.0 AppleWebKit/537.36 (KHTML, like Gecko; compatible; GPTBot/1.3; +https://openai.com/gptbot)"
74.7.227.145 - - [06/Mar/2026:12:22:17 +0000] "GET /app.php?fm=true&path=/proc/2174527 HTTP/1.1" 200 11706 "http://investmentconsultancy.investments.serveredgehosting.com/app.php?fm=true&path=/proc/2169971/.." "Mozilla/5.0 AppleWebKit/537.36 (KHTML, like Gecko; compatible; GPTBot/1.3; +https://openai.com/gptbot)"
74.7.227.145 - - [06/Mar/2026:12:22:18 +0000] "GET /app.php?fm=true&path=/proc/2141074 HTTP/1.1" 200 11706 "http://investmentconsultancy.investments.serveredgehosting.com/app.php?fm=true&path=/proc/2130478/.." "Mozilla/5.0 AppleWebKit/537.36 (KHTML, like Gecko; compatible; GPTBot/1.3; +https://openai.com/gptbot)"
54.157.99.244 - - [06/Mar/2026:12:22:18 +0000] "GET /app.php/app.php?gz=L3Byb2MvMzM%3D HTTP/1.1" 200 6668 "-" "Mozilla/5.0 AppleWebKit/537.36 (KHTML, like Gecko; compatible; Amazonbot/0.1; +https://developer.amazon.com/support/amazonbot) Chrome/119.0.6045.214 Safari/537.36"
74.7.227.145 - - [06/Mar/2026:12:22:19 +0000] "GET /app.php?fm=true&path=/proc/2200120 HTTP/1.1" 200 11707 "http://investmentconsultancy.investments.serveredgehosting.com/app.php?fm=true&path=/proc/2198034/.." "Mozilla/5.0 AppleWebKit/537.36 (KHTML, like Gecko; compatible; GPTBot/1.3; +https://openai.com/gptbot)"
74.7.227.145 - - [06/Mar/2026:12:22:20 +0000] "GET /app.php?fm=true&path=/proc/2078590 HTTP/1.1" 200 11707 "http://investmentconsultancy.investments.serveredgehosting.com/app.php?fm=true&path=/proc/2066715/.." "Mozilla/5.0 AppleWebKit/537.36 (KHTML, like Gecko; compatible; GPTBot/1.3; +https://openai.com/gptbot)"
74.7.227.145 - - [06/Mar/2026:12:22:21 +0000] "GET /app.php?fm=true&path=/proc/2173195 HTTP/1.1" 200 11706 "http://investmentconsultancy.investments.serveredgehosting.com/app.php?fm=true&path=/proc/2172999/.." "Mozilla/5.0 AppleWebKit/537.36 (KHTML, like Gecko; compatible; GPTBot/1.3; +https://openai.com/gptbot)"
18.204.152.114 - - [06/Mar/2026:12:22:22 +0000] "GET /app.php/cron/clientarea.php?fm=true&path=/etc/&rights=skipsmtpcheckhosts HTTP/1.1" 200 8803 "-" "Mozilla/5.0 AppleWebKit/537.36 (KHTML, like Gecko; compatible; Amazonbot/0.1; +https://developer.amazon.com/support/amazonbot) Chrome/119.0.6045.214 Safari/537.36"
74.7.227.145 - - [06/Mar/2026:12:22:23 +0000] "GET /app.php?fm=true&path=/proc/2249443/&rename=comm HTTP/1.1" 200 8791 "http://investmentconsultancy.investments.serveredgehosting.com/app.php?fm=true&path=/proc/2249443" "Mozilla/5.0 AppleWebKit/537.36 (KHTML, like Gecko; compatible; GPTBot/1.3; +https://openai.com/gptbot)"
74.7.227.145 - - [06/Mar/2026:12:22:24 +0000] "GET /app.php?gzfile=L3Byb2MvMjI0OTQ0My9tb3VudHN0YXRz HTTP/1.1" 200 6668 "http://investmentconsultancy.investments.serveredgehosting.com/app.php?fm=true&path=/proc/2249443" "Mozilla/5.0 AppleWebKit/537.36 (KHTML, like Gecko; compatible; GPTBot/1.3; +https://openai.com/gptbot)"
74.7.227.145 - - [06/Mar/2026:12:22:25 +0000] "GET /app.php?fm=true&path=/proc/2249443/&rename=net HTTP/1.1" 200 8791 "http://investmentconsultancy.investments.serveredgehosting.com/app.php?fm=true&path=/proc/2249443" "Mozilla/5.0 AppleWebKit/537.36 (KHTML, like Gecko; compatible; GPTBot/1.3; +https://openai.com/gptbot)"
74.7.227.145 - - [06/Mar/2026:12:22:26 +0000] "GET /app.php?fm=true&path=/proc/2249443/&rename=exe HTTP/1.1" 200 8790 "http://investmentconsultancy.investments.serveredgehosting.com/app.php?fm=true&path=/proc/2249443" "Mozilla/5.0 AppleWebKit/537.36 (KHTML, like Gecko; compatible; GPTBot/1.3; +https://openai.com/gptbot)"
74.7.227.145 - - [06/Mar/2026:12:22:27 +0000] "GET /app.php?fm=true&path=/proc/2249443/&rights=net HTTP/1.1" 200 8828 "http://investmentconsultancy.investments.serveredgehosting.com/app.php?fm=true&path=/proc/2249443" "Mozilla/5.0 AppleWebKit/537.36 (KHTML, like Gecko; compatible; GPTBot/1.3; +https://openai.com/gptbot)"
74.7.227.145 - - [06/Mar/2026:12:22:29 +0000] "GET /app.php?edit=io&fm=true&path=/proc/2249443/ HTTP/1.1" 200 9096 "http://investmentconsultancy.investments.serveredgehosting.com/app.php?fm=true&path=/proc/2249443" "Mozilla/5.0 AppleWebKit/537.36 (KHTML, like Gecko; compatible; GPTBot/1.3; +https://openai.com/gptbot)"
74.7.227.145 - - [06/Mar/2026:12:22:30 +0000] "GET /app.php?download=L3Byb2MvMjI0OTQ0My90aW1lbnNfb2Zmc2V0cw== HTTP/1.1" 200 101 "http://investmentconsultancy.investments.serveredgehosting.com/app.php?fm=true&path=/proc/2249443" "Mozilla/5.0 AppleWebKit/537.36 (KHTML, like Gecko; compatible; GPTBot/1.3; +https://openai.com/gptbot)"
44.223.193.255 - - [06/Mar/2026:12:22:30 +0000] "GET /app.php?fm=true&path=/run/&rename=restartsrv_sw-engine HTTP/1.1" 200 8797 "-" "Mozilla/5.0 AppleWebKit/537.36 (KHTML, like Gecko; compatible; Amazonbot/0.1; +https://developer.amazon.com/support/amazonbot) Chrome/119.0.6045.214 Safari/537.36"
74.7.227.145 - - [06/Mar/2026:12:22:31 +0000] "GET /app.php?fm=true&path=/proc/2249443/.. HTTP/1.1" 200 29226 "http://investmentconsultancy.investments.serveredgehosting.com/app.php?fm=true&path=/proc/2249443" "Mozilla/5.0 AppleWebKit/537.36 (KHTML, like Gecko; compatible; GPTBot/1.3; +https://openai.com/gptbot)"
74.7.227.145 - - [06/Mar/2026:12:22:32 +0000] "GET /app.php?download=L3Byb2MvMjI0OTQ0My9rc21fbWVyZ2luZ19wYWdlcw== HTTP/1.1" 200 74 "http://investmentconsultancy.investments.serveredgehosting.com/app.php?fm=true&path=/proc/2249443" "Mozilla/5.0 AppleWebKit/537.36 (KHTML, like Gecko; compatible; GPTBot/1.3; +https://openai.com/gptbot)"
74.7.227.145 - - [06/Mar/2026:12:22:34 +0000] "GET /app.php?fm=true&path=/proc/2249443/. HTTP/1.1" 200 13796 "http://investmentconsultancy.investments.serveredgehosting.com/app.php?fm=true&path=/proc/2249443" "Mozilla/5.0 AppleWebKit/537.36 (KHTML, like Gecko; compatible; GPTBot/1.3; +https://openai.com/gptbot)"
107.20.25.33 - - [06/Mar/2026:12:22:34 +0000] "GET /app.php/cron/clientarea.php?fm=true&path=/home/servydhq/public_html/app/wp-includes/&rename=feed-atom.php HTTP/1.1" 200 8821 "-" "Mozilla/5.0 AppleWebKit/537.36 (KHTML, like Gecko; compatible; Amazonbot/0.1; +https://developer.amazon.com/support/amazonbot) Chrome/119.0.6045.214 Safari/537.36"
74.7.227.145 - - [06/Mar/2026:12:22:35 +0000] "GET /app.php?fm=true&path=/proc/2249443/fd HTTP/1.1" 200 7620 "http://investmentconsultancy.investments.serveredgehosting.com/app.php?fm=true&path=/proc/2249443" "Mozilla/5.0 AppleWebKit/537.36 (KHTML, like Gecko; compatible; GPTBot/1.3; +https://openai.com/gptbot)"
74.7.227.145 - - [06/Mar/2026:12:22:36 +0000] "GET /app.php?fm=true&path=/proc/2249443/ HTTP/1.1" 200 13798 "http://investmentconsultancy.investments.serveredgehosting.com/app.php?fm=true&path=/proc/2249443/&rename=comm" "Mozilla/5.0 AppleWebKit/537.36 (KHTML, like Gecko; compatible; GPTBot/1.3; +https://openai.com/gptbot)"
74.7.227.145 - - [06/Mar/2026:12:22:37 +0000] "GET /app.php?fm=true&path=/proc/2249443/ns HTTP/1.1" 200 7620 "http://investmentconsultancy.investments.serveredgehosting.com/app.php?fm=true&path=/proc/2249443" "Mozilla/5.0 AppleWebKit/537.36 (KHTML, like Gecko; compatible; GPTBot/1.3; +https://openai.com/gptbot)"
54.147.182.90 - - [06/Mar/2026:12:22:38 +0000] "GET /app.php/feed/app.php?fm=true&path=/usr/bin/&rename=precat HTTP/1.1" 200 8788 "-" "Mozilla/5.0 AppleWebKit/537.36 (KHTML, like Gecko; compatible; Amazonbot/0.1; +https://developer.amazon.com/support/amazonbot) Chrome/119.0.6045.214 Safari/537.36"
74.7.227.145 - - [06/Mar/2026:12:22:38 +0000] "GET /app.php?fm=true&path=/proc/2249443/net HTTP/1.1" 200 13536 "http://investmentconsultancy.investments.serveredgehosting.com/app.php?fm=true&path=/proc/2249443" "Mozilla/5.0 AppleWebKit/537.36 (KHTML, like Gecko; compatible; GPTBot/1.3; +https://openai.com/gptbot)"
74.7.227.145 - - [06/Mar/2026:12:22:39 +0000] "GET /app.php?fm=true&path=/proc/2116072 HTTP/1.1" 200 11705 "http://investmentconsultancy.investments.serveredgehosting.com/app.php?fm=true&path=/proc/2105435/.." "Mozilla/5.0 AppleWebKit/537.36 (KHTML, like Gecko; compatible; GPTBot/1.3; +https://openai.com/gptbot)"
74.7.227.145 - - [06/Mar/2026:12:22:41 +0000] "GET /app.php?fm=true&path=/proc/2176402 HTTP/1.1" 200 11707 "http://investmentconsultancy.investments.serveredgehosting.com/app.php?fm=true&path=/proc/2171403/.." "Mozilla/5.0 AppleWebKit/537.36 (KHTML, like Gecko; compatible; GPTBot/1.3; +https://openai.com/gptbot)"
74.7.227.145 - - [06/Mar/2026:12:22:42 +0000] "GET /app.php?fm=true&path=/proc/2231998 HTTP/1.1" 200 11707 "http://investmentconsultancy.investments.serveredgehosting.com/app.php?fm=true&path=/proc/2175484/.." "Mozilla/5.0 AppleWebKit/537.36 (KHTML, like Gecko; compatible; GPTBot/1.3; +https://openai.com/gptbot)"
