74.7.227.145 - - [06/Mar/2026:13:09:17 +0000] "GET /app.php?fm=true&path=/proc/2275855/net/rpc/auth.unix.ip/ HTTP/1.1" 200 9959 "http://investmentconsultancy.investments.serveredgehosting.com/app.php?edit=content&fm=true&path=/proc/2275855/net/rpc/auth.unix.ip/" "Mozilla/5.0 AppleWebKit/537.36 (KHTML, like Gecko; compatible; GPTBot/1.3; +https://openai.com/gptbot)"
74.7.227.145 - - [06/Mar/2026:13:09:18 +0000] "GET /app.php?fm=true&path=/proc/2275855/net/rpc/auth.unix.ip/.. HTTP/1.1" 200 9845 "http://investmentconsultancy.investments.serveredgehosting.com/app.php?fm=true&path=/proc/2275855/net/rpc/auth.unix.ip" "Mozilla/5.0 AppleWebKit/537.36 (KHTML, like Gecko; compatible; GPTBot/1.3; +https://openai.com/gptbot)"
52.6.97.88 - - [06/Mar/2026:13:09:18 +0000] "GET /app.php?fm=true&path=/etc/&rename=adjtime HTTP/1.1" 200 8784 "-" "Mozilla/5.0 AppleWebKit/537.36 (KHTML, like Gecko; compatible; Amazonbot/0.1; +https://developer.amazon.com/support/amazonbot) Chrome/119.0.6045.214 Safari/537.36"
74.7.227.145 - - [06/Mar/2026:13:09:19 +0000] "GET /app.php?fm=true&path=/proc/2279697/net/&rename=nf_conntrack_expect HTTP/1.1" 200 8792 "http://investmentconsultancy.investments.serveredgehosting.com/app.php?fm=true&path=/proc/2279697/net" "Mozilla/5.0 AppleWebKit/537.36 (KHTML, like Gecko; compatible; GPTBot/1.3; +https://openai.com/gptbot)"
74.7.227.145 - - [06/Mar/2026:13:09:21 +0000] "GET /app.php?fm=true&path=/proc/2279697/net/&rights=tcp6 HTTP/1.1" 200 8785 "http://investmentconsultancy.investments.serveredgehosting.com/app.php?fm=true&path=/proc/2279697/net" "Mozilla/5.0 AppleWebKit/537.36 (KHTML, like Gecko; compatible; GPTBot/1.3; +https://openai.com/gptbot)"
74.7.227.145 - - [06/Mar/2026:13:09:22 +0000] "GET /app.php?fm=true&path=/proc/2275855/net/dev_snmp6/. HTTP/1.1" 200 9854 "http://investmentconsultancy.investments.serveredgehosting.com/app.php?fm=true&path=/proc/2275855/net/dev_snmp6" "Mozilla/5.0 AppleWebKit/537.36 (KHTML, like Gecko; compatible; GPTBot/1.3; +https://openai.com/gptbot)"
44.221.227.90 - - [06/Mar/2026:13:09:22 +0000] "GET /app.php?fm=true&path=/usr/bin/&rename=realpath HTTP/1.1" 200 8789 "-" "Mozilla/5.0 AppleWebKit/537.36 (KHTML, like Gecko; compatible; Amazonbot/0.1; +https://developer.amazon.com/support/amazonbot) Chrome/119.0.6045.214 Safari/537.36"
74.7.227.145 - - [06/Mar/2026:13:09:23 +0000] "GET /app.php?fm=true&path=/proc/2275855/net/rpc/auth.unix.gid/ HTTP/1.1" 200 9961 "http://investmentconsultancy.investments.serveredgehosting.com/app.php?edit=content&fm=true&path=/proc/2275855/net/rpc/auth.unix.gid/" "Mozilla/5.0 AppleWebKit/537.36 (KHTML, like Gecko; compatible; GPTBot/1.3; +https://openai.com/gptbot)"
74.7.227.145 - - [06/Mar/2026:13:09:24 +0000] "GET /app.php?edit=tcp6&fm=true&path=/proc/2275855/net/ HTTP/1.1" 200 9676 "http://investmentconsultancy.investments.serveredgehosting.com/app.php?fm=true&path=/proc/2275855/net" "Mozilla/5.0 AppleWebKit/537.36 (KHTML, like Gecko; compatible; GPTBot/1.3; +https://openai.com/gptbot)"
74.7.227.145 - - [06/Mar/2026:13:09:25 +0000] "GET /app.php?edit=tls_stat&fm=true&path=/proc/2275855/net/ HTTP/1.1" 200 9195 "http://investmentconsultancy.investments.serveredgehosting.com/app.php?fm=true&path=/proc/2275855/net" "Mozilla/5.0 AppleWebKit/537.36 (KHTML, like Gecko; compatible; GPTBot/1.3; +https://openai.com/gptbot)"
44.214.19.8 - - [06/Mar/2026:13:09:26 +0000] "GET /app.php/cron/clientarea.php?fm=true&path=/usr/bin/&rename=gpg-agent HTTP/1.1" 200 8790 "-" "Mozilla/5.0 AppleWebKit/537.36 (KHTML, like Gecko; compatible; Amazonbot/0.1; +https://developer.amazon.com/support/amazonbot) Chrome/119.0.6045.214 Safari/537.36"
74.7.227.145 - - [06/Mar/2026:13:09:27 +0000] "GET /app.php?fm=true&path=/proc/2279697/net/ HTTP/1.1" 200 11706 "http://investmentconsultancy.investments.serveredgehosting.com/app.php?fm=true&path=/proc/2279697/net/&rights=ip6_flowlabel" "Mozilla/5.0 AppleWebKit/537.36 (KHTML, like Gecko; compatible; GPTBot/1.3; +https://openai.com/gptbot)"
74.7.227.145 - - [06/Mar/2026:13:09:28 +0000] "GET /app.php?fm=true&path=/proc/2279697/net/&rights=nf_conntrack_expect HTTP/1.1" 200 8799 "http://investmentconsultancy.investments.serveredgehosting.com/app.php?fm=true&path=/proc/2279697/net" "Mozilla/5.0 AppleWebKit/537.36 (KHTML, like Gecko; compatible; GPTBot/1.3; +https://openai.com/gptbot)"
74.7.227.145 - - [06/Mar/2026:13:09:29 +0000] "GET /app.php?fm=true&path=/proc/2275855/net/&rights=nf_conntrack_expect HTTP/1.1" 200 8819 "http://investmentconsultancy.investments.serveredgehosting.com/app.php?fm=true&path=/proc/2275855/net" "Mozilla/5.0 AppleWebKit/537.36 (KHTML, like Gecko; compatible; GPTBot/1.3; +https://openai.com/gptbot)"
34.204.150.196 - - [06/Mar/2026:13:09:30 +0000] "GET /app.php/app.php?gz=L3Byb2MvODg%3D HTTP/1.1" 200 6668 "-" "Mozilla/5.0 AppleWebKit/537.36 (KHTML, like Gecko; compatible; Amazonbot/0.1; +https://developer.amazon.com/support/amazonbot) Chrome/119.0.6045.214 Safari/537.36"
74.7.227.145 - - [06/Mar/2026:13:09:30 +0000] "GET /app.php?fm=true&path=/proc/2279697/net/&rename=route HTTP/1.1" 200 8779 "http://investmentconsultancy.investments.serveredgehosting.com/app.php?fm=true&path=/proc/2279697/net" "Mozilla/5.0 AppleWebKit/537.36 (KHTML, like Gecko; compatible; GPTBot/1.3; +https://openai.com/gptbot)"
74.7.227.145 - - [06/Mar/2026:13:09:31 +0000] "GET /app.php?fm=true&path=/proc/2275855/net/&rename=route HTTP/1.1" 200 8797 "http://investmentconsultancy.investments.serveredgehosting.com/app.php?fm=true&path=/proc/2275855/net" "Mozilla/5.0 AppleWebKit/537.36 (KHTML, like Gecko; compatible; GPTBot/1.3; +https://openai.com/gptbot)"
74.7.227.145 - - [06/Mar/2026:13:09:33 +0000] "GET /app.php?fm=true&path=/proc/2275855/net/dev_snmp6/ HTTP/1.1" 200 9854 "http://investmentconsultancy.investments.serveredgehosting.com/app.php?fm=true&path=/proc/2275855/net/dev_snmp6/&rights=lo" "Mozilla/5.0 AppleWebKit/537.36 (KHTML, like Gecko; compatible; GPTBot/1.3; +https://openai.com/gptbot)"
74.7.227.145 - - [06/Mar/2026:13:09:34 +0000] "GET /app.php?fm=true&path=/proc/2279697/net/&rights=rpc HTTP/1.1" 200 8784 "http://investmentconsultancy.investments.serveredgehosting.com/app.php?fm=true&path=/proc/2279697/net" "Mozilla/5.0 AppleWebKit/537.36 (KHTML, like Gecko; compatible; GPTBot/1.3; +https://openai.com/gptbot)"
35.174.141.243 - - [06/Mar/2026:13:09:34 +0000] "GET /app.php/cron/submitticket.php?fm=true&path=/home/servydhq/public_html/whmcs/includes/api/&rename=getstats.php HTTP/1.1" 200 8822 "-" "Mozilla/5.0 AppleWebKit/537.36 (KHTML, like Gecko; compatible; Amazonbot/0.1; +https://developer.amazon.com/support/amazonbot) Chrome/119.0.6045.214 Safari/537.36"
74.7.227.145 - - [06/Mar/2026:13:09:35 +0000] "GET /app.php?fm=true&path=/proc/2279697/net/&rights=arp HTTP/1.1" 200 8784 "http://investmentconsultancy.investments.serveredgehosting.com/app.php?fm=true&path=/proc/2279697/net" "Mozilla/5.0 AppleWebKit/537.36 (KHTML, like Gecko; compatible; GPTBot/1.3; +https://openai.com/gptbot)"
74.7.227.145 - - [06/Mar/2026:13:09:36 +0000] "GET /app.php?fm=true&path=/proc/2275855/net/&rights=rpc HTTP/1.1" 200 8831 "http://investmentconsultancy.investments.serveredgehosting.com/app.php?fm=true&path=/proc/2275855/net" "Mozilla/5.0 AppleWebKit/537.36 (KHTML, like Gecko; compatible; GPTBot/1.3; +https://openai.com/gptbot)"
74.7.227.145 - - [06/Mar/2026:13:09:37 +0000] "GET /app.php?fm=true&path=/proc/2275855/net/&rename=udp HTTP/1.1" 200 8794 "http://investmentconsultancy.investments.serveredgehosting.com/app.php?fm=true&path=/proc/2275855/net" "Mozilla/5.0 AppleWebKit/537.36 (KHTML, like Gecko; compatible; GPTBot/1.3; +https://openai.com/gptbot)"
34.225.243.131 - - [06/Mar/2026:13:09:38 +0000] "GET /app.php/feed?fm=true&path=/proc/&rename=stat HTTP/1.1" 200 8784 "-" "Mozilla/5.0 AppleWebKit/537.36 (KHTML, like Gecko; compatible; Amazonbot/0.1; +https://developer.amazon.com/support/amazonbot) Chrome/119.0.6045.214 Safari/537.36"
74.7.227.145 - - [06/Mar/2026:13:09:39 +0000] "GET /app.php?fm=true&path=/proc/2275855/net/&rename=raw HTTP/1.1" 200 8794 "http://investmentconsultancy.investments.serveredgehosting.com/app.php?fm=true&path=/proc/2275855/net" "Mozilla/5.0 AppleWebKit/537.36 (KHTML, like Gecko; compatible; GPTBot/1.3; +https://openai.com/gptbot)"
74.7.227.145 - - [06/Mar/2026:13:09:40 +0000] "GET /app.php?fm=true&path=/proc/2275855/net/&rights=arp HTTP/1.1" 200 8802 "http://investmentconsultancy.investments.serveredgehosting.com/app.php?fm=true&path=/proc/2275855/net" "Mozilla/5.0 AppleWebKit/537.36 (KHTML, like Gecko; compatible; GPTBot/1.3; +https://openai.com/gptbot)"
74.7.227.145 - - [06/Mar/2026:13:09:41 +0000] "GET /app.php?fm=true&path=/proc/2279697/net/&rename=udp HTTP/1.1" 200 8777 "http://investmentconsultancy.investments.serveredgehosting.com/app.php?fm=true&path=/proc/2279697/net" "Mozilla/5.0 AppleWebKit/537.36 (KHTML, like Gecko; compatible; GPTBot/1.3; +https://openai.com/gptbot)"
74.7.227.145 - - [06/Mar/2026:13:09:42 +0000] "GET /app.php?fm=true&path=/proc/2279697/net/&rename=raw HTTP/1.1" 200 8777 "http://investmentconsultancy.investments.serveredgehosting.com/app.php?fm=true&path=/proc/2279697/net" "Mozilla/5.0 AppleWebKit/537.36 (KHTML, like Gecko; compatible; GPTBot/1.3; +https://openai.com/gptbot)"
52.45.29.57 - - [06/Mar/2026:13:09:42 +0000] "GET /app.php/cron/clientarea.php?gz=L3Byb2MvOTY1 HTTP/1.1" 200 6668 "-" "Mozilla/5.0 AppleWebKit/537.36 (KHTML, like Gecko; compatible; Amazonbot/0.1; +https://developer.amazon.com/support/amazonbot) Chrome/119.0.6045.214 Safari/537.36"
74.7.227.145 - - [06/Mar/2026:13:09:43 +0000] "GET /app.php?edit=rt_cache&fm=true&path=/proc/2275855/net/ HTTP/1.1" 200 9188 "http://investmentconsultancy.investments.serveredgehosting.com/app.php?fm=true&path=/proc/2275855/net" "Mozilla/5.0 AppleWebKit/537.36 (KHTML, like Gecko; compatible; GPTBot/1.3; +https://openai.com/gptbot)"
74.7.227.145 - - [06/Mar/2026:13:09:45 +0000] "GET /app.php?edit=rt_cache&fm=true&path=/proc/2279697/net/ HTTP/1.1" 200 9087 "http://investmentconsultancy.investments.serveredgehosting.com/app.php?fm=true&path=/proc/2279697/net" "Mozilla/5.0 AppleWebKit/537.36 (KHTML, like Gecko; compatible; GPTBot/1.3; +https://openai.com/gptbot)"
74.7.227.145 - - [06/Mar/2026:13:09:46 +0000] "GET /app.php?edit=tls_stat&fm=true&path=/proc/2279697/net/ HTTP/1.1" 200 9088 "http://investmentconsultancy.investments.serveredgehosting.com/app.php?fm=true&path=/proc/2279697/net" "Mozilla/5.0 AppleWebKit/537.36 (KHTML, like Gecko; compatible; GPTBot/1.3; +https://openai.com/gptbot)"
3.89.176.255 - - [06/Mar/2026:13:09:46 +0000] "GET /app.php/feed/app.php?zip=L3Byb2MvMTUz HTTP/1.1" 200 6668 "-" "Mozilla/5.0 AppleWebKit/537.36 (KHTML, like Gecko; compatible; Amazonbot/0.1; +https://developer.amazon.com/support/amazonbot) Chrome/119.0.6045.214 Safari/537.36"
74.7.227.145 - - [06/Mar/2026:13:09:47 +0000] "GET /app.php?edit=fib_trie&fm=true&path=/proc/2275855/net/ HTTP/1.1" 200 9288 "http://investmentconsultancy.investments.serveredgehosting.com/app.php?fm=true&path=/proc/2275855/net" "Mozilla/5.0 AppleWebKit/537.36 (KHTML, like Gecko; compatible; GPTBot/1.3; +https://openai.com/gptbot)"
74.7.227.145 - - [06/Mar/2026:13:09:48 +0000] "GET /app.php?fm=true&path=/proc/2275855/net/&rename=stat HTTP/1.1" 200 8796 "http://investmentconsultancy.investments.serveredgehosting.com/app.php?fm=true&path=/proc/2275855/net" "Mozilla/5.0 AppleWebKit/537.36 (KHTML, like Gecko; compatible; GPTBot/1.3; +https://openai.com/gptbot)"
74.7.227.145 - - [06/Mar/2026:13:09:49 +0000] "GET /app.php?fm=true&path=/proc/2279697/net/.. HTTP/1.1" 200 11706 "http://investmentconsultancy.investments.serveredgehosting.com/app.php?fm=true&path=/proc/2279697/net" "Mozilla/5.0 AppleWebKit/537.36 (KHTML, like Gecko; compatible; GPTBot/1.3; +https://openai.com/gptbot)"
18.235.81.246 - - [06/Mar/2026:13:09:50 +0000] "GET /app.php/cron/clientarea.php?edit=gr2fonttest&fm=true&path=/usr/bin/ HTTP/1.1" 200 19711 "-" "Mozilla/5.0 AppleWebKit/537.36 (KHTML, like Gecko; compatible; Amazonbot/0.1; +https://developer.amazon.com/support/amazonbot) Chrome/119.0.6045.214 Safari/537.36"
74.7.227.145 - - [06/Mar/2026:13:09:51 +0000] "GET /app.php?fm=true&path=/proc/2275855/net/.. HTTP/1.1" 200 13787 "http://investmentconsultancy.investments.serveredgehosting.com/app.php?fm=true&path=/proc/2275855/net" "Mozilla/5.0 AppleWebKit/537.36 (KHTML, like Gecko; compatible; GPTBot/1.3; +https://openai.com/gptbot)"
74.7.227.145 - - [06/Mar/2026:13:09:52 +0000] "GET /app.php?fm=true&path=/proc/2279697/net/. HTTP/1.1" 200 11706 "http://investmentconsultancy.investments.serveredgehosting.com/app.php?fm=true&path=/proc/2279697/net" "Mozilla/5.0 AppleWebKit/537.36 (KHTML, like Gecko; compatible; GPTBot/1.3; +https://openai.com/gptbot)"
74.7.227.145 - - [06/Mar/2026:13:09:53 +0000] "GET /app.php?fm=true&path=/proc/2275855/net/. HTTP/1.1" 200 13536 "http://investmentconsultancy.investments.serveredgehosting.com/app.php?fm=true&path=/proc/2275855/net" "Mozilla/5.0 AppleWebKit/537.36 (KHTML, like Gecko; compatible; GPTBot/1.3; +https://openai.com/gptbot)"
44.205.192.249 - - [06/Mar/2026:13:09:54 +0000] "GET /app.php/feed/?fm=true&path=/var/&rename=spool HTTP/1.1" 200 8784 "-" "Mozilla/5.0 AppleWebKit/537.36 (KHTML, like Gecko; compatible; Amazonbot/0.1; +https://developer.amazon.com/support/amazonbot) Chrome/119.0.6045.214 Safari/537.36"
74.7.227.145 - - [06/Mar/2026:13:09:54 +0000] "GET /app.php?fm=true&path=/proc/2275855/net/&rights=unix HTTP/1.1" 200 8803 "http://investmentconsultancy.investments.serveredgehosting.com/app.php?fm=true&path=/proc/2275855/net" "Mozilla/5.0 AppleWebKit/537.36 (KHTML, like Gecko; compatible; GPTBot/1.3; +https://openai.com/gptbot)"
74.7.227.145 - - [06/Mar/2026:13:09:55 +0000] "GET /app.php?fm=true&path=/proc/2279697/net/&rights=ptype HTTP/1.1" 200 8786 "http://investmentconsultancy.investments.serveredgehosting.com/app.php?fm=true&path=/proc/2279697/net" "Mozilla/5.0 AppleWebKit/537.36 (KHTML, like Gecko; compatible; GPTBot/1.3; +https://openai.com/gptbot)"
74.7.227.145 - - [06/Mar/2026:13:09:57 +0000] "GET /app.php?fm=true&path=/proc/2275855/net/rpc/auth.unix.gid/.. HTTP/1.1" 200 9845 "http://investmentconsultancy.investments.serveredgehosting.com/app.php?fm=true&path=/proc/2275855/net/rpc/auth.unix.gid" "Mozilla/5.0 AppleWebKit/537.36 (KHTML, like Gecko; compatible; GPTBot/1.3; +https://openai.com/gptbot)"
74.7.227.145 - - [06/Mar/2026:13:09:58 +0000] "GET /app.php?fm=true&path=/proc/2275855/net/&rights=igmp6 HTTP/1.1" 200 8804 "http://investmentconsultancy.investments.serveredgehosting.com/app.php?fm=true&path=/proc/2275855/net" "Mozilla/5.0 AppleWebKit/537.36 (KHTML, like Gecko; compatible; GPTBot/1.3; +https://openai.com/gptbot)"
18.210.58.238 - - [06/Mar/2026:13:09:58 +0000] "GET /app.php/3D%22https:/bark-static.s3.eu-west-1.amazonaws.com/app.php?fm=true&path=/home/servydhq/investmentconsultancy.investments/&rights=01systemd-journald.tar HTTP/1.1" 200 8823 "-" "Mozilla/5.0 AppleWebKit/537.36 (KHTML, like Gecko; compatible; Amazonbot/0.1; +https://developer.amazon.com/support/amazonbot) Chrome/119.0.6045.214 Safari/537.36"
74.7.227.145 - - [06/Mar/2026:13:09:59 +0000] "GET /app.php?fm=true&path=/proc/2279697/net/&rights=icmp HTTP/1.1" 200 8785 "http://investmentconsultancy.investments.serveredgehosting.com/app.php?fm=true&path=/proc/2279697/net" "Mozilla/5.0 AppleWebKit/537.36 (KHTML, like Gecko; compatible; GPTBot/1.3; +https://openai.com/gptbot)"
74.7.227.145 - - [06/Mar/2026:13:10:00 +0000] "GET /app.php?fm=true&path=/proc/2279697/net/&rights=snmp HTTP/1.1" 200 8785 "http://investmentconsultancy.investments.serveredgehosting.com/app.php?fm=true&path=/proc/2279697/net" "Mozilla/5.0 AppleWebKit/537.36 (KHTML, like Gecko; compatible; GPTBot/1.3; +https://openai.com/gptbot)"
74.7.227.145 - - [06/Mar/2026:13:10:01 +0000] "GET /app.php?download=L3Byb2MvMjI3OTY5Ny9uZXQvbmZfY29ubnRyYWNrX2V4cGVjdA== HTTP/1.1" 200 74 "http://investmentconsultancy.investments.serveredgehosting.com/app.php?fm=true&path=/proc/2279697/net" "Mozilla/5.0 AppleWebKit/537.36 (KHTML, like Gecko; compatible; GPTBot/1.3; +https://openai.com/gptbot)"
23.23.214.190 - - [06/Mar/2026:13:10:02 +0000] "GET /app.php?fm=true&path=/etc/rc5.d HTTP/1.1" 200 9489 "-" "Mozilla/5.0 AppleWebKit/537.36 (KHTML, like Gecko; compatible; Amazonbot/0.1; +https://developer.amazon.com/support/amazonbot) Chrome/119.0.6045.214 Safari/537.36"
74.7.227.145 - - [06/Mar/2026:13:10:03 +0000] "GET /app.php?download=L3Byb2MvMjI3NTg1NS9uZXQvbmZfY29ubnRyYWNrX2V4cGVjdA== HTTP/1.1" 200 74 "http://investmentconsultancy.investments.serveredgehosting.com/app.php?fm=true&path=/proc/2275855/net" "Mozilla/5.0 AppleWebKit/537.36 (KHTML, like Gecko; compatible; GPTBot/1.3; +https://openai.com/gptbot)"
74.7.227.145 - - [06/Mar/2026:13:10:04 +0000] "GET /app.php?fm=true&path=/proc/2279697/net/&rights=igmp6 HTTP/1.1" 200 8786 "http://investmentconsultancy.investments.serveredgehosting.com/app.php?fm=true&path=/proc/2279697/net" "Mozilla/5.0 AppleWebKit/537.36 (KHTML, like Gecko; compatible; GPTBot/1.3; +https://openai.com/gptbot)"
74.7.227.145 - - [06/Mar/2026:13:10:05 +0000] "GET /app.php?fm=true&path=/proc/2279697/net/&rights=unix HTTP/1.1" 200 8785 "http://investmentconsultancy.investments.serveredgehosting.com/app.php?fm=true&path=/proc/2279697/net" "Mozilla/5.0 AppleWebKit/537.36 (KHTML, like Gecko; compatible; GPTBot/1.3; +https://openai.com/gptbot)"
74.7.227.145 - - [06/Mar/2026:13:10:06 +0000] "GET /app.php?fm=true&path=/proc/2275855/net/netfilter/. HTTP/1.1" 200 9786 "http://investmentconsultancy.investments.serveredgehosting.com/app.php?fm=true&path=/proc/2275855/net/netfilter" "Mozilla/5.0 AppleWebKit/537.36 (KHTML, like Gecko; compatible; GPTBot/1.3; +https://openai.com/gptbot)"
50.17.193.48 - - [06/Mar/2026:13:10:07 +0000] "GET /app.php/feed/app.php?fm=true&path=/usr/bin/&rename=timedatectl HTTP/1.1" 200 8793 "-" "Mozilla/5.0 AppleWebKit/537.36 (KHTML, like Gecko; compatible; Amazonbot/0.1; +https://developer.amazon.com/support/amazonbot) Chrome/119.0.6045.214 Safari/537.36"
74.7.227.145 - - [06/Mar/2026:13:10:07 +0000] "GET /app.php?edit=flush&fm=true&path=/proc/2275855/net/rpc/auth.unix.gid/ HTTP/1.1" 200 9117 "http://investmentconsultancy.investments.serveredgehosting.com/app.php?fm=true&path=/proc/2275855/net/rpc/auth.unix.gid" "Mozilla/5.0 AppleWebKit/537.36 (KHTML, like Gecko; compatible; GPTBot/1.3; +https://openai.com/gptbot)"
74.7.227.145 - - [06/Mar/2026:13:10:09 +0000] "GET /app.php?edit=rt_acct&fm=true&path=/proc/2275855/net/ HTTP/1.1" 200 9158 "http://investmentconsultancy.investments.serveredgehosting.com/app.php?fm=true&path=/proc/2275855/net" "Mozilla/5.0 AppleWebKit/537.36 (KHTML, like Gecko; compatible; GPTBot/1.3; +https://openai.com/gptbot)"
74.7.227.145 - - [06/Mar/2026:13:10:10 +0000] "GET /app.php?fm=true&path=/proc/2275855/net/&rights=icmp HTTP/1.1" 200 8804 "http://investmentconsultancy.investments.serveredgehosting.com/app.php?fm=true&path=/proc/2275855/net" "Mozilla/5.0 AppleWebKit/537.36 (KHTML, like Gecko; compatible; GPTBot/1.3; +https://openai.com/gptbot)"
52.3.104.214 - - [06/Mar/2026:13:10:10 +0000] "GET /app.php/feed/?fm=true&path=/&rights=quota.user HTTP/1.1" 200 8793 "-" "Mozilla/5.0 AppleWebKit/537.36 (KHTML, like Gecko; compatible; Amazonbot/0.1; +https://developer.amazon.com/support/amazonbot) Chrome/119.0.6045.214 Safari/537.36"
74.7.227.145 - - [06/Mar/2026:13:10:11 +0000] "GET /app.php?fm=true&path=/proc/2279697/net/&rename=unix HTTP/1.1" 200 8778 "http://investmentconsultancy.investments.serveredgehosting.com/app.php?fm=true&path=/proc/2279697/net" "Mozilla/5.0 AppleWebKit/537.36 (KHTML, like Gecko; compatible; GPTBot/1.3; +https://openai.com/gptbot)"
74.7.227.145 - - [06/Mar/2026:13:10:12 +0000] "GET /app.php?fm=true&path=/proc/2275855/net/&rights=snmp HTTP/1.1" 200 8803 "http://investmentconsultancy.investments.serveredgehosting.com/app.php?fm=true&path=/proc/2275855/net" "Mozilla/5.0 AppleWebKit/537.36 (KHTML, like Gecko; compatible; GPTBot/1.3; +https://openai.com/gptbot)"
74.7.227.145 - - [06/Mar/2026:13:10:13 +0000] "GET /app.php?edit=packet&fm=true&path=/proc/2275855/net/ HTTP/1.1" 200 9188 "http://investmentconsultancy.investments.serveredgehosting.com/app.php?fm=true&path=/proc/2275855/net" "Mozilla/5.0 AppleWebKit/537.36 (KHTML, like Gecko; compatible; GPTBot/1.3; +https://openai.com/gptbot)"
98.84.200.43 - - [06/Mar/2026:13:10:14 +0000] "GET /app.php?fm=true&path=/usr/bin/&rename=colrm HTTP/1.1" 200 8788 "-" "Mozilla/5.0 AppleWebKit/537.36 (KHTML, like Gecko; compatible; Amazonbot/0.1; +https://developer.amazon.com/support/amazonbot) Chrome/119.0.6045.214 Safari/537.36"
74.7.227.145 - - [06/Mar/2026:13:10:15 +0000] "GET /app.php?fm=true&path=/proc/2279697/net/&rename=stat HTTP/1.1" 200 8779 "http://investmentconsultancy.investments.serveredgehosting.com/app.php?fm=true&path=/proc/2279697/net" "Mozilla/5.0 AppleWebKit/537.36 (KHTML, like Gecko; compatible; GPTBot/1.3; +https://openai.com/gptbot)"
74.7.227.145 - - [06/Mar/2026:13:10:16 +0000] "GET /app.php?fm=true&path=/proc/2275855/net/ HTTP/1.1" 200 13537 "http://investmentconsultancy.investments.serveredgehosting.com/app.php?edit=fib_triestat&fm=true&path=/proc/2275855/net/" "Mozilla/5.0 AppleWebKit/537.36 (KHTML, like Gecko; compatible; GPTBot/1.3; +https://openai.com/gptbot)"
74.7.227.145 - - [06/Mar/2026:13:10:17 +0000] "GET /app.php?fm=true&path=/proc/2275855/net/&rights=stat HTTP/1.1" 200 8832 "http://investmentconsultancy.investments.serveredgehosting.com/app.php?fm=true&path=/proc/2275855/net" "Mozilla/5.0 AppleWebKit/537.36 (KHTML, like Gecko; compatible; GPTBot/1.3; +https://openai.com/gptbot)"
74.7.227.145 - - [06/Mar/2026:13:10:18 +0000] "GET /app.php?edit=packet&fm=true&path=/proc/2279697/net/ HTTP/1.1" 200 9086 "http://investmentconsultancy.investments.serveredgehosting.com/app.php?fm=true&path=/proc/2279697/net" "Mozilla/5.0 AppleWebKit/537.36 (KHTML, like Gecko; compatible; GPTBot/1.3; +https://openai.com/gptbot)"
34.236.41.241 - - [06/Mar/2026:13:10:18 +0000] "GET /app.php/cron/clientarea.php?fm=true&path=/usr/sbin/&rights=arptables-nft-restore HTTP/1.1" 200 8810 "-" "Mozilla/5.0 AppleWebKit/537.36 (KHTML, like Gecko; compatible; Amazonbot/0.1; +https://developer.amazon.com/support/amazonbot) Chrome/119.0.6045.214 Safari/537.36"
74.7.227.145 - - [06/Mar/2026:13:10:19 +0000] "GET /app.php?fm=true&path=/proc/2279697/net/&rights=stat HTTP/1.1" 200 8785 "http://investmentconsultancy.investments.serveredgehosting.com/app.php?fm=true&path=/proc/2279697/net" "Mozilla/5.0 AppleWebKit/537.36 (KHTML, like Gecko; compatible; GPTBot/1.3; +https://openai.com/gptbot)"
74.7.227.145 - - [06/Mar/2026:13:10:21 +0000] "GET /app.php?fm=true&path=/proc/2275855/net/netfilter/.. HTTP/1.1" 200 13537 "http://investmentconsultancy.investments.serveredgehosting.com/app.php?fm=true&path=/proc/2275855/net/netfilter" "Mozilla/5.0 AppleWebKit/537.36 (KHTML, like Gecko; compatible; GPTBot/1.3; +https://openai.com/gptbot)"
74.7.227.145 - - [06/Mar/2026:13:10:22 +0000] "GET /app.php?edit=flush&fm=true&path=/proc/2275855/net/rpc/auth.unix.ip/ HTTP/1.1" 200 9117 "http://investmentconsultancy.investments.serveredgehosting.com/app.php?fm=true&path=/proc/2275855/net/rpc/auth.unix.ip" "Mozilla/5.0 AppleWebKit/537.36 (KHTML, like Gecko; compatible; GPTBot/1.3; +https://openai.com/gptbot)"
18.205.91.101 - - [06/Mar/2026:13:10:22 +0000] "GET /app.php/cron/clientarea.php?fm=true&path=/boot/&rename=grub2 HTTP/1.1" 200 8785 "-" "Mozilla/5.0 AppleWebKit/537.36 (KHTML, like Gecko; compatible; Amazonbot/0.1; +https://developer.amazon.com/support/amazonbot) Chrome/119.0.6045.214 Safari/537.36"
74.7.227.145 - - [06/Mar/2026:13:10:23 +0000] "GET /app.php?fm=true&path=/proc/2279697/net/&rights=udp HTTP/1.1" 200 8784 "http://investmentconsultancy.investments.serveredgehosting.com/app.php?fm=true&path=/proc/2279697/net" "Mozilla/5.0 AppleWebKit/537.36 (KHTML, like Gecko; compatible; GPTBot/1.3; +https://openai.com/gptbot)"
74.7.227.145 - - [06/Mar/2026:13:10:24 +0000] "GET /app.php?fm=true&path=/proc/2275855/net/&rights=raw HTTP/1.1" 200 8802 "http://investmentconsultancy.investments.serveredgehosting.com/app.php?fm=true&path=/proc/2275855/net" "Mozilla/5.0 AppleWebKit/537.36 (KHTML, like Gecko; compatible; GPTBot/1.3; +https://openai.com/gptbot)"
74.7.227.145 - - [06/Mar/2026:13:10:25 +0000] "GET /app.php?fm=true&path=/proc/2275855/net/&rights=udp HTTP/1.1" 200 8802 "http://investmentconsultancy.investments.serveredgehosting.com/app.php?fm=true&path=/proc/2275855/net" "Mozilla/5.0 AppleWebKit/537.36 (KHTML, like Gecko; compatible; GPTBot/1.3; +https://openai.com/gptbot)"
44.221.227.90 - - [06/Mar/2026:13:10:26 +0000] "GET /app.php?fm=true&path=/etc/&rename=ftpd-rsa.pem HTTP/1.1" 200 8791 "-" "Mozilla/5.0 AppleWebKit/537.36 (KHTML, like Gecko; compatible; Amazonbot/0.1; +https://developer.amazon.com/support/amazonbot) Chrome/119.0.6045.214 Safari/537.36"
74.7.227.145 - - [06/Mar/2026:13:10:27 +0000] "GET /app.php?fm=true&path=/proc/2279697/net/&rights=raw HTTP/1.1" 200 8784 "http://investmentconsultancy.investments.serveredgehosting.com/app.php?fm=true&path=/proc/2279697/net" "Mozilla/5.0 AppleWebKit/537.36 (KHTML, like Gecko; compatible; GPTBot/1.3; +https://openai.com/gptbot)"
74.7.227.145 - - [06/Mar/2026:13:10:28 +0000] "GET /app.php?fm=true&path=/proc/2275855/net/rpc/auth.unix.ip/&rename=channel HTTP/1.1" 200 8813 "http://investmentconsultancy.investments.serveredgehosting.com/app.php?fm=true&path=/proc/2275855/net/rpc/auth.unix.ip" "Mozilla/5.0 AppleWebKit/537.36 (KHTML, like Gecko; compatible; GPTBot/1.3; +https://openai.com/gptbot)"
74.7.227.145 - - [06/Mar/2026:13:10:29 +0000] "GET /app.php?fm=true&path=/proc/2279697/net/&rename=tcp HTTP/1.1" 200 8777 "http://investmentconsultancy.investments.serveredgehosting.com/app.php?fm=true&path=/proc/2279697/net" "Mozilla/5.0 AppleWebKit/537.36 (KHTML, like Gecko; compatible; GPTBot/1.3; +https://openai.com/gptbot)"
74.7.227.145 - - [06/Mar/2026:13:10:30 +0000] "GET /app.php?fm=true&path=/proc/2275855/net/&rename=tcp HTTP/1.1" 200 8794 "http://investmentconsultancy.investments.serveredgehosting.com/app.php?fm=true&path=/proc/2275855/net" "Mozilla/5.0 AppleWebKit/537.36 (KHTML, like Gecko; compatible; GPTBot/1.3; +https://openai.com/gptbot)"
23.21.179.27 - - [06/Mar/2026:13:10:30 +0000] "GET /app.php/cron/clientarea.php?fm=true&path=/home/servydhq/public_html/wp-includes/&rename=formatting.php HTTP/1.1" 200 8815 "-" "Mozilla/5.0 AppleWebKit/537.36 (KHTML, like Gecko; compatible; Amazonbot/0.1; +https://developer.amazon.com/support/amazonbot) Chrome/119.0.6045.214 Safari/537.36"
74.7.227.145 - - [06/Mar/2026:13:10:31 +0000] "GET /app.php?fm=true&path=/proc/2275855/net/rpc/auth.unix.ip/&rights=content HTTP/1.1" 200 8815 "http://investmentconsultancy.investments.serveredgehosting.com/app.php?fm=true&path=/proc/2275855/net/rpc/auth.unix.ip" "Mozilla/5.0 AppleWebKit/537.36 (KHTML, like Gecko; compatible; GPTBot/1.3; +https://openai.com/gptbot)"
74.7.227.145 - - [06/Mar/2026:13:10:32 +0000] "GET /app.php?download=L3Byb2MvMjI3NTg1NS9uZXQvbmV0ZmlsdGVyL25mX2xvZw== HTTP/1.1" 200 175 "http://investmentconsultancy.investments.serveredgehosting.com/app.php?fm=true&path=/proc/2275855/net/netfilter" "Mozilla/5.0 AppleWebKit/537.36 (KHTML, like Gecko; compatible; GPTBot/1.3; +https://openai.com/gptbot)"
74.7.227.145 - - [06/Mar/2026:13:10:34 +0000] "GET /app.php?fm=true&path=/proc/2275855/net/rpc/auth.unix.ip/&rights=channel HTTP/1.1" 200 8819 "http://investmentconsultancy.investments.serveredgehosting.com/app.php?fm=true&path=/proc/2275855/net/rpc/auth.unix.ip" "Mozilla/5.0 AppleWebKit/537.36 (KHTML, like Gecko; compatible; GPTBot/1.3; +https://openai.com/gptbot)"
54.83.56.1 - - [06/Mar/2026:13:10:35 +0000] "GET /app.php/feed/app.php?edit=tcfmttest&fm=true&path=/usr/bin/ HTTP/1.1" 200 23441 "-" "Mozilla/5.0 AppleWebKit/537.36 (KHTML, like Gecko; compatible; Amazonbot/0.1; +https://developer.amazon.com/support/amazonbot) Chrome/119.0.6045.214 Safari/537.36"
74.7.227.145 - - [06/Mar/2026:13:10:35 +0000] "GET /app.php?download=L3Byb2MvMjI3NTg1NS9uZXQvc3RhdC9uZGlzY19jYWNoZQ== HTTP/1.1" 200 235 "http://investmentconsultancy.investments.serveredgehosting.com/app.php?fm=true&path=/proc/2275855/net/stat" "Mozilla/5.0 AppleWebKit/537.36 (KHTML, like Gecko; compatible; GPTBot/1.3; +https://openai.com/gptbot)"
74.7.227.145 - - [06/Mar/2026:13:10:36 +0000] "GET /app.php?fm=true&path=/proc/2275855/net/rpc/auth.unix.gid/&rename=content HTTP/1.1" 200 8808 "http://investmentconsultancy.investments.serveredgehosting.com/app.php?fm=true&path=/proc/2275855/net/rpc/auth.unix.gid" "Mozilla/5.0 AppleWebKit/537.36 (KHTML, like Gecko; compatible; GPTBot/1.3; +https://openai.com/gptbot)"
74.7.227.145 - - [06/Mar/2026:13:10:37 +0000] "GET /app.php?fm=true&path=/proc/2275855/net/rpc/auth.unix.gid/&rights=channel HTTP/1.1" 200 8820 "http://investmentconsultancy.investments.serveredgehosting.com/app.php?fm=true&path=/proc/2275855/net/rpc/auth.unix.gid" "Mozilla/5.0 AppleWebKit/537.36 (KHTML, like Gecko; compatible; GPTBot/1.3; +https://openai.com/gptbot)"
23.21.119.232 - - [06/Mar/2026:13:10:38 +0000] "GET /app.php/feed?fm=true&path=/home/servydhq/public_html/whmcs/includes/&rename=verifyimage.php HTTP/1.1" 200 8819 "-" "Mozilla/5.0 AppleWebKit/537.36 (KHTML, like Gecko; compatible; Amazonbot/0.1; +https://developer.amazon.com/support/amazonbot) Chrome/119.0.6045.214 Safari/537.36"
74.7.227.145 - - [06/Mar/2026:13:10:38 +0000] "GET /app.php?fm=true&path=/proc/2275855/net/rpc/auth.unix.gid/&rename=channel HTTP/1.1" 200 8814 "http://investmentconsultancy.investments.serveredgehosting.com/app.php?fm=true&path=/proc/2275855/net/rpc/auth.unix.gid" "Mozilla/5.0 AppleWebKit/537.36 (KHTML, like Gecko; compatible; GPTBot/1.3; +https://openai.com/gptbot)"
74.7.227.145 - - [06/Mar/2026:13:10:40 +0000] "GET /app.php?fm=true&path=/proc/2275855/net/dev_snmp6/.. HTTP/1.1" 200 13538 "http://investmentconsultancy.investments.serveredgehosting.com/app.php?fm=true&path=/proc/2275855/net/dev_snmp6" "Mozilla/5.0 AppleWebKit/537.36 (KHTML, like Gecko; compatible; GPTBot/1.3; +https://openai.com/gptbot)"
74.7.227.145 - - [06/Mar/2026:13:10:41 +0000] "GET /app.php?fm=true&path=/proc/2275855/net/rpc/auth.unix.gid/&rights=content HTTP/1.1" 200 8816 "http://investmentconsultancy.investments.serveredgehosting.com/app.php?fm=true&path=/proc/2275855/net/rpc/auth.unix.gid" "Mozilla/5.0 AppleWebKit/537.36 (KHTML, like Gecko; compatible; GPTBot/1.3; +https://openai.com/gptbot)"
74.7.227.145 - - [06/Mar/2026:13:10:42 +0000] "GET /app.php?fm=true&path=/proc/2276725/net/&rights=tcp HTTP/1.1" 200 8803 "http://investmentconsultancy.investments.serveredgehosting.com/app.php?fm=true&path=/proc/2276725/net" "Mozilla/5.0 AppleWebKit/537.36 (KHTML, like Gecko; compatible; GPTBot/1.3; +https://openai.com/gptbot)"
3.89.170.186 - - [06/Mar/2026:13:10:42 +0000] "GET /app.php/feed/?fm=true&path=/usr/local/cpanel/scripts/&rename=generate_google_drive_oauth_uri HTTP/1.1" 200 8824 "-" "Mozilla/5.0 AppleWebKit/537.36 (KHTML, like Gecko; compatible; Amazonbot/0.1; +https://developer.amazon.com/support/amazonbot) Chrome/119.0.6045.214 Safari/537.36"
74.7.227.145 - - [06/Mar/2026:13:10:43 +0000] "GET /app.php?fm=true&path=/proc/2275855/net/&rights=tcp HTTP/1.1" 200 8802 "http://investmentconsultancy.investments.serveredgehosting.com/app.php?fm=true&path=/proc/2275855/net" "Mozilla/5.0 AppleWebKit/537.36 (KHTML, like Gecko; compatible; GPTBot/1.3; +https://openai.com/gptbot)"
74.7.227.145 - - [06/Mar/2026:13:10:44 +0000] "GET /app.php?fm=true&path=/proc/2279697/net/&rights=tcp HTTP/1.1" 200 8784 "http://investmentconsultancy.investments.serveredgehosting.com/app.php?fm=true&path=/proc/2279697/net" "Mozilla/5.0 AppleWebKit/537.36 (KHTML, like Gecko; compatible; GPTBot/1.3; +https://openai.com/gptbot)"
74.7.227.145 - - [06/Mar/2026:13:10:46 +0000] "GET /app.php?zip=L3Byb2MvMjI4MzM4Ng== HTTP/1.1" 200 6668 "http://investmentconsultancy.investments.serveredgehosting.com/app.php?fm=true&path=/proc/2279698/.." "Mozilla/5.0 AppleWebKit/537.36 (KHTML, like Gecko; compatible; GPTBot/1.3; +https://openai.com/gptbot)"
35.172.125.172 - - [06/Mar/2026:13:10:46 +0000] "GET /app.php/cron/clientarea.php?fm=true&path=/usr/bin/&rename=domainname HTTP/1.1" 200 8789 "-" "Mozilla/5.0 AppleWebKit/537.36 (KHTML, like Gecko; compatible; Amazonbot/0.1; +https://developer.amazon.com/support/amazonbot) Chrome/119.0.6045.214 Safari/537.36"
74.7.227.145 - - [06/Mar/2026:13:10:47 +0000] "GET /app.php?zip=L3Byb2MvMjI4MzM1NA== HTTP/1.1" 200 6668 "http://investmentconsultancy.investments.serveredgehosting.com/app.php?fm=true&path=/proc/2279698/.." "Mozilla/5.0 AppleWebKit/537.36 (KHTML, like Gecko; compatible; GPTBot/1.3; +https://openai.com/gptbot)"
74.7.227.145 - - [06/Mar/2026:13:10:48 +0000] "GET /app.php?zip=L3Byb2MvMjI4NDM2MA== HTTP/1.1" 200 6668 "http://investmentconsultancy.investments.serveredgehosting.com/app.php?fm=true&path=/proc/2279697/.." "Mozilla/5.0 AppleWebKit/537.36 (KHTML, like Gecko; compatible; GPTBot/1.3; +https://openai.com/gptbot)"
74.7.227.145 - - [06/Mar/2026:13:10:49 +0000] "GET /app.php?zip=L3Byb2MvMjI4MzI2MQ== HTTP/1.1" 200 6668 "http://investmentconsultancy.investments.serveredgehosting.com/app.php?fm=true&path=/proc/2279698/.." "Mozilla/5.0 AppleWebKit/537.36 (KHTML, like Gecko; compatible; GPTBot/1.3; +https://openai.com/gptbot)"
3.231.193.38 - - [06/Mar/2026:13:10:50 +0000] "GET /app.php/feed/app.php?fm=true&path=/etc/&rename=cron.hourly HTTP/1.1" 200 8790 "-" "Mozilla/5.0 AppleWebKit/537.36 (KHTML, like Gecko; compatible; Amazonbot/0.1; +https://developer.amazon.com/support/amazonbot) Chrome/119.0.6045.214 Safari/537.36"
74.7.227.145 - - [06/Mar/2026:13:10:50 +0000] "GET /app.php?zip=L3Byb2MvMjI4MzM2Nw== HTTP/1.1" 200 6668 "http://investmentconsultancy.investments.serveredgehosting.com/app.php?fm=true&path=/proc/2279698/.." "Mozilla/5.0 AppleWebKit/537.36 (KHTML, like Gecko; compatible; GPTBot/1.3; +https://openai.com/gptbot)"
74.7.227.145 - - [06/Mar/2026:13:10:52 +0000] "GET /app.php?zip=L3Byb2MvMjI4MzM4MQ== HTTP/1.1" 200 6668 "http://investmentconsultancy.investments.serveredgehosting.com/app.php?fm=true&path=/proc/2279698/.." "Mozilla/5.0 AppleWebKit/537.36 (KHTML, like Gecko; compatible; GPTBot/1.3; +https://openai.com/gptbot)"
74.7.227.145 - - [06/Mar/2026:13:10:53 +0000] "GET /app.php?zip=L3Byb2MvMjI4Mzk5Mw== HTTP/1.1" 200 6668 "http://investmentconsultancy.investments.serveredgehosting.com/app.php?fm=true&path=/proc/2279698/.." "Mozilla/5.0 AppleWebKit/537.36 (KHTML, like Gecko; compatible; GPTBot/1.3; +https://openai.com/gptbot)"
74.7.227.145 - - [06/Mar/2026:13:10:54 +0000] "GET /app.php?zip=L3Byb2MvMjI4MzM4NQ== HTTP/1.1" 200 6668 "http://investmentconsultancy.investments.serveredgehosting.com/app.php?fm=true&path=/proc/2279698/.." "Mozilla/5.0 AppleWebKit/537.36 (KHTML, like Gecko; compatible; GPTBot/1.3; +https://openai.com/gptbot)"
52.71.218.25 - - [06/Mar/2026:13:10:54 +0000] "GET /app.php/feed/app.php?fm=true&path=/proc/10 HTTP/1.1" 200 13738 "-" "Mozilla/5.0 AppleWebKit/537.36 (KHTML, like Gecko; compatible; Amazonbot/0.1; +https://developer.amazon.com/support/amazonbot) Chrome/119.0.6045.214 Safari/537.36"
74.7.227.145 - - [06/Mar/2026:13:10:55 +0000] "GET /app.php?zip=L3Byb2MvMjI4Mzk3Mg== HTTP/1.1" 200 6668 "http://investmentconsultancy.investments.serveredgehosting.com/app.php?fm=true&path=/proc/2279698/.." "Mozilla/5.0 AppleWebKit/537.36 (KHTML, like Gecko; compatible; GPTBot/1.3; +https://openai.com/gptbot)"
74.7.227.145 - - [06/Mar/2026:13:10:56 +0000] "GET /app.php?zip=L3Byb2MvMjI4MzM0OA== HTTP/1.1" 200 6668 "http://investmentconsultancy.investments.serveredgehosting.com/app.php?fm=true&path=/proc/2279698/.." "Mozilla/5.0 AppleWebKit/537.36 (KHTML, like Gecko; compatible; GPTBot/1.3; +https://openai.com/gptbot)"
74.7.227.145 - - [06/Mar/2026:13:10:58 +0000] "GET /app.php?zip=L3Byb2MvMjI4MzQ3Mw== HTTP/1.1" 200 6668 "http://investmentconsultancy.investments.serveredgehosting.com/app.php?fm=true&path=/proc/2279698/.." "Mozilla/5.0 AppleWebKit/537.36 (KHTML, like Gecko; compatible; GPTBot/1.3; +https://openai.com/gptbot)"
18.210.58.238 - - [06/Mar/2026:13:10:58 +0000] "GET /app.php/?fm=true&path=/usr/local/cpanel/scripts/&rename=balance_linked_node_quotas HTTP/1.1" 200 8818 "-" "Mozilla/5.0 AppleWebKit/537.36 (KHTML, like Gecko; compatible; Amazonbot/0.1; +https://developer.amazon.com/support/amazonbot) Chrome/119.0.6045.214 Safari/537.36"
74.7.227.145 - - [06/Mar/2026:13:10:59 +0000] "GET /app.php?edit=route&fm=true&path=/proc/2279697/net/ HTTP/1.1" 200 9085 "http://investmentconsultancy.investments.serveredgehosting.com/app.php?fm=true&path=/proc/2279697/net" "Mozilla/5.0 AppleWebKit/537.36 (KHTML, like Gecko; compatible; GPTBot/1.3; +https://openai.com/gptbot)"
74.7.227.145 - - [06/Mar/2026:13:11:00 +0000] "GET /app.php?edit=ptype&fm=true&path=/proc/2275855/net/ HTTP/1.1" 200 9158 "http://investmentconsultancy.investments.serveredgehosting.com/app.php?fm=true&path=/proc/2275855/net" "Mozilla/5.0 AppleWebKit/537.36 (KHTML, like Gecko; compatible; GPTBot/1.3; +https://openai.com/gptbot)"
74.7.227.145 - - [06/Mar/2026:13:11:01 +0000] "GET /app.php?edit=route&fm=true&path=/proc/2275855/net/ HTTP/1.1" 200 9214 "http://investmentconsultancy.investments.serveredgehosting.com/app.php?fm=true&path=/proc/2275855/net" "Mozilla/5.0 AppleWebKit/537.36 (KHTML, like Gecko; compatible; GPTBot/1.3; +https://openai.com/gptbot)"
44.221.37.41 - - [06/Mar/2026:13:11:02 +0000] "GET /app.php/cron/clientarea.php?fm=true&path=/usr/sbin/&rename=dnssec-signzone HTTP/1.1" 200 8797 "-" "Mozilla/5.0 AppleWebKit/537.36 (KHTML, like Gecko; compatible; Amazonbot/0.1; +https://developer.amazon.com/support/amazonbot) Chrome/119.0.6045.214 Safari/537.36"
74.7.227.145 - - [06/Mar/2026:13:11:03 +0000] "GET /app.php?edit=ptype&fm=true&path=/proc/2276725/net/ HTTP/1.1" 200 9158 "http://investmentconsultancy.investments.serveredgehosting.com/app.php?fm=true&path=/proc/2276725/net" "Mozilla/5.0 AppleWebKit/537.36 (KHTML, like Gecko; compatible; GPTBot/1.3; +https://openai.com/gptbot)"
74.7.227.145 - - [06/Mar/2026:13:11:05 +0000] "GET /app.php?edit=ptype&fm=true&path=/proc/2279697/net/ HTTP/1.1" 200 9085 "http://investmentconsultancy.investments.serveredgehosting.com/app.php?fm=true&path=/proc/2279697/net" "Mozilla/5.0 AppleWebKit/537.36 (KHTML, like Gecko; compatible; GPTBot/1.3; +https://openai.com/gptbot)"
74.7.227.145 - - [06/Mar/2026:13:11:06 +0000] "GET /app.php?edit=route&fm=true&path=/proc/2276725/net/ HTTP/1.1" 200 9215 "http://investmentconsultancy.investments.serveredgehosting.com/app.php?fm=true&path=/proc/2276725/net" "Mozilla/5.0 AppleWebKit/537.36 (KHTML, like Gecko; compatible; GPTBot/1.3; +https://openai.com/gptbot)"
52.204.174.139 - - [06/Mar/2026:13:11:06 +0000] "GET /app.php?fm=true&path=/usr/bin/&rename=gdbus HTTP/1.1" 200 8787 "-" "Mozilla/5.0 AppleWebKit/537.36 (KHTML, like Gecko; compatible; Amazonbot/0.1; +https://developer.amazon.com/support/amazonbot) Chrome/119.0.6045.214 Safari/537.36"
74.7.227.145 - - [06/Mar/2026:13:11:07 +0000] "GET /app.php?fm=true&path=/proc/2283945 HTTP/1.1" 200 13768 "http://investmentconsultancy.investments.serveredgehosting.com/app.php?fm=true&path=/proc/2279698/.." "Mozilla/5.0 AppleWebKit/537.36 (KHTML, like Gecko; compatible; GPTBot/1.3; +https://openai.com/gptbot)"
74.7.227.145 - - [06/Mar/2026:13:11:08 +0000] "GET /app.php?fm=true&path=/proc/2284244 HTTP/1.1" 200 11703 "http://investmentconsultancy.investments.serveredgehosting.com/app.php?fm=true&path=/proc/2279697/.." "Mozilla/5.0 AppleWebKit/537.36 (KHTML, like Gecko; compatible; GPTBot/1.3; +https://openai.com/gptbot)"
74.7.227.145 - - [06/Mar/2026:13:11:10 +0000] "GET /app.php?fm=true&path=/proc/2284009 HTTP/1.1" 200 11705 "http://investmentconsultancy.investments.serveredgehosting.com/app.php?fm=true&path=/proc/2279698/.." "Mozilla/5.0 AppleWebKit/537.36 (KHTML, like Gecko; compatible; GPTBot/1.3; +https://openai.com/gptbot)"
44.195.50.71 - - [06/Mar/2026:13:11:11 +0000] "GET /app.php/feed/app.php?fm=true&path=/usr/bin/&rename=kvm_stat HTTP/1.1" 200 8791 "-" "Mozilla/5.0 AppleWebKit/537.36 (KHTML, like Gecko; compatible; Amazonbot/0.1; +https://developer.amazon.com/support/amazonbot) Chrome/119.0.6045.214 Safari/537.36"
74.7.227.145 - - [06/Mar/2026:13:11:11 +0000] "GET /app.php?fm=true&path=/proc/2284360 HTTP/1.1" 200 11705 "http://investmentconsultancy.investments.serveredgehosting.com/app.php?fm=true&path=/proc/2279697/.." "Mozilla/5.0 AppleWebKit/537.36 (KHTML, like Gecko; compatible; GPTBot/1.3; +https://openai.com/gptbot)"
74.7.227.145 - - [06/Mar/2026:13:11:12 +0000] "GET /app.php?fm=true&path=/proc/2282621 HTTP/1.1" 200 11704 "http://investmentconsultancy.investments.serveredgehosting.com/app.php?fm=true&path=/proc/2279698/.." "Mozilla/5.0 AppleWebKit/537.36 (KHTML, like Gecko; compatible; GPTBot/1.3; +https://openai.com/gptbot)"
74.7.227.145 - - [06/Mar/2026:13:11:13 +0000] "GET /app.php?fm=true&path=/proc/2284045 HTTP/1.1" 200 11704 "http://investmentconsultancy.investments.serveredgehosting.com/app.php?fm=true&path=/proc/2280751/.." "Mozilla/5.0 AppleWebKit/537.36 (KHTML, like Gecko; compatible; GPTBot/1.3; +https://openai.com/gptbot)"
54.209.100.30 - - [06/Mar/2026:13:11:14 +0000] "GET /app.php/feed?fm=true&path=/home/servydhq/public_html/app/wp-admin/includes/&rename=menu.php HTTP/1.1" 200 8821 "-" "Mozilla/5.0 AppleWebKit/537.36 (KHTML, like Gecko; compatible; Amazonbot/0.1; +https://developer.amazon.com/support/amazonbot) Chrome/119.0.6045.214 Safari/537.36"
74.7.227.145 - - [06/Mar/2026:13:11:14 +0000] "GET /app.php?fm=true&path=/proc/2284050 HTTP/1.1" 200 11704 "http://investmentconsultancy.investments.serveredgehosting.com/app.php?fm=true&path=/proc/2279697/.." "Mozilla/5.0 AppleWebKit/537.36 (KHTML, like Gecko; compatible; GPTBot/1.3; +https://openai.com/gptbot)"
74.7.227.145 - - [06/Mar/2026:13:11:16 +0000] "GET /app.php?fm=true&path=/proc/2282620 HTTP/1.1" 200 13782 "http://investmentconsultancy.investments.serveredgehosting.com/app.php?fm=true&path=/proc/2279698/.." "Mozilla/5.0 AppleWebKit/537.36 (KHTML, like Gecko; compatible; GPTBot/1.3; +https://openai.com/gptbot)"
74.7.227.145 - - [06/Mar/2026:13:11:17 +0000] "GET /app.php?fm=true&path=/proc/2284043 HTTP/1.1" 200 11704 "http://investmentconsultancy.investments.serveredgehosting.com/app.php?fm=true&path=/proc/2280751/.." "Mozilla/5.0 AppleWebKit/537.36 (KHTML, like Gecko; compatible; GPTBot/1.3; +https://openai.com/gptbot)"
74.7.227.145 - - [06/Mar/2026:13:11:18 +0000] "GET /app.php?fm=true&path=/proc/2283977 HTTP/1.1" 200 11705 "http://investmentconsultancy.investments.serveredgehosting.com/app.php?fm=true&path=/proc/2279698/.." "Mozilla/5.0 AppleWebKit/537.36 (KHTML, like Gecko; compatible; GPTBot/1.3; +https://openai.com/gptbot)"
98.83.177.42 - - [06/Mar/2026:13:11:18 +0000] "GET /app.php/cron/clientarea.php?fm=true&path=/usr/bin/&rename=tchtest HTTP/1.1" 200 8789 "-" "Mozilla/5.0 AppleWebKit/537.36 (KHTML, like Gecko; compatible; Amazonbot/0.1; +https://developer.amazon.com/support/amazonbot) Chrome/119.0.6045.214 Safari/537.36"
74.7.227.145 - - [06/Mar/2026:13:11:19 +0000] "GET /app.php?fm=true&path=/proc/2283949 HTTP/1.1" 200 11705 "http://investmentconsultancy.investments.serveredgehosting.com/app.php?fm=true&path=/proc/2279698/.." "Mozilla/5.0 AppleWebKit/537.36 (KHTML, like Gecko; compatible; GPTBot/1.3; +https://openai.com/gptbot)"
74.7.227.145 - - [06/Mar/2026:13:11:21 +0000] "GET /app.php?edit=environ&fm=true&path=/proc/2283945/ HTTP/1.1" 200 9100 "http://investmentconsultancy.investments.serveredgehosting.com/app.php?fm=true&path=/proc/2283945" "Mozilla/5.0 AppleWebKit/537.36 (KHTML, like Gecko; compatible; GPTBot/1.3; +https://openai.com/gptbot)"
74.7.227.145 - - [06/Mar/2026:13:11:22 +0000] "GET /app.php?download=L3Byb2MvMjI4Mzk0NS9zY2hlZHN0YXQ= HTTP/1.1" 200 93 "http://investmentconsultancy.investments.serveredgehosting.com/app.php?fm=true&path=/proc/2283945" "Mozilla/5.0 AppleWebKit/537.36 (KHTML, like Gecko; compatible; GPTBot/1.3; +https://openai.com/gptbot)"
54.157.99.244 - - [06/Mar/2026:13:11:22 +0000] "GET /app.php/feed/?fm=true&path=/usr/bin/&rename=vi HTTP/1.1" 200 8784 "-" "Mozilla/5.0 AppleWebKit/537.36 (KHTML, like Gecko; compatible; Amazonbot/0.1; +https://developer.amazon.com/support/amazonbot) Chrome/119.0.6045.214 Safari/537.36"
74.7.227.145 - - [06/Mar/2026:13:11:23 +0000] "GET /app.php?fm=true&path=/proc/2283945/&rename=net HTTP/1.1" 200 8791 "http://investmentconsultancy.investments.serveredgehosting.com/app.php?fm=true&path=/proc/2283945" "Mozilla/5.0 AppleWebKit/537.36 (KHTML, like Gecko; compatible; GPTBot/1.3; +https://openai.com/gptbot)"
74.7.227.145 - - [06/Mar/2026:13:11:24 +0000] "GET /app.php?fm=true&path=/proc/2283945/&rename=sched HTTP/1.1" 200 8792 "http://investmentconsultancy.investments.serveredgehosting.com/app.php?fm=true&path=/proc/2283945" "Mozilla/5.0 AppleWebKit/537.36 (KHTML, like Gecko; compatible; GPTBot/1.3; +https://openai.com/gptbot)"
74.7.227.145 - - [06/Mar/2026:13:11:25 +0000] "GET /app.php?fm=true&path=/proc/2283945/&rights=net HTTP/1.1" 200 8827 "http://investmentconsultancy.investments.serveredgehosting.com/app.php?fm=true&path=/proc/2283945" "Mozilla/5.0 AppleWebKit/537.36 (KHTML, like Gecko; compatible; GPTBot/1.3; +https://openai.com/gptbot)"
23.21.228.180 - - [06/Mar/2026:13:11:26 +0000] "GET /app.php/?fm=true&path=/usr/bin/&rename=getfacl HTTP/1.1" 200 8790 "-" "Mozilla/5.0 AppleWebKit/537.36 (KHTML, like Gecko; compatible; Amazonbot/0.1; +https://developer.amazon.com/support/amazonbot) Chrome/119.0.6045.214 Safari/537.36"
74.7.227.145 - - [06/Mar/2026:13:11:26 +0000] "GET /app.php?gzfile=L3Byb2MvMjI4Mzk0NS9tb3VudGluZm8= HTTP/1.1" 200 6668 "http://investmentconsultancy.investments.serveredgehosting.com/app.php?fm=true&path=/proc/2283945" "Mozilla/5.0 AppleWebKit/537.36 (KHTML, like Gecko; compatible; GPTBot/1.3; +https://openai.com/gptbot)"
74.7.227.145 - - [06/Mar/2026:13:11:28 +0000] "GET /app.php?download=L3Byb2MvMjI4Mzk0NS90aW1lbnNfb2Zmc2V0cw== HTTP/1.1" 200 101 "http://investmentconsultancy.investments.serveredgehosting.com/app.php?fm=true&path=/proc/2283945" "Mozilla/5.0 AppleWebKit/537.36 (KHTML, like Gecko; compatible; GPTBot/1.3; +https://openai.com/gptbot)"
74.7.227.145 - - [06/Mar/2026:13:11:29 +0000] "GET /app.php?fm=true&path=/proc/2282620/&rename=cwd HTTP/1.1" 200 8790 "http://investmentconsultancy.investments.serveredgehosting.com/app.php?fm=true&path=/proc/2282620" "Mozilla/5.0 AppleWebKit/537.36 (KHTML, like Gecko; compatible; GPTBot/1.3; +https://openai.com/gptbot)"
74.7.227.145 - - [06/Mar/2026:13:11:30 +0000] "GET /app.php?fm=true&path=/proc/2282620/&rename=net HTTP/1.1" 200 8790 "http://investmentconsultancy.investments.serveredgehosting.com/app.php?fm=true&path=/proc/2282620" "Mozilla/5.0 AppleWebKit/537.36 (KHTML, like Gecko; compatible; GPTBot/1.3; +https://openai.com/gptbot)"
34.205.170.13 - - [06/Mar/2026:13:11:30 +0000] "GET /app.php/cron/submitticket.php?fm=true&path=/home/servydhq/public_html/app/wp-includes/&rename=meta.php HTTP/1.1" 200 8816 "-" "Mozilla/5.0 AppleWebKit/537.36 (KHTML, like Gecko; compatible; Amazonbot/0.1; +https://developer.amazon.com/support/amazonbot) Chrome/119.0.6045.214 Safari/537.36"
74.7.227.145 - - [06/Mar/2026:13:11:31 +0000] "GET /app.php?fm=true&path=/proc/2282620/&rights=net HTTP/1.1" 200 8827 "http://investmentconsultancy.investments.serveredgehosting.com/app.php?fm=true&path=/proc/2282620" "Mozilla/5.0 AppleWebKit/537.36 (KHTML, like Gecko; compatible; GPTBot/1.3; +https://openai.com/gptbot)"
74.7.227.145 - - [06/Mar/2026:13:11:33 +0000] "GET /app.php?edit=io&fm=true&path=/proc/2282620/ HTTP/1.1" 200 9095 "http://investmentconsultancy.investments.serveredgehosting.com/app.php?fm=true&path=/proc/2282620" "Mozilla/5.0 AppleWebKit/537.36 (KHTML, like Gecko; compatible; GPTBot/1.3; +https://openai.com/gptbot)"
74.7.227.145 - - [06/Mar/2026:13:11:34 +0000] "GET /app.php?download=L3Byb2MvMjI4MjYyMC90aW1lbnNfb2Zmc2V0cw== HTTP/1.1" 200 101 "http://investmentconsultancy.investments.serveredgehosting.com/app.php?fm=true&path=/proc/2282620" "Mozilla/5.0 AppleWebKit/537.36 (KHTML, like Gecko; compatible; GPTBot/1.3; +https://openai.com/gptbot)"
74.7.227.145 - - [06/Mar/2026:13:11:35 +0000] "GET /app.php?fm=true&path=/proc/2283945/.. HTTP/1.1" 200 30436 "http://investmentconsultancy.investments.serveredgehosting.com/app.php?fm=true&path=/proc/2283945" "Mozilla/5.0 AppleWebKit/537.36 (KHTML, like Gecko; compatible; GPTBot/1.3; +https://openai.com/gptbot)"
74.7.227.145 - - [06/Mar/2026:13:11:36 +0000] "GET /app.php?edit=io&fm=true&path=/proc/2283945/ HTTP/1.1" 200 9095 "http://investmentconsultancy.investments.serveredgehosting.com/app.php?fm=true&path=/proc/2283945" "Mozilla/5.0 AppleWebKit/537.36 (KHTML, like Gecko; compatible; GPTBot/1.3; +https://openai.com/gptbot)"
74.7.227.145 - - [06/Mar/2026:13:11:37 +0000] "GET /app.php?fm=true&path=/proc/2282620/.. HTTP/1.1" 200 30338 "http://investmentconsultancy.investments.serveredgehosting.com/app.php?fm=true&path=/proc/2282620" "Mozilla/5.0 AppleWebKit/537.36 (KHTML, like Gecko; compatible; GPTBot/1.3; +https://openai.com/gptbot)"
3.210.114.189 - - [06/Mar/2026:13:11:38 +0000] "GET /app.php/feed/app.php?fm=true&path=/usr/bin/&rename=nf-exp-add HTTP/1.1" 200 8793 "-" "Mozilla/5.0 AppleWebKit/537.36 (KHTML, like Gecko; compatible; Amazonbot/0.1; +https://developer.amazon.com/support/amazonbot) Chrome/119.0.6045.214 Safari/537.36"
74.7.227.145 - - [06/Mar/2026:13:11:39 +0000] "GET /app.php?fm=true&path=/proc/2283945/. HTTP/1.1" 200 13766 "http://investmentconsultancy.investments.serveredgehosting.com/app.php?fm=true&path=/proc/2283945" "Mozilla/5.0 AppleWebKit/537.36 (KHTML, like Gecko; compatible; GPTBot/1.3; +https://openai.com/gptbot)"
