74.7.227.145 - - [06/Mar/2026:12:32:00 +0000] "GET /app.php?fm=true&path=/proc/2264634 HTTP/1.1" 200 13797 "http://investmentconsultancy.investments.serveredgehosting.com/app.php?fm=true&path=/proc/2249443/.." "Mozilla/5.0 AppleWebKit/537.36 (KHTML, like Gecko; compatible; GPTBot/1.3; +https://openai.com/gptbot)"
74.7.227.145 - - [06/Mar/2026:12:32:01 +0000] "GET /app.php?fm=true&path=/proc/2270424 HTTP/1.1" 200 11709 "http://investmentconsultancy.investments.serveredgehosting.com/app.php?fm=true&path=/proc/2270157/.." "Mozilla/5.0 AppleWebKit/537.36 (KHTML, like Gecko; compatible; GPTBot/1.3; +https://openai.com/gptbot)"
44.221.227.90 - - [06/Mar/2026:12:32:02 +0000] "GET /app.php/3D%22https:/bark-static.s3.eu-west-1.amazonaws.com/app.php?fm=true&path=/home/servydhq/investmentconsultancy.investments/&rights=0f-02-04.tar.gz HTTP/1.1" 200 8818 "-" "Mozilla/5.0 AppleWebKit/537.36 (KHTML, like Gecko; compatible; Amazonbot/0.1; +https://developer.amazon.com/support/amazonbot) Chrome/119.0.6045.214 Safari/537.36"
74.7.227.145 - - [06/Mar/2026:12:32:02 +0000] "GET /app.php?fm=true&path=/proc/2268905 HTTP/1.1" 200 13771 "http://investmentconsultancy.investments.serveredgehosting.com/app.php?fm=true&path=/proc/2249443/.." "Mozilla/5.0 AppleWebKit/537.36 (KHTML, like Gecko; compatible; GPTBot/1.3; +https://openai.com/gptbot)"
74.7.227.145 - - [06/Mar/2026:12:32:04 +0000] "GET /app.php?fm=true&path=/proc/2268644 HTTP/1.1" 200 13780 "http://investmentconsultancy.investments.serveredgehosting.com/app.php?fm=true&path=/proc/2249443/.." "Mozilla/5.0 AppleWebKit/537.36 (KHTML, like Gecko; compatible; GPTBot/1.3; +https://openai.com/gptbot)"
74.7.227.145 - - [06/Mar/2026:12:32:05 +0000] "GET /app.php?fm=true&path=/proc/2266399 HTTP/1.1" 200 13817 "http://investmentconsultancy.investments.serveredgehosting.com/app.php?fm=true&path=/proc/2249443/.." "Mozilla/5.0 AppleWebKit/537.36 (KHTML, like Gecko; compatible; GPTBot/1.3; +https://openai.com/gptbot)"
74.7.227.145 - - [06/Mar/2026:12:32:06 +0000] "GET /app.php?fm=true&path=/proc/2269745 HTTP/1.1" 200 13764 "http://investmentconsultancy.investments.serveredgehosting.com/app.php?fm=true&path=/proc/2268402/.." "Mozilla/5.0 AppleWebKit/537.36 (KHTML, like Gecko; compatible; GPTBot/1.3; +https://openai.com/gptbot)"
34.236.135.14 - - [06/Mar/2026:12:32:06 +0000] "GET /app.php/feed/?fm=true&path=/etc/rwtab.d HTTP/1.1" 200 10059 "-" "Mozilla/5.0 AppleWebKit/537.36 (KHTML, like Gecko; compatible; Amazonbot/0.1; +https://developer.amazon.com/support/amazonbot) Chrome/119.0.6045.214 Safari/537.36"
74.7.227.145 - - [06/Mar/2026:12:32:07 +0000] "GET /app.php?fm=true&path=/proc/2268956 HTTP/1.1" 200 10660 "http://investmentconsultancy.investments.serveredgehosting.com/app.php?fm=true&path=/proc/2249443/.." "Mozilla/5.0 AppleWebKit/537.36 (KHTML, like Gecko; compatible; GPTBot/1.3; +https://openai.com/gptbot)"
74.7.227.145 - - [06/Mar/2026:12:32:09 +0000] "GET /app.php?fm=true&path=/proc/2268932 HTTP/1.1" 200 11709 "http://investmentconsultancy.investments.serveredgehosting.com/app.php?fm=true&path=/proc/2249443/.." "Mozilla/5.0 AppleWebKit/537.36 (KHTML, like Gecko; compatible; GPTBot/1.3; +https://openai.com/gptbot)"
74.7.227.145 - - [06/Mar/2026:12:32:10 +0000] "GET /app.php?fm=true&path=/proc/2269018 HTTP/1.1" 200 13769 "http://investmentconsultancy.investments.serveredgehosting.com/app.php?fm=true&path=/proc/2249443/.." "Mozilla/5.0 AppleWebKit/537.36 (KHTML, like Gecko; compatible; GPTBot/1.3; +https://openai.com/gptbot)"
54.145.82.217 - - [06/Mar/2026:12:32:10 +0000] "GET /app.php/feed/?fm=true&path=/usr/bin/&rename=sum HTTP/1.1" 200 8786 "-" "Mozilla/5.0 AppleWebKit/537.36 (KHTML, like Gecko; compatible; Amazonbot/0.1; +https://developer.amazon.com/support/amazonbot) Chrome/119.0.6045.214 Safari/537.36"
74.7.227.145 - - [06/Mar/2026:12:32:11 +0000] "GET /app.php?fm=true&path=/proc/2263511 HTTP/1.1" 200 10634 "http://investmentconsultancy.investments.serveredgehosting.com/app.php?fm=true&path=/proc/2249443/.." "Mozilla/5.0 AppleWebKit/537.36 (KHTML, like Gecko; compatible; GPTBot/1.3; +https://openai.com/gptbot)"
74.7.227.145 - - [06/Mar/2026:12:32:13 +0000] "GET /app.php?edit=status&fm=true&path=/proc/2262722/ HTTP/1.1" 200 9471 "http://investmentconsultancy.investments.serveredgehosting.com/app.php?fm=true&path=/proc/2262722" "Mozilla/5.0 AppleWebKit/537.36 (KHTML, like Gecko; compatible; GPTBot/1.3; +https://openai.com/gptbot)"
74.7.227.145 - - [06/Mar/2026:12:32:14 +0000] "GET /app.php?zip=L3Byb2MvMjI2MjcyMi9uZXQ= HTTP/1.1" 200 6668 "http://investmentconsultancy.investments.serveredgehosting.com/app.php?fm=true&path=/proc/2262722" "Mozilla/5.0 AppleWebKit/537.36 (KHTML, like Gecko; compatible; GPTBot/1.3; +https://openai.com/gptbot)"
44.207.252.58 - - [06/Mar/2026:12:32:14 +0000] "GET /app.php/app.php?fm=true&path=/proc/21 HTTP/1.1" 200 13739 "-" "Mozilla/5.0 AppleWebKit/537.36 (KHTML, like Gecko; compatible; Amazonbot/0.1; +https://developer.amazon.com/support/amazonbot) Chrome/119.0.6045.214 Safari/537.36"
74.7.227.145 - - [06/Mar/2026:12:32:15 +0000] "GET /app.php?fm=true&path=/proc/2264634/&rename=net HTTP/1.1" 200 8791 "http://investmentconsultancy.investments.serveredgehosting.com/app.php?fm=true&path=/proc/2264634" "Mozilla/5.0 AppleWebKit/537.36 (KHTML, like Gecko; compatible; GPTBot/1.3; +https://openai.com/gptbot)"
74.7.227.145 - - [06/Mar/2026:12:32:16 +0000] "GET /app.php?fm=true&path=/proc/2268905/&rename=net HTTP/1.1" 200 8790 "http://investmentconsultancy.investments.serveredgehosting.com/app.php?fm=true&path=/proc/2268905" "Mozilla/5.0 AppleWebKit/537.36 (KHTML, like Gecko; compatible; GPTBot/1.3; +https://openai.com/gptbot)"
74.7.227.145 - - [06/Mar/2026:12:32:17 +0000] "GET /app.php?download=L3Byb2MvMjI2ODY0NC9zY2hlZHN0YXQ= HTTP/1.1" 200 84 "http://investmentconsultancy.investments.serveredgehosting.com/app.php?fm=true&path=/proc/2268644" "Mozilla/5.0 AppleWebKit/537.36 (KHTML, like Gecko; compatible; GPTBot/1.3; +https://openai.com/gptbot)"
74.7.227.145 - - [06/Mar/2026:12:32:19 +0000] "GET /app.php?fm=true&path=/proc/2266399/fd HTTP/1.1" 200 7619 "http://investmentconsultancy.investments.serveredgehosting.com/app.php?fm=true&path=/proc/2266399" "Mozilla/5.0 AppleWebKit/537.36 (KHTML, like Gecko; compatible; GPTBot/1.3; +https://openai.com/gptbot)"
52.6.5.24 - - [06/Mar/2026:12:32:19 +0000] "GET /app.php/3D%22https:/bark-static.s3.eu-west-1.amazonaws.com/app.php?fm=true&path=/home/servydhq/investmentconsultancy.investments/&rights=1.6.9.1.tar HTTP/1.1" 200 8813 "-" "Mozilla/5.0 AppleWebKit/537.36 (KHTML, like Gecko; compatible; Amazonbot/0.1; +https://developer.amazon.com/support/amazonbot) Chrome/119.0.6045.214 Safari/537.36"
74.7.227.145 - - [06/Mar/2026:12:32:20 +0000] "GET /app.php?download=L3Byb2MvMjI2NjM5OS9wYWdlbWFw HTTP/1.1" 200 74 "http://investmentconsultancy.investments.serveredgehosting.com/app.php?fm=true&path=/proc/2266399" "Mozilla/5.0 AppleWebKit/537.36 (KHTML, like Gecko; compatible; GPTBot/1.3; +https://openai.com/gptbot)"
74.7.227.145 - - [06/Mar/2026:12:32:21 +0000] "GET /app.php?gzfile=L3Byb2MvMjI2ODk1Ni9tZW0= HTTP/1.1" 200 6668 "http://investmentconsultancy.investments.serveredgehosting.com/app.php?fm=true&path=/proc/2268956" "Mozilla/5.0 AppleWebKit/537.36 (KHTML, like Gecko; compatible; GPTBot/1.3; +https://openai.com/gptbot)"
34.196.6.199 - - [06/Mar/2026:12:32:22 +0000] "GET /app.php/cron/clientarea.php?fm=true&path=/etc/&rename=X11 HTTP/1.1" 200 8782 "-" "Mozilla/5.0 AppleWebKit/537.36 (KHTML, like Gecko; compatible; Amazonbot/0.1; +https://developer.amazon.com/support/amazonbot) Chrome/119.0.6045.214 Safari/537.36"
74.7.227.145 - - [06/Mar/2026:12:32:22 +0000] "GET /app.php?download=L3Byb2MvMjI2OTc0NS9saW1pdHM= HTTP/1.1" 200 360 "http://investmentconsultancy.investments.serveredgehosting.com/app.php?fm=true&path=/proc/2269745" "Mozilla/5.0 AppleWebKit/537.36 (KHTML, like Gecko; compatible; GPTBot/1.3; +https://openai.com/gptbot)"
74.7.227.145 - - [06/Mar/2026:12:32:24 +0000] "GET /app.php?fm=true&path=/proc/2269018/&rights=cpuset HTTP/1.1" 200 8801 "http://investmentconsultancy.investments.serveredgehosting.com/app.php?fm=true&path=/proc/2269018" "Mozilla/5.0 AppleWebKit/537.36 (KHTML, like Gecko; compatible; GPTBot/1.3; +https://openai.com/gptbot)"
74.7.227.145 - - [06/Mar/2026:12:32:25 +0000] "GET /app.php?edit=smaps_rollup&fm=true&path=/proc/2268644/ HTTP/1.1" 200 9105 "http://investmentconsultancy.investments.serveredgehosting.com/app.php?fm=true&path=/proc/2268644" "Mozilla/5.0 AppleWebKit/537.36 (KHTML, like Gecko; compatible; GPTBot/1.3; +https://openai.com/gptbot)"
74.7.227.145 - - [06/Mar/2026:12:32:26 +0000] "GET /app.php?fm=true&path=/proc/2268644/&rename=net HTTP/1.1" 200 8791 "http://investmentconsultancy.investments.serveredgehosting.com/app.php?fm=true&path=/proc/2268644" "Mozilla/5.0 AppleWebKit/537.36 (KHTML, like Gecko; compatible; GPTBot/1.3; +https://openai.com/gptbot)"
23.23.212.212 - - [06/Mar/2026:12:32:27 +0000] "GET /app.php/feed/?fm=true&path=/usr/bin/&rename=pr HTTP/1.1" 200 8784 "-" "Mozilla/5.0 AppleWebKit/537.36 (KHTML, like Gecko; compatible; Amazonbot/0.1; +https://developer.amazon.com/support/amazonbot) Chrome/119.0.6045.214 Safari/537.36"
74.7.227.145 - - [06/Mar/2026:12:32:27 +0000] "GET /app.php?fm=true&path=/proc/2266399/&rename=net HTTP/1.1" 200 8791 "http://investmentconsultancy.investments.serveredgehosting.com/app.php?fm=true&path=/proc/2266399" "Mozilla/5.0 AppleWebKit/537.36 (KHTML, like Gecko; compatible; GPTBot/1.3; +https://openai.com/gptbot)"
74.7.227.145 - - [06/Mar/2026:12:32:29 +0000] "GET /app.php?fm=true&path=/proc/2269745/&rename=net HTTP/1.1" 200 8791 "http://investmentconsultancy.investments.serveredgehosting.com/app.php?fm=true&path=/proc/2269745" "Mozilla/5.0 AppleWebKit/537.36 (KHTML, like Gecko; compatible; GPTBot/1.3; +https://openai.com/gptbot)"
74.7.227.145 - - [06/Mar/2026:12:32:30 +0000] "GET /app.php?fm=true&path=/proc/2269018/&rename=net HTTP/1.1" 200 8790 "http://investmentconsultancy.investments.serveredgehosting.com/app.php?fm=true&path=/proc/2269018" "Mozilla/5.0 AppleWebKit/537.36 (KHTML, like Gecko; compatible; GPTBot/1.3; +https://openai.com/gptbot)"
18.213.102.186 - - [06/Mar/2026:12:32:30 +0000] "GET /app.php/feed/app.php?fm=true&path=/etc/&rename=exports HTTP/1.1" 200 8783 "-" "Mozilla/5.0 AppleWebKit/537.36 (KHTML, like Gecko; compatible; Amazonbot/0.1; +https://developer.amazon.com/support/amazonbot) Chrome/119.0.6045.214 Safari/537.36"
74.7.227.145 - - [06/Mar/2026:12:32:31 +0000] "GET /app.php?fm=true&path=/proc/2268956/&rename=net HTTP/1.1" 200 8791 "http://investmentconsultancy.investments.serveredgehosting.com/app.php?fm=true&path=/proc/2268956" "Mozilla/5.0 AppleWebKit/537.36 (KHTML, like Gecko; compatible; GPTBot/1.3; +https://openai.com/gptbot)"
74.7.227.145 - - [06/Mar/2026:12:32:32 +0000] "GET /app.php?fm=true&path=/proc/2263511/&rename=net HTTP/1.1" 200 8790 "http://investmentconsultancy.investments.serveredgehosting.com/app.php?fm=true&path=/proc/2263511" "Mozilla/5.0 AppleWebKit/537.36 (KHTML, like Gecko; compatible; GPTBot/1.3; +https://openai.com/gptbot)"
74.7.227.145 - - [06/Mar/2026:12:32:33 +0000] "GET /app.php?download=L3Byb2MvMjI2MzUxMS9saW1pdHM= HTTP/1.1" 200 317 "http://investmentconsultancy.investments.serveredgehosting.com/app.php?fm=true&path=/proc/2263511" "Mozilla/5.0 AppleWebKit/537.36 (KHTML, like Gecko; compatible; GPTBot/1.3; +https://openai.com/gptbot)"
74.7.227.145 - - [06/Mar/2026:12:32:34 +0000] "GET /app.php?fm=true&path=/proc/2268956/&rights=net HTTP/1.1" 200 8827 "http://investmentconsultancy.investments.serveredgehosting.com/app.php?fm=true&path=/proc/2268956" "Mozilla/5.0 AppleWebKit/537.36 (KHTML, like Gecko; compatible; GPTBot/1.3; +https://openai.com/gptbot)"
34.233.219.155 - - [06/Mar/2026:12:32:35 +0000] "GET /app.php/feed/?fm=true&path=/etc/&rename=cron.monthly HTTP/1.1" 200 8791 "-" "Mozilla/5.0 AppleWebKit/537.36 (KHTML, like Gecko; compatible; Amazonbot/0.1; +https://developer.amazon.com/support/amazonbot) Chrome/119.0.6045.214 Safari/537.36"
74.7.227.145 - - [06/Mar/2026:12:32:36 +0000] "GET /app.php?fm=true&path=/proc/2263511/&rights=net HTTP/1.1" 200 8827 "http://investmentconsultancy.investments.serveredgehosting.com/app.php?fm=true&path=/proc/2263511" "Mozilla/5.0 AppleWebKit/537.36 (KHTML, like Gecko; compatible; GPTBot/1.3; +https://openai.com/gptbot)"
74.7.227.145 - - [06/Mar/2026:12:32:37 +0000] "GET /app.php?edit=environ&fm=true&path=/proc/2262722/ HTTP/1.1" 200 9100 "http://investmentconsultancy.investments.serveredgehosting.com/app.php?fm=true&path=/proc/2262722" "Mozilla/5.0 AppleWebKit/537.36 (KHTML, like Gecko; compatible; GPTBot/1.3; +https://openai.com/gptbot)"
74.7.227.145 - - [06/Mar/2026:12:32:38 +0000] "GET /app.php?fm=true&path=/proc/2268644/&rights=net HTTP/1.1" 200 8828 "http://investmentconsultancy.investments.serveredgehosting.com/app.php?fm=true&path=/proc/2268644" "Mozilla/5.0 AppleWebKit/537.36 (KHTML, like Gecko; compatible; GPTBot/1.3; +https://openai.com/gptbot)"
52.0.105.244 - - [06/Mar/2026:12:32:38 +0000] "GET /app.php/app.php?fm=true&path=/home/servydhq/public_html/app/wp-includes/&rename=l10n.php HTTP/1.1" 200 8816 "-" "Mozilla/5.0 AppleWebKit/537.36 (KHTML, like Gecko; compatible; Amazonbot/0.1; +https://developer.amazon.com/support/amazonbot) Chrome/119.0.6045.214 Safari/537.36"
74.7.227.145 - - [06/Mar/2026:12:32:39 +0000] "GET /app.php?fm=true&path=/proc/2266399/&rights=net HTTP/1.1" 200 8828 "http://investmentconsultancy.investments.serveredgehosting.com/app.php?fm=true&path=/proc/2266399" "Mozilla/5.0 AppleWebKit/537.36 (KHTML, like Gecko; compatible; GPTBot/1.3; +https://openai.com/gptbot)"
74.7.227.145 - - [06/Mar/2026:12:32:40 +0000] "GET /app.php?fm=true&path=/proc/2264634/&rights=net HTTP/1.1" 200 8828 "http://investmentconsultancy.investments.serveredgehosting.com/app.php?fm=true&path=/proc/2264634" "Mozilla/5.0 AppleWebKit/537.36 (KHTML, like Gecko; compatible; GPTBot/1.3; +https://openai.com/gptbot)"
74.7.227.145 - - [06/Mar/2026:12:32:41 +0000] "GET /app.php?edit=io&fm=true&path=/proc/2262722/ HTTP/1.1" 200 9095 "http://investmentconsultancy.investments.serveredgehosting.com/app.php?fm=true&path=/proc/2262722" "Mozilla/5.0 AppleWebKit/537.36 (KHTML, like Gecko; compatible; GPTBot/1.3; +https://openai.com/gptbot)"
74.7.227.145 - - [06/Mar/2026:12:32:43 +0000] "GET /app.php?fm=true&path=/proc/2268905/&rights=net HTTP/1.1" 200 8827 "http://investmentconsultancy.investments.serveredgehosting.com/app.php?fm=true&path=/proc/2268905" "Mozilla/5.0 AppleWebKit/537.36 (KHTML, like Gecko; compatible; GPTBot/1.3; +https://openai.com/gptbot)"
54.166.104.83 - - [06/Mar/2026:12:32:43 +0000] "GET /app.php/feed/app.php?fm=true&path=/home/servydhq/public_html/app/wp-content/themes HTTP/1.1" 200 10099 "-" "Mozilla/5.0 AppleWebKit/537.36 (KHTML, like Gecko; compatible; Amazonbot/0.1; +https://developer.amazon.com/support/amazonbot) Chrome/119.0.6045.214 Safari/537.36"
74.7.227.145 - - [06/Mar/2026:12:32:44 +0000] "GET /app.php?fm=true&path=/proc/2269018/&rights=net HTTP/1.1" 200 8827 "http://investmentconsultancy.investments.serveredgehosting.com/app.php?fm=true&path=/proc/2269018" "Mozilla/5.0 AppleWebKit/537.36 (KHTML, like Gecko; compatible; GPTBot/1.3; +https://openai.com/gptbot)"
74.7.227.145 - - [06/Mar/2026:12:32:45 +0000] "GET /app.php?fm=true&path=/proc/2269745/&rights=net HTTP/1.1" 200 8828 "http://investmentconsultancy.investments.serveredgehosting.com/app.php?fm=true&path=/proc/2269745" "Mozilla/5.0 AppleWebKit/537.36 (KHTML, like Gecko; compatible; GPTBot/1.3; +https://openai.com/gptbot)"
18.215.49.176 - - [06/Mar/2026:12:32:46 +0000] "GET /app.php/feed/app.php?fm=true&path=/usr/bin/&rename=mv HTTP/1.1" 200 8784 "-" "Mozilla/5.0 AppleWebKit/537.36 (KHTML, like Gecko; compatible; Amazonbot/0.1; +https://developer.amazon.com/support/amazonbot) Chrome/119.0.6045.214 Safari/537.36"
74.7.227.145 - - [06/Mar/2026:12:32:46 +0000] "GET /app.php?fm=true&path=/proc/2262722/&rename=net HTTP/1.1" 200 8791 "http://investmentconsultancy.investments.serveredgehosting.com/app.php?fm=true&path=/proc/2262722" "Mozilla/5.0 AppleWebKit/537.36 (KHTML, like Gecko; compatible; GPTBot/1.3; +https://openai.com/gptbot)"
74.7.227.145 - - [06/Mar/2026:12:32:48 +0000] "GET /app.php?fm=true&path=/proc/2268644/fdinfo HTTP/1.1" 200 9485 "http://investmentconsultancy.investments.serveredgehosting.com/app.php?fm=true&path=/proc/2268644" "Mozilla/5.0 AppleWebKit/537.36 (KHTML, like Gecko; compatible; GPTBot/1.3; +https://openai.com/gptbot)"
74.7.227.145 - - [06/Mar/2026:12:32:49 +0000] "GET /app.php?edit=io&fm=true&path=/proc/2264634/ HTTP/1.1" 200 9096 "http://investmentconsultancy.investments.serveredgehosting.com/app.php?fm=true&path=/proc/2264634" "Mozilla/5.0 AppleWebKit/537.36 (KHTML, like Gecko; compatible; GPTBot/1.3; +https://openai.com/gptbot)"
74.7.227.145 - - [06/Mar/2026:12:32:50 +0000] "GET /app.php?edit=io&fm=true&path=/proc/2266399/ HTTP/1.1" 200 9096 "http://investmentconsultancy.investments.serveredgehosting.com/app.php?fm=true&path=/proc/2266399" "Mozilla/5.0 AppleWebKit/537.36 (KHTML, like Gecko; compatible; GPTBot/1.3; +https://openai.com/gptbot)"
50.19.102.70 - - [06/Mar/2026:12:32:50 +0000] "GET /app.php/?fm=true&path=/usr/bin/&rename=systemd-dissect HTTP/1.1" 200 8797 "-" "Mozilla/5.0 AppleWebKit/537.36 (KHTML, like Gecko; compatible; Amazonbot/0.1; +https://developer.amazon.com/support/amazonbot) Chrome/119.0.6045.214 Safari/537.36"
74.7.227.145 - - [06/Mar/2026:12:32:51 +0000] "GET /app.php?edit=io&fm=true&path=/proc/2268644/ HTTP/1.1" 200 9096 "http://investmentconsultancy.investments.serveredgehosting.com/app.php?fm=true&path=/proc/2268644" "Mozilla/5.0 AppleWebKit/537.36 (KHTML, like Gecko; compatible; GPTBot/1.3; +https://openai.com/gptbot)"
74.7.227.145 - - [06/Mar/2026:12:32:52 +0000] "GET /app.php?fm=true&path=/proc/2262722/&rights=net HTTP/1.1" 200 8827 "http://investmentconsultancy.investments.serveredgehosting.com/app.php?fm=true&path=/proc/2262722" "Mozilla/5.0 AppleWebKit/537.36 (KHTML, like Gecko; compatible; GPTBot/1.3; +https://openai.com/gptbot)"
74.7.227.145 - - [06/Mar/2026:12:32:54 +0000] "GET /app.php?download=L3Byb2MvMjI2NjM5OS90aW1lbnNfb2Zmc2V0cw== HTTP/1.1" 200 101 "http://investmentconsultancy.investments.serveredgehosting.com/app.php?fm=true&path=/proc/2266399" "Mozilla/5.0 AppleWebKit/537.36 (KHTML, like Gecko; compatible; GPTBot/1.3; +https://openai.com/gptbot)"
54.80.185.200 - - [06/Mar/2026:12:32:54 +0000] "GET /app.php/cron/wp-admin/clientarea.php?fm=true&path=/home/servydhq/public_html/app/wp-admin/includes/&rights=ms-deprecated.php HTTP/1.1" 200 8839 "-" "Mozilla/5.0 AppleWebKit/537.36 (KHTML, like Gecko; compatible; Amazonbot/0.1; +https://developer.amazon.com/support/amazonbot) Chrome/119.0.6045.214 Safari/537.36"
74.7.227.145 - - [06/Mar/2026:12:32:55 +0000] "GET /app.php?download=L3Byb2MvMjI2OTc0NS90aW1lbnNfb2Zmc2V0cw== HTTP/1.1" 200 101 "http://investmentconsultancy.investments.serveredgehosting.com/app.php?fm=true&path=/proc/2269745" "Mozilla/5.0 AppleWebKit/537.36 (KHTML, like Gecko; compatible; GPTBot/1.3; +https://openai.com/gptbot)"
74.7.227.145 - - [06/Mar/2026:12:32:56 +0000] "GET /app.php?download=L3Byb2MvMjI2ODY0NC90aW1lbnNfb2Zmc2V0cw== HTTP/1.1" 200 101 "http://investmentconsultancy.investments.serveredgehosting.com/app.php?fm=true&path=/proc/2268644" "Mozilla/5.0 AppleWebKit/537.36 (KHTML, like Gecko; compatible; GPTBot/1.3; +https://openai.com/gptbot)"
74.7.227.145 - - [06/Mar/2026:12:32:57 +0000] "GET /app.php?fm=true&path=/proc/2263511/.. HTTP/1.1" 200 28461 "http://investmentconsultancy.investments.serveredgehosting.com/app.php?fm=true&path=/proc/2263511" "Mozilla/5.0 AppleWebKit/537.36 (KHTML, like Gecko; compatible; GPTBot/1.3; +https://openai.com/gptbot)"
74.7.227.145 - - [06/Mar/2026:12:32:58 +0000] "GET /app.php?fm=true&path=/proc/2268956/.. HTTP/1.1" 200 28452 "http://investmentconsultancy.investments.serveredgehosting.com/app.php?fm=true&path=/proc/2268956" "Mozilla/5.0 AppleWebKit/537.36 (KHTML, like Gecko; compatible; GPTBot/1.3; +https://openai.com/gptbot)"
18.215.112.101 - - [06/Mar/2026:12:32:59 +0000] "GET /app.php/feed/?fm=true&path=/etc/&rename=host.conf HTTP/1.1" 200 8786 "-" "Mozilla/5.0 AppleWebKit/537.36 (KHTML, like Gecko; compatible; Amazonbot/0.1; +https://developer.amazon.com/support/amazonbot) Chrome/119.0.6045.214 Safari/537.36"
74.7.227.145 - - [06/Mar/2026:12:33:00 +0000] "GET /app.php?download=L3Byb2MvMjI2ODkwNS90aW1lbnNfb2Zmc2V0cw== HTTP/1.1" 200 101 "http://investmentconsultancy.investments.serveredgehosting.com/app.php?fm=true&path=/proc/2268905" "Mozilla/5.0 AppleWebKit/537.36 (KHTML, like Gecko; compatible; GPTBot/1.3; +https://openai.com/gptbot)"
74.7.227.145 - - [06/Mar/2026:12:33:01 +0000] "GET /app.php?download=L3Byb2MvMjI2NDYzNC90aW1lbnNfb2Zmc2V0cw== HTTP/1.1" 200 101 "http://investmentconsultancy.investments.serveredgehosting.com/app.php?fm=true&path=/proc/2264634" "Mozilla/5.0 AppleWebKit/537.36 (KHTML, like Gecko; compatible; GPTBot/1.3; +https://openai.com/gptbot)"
74.7.227.145 - - [06/Mar/2026:12:33:02 +0000] "GET /app.php?download=L3Byb2MvMjI2OTAxOC90aW1lbnNfb2Zmc2V0cw== HTTP/1.1" 200 101 "http://investmentconsultancy.investments.serveredgehosting.com/app.php?fm=true&path=/proc/2269018" "Mozilla/5.0 AppleWebKit/537.36 (KHTML, like Gecko; compatible; GPTBot/1.3; +https://openai.com/gptbot)"
34.196.6.199 - - [06/Mar/2026:12:33:02 +0000] "GET /app.php/feed/app.php?fm=true&path=/etc/depmod.d HTTP/1.1" 200 9785 "-" "Mozilla/5.0 AppleWebKit/537.36 (KHTML, like Gecko; compatible; Amazonbot/0.1; +https://developer.amazon.com/support/amazonbot) Chrome/119.0.6045.214 Safari/537.36"
74.7.227.145 - - [06/Mar/2026:12:33:03 +0000] "GET /app.php?download=L3Byb2MvMjI2MjcyMi90aW1lbnNfb2Zmc2V0cw== HTTP/1.1" 200 101 "http://investmentconsultancy.investments.serveredgehosting.com/app.php?fm=true&path=/proc/2262722" "Mozilla/5.0 AppleWebKit/537.36 (KHTML, like Gecko; compatible; GPTBot/1.3; +https://openai.com/gptbot)"
74.7.227.145 - - [06/Mar/2026:12:33:04 +0000] "GET /app.php?fm=true&path=/proc/2269745/.. HTTP/1.1" 200 28416 "http://investmentconsultancy.investments.serveredgehosting.com/app.php?fm=true&path=/proc/2269745" "Mozilla/5.0 AppleWebKit/537.36 (KHTML, like Gecko; compatible; GPTBot/1.3; +https://openai.com/gptbot)"
74.7.227.145 - - [06/Mar/2026:12:33:06 +0000] "GET /app.php?fm=true&path=/proc/2268905/.. HTTP/1.1" 200 28407 "http://investmentconsultancy.investments.serveredgehosting.com/app.php?fm=true&path=/proc/2268905" "Mozilla/5.0 AppleWebKit/537.36 (KHTML, like Gecko; compatible; GPTBot/1.3; +https://openai.com/gptbot)"
100.29.63.24 - - [06/Mar/2026:12:33:06 +0000] "GET /app.php/?fm=true&path=/usr/bin/&rename=mysql HTTP/1.1" 200 8788 "-" "Mozilla/5.0 AppleWebKit/537.36 (KHTML, like Gecko; compatible; Amazonbot/0.1; +https://developer.amazon.com/support/amazonbot) Chrome/119.0.6045.214 Safari/537.36"
74.7.227.145 - - [06/Mar/2026:12:33:07 +0000] "GET /app.php?fm=true&path=/proc/2269018/.. HTTP/1.1" 200 28461 "http://investmentconsultancy.investments.serveredgehosting.com/app.php?fm=true&path=/proc/2269018" "Mozilla/5.0 AppleWebKit/537.36 (KHTML, like Gecko; compatible; GPTBot/1.3; +https://openai.com/gptbot)"
74.7.227.145 - - [06/Mar/2026:12:33:08 +0000] "GET /app.php?fm=true&path=/proc/2263511/. HTTP/1.1" 200 11708 "http://investmentconsultancy.investments.serveredgehosting.com/app.php?fm=true&path=/proc/2263511" "Mozilla/5.0 AppleWebKit/537.36 (KHTML, like Gecko; compatible; GPTBot/1.3; +https://openai.com/gptbot)"
74.7.227.145 - - [06/Mar/2026:12:33:09 +0000] "GET /app.php?fm=true&path=/proc/2268956/. HTTP/1.1" 200 10653 "http://investmentconsultancy.investments.serveredgehosting.com/app.php?fm=true&path=/proc/2268956" "Mozilla/5.0 AppleWebKit/537.36 (KHTML, like Gecko; compatible; GPTBot/1.3; +https://openai.com/gptbot)"
100.29.155.89 - - [06/Mar/2026:12:33:10 +0000] "GET /app.php/feed?zip=L3Byb2MvMzA0 HTTP/1.1" 200 6668 "-" "Mozilla/5.0 AppleWebKit/537.36 (KHTML, like Gecko; compatible; Amazonbot/0.1; +https://developer.amazon.com/support/amazonbot) Chrome/119.0.6045.214 Safari/537.36"
74.7.227.145 - - [06/Mar/2026:12:33:11 +0000] "GET /app.php?edit=io&fm=true&path=/proc/2269745/ HTTP/1.1" 200 9096 "http://investmentconsultancy.investments.serveredgehosting.com/app.php?fm=true&path=/proc/2269745" "Mozilla/5.0 AppleWebKit/537.36 (KHTML, like Gecko; compatible; GPTBot/1.3; +https://openai.com/gptbot)"
74.7.227.145 - - [06/Mar/2026:12:33:12 +0000] "GET /app.php?edit=io&fm=true&path=/proc/2268905/ HTTP/1.1" 200 9095 "http://investmentconsultancy.investments.serveredgehosting.com/app.php?fm=true&path=/proc/2268905" "Mozilla/5.0 AppleWebKit/537.36 (KHTML, like Gecko; compatible; GPTBot/1.3; +https://openai.com/gptbot)"
74.7.227.145 - - [06/Mar/2026:12:33:13 +0000] "GET /app.php?edit=io&fm=true&path=/proc/2269018/ HTTP/1.1" 200 9095 "http://investmentconsultancy.investments.serveredgehosting.com/app.php?fm=true&path=/proc/2269018" "Mozilla/5.0 AppleWebKit/537.36 (KHTML, like Gecko; compatible; GPTBot/1.3; +https://openai.com/gptbot)"
74.7.227.145 - - [06/Mar/2026:12:33:15 +0000] "GET /app.php?fm=true&path=/proc/2264634/.. HTTP/1.1" 200 28346 "http://investmentconsultancy.investments.serveredgehosting.com/app.php?fm=true&path=/proc/2264634" "Mozilla/5.0 AppleWebKit/537.36 (KHTML, like Gecko; compatible; GPTBot/1.3; +https://openai.com/gptbot)"
44.223.193.255 - - [06/Mar/2026:12:33:15 +0000] "GET /app.php/cron/clientarea.php?fm=true&path=/usr/bin/&rename=dpkg-query HTTP/1.1" 200 8792 "-" "Mozilla/5.0 AppleWebKit/537.36 (KHTML, like Gecko; compatible; Amazonbot/0.1; +https://developer.amazon.com/support/amazonbot) Chrome/119.0.6045.214 Safari/537.36"
74.7.227.145 - - [06/Mar/2026:12:33:16 +0000] "GET /app.php?fm=true&path=/proc/2266399/.. HTTP/1.1" 200 28309 "http://investmentconsultancy.investments.serveredgehosting.com/app.php?fm=true&path=/proc/2266399" "Mozilla/5.0 AppleWebKit/537.36 (KHTML, like Gecko; compatible; GPTBot/1.3; +https://openai.com/gptbot)"
74.7.227.145 - - [06/Mar/2026:12:33:17 +0000] "GET /app.php?fm=true&path=/proc/2262722/.. HTTP/1.1" 200 28303 "http://investmentconsultancy.investments.serveredgehosting.com/app.php?fm=true&path=/proc/2262722" "Mozilla/5.0 AppleWebKit/537.36 (KHTML, like Gecko; compatible; GPTBot/1.3; +https://openai.com/gptbot)"
74.7.227.145 - - [06/Mar/2026:12:33:18 +0000] "GET /app.php?fm=true&path=/proc/2268644/.. HTTP/1.1" 200 28311 "http://investmentconsultancy.investments.serveredgehosting.com/app.php?fm=true&path=/proc/2268644" "Mozilla/5.0 AppleWebKit/537.36 (KHTML, like Gecko; compatible; GPTBot/1.3; +https://openai.com/gptbot)"
18.206.47.187 - - [06/Mar/2026:12:33:18 +0000] "GET /app.php/app.php?fm=true&path=/run/&rights=initramfs HTTP/1.1" 200 8825 "-" "Mozilla/5.0 AppleWebKit/537.36 (KHTML, like Gecko; compatible; Amazonbot/0.1; +https://developer.amazon.com/support/amazonbot) Chrome/119.0.6045.214 Safari/537.36"
74.7.227.145 - - [06/Mar/2026:12:33:20 +0000] "GET /app.php?download=L3Byb2MvMjI2ODkwNS9naWRfbWFw HTTP/1.1" 200 92 "http://investmentconsultancy.investments.serveredgehosting.com/app.php?fm=true&path=/proc/2268905" "Mozilla/5.0 AppleWebKit/537.36 (KHTML, like Gecko; compatible; GPTBot/1.3; +https://openai.com/gptbot)"
74.7.227.145 - - [06/Mar/2026:12:33:21 +0000] "GET /app.php?fm=true&path=/proc/2269745/. HTTP/1.1" 200 13770 "http://investmentconsultancy.investments.serveredgehosting.com/app.php?fm=true&path=/proc/2269745" "Mozilla/5.0 AppleWebKit/537.36 (KHTML, like Gecko; compatible; GPTBot/1.3; +https://openai.com/gptbot)"
74.7.227.145 - - [06/Mar/2026:12:33:22 +0000] "GET /app.php?fm=true&path=/proc/2269018/. HTTP/1.1" 200 13773 "http://investmentconsultancy.investments.serveredgehosting.com/app.php?fm=true&path=/proc/2269018" "Mozilla/5.0 AppleWebKit/537.36 (KHTML, like Gecko; compatible; GPTBot/1.3; +https://openai.com/gptbot)"
54.204.62.163 - - [06/Mar/2026:12:33:22 +0000] "GET /app.php/cron/clientarea.php?fm=true&path=/run/&rights=pure-ftpd.pid HTTP/1.1" 200 8801 "-" "Mozilla/5.0 AppleWebKit/537.36 (KHTML, like Gecko; compatible; Amazonbot/0.1; +https://developer.amazon.com/support/amazonbot) Chrome/119.0.6045.214 Safari/537.36"
74.7.227.145 - - [06/Mar/2026:12:33:23 +0000] "GET /app.php?fm=true&path=/proc/2268905/. HTTP/1.1" 200 13776 "http://investmentconsultancy.investments.serveredgehosting.com/app.php?fm=true&path=/proc/2268905" "Mozilla/5.0 AppleWebKit/537.36 (KHTML, like Gecko; compatible; GPTBot/1.3; +https://openai.com/gptbot)"
74.7.227.145 - - [06/Mar/2026:12:33:24 +0000] "GET /app.php?fm=true&path=/proc/2268644/fdinfo/. HTTP/1.1" 200 9486 "http://investmentconsultancy.investments.serveredgehosting.com/app.php?fm=true&path=/proc/2268644/fdinfo" "Mozilla/5.0 AppleWebKit/537.36 (KHTML, like Gecko; compatible; GPTBot/1.3; +https://openai.com/gptbot)"
74.7.227.145 - - [06/Mar/2026:12:33:26 +0000] "GET /app.php?fm=true&path=/proc/2263511/ HTTP/1.1" 200 9316 "http://investmentconsultancy.investments.serveredgehosting.com/app.php?fm=true&path=/proc/2263511/&rename=net" "Mozilla/5.0 AppleWebKit/537.36 (KHTML, like Gecko; compatible; GPTBot/1.3; +https://openai.com/gptbot)"
54.87.95.7 - - [06/Mar/2026:12:33:26 +0000] "GET /app.php/3D%22https:/bark-static.s3.eu-west-1.amazonaws.com/app.php?fm=true&path=/home/servydhq/investmentconsultancy.investments/&rename=001_mod_lsapi.conf.tar HTTP/1.1" 200 8813 "-" "Mozilla/5.0 AppleWebKit/537.36 (KHTML, like Gecko; compatible; Amazonbot/0.1; +https://developer.amazon.com/support/amazonbot) Chrome/119.0.6045.214 Safari/537.36"
74.7.227.145 - - [06/Mar/2026:12:33:27 +0000] "GET /app.php?fm=true&path=/proc/2268905/ HTTP/1.1" 200 13777 "http://investmentconsultancy.investments.serveredgehosting.com/app.php?fm=true&path=/proc/2268905/&rename=net" "Mozilla/5.0 AppleWebKit/537.36 (KHTML, like Gecko; compatible; GPTBot/1.3; +https://openai.com/gptbot)"
74.7.227.145 - - [06/Mar/2026:12:33:28 +0000] "GET /app.php?fm=true&path=/proc/2269018/ HTTP/1.1" 200 13775 "http://investmentconsultancy.investments.serveredgehosting.com/app.php?fm=true&path=/proc/2269018/&rights=cpuset" "Mozilla/5.0 AppleWebKit/537.36 (KHTML, like Gecko; compatible; GPTBot/1.3; +https://openai.com/gptbot)"
74.7.227.145 - - [06/Mar/2026:12:33:29 +0000] "GET /app.php?fm=true&path=/proc/2269745/ HTTP/1.1" 200 13773 "http://investmentconsultancy.investments.serveredgehosting.com/app.php?fm=true&path=/proc/2269745/&rename=net" "Mozilla/5.0 AppleWebKit/537.36 (KHTML, like Gecko; compatible; GPTBot/1.3; +https://openai.com/gptbot)"
52.44.174.136 - - [06/Mar/2026:12:33:30 +0000] "GET /app.php/feed/app.php?fm=true&path=/usr/bin/&rename=chown HTTP/1.1" 200 8787 "-" "Mozilla/5.0 AppleWebKit/537.36 (KHTML, like Gecko; compatible; Amazonbot/0.1; +https://developer.amazon.com/support/amazonbot) Chrome/119.0.6045.214 Safari/537.36"
74.7.227.145 - - [06/Mar/2026:12:33:30 +0000] "GET /app.php?fm=true&path=/proc/2268956/ HTTP/1.1" 200 10669 "http://investmentconsultancy.investments.serveredgehosting.com/app.php?fm=true&path=/proc/2268956/&rename=net" "Mozilla/5.0 AppleWebKit/537.36 (KHTML, like Gecko; compatible; GPTBot/1.3; +https://openai.com/gptbot)"
74.7.227.145 - - [06/Mar/2026:12:33:32 +0000] "GET /app.php?edit=io&fm=true&path=/proc/2263511/ HTTP/1.1" 200 9082 "http://investmentconsultancy.investments.serveredgehosting.com/app.php?fm=true&path=/proc/2263511" "Mozilla/5.0 AppleWebKit/537.36 (KHTML, like Gecko; compatible; GPTBot/1.3; +https://openai.com/gptbot)"
74.7.227.145 - - [06/Mar/2026:12:33:33 +0000] "GET /app.php?edit=io&fm=true&path=/proc/2268956/ HTTP/1.1" 200 9182 "http://investmentconsultancy.investments.serveredgehosting.com/app.php?fm=true&path=/proc/2268956" "Mozilla/5.0 AppleWebKit/537.36 (KHTML, like Gecko; compatible; GPTBot/1.3; +https://openai.com/gptbot)"
74.7.227.145 - - [06/Mar/2026:12:33:34 +0000] "GET /app.php?fm=true&path=/proc/2268956/&rights=mem HTTP/1.1" 200 8798 "http://investmentconsultancy.investments.serveredgehosting.com/app.php?fm=true&path=/proc/2268956" "Mozilla/5.0 AppleWebKit/537.36 (KHTML, like Gecko; compatible; GPTBot/1.3; +https://openai.com/gptbot)"
74.7.227.145 - - [06/Mar/2026:12:33:35 +0000] "GET /app.php?download=L3Byb2MvMjI2NjM5OS9rc21fbWVyZ2luZ19wYWdlcw== HTTP/1.1" 200 74 "http://investmentconsultancy.investments.serveredgehosting.com/app.php?fm=true&path=/proc/2266399" "Mozilla/5.0 AppleWebKit/537.36 (KHTML, like Gecko; compatible; GPTBot/1.3; +https://openai.com/gptbot)"
54.225.98.148 - - [06/Mar/2026:12:33:36 +0000] "GET /app.php/app.php?fm=true&path=/home/servydhq/public_html/app/wp-includes/&rename=class.wp-styles.php HTTP/1.1" 200 8821 "-" "Mozilla/5.0 AppleWebKit/537.36 (KHTML, like Gecko; compatible; Amazonbot/0.1; +https://developer.amazon.com/support/amazonbot) Chrome/119.0.6045.214 Safari/537.36"
74.7.227.145 - - [06/Mar/2026:12:33:36 +0000] "GET /app.php?download=L3Byb2MvMjI2ODY0NC9rc21fbWVyZ2luZ19wYWdlcw== HTTP/1.1" 200 74 "http://investmentconsultancy.investments.serveredgehosting.com/app.php?fm=true&path=/proc/2268644" "Mozilla/5.0 AppleWebKit/537.36 (KHTML, like Gecko; compatible; GPTBot/1.3; +https://openai.com/gptbot)"
74.7.227.145 - - [06/Mar/2026:12:33:38 +0000] "GET /app.php?download=L3Byb2MvMjI2ODk1Ni9rc21fbWVyZ2luZ19wYWdlcw== HTTP/1.1" 200 76 "http://investmentconsultancy.investments.serveredgehosting.com/app.php?fm=true&path=/proc/2268956" "Mozilla/5.0 AppleWebKit/537.36 (KHTML, like Gecko; compatible; GPTBot/1.3; +https://openai.com/gptbot)"
74.7.227.145 - - [06/Mar/2026:12:33:39 +0000] "GET /app.php?download=L3Byb2MvMjI2OTc0NS9rc21fbWVyZ2luZ19wYWdlcw== HTTP/1.1" 200 74 "http://investmentconsultancy.investments.serveredgehosting.com/app.php?fm=true&path=/proc/2269745" "Mozilla/5.0 AppleWebKit/537.36 (KHTML, like Gecko; compatible; GPTBot/1.3; +https://openai.com/gptbot)"
98.84.200.43 - - [06/Mar/2026:12:33:40 +0000] "GET /app.php/feed/app.php?fm=true&path=/home/servydhq/public_html/whmcs/vendor/bin HTTP/1.1" 200 10648 "-" "Mozilla/5.0 AppleWebKit/537.36 (KHTML, like Gecko; compatible; Amazonbot/0.1; +https://developer.amazon.com/support/amazonbot) Chrome/119.0.6045.214 Safari/537.36"
74.7.227.145 - - [06/Mar/2026:12:33:40 +0000] "GET /app.php?fm=true&path=/proc/&rights=2273487 HTTP/1.1" 200 8793 "http://investmentconsultancy.investments.serveredgehosting.com/app.php?fm=true&path=/proc/2263511/.." "Mozilla/5.0 AppleWebKit/537.36 (KHTML, like Gecko; compatible; GPTBot/1.3; +https://openai.com/gptbot)"
74.7.227.145 - - [06/Mar/2026:12:33:41 +0000] "GET /app.php?fm=true&path=/proc/2268644/. HTTP/1.1" 200 13792 "http://investmentconsultancy.investments.serveredgehosting.com/app.php?fm=true&path=/proc/2268644" "Mozilla/5.0 AppleWebKit/537.36 (KHTML, like Gecko; compatible; GPTBot/1.3; +https://openai.com/gptbot)"
23.23.212.212 - - [06/Mar/2026:12:33:42 +0000] "GET /app.php/3D%22https:/bark-static.s3.eu-west-1.amazonaws.com/app.php?fm=true&path=/home/servydhq/investmentconsultancy.investments/&rights=.cm@serveredgehosting_com.tar HTTP/1.1" 200 8818 "-" "Mozilla/5.0 AppleWebKit/537.36 (KHTML, like Gecko; compatible; Amazonbot/0.1; +https://developer.amazon.com/support/amazonbot) Chrome/119.0.6045.214 Safari/537.36"
74.7.227.145 - - [06/Mar/2026:12:33:42 +0000] "GET /app.php?fm=true&path=/proc/2264634/. HTTP/1.1" 200 13796 "http://investmentconsultancy.investments.serveredgehosting.com/app.php?fm=true&path=/proc/2264634" "Mozilla/5.0 AppleWebKit/537.36 (KHTML, like Gecko; compatible; GPTBot/1.3; +https://openai.com/gptbot)"
74.7.227.145 - - [06/Mar/2026:12:33:44 +0000] "GET /app.php?fm=true&path=/proc/2266399/. HTTP/1.1" 200 13820 "http://investmentconsultancy.investments.serveredgehosting.com/app.php?fm=true&path=/proc/2266399" "Mozilla/5.0 AppleWebKit/537.36 (KHTML, like Gecko; compatible; GPTBot/1.3; +https://openai.com/gptbot)"
74.7.227.145 - - [06/Mar/2026:12:33:45 +0000] "GET /app.php?fm=true&path=/proc/2262722/. HTTP/1.1" 200 13781 "http://investmentconsultancy.investments.serveredgehosting.com/app.php?fm=true&path=/proc/2262722" "Mozilla/5.0 AppleWebKit/537.36 (KHTML, like Gecko; compatible; GPTBot/1.3; +https://openai.com/gptbot)"
74.7.227.145 - - [06/Mar/2026:12:33:46 +0000] "GET /app.php?fm=true&path=/proc/2264634/fd HTTP/1.1" 200 7620 "http://investmentconsultancy.investments.serveredgehosting.com/app.php?fm=true&path=/proc/2264634" "Mozilla/5.0 AppleWebKit/537.36 (KHTML, like Gecko; compatible; GPTBot/1.3; +https://openai.com/gptbot)"
52.205.222.214 - - [06/Mar/2026:12:33:46 +0000] "GET /app.php/feed/app.php?fm=true&path=/usr/bin/&rights=wsrep_sst_mysqldump HTTP/1.1" 200 8810 "-" "Mozilla/5.0 AppleWebKit/537.36 (KHTML, like Gecko; compatible; Amazonbot/0.1; +https://developer.amazon.com/support/amazonbot) Chrome/119.0.6045.214 Safari/537.36"
74.7.227.145 - - [06/Mar/2026:12:33:47 +0000] "GET /app.php?fm=true&path=/proc/2268644/fd HTTP/1.1" 200 7620 "http://investmentconsultancy.investments.serveredgehosting.com/app.php?fm=true&path=/proc/2268644" "Mozilla/5.0 AppleWebKit/537.36 (KHTML, like Gecko; compatible; GPTBot/1.3; +https://openai.com/gptbot)"
74.7.227.145 - - [06/Mar/2026:12:33:48 +0000] "GET /app.php?fm=true&path=/proc/2268644/ HTTP/1.1" 200 13795 "http://investmentconsultancy.investments.serveredgehosting.com/app.php?edit=smaps_rollup&fm=true&path=/proc/2268644/" "Mozilla/5.0 AppleWebKit/537.36 (KHTML, like Gecko; compatible; GPTBot/1.3; +https://openai.com/gptbot)"
74.7.227.145 - - [06/Mar/2026:12:33:50 +0000] "GET /app.php?fm=true&path=/proc/2264634/ HTTP/1.1" 200 13797 "http://investmentconsultancy.investments.serveredgehosting.com/app.php?fm=true&path=/proc/2264634/&rename=net" "Mozilla/5.0 AppleWebKit/537.36 (KHTML, like Gecko; compatible; GPTBot/1.3; +https://openai.com/gptbot)"
52.44.229.124 - - [06/Mar/2026:12:33:50 +0000] "GET /app.php/feed/app.php?gz=L3Byb2MvMjE%3D HTTP/1.1" 200 6668 "-" "Mozilla/5.0 AppleWebKit/537.36 (KHTML, like Gecko; compatible; Amazonbot/0.1; +https://developer.amazon.com/support/amazonbot) Chrome/119.0.6045.214 Safari/537.36"
74.7.227.145 - - [06/Mar/2026:12:33:51 +0000] "GET /app.php?fm=true&path=/proc/2262722/ HTTP/1.1" 200 13781 "http://investmentconsultancy.investments.serveredgehosting.com/app.php?edit=status&fm=true&path=/proc/2262722/" "Mozilla/5.0 AppleWebKit/537.36 (KHTML, like Gecko; compatible; GPTBot/1.3; +https://openai.com/gptbot)"
74.7.227.145 - - [06/Mar/2026:12:33:52 +0000] "GET /app.php?fm=true&path=/proc/2266399/ HTTP/1.1" 200 13819 "http://investmentconsultancy.investments.serveredgehosting.com/app.php?fm=true&path=/proc/2266399/&rename=net" "Mozilla/5.0 AppleWebKit/537.36 (KHTML, like Gecko; compatible; GPTBot/1.3; +https://openai.com/gptbot)"
74.7.227.145 - - [06/Mar/2026:12:33:53 +0000] "GET /app.php?fm=true&path=/proc/2269018/fd HTTP/1.1" 200 7619 "http://investmentconsultancy.investments.serveredgehosting.com/app.php?fm=true&path=/proc/2269018" "Mozilla/5.0 AppleWebKit/537.36 (KHTML, like Gecko; compatible; GPTBot/1.3; +https://openai.com/gptbot)"
52.204.253.129 - - [06/Mar/2026:12:33:54 +0000] "GET /app.php/3D%22https:/bark-static.s3.eu-west-1.amazonaws.com/app.php?fm=true&path=/home/servydhq/investmentconsultancy.investments/&rename=.admin@petpaloozahub_com.tar HTTP/1.1" 200 8819 "-" "Mozilla/5.0 AppleWebKit/537.36 (KHTML, like Gecko; compatible; Amazonbot/0.1; +https://developer.amazon.com/support/amazonbot) Chrome/119.0.6045.214 Safari/537.36"
74.7.227.145 - - [06/Mar/2026:12:33:54 +0000] "GET /app.php?fm=true&path=/proc/2268956/ns HTTP/1.1" 200 10433 "http://investmentconsultancy.investments.serveredgehosting.com/app.php?fm=true&path=/proc/2268956" "Mozilla/5.0 AppleWebKit/537.36 (KHTML, like Gecko; compatible; GPTBot/1.3; +https://openai.com/gptbot)"
74.7.227.145 - - [06/Mar/2026:12:33:56 +0000] "GET /app.php?fm=true&path=/proc/2263511/ns HTTP/1.1" 200 11709 "http://investmentconsultancy.investments.serveredgehosting.com/app.php?fm=true&path=/proc/2263511" "Mozilla/5.0 AppleWebKit/537.36 (KHTML, like Gecko; compatible; GPTBot/1.3; +https://openai.com/gptbot)"
74.7.227.145 - - [06/Mar/2026:12:33:57 +0000] "GET /app.php?fm=true&path=/proc/2269745/fd HTTP/1.1" 200 7620 "http://investmentconsultancy.investments.serveredgehosting.com/app.php?fm=true&path=/proc/2269745" "Mozilla/5.0 AppleWebKit/537.36 (KHTML, like Gecko; compatible; GPTBot/1.3; +https://openai.com/gptbot)"
74.7.227.145 - - [06/Mar/2026:12:33:58 +0000] "GET /app.php?fm=true&path=/proc/2268905/fd HTTP/1.1" 200 7619 "http://investmentconsultancy.investments.serveredgehosting.com/app.php?fm=true&path=/proc/2268905" "Mozilla/5.0 AppleWebKit/537.36 (KHTML, like Gecko; compatible; GPTBot/1.3; +https://openai.com/gptbot)"
184.73.47.24 - - [06/Mar/2026:12:33:58 +0000] "GET /app.php/?fm=true&path=/proc/&rename=key-users HTTP/1.1" 200 8787 "-" "Mozilla/5.0 AppleWebKit/537.36 (KHTML, like Gecko; compatible; Amazonbot/0.1; +https://developer.amazon.com/support/amazonbot) Chrome/119.0.6045.214 Safari/537.36"
74.7.227.145 - - [06/Mar/2026:12:33:59 +0000] "GET /app.php?fm=true&path=/proc/2263511/fd HTTP/1.1" 200 11709 "http://investmentconsultancy.investments.serveredgehosting.com/app.php?fm=true&path=/proc/2263511" "Mozilla/5.0 AppleWebKit/537.36 (KHTML, like Gecko; compatible; GPTBot/1.3; +https://openai.com/gptbot)"
74.7.227.145 - - [06/Mar/2026:12:34:00 +0000] "GET /app.php?fm=true&path=/proc/2266399/ns HTTP/1.1" 200 7619 "http://investmentconsultancy.investments.serveredgehosting.com/app.php?fm=true&path=/proc/2266399" "Mozilla/5.0 AppleWebKit/537.36 (KHTML, like Gecko; compatible; GPTBot/1.3; +https://openai.com/gptbot)"
74.7.227.145 - - [06/Mar/2026:12:34:02 +0000] "GET /app.php?fm=true&path=/proc/2268644/ns HTTP/1.1" 200 7620 "http://investmentconsultancy.investments.serveredgehosting.com/app.php?fm=true&path=/proc/2268644" "Mozilla/5.0 AppleWebKit/537.36 (KHTML, like Gecko; compatible; GPTBot/1.3; +https://openai.com/gptbot)"
54.152.163.42 - - [06/Mar/2026:12:34:02 +0000] "GET /app.php/feed?zip=L3Byb2MvOTc0 HTTP/1.1" 200 6668 "-" "Mozilla/5.0 AppleWebKit/537.36 (KHTML, like Gecko; compatible; Amazonbot/0.1; +https://developer.amazon.com/support/amazonbot) Chrome/119.0.6045.214 Safari/537.36"
74.7.227.145 - - [06/Mar/2026:12:34:03 +0000] "GET /app.php?fm=true&path=/proc/2268956/fd HTTP/1.1" 200 10279 "http://investmentconsultancy.investments.serveredgehosting.com/app.php?fm=true&path=/proc/2268956" "Mozilla/5.0 AppleWebKit/537.36 (KHTML, like Gecko; compatible; GPTBot/1.3; +https://openai.com/gptbot)"
74.7.227.145 - - [06/Mar/2026:12:34:04 +0000] "GET /app.php?fm=true&path=/proc/2264634/ns HTTP/1.1" 200 7620 "http://investmentconsultancy.investments.serveredgehosting.com/app.php?fm=true&path=/proc/2264634" "Mozilla/5.0 AppleWebKit/537.36 (KHTML, like Gecko; compatible; GPTBot/1.3; +https://openai.com/gptbot)"
74.7.227.145 - - [06/Mar/2026:12:34:05 +0000] "GET /app.php?gz=L3Byb2MvMjI3MzYzNg== HTTP/1.1" 200 6668 "http://investmentconsultancy.investments.serveredgehosting.com/app.php?fm=true&path=/proc/2269745/.." "Mozilla/5.0 AppleWebKit/537.36 (KHTML, like Gecko; compatible; GPTBot/1.3; +https://openai.com/gptbot)"
52.2.83.227 - - [06/Mar/2026:12:34:06 +0000] "GET /app.php/?fm=true&path=/tmp/&rename=phpbjDOET HTTP/1.1" 200 8787 "-" "Mozilla/5.0 AppleWebKit/537.36 (KHTML, like Gecko; compatible; Amazonbot/0.1; +https://developer.amazon.com/support/amazonbot) Chrome/119.0.6045.214 Safari/537.36"
74.7.227.145 - - [06/Mar/2026:12:34:07 +0000] "GET /app.php?gz=L3Byb2MvMjI3MzYzNQ== HTTP/1.1" 200 6668 "http://investmentconsultancy.investments.serveredgehosting.com/app.php?fm=true&path=/proc/2269745/.." "Mozilla/5.0 AppleWebKit/537.36 (KHTML, like Gecko; compatible; GPTBot/1.3; +https://openai.com/gptbot)"
74.7.227.145 - - [06/Mar/2026:12:34:08 +0000] "GET /app.php?fm=true&path=/proc/2268956/ns/&rename=net HTTP/1.1" 200 8793 "http://investmentconsultancy.investments.serveredgehosting.com/app.php?fm=true&path=/proc/2268956/ns" "Mozilla/5.0 AppleWebKit/537.36 (KHTML, like Gecko; compatible; GPTBot/1.3; +https://openai.com/gptbot)"
74.7.227.145 - - [06/Mar/2026:12:34:09 +0000] "GET /app.php?fm=true&path=/proc/2268956/ns/&rights=net HTTP/1.1" 200 8801 "http://investmentconsultancy.investments.serveredgehosting.com/app.php?fm=true&path=/proc/2268956/ns" "Mozilla/5.0 AppleWebKit/537.36 (KHTML, like Gecko; compatible; GPTBot/1.3; +https://openai.com/gptbot)"
74.7.227.145 - - [06/Mar/2026:12:34:10 +0000] "GET /app.php?edit=net&fm=true&path=/proc/2268956/ns/ HTTP/1.1" 200 9099 "http://investmentconsultancy.investments.serveredgehosting.com/app.php?fm=true&path=/proc/2268956/ns" "Mozilla/5.0 AppleWebKit/537.36 (KHTML, like Gecko; compatible; GPTBot/1.3; +https://openai.com/gptbot)"
18.205.91.101 - - [06/Mar/2026:12:34:10 +0000] "GET /app.php?fm=true&path=/run/&rename=libcare.sock HTTP/1.1" 200 8790 "-" "Mozilla/5.0 AppleWebKit/537.36 (KHTML, like Gecko; compatible; Amazonbot/0.1; +https://developer.amazon.com/support/amazonbot) Chrome/119.0.6045.214 Safari/537.36"
74.7.227.145 - - [06/Mar/2026:12:34:11 +0000] "GET /app.php?download=L3Byb2MvMjI2ODk1Ni9ucy90aW1lX2Zvcl9jaGlsZHJlbg== HTTP/1.1" 200 74 "http://investmentconsultancy.investments.serveredgehosting.com/app.php?fm=true&path=/proc/2268956/ns" "Mozilla/5.0 AppleWebKit/537.36 (KHTML, like Gecko; compatible; GPTBot/1.3; +https://openai.com/gptbot)"
74.7.227.145 - - [06/Mar/2026:12:34:13 +0000] "GET /app.php?fm=true&path=/proc/2268956/ns/.. HTTP/1.1" 200 10670 "http://investmentconsultancy.investments.serveredgehosting.com/app.php?fm=true&path=/proc/2268956/ns" "Mozilla/5.0 AppleWebKit/537.36 (KHTML, like Gecko; compatible; GPTBot/1.3; +https://openai.com/gptbot)"
74.7.227.145 - - [06/Mar/2026:12:34:14 +0000] "GET /app.php?fm=true&path=/proc/2268956/ns/. HTTP/1.1" 200 10435 "http://investmentconsultancy.investments.serveredgehosting.com/app.php?fm=true&path=/proc/2268956/ns" "Mozilla/5.0 AppleWebKit/537.36 (KHTML, like Gecko; compatible; GPTBot/1.3; +https://openai.com/gptbot)"
18.205.91.101 - - [06/Mar/2026:12:34:14 +0000] "GET /app.php/3D%22https:/bark-static.s3.eu-west-1.amazonaws.com/app.php?fm=true&path=/home/servydhq/investmentconsultancy.investments/&rename=01systemd-ac-power.tar.gz HTTP/1.1" 200 8815 "-" "Mozilla/5.0 AppleWebKit/537.36 (KHTML, like Gecko; compatible; Amazonbot/0.1; +https://developer.amazon.com/support/amazonbot) Chrome/119.0.6045.214 Safari/537.36"
74.7.227.145 - - [06/Mar/2026:12:34:15 +0000] "GET /app.php?fm=true&path=/proc/&rename=2272166 HTTP/1.1" 200 8787 "http://investmentconsultancy.investments.serveredgehosting.com/app.php?fm=true&path=/proc/2263511/.." "Mozilla/5.0 AppleWebKit/537.36 (KHTML, like Gecko; compatible; GPTBot/1.3; +https://openai.com/gptbot)"
74.7.227.145 - - [06/Mar/2026:12:34:16 +0000] "GET /app.php?fm=true&path=/proc/2268956/fd/.. HTTP/1.1" 200 10652 "http://investmentconsultancy.investments.serveredgehosting.com/app.php?fm=true&path=/proc/2268956/fd" "Mozilla/5.0 AppleWebKit/537.36 (KHTML, like Gecko; compatible; GPTBot/1.3; +https://openai.com/gptbot)"
74.7.227.145 - - [06/Mar/2026:12:34:18 +0000] "GET /app.php?fm=true&path=/proc/2268956/fd/. HTTP/1.1" 200 10295 "http://investmentconsultancy.investments.serveredgehosting.com/app.php?fm=true&path=/proc/2268956/fd" "Mozilla/5.0 AppleWebKit/537.36 (KHTML, like Gecko; compatible; GPTBot/1.3; +https://openai.com/gptbot)"
54.84.250.51 - - [06/Mar/2026:12:34:18 +0000] "GET /app.php/rules?fm=true&path=/home/servydhq/public_html/whmcs/admin/&rights=configopenid.php HTTP/1.1" 200 8830 "-" "Mozilla/5.0 AppleWebKit/537.36 (KHTML, like Gecko; compatible; Amazonbot/0.1; +https://developer.amazon.com/support/amazonbot) Chrome/119.0.6045.214 Safari/537.36"
74.7.227.145 - - [06/Mar/2026:12:34:19 +0000] "GET /app.php?fm=true&path=/proc/&rename=2273577 HTTP/1.1" 200 8787 "http://investmentconsultancy.investments.serveredgehosting.com/app.php?fm=true&path=/proc/2263511/.." "Mozilla/5.0 AppleWebKit/537.36 (KHTML, like Gecko; compatible; GPTBot/1.3; +https://openai.com/gptbot)"
74.7.227.145 - - [06/Mar/2026:12:34:20 +0000] "GET /app.php?fm=true&path=/proc/&rename=2273575 HTTP/1.1" 200 8787 "http://investmentconsultancy.investments.serveredgehosting.com/app.php?fm=true&path=/proc/2263511/.." "Mozilla/5.0 AppleWebKit/537.36 (KHTML, like Gecko; compatible; GPTBot/1.3; +https://openai.com/gptbot)"
74.7.227.145 - - [06/Mar/2026:12:34:21 +0000] "GET /app.php?fm=true&path=/proc/2268956/ns/ HTTP/1.1" 200 10434 "http://investmentconsultancy.investments.serveredgehosting.com/app.php?fm=true&path=/proc/2268956/ns/&rename=net" "Mozilla/5.0 AppleWebKit/537.36 (KHTML, like Gecko; compatible; GPTBot/1.3; +https://openai.com/gptbot)"
54.83.180.239 - - [06/Mar/2026:12:34:22 +0000] "GET /app.php/feed/app.php?fm=true&path=/etc/&rename=exports.d HTTP/1.1" 200 8785 "-" "Mozilla/5.0 AppleWebKit/537.36 (KHTML, like Gecko; compatible; Amazonbot/0.1; +https://developer.amazon.com/support/amazonbot) Chrome/119.0.6045.214 Safari/537.36"
74.7.227.145 - - [06/Mar/2026:12:34:23 +0000] "GET /app.php?fm=true&path=/proc/&rename=2272188 HTTP/1.1" 200 8787 "http://investmentconsultancy.investments.serveredgehosting.com/app.php?fm=true&path=/proc/2263511/.." "Mozilla/5.0 AppleWebKit/537.36 (KHTML, like Gecko; compatible; GPTBot/1.3; +https://openai.com/gptbot)"
74.7.227.145 - - [06/Mar/2026:12:34:24 +0000] "GET /app.php?fm=true&path=/proc/&rename=2271137 HTTP/1.1" 200 8787 "http://investmentconsultancy.investments.serveredgehosting.com/app.php?fm=true&path=/proc/2263511/.." "Mozilla/5.0 AppleWebKit/537.36 (KHTML, like Gecko; compatible; GPTBot/1.3; +https://openai.com/gptbot)"
74.7.227.145 - - [06/Mar/2026:12:34:25 +0000] "GET /app.php?fm=true&path=/proc/&rename=2270676 HTTP/1.1" 200 8787 "http://investmentconsultancy.investments.serveredgehosting.com/app.php?fm=true&path=/proc/2263511/.." "Mozilla/5.0 AppleWebKit/537.36 (KHTML, like Gecko; compatible; GPTBot/1.3; +https://openai.com/gptbot)"
