74.7.227.145 - - [06/Mar/2026:13:34:56 +0000] "GET /app.php?edit=ndisc_cache&fm=true&path=/proc/2293821/net/stat/ HTTP/1.1" 200 9275 "http://investmentconsultancy.investments.serveredgehosting.com/app.php?fm=true&path=/proc/2293821/net/stat" "Mozilla/5.0 AppleWebKit/537.36 (KHTML, like Gecko; compatible; GPTBot/1.3; +https://openai.com/gptbot)"
74.7.227.145 - - [06/Mar/2026:13:34:57 +0000] "GET /app.php?edit=nf_conntrack&fm=true&path=/proc/2286264/net/stat/ HTTP/1.1" 200 9298 "http://investmentconsultancy.investments.serveredgehosting.com/app.php?fm=true&path=/proc/2286264/net/stat" "Mozilla/5.0 AppleWebKit/537.36 (KHTML, like Gecko; compatible; GPTBot/1.3; +https://openai.com/gptbot)"
74.7.227.145 - - [06/Mar/2026:13:34:58 +0000] "GET /app.php?edit=ndisc_cache&fm=true&path=/proc/2286264/net/stat/ HTTP/1.1" 200 9276 "http://investmentconsultancy.investments.serveredgehosting.com/app.php?fm=true&path=/proc/2286264/net/stat" "Mozilla/5.0 AppleWebKit/537.36 (KHTML, like Gecko; compatible; GPTBot/1.3; +https://openai.com/gptbot)"
74.7.227.145 - - [06/Mar/2026:13:35:00 +0000] "GET /app.php?edit=nf_conntrack&fm=true&path=/proc/2293821/net/stat/ HTTP/1.1" 200 9298 "http://investmentconsultancy.investments.serveredgehosting.com/app.php?fm=true&path=/proc/2293821/net/stat" "Mozilla/5.0 AppleWebKit/537.36 (KHTML, like Gecko; compatible; GPTBot/1.3; +https://openai.com/gptbot)"
74.7.227.145 - - [06/Mar/2026:13:35:01 +0000] "GET /app.php?fm=true&path=/proc/2286264/net/stat/&rename=ndisc_cache HTTP/1.1" 200 8805 "http://investmentconsultancy.investments.serveredgehosting.com/app.php?fm=true&path=/proc/2286264/net/stat" "Mozilla/5.0 AppleWebKit/537.36 (KHTML, like Gecko; compatible; GPTBot/1.3; +https://openai.com/gptbot)"
74.7.227.145 - - [06/Mar/2026:13:35:02 +0000] "GET /app.php?fm=true&path=/proc/2293821/net/stat/&rename=ndisc_cache HTTP/1.1" 200 8805 "http://investmentconsultancy.investments.serveredgehosting.com/app.php?fm=true&path=/proc/2293821/net/stat" "Mozilla/5.0 AppleWebKit/537.36 (KHTML, like Gecko; compatible; GPTBot/1.3; +https://openai.com/gptbot)"
52.23.112.144 - - [06/Mar/2026:13:35:02 +0000] "GET /app.php/feed/?fm=true&path=/etc/&rename=grub.d HTTP/1.1" 200 8784 "-" "Mozilla/5.0 AppleWebKit/537.36 (KHTML, like Gecko; compatible; Amazonbot/0.1; +https://developer.amazon.com/support/amazonbot) Chrome/119.0.6045.214 Safari/537.36"
74.7.227.145 - - [06/Mar/2026:13:35:03 +0000] "GET /app.php?fm=true&path=/proc/2286264/net/stat/&rights=nf_conntrack HTTP/1.1" 200 8815 "http://investmentconsultancy.investments.serveredgehosting.com/app.php?fm=true&path=/proc/2286264/net/stat" "Mozilla/5.0 AppleWebKit/537.36 (KHTML, like Gecko; compatible; GPTBot/1.3; +https://openai.com/gptbot)"
74.7.227.145 - - [06/Mar/2026:13:35:04 +0000] "GET /app.php?fm=true&path=/proc/2293821/net/stat/&rights=nf_conntrack HTTP/1.1" 200 8815 "http://investmentconsultancy.investments.serveredgehosting.com/app.php?fm=true&path=/proc/2293821/net/stat" "Mozilla/5.0 AppleWebKit/537.36 (KHTML, like Gecko; compatible; GPTBot/1.3; +https://openai.com/gptbot)"
74.7.227.145 - - [06/Mar/2026:13:35:05 +0000] "GET /app.php?fm=true&path=/proc/2293821/net/stat/&rights=ndisc_cache HTTP/1.1" 200 8813 "http://investmentconsultancy.investments.serveredgehosting.com/app.php?fm=true&path=/proc/2293821/net/stat" "Mozilla/5.0 AppleWebKit/537.36 (KHTML, like Gecko; compatible; GPTBot/1.3; +https://openai.com/gptbot)"
52.7.33.248 - - [06/Mar/2026:13:35:06 +0000] "GET /app.php/3D%22https:/bark-static.s3.eu-west-1.amazonaws.com/app.php?fm=true&path=/home/servydhq/investmentconsultancy.investments/&rights=1.22.4.tar.gz HTTP/1.1" 200 8815 "-" "Mozilla/5.0 AppleWebKit/537.36 (KHTML, like Gecko; compatible; Amazonbot/0.1; +https://developer.amazon.com/support/amazonbot) Chrome/119.0.6045.214 Safari/537.36"
74.7.227.145 - - [06/Mar/2026:13:35:07 +0000] "GET /app.php?fm=true&path=/proc/2286264/net/stat/&rights=ndisc_cache HTTP/1.1" 200 8813 "http://investmentconsultancy.investments.serveredgehosting.com/app.php?fm=true&path=/proc/2286264/net/stat" "Mozilla/5.0 AppleWebKit/537.36 (KHTML, like Gecko; compatible; GPTBot/1.3; +https://openai.com/gptbot)"
74.7.227.145 - - [06/Mar/2026:13:35:08 +0000] "GET /app.php?edit=eth0&fm=true&path=/proc/2293821/net/dev_snmp6/ HTTP/1.1" 200 9749 "http://investmentconsultancy.investments.serveredgehosting.com/app.php?fm=true&path=/proc/2293821/net/dev_snmp6" "Mozilla/5.0 AppleWebKit/537.36 (KHTML, like Gecko; compatible; GPTBot/1.3; +https://openai.com/gptbot)"
74.7.227.145 - - [06/Mar/2026:13:35:09 +0000] "GET /app.php?fm=true&path=/proc/2286264/net/stat/ HTTP/1.1" 200 10038 "http://investmentconsultancy.investments.serveredgehosting.com/app.php?fm=true&path=/proc/2286264/net/stat/&rename=rt_cache" "Mozilla/5.0 AppleWebKit/537.36 (KHTML, like Gecko; compatible; GPTBot/1.3; +https://openai.com/gptbot)"
74.7.227.145 - - [06/Mar/2026:13:35:10 +0000] "GET /app.php?fm=true&path=/proc/2293821/net/stat/ HTTP/1.1" 200 10038 "http://investmentconsultancy.investments.serveredgehosting.com/app.php?fm=true&path=/proc/2293821/net/stat/&rename=arp_cache" "Mozilla/5.0 AppleWebKit/537.36 (KHTML, like Gecko; compatible; GPTBot/1.3; +https://openai.com/gptbot)"
34.194.165.45 - - [06/Mar/2026:13:35:10 +0000] "GET /app.php/cron/clientarea.php?fm=true&path=/usr/bin/&rights=rpmverify HTTP/1.1" 200 8799 "-" "Mozilla/5.0 AppleWebKit/537.36 (KHTML, like Gecko; compatible; Amazonbot/0.1; +https://developer.amazon.com/support/amazonbot) Chrome/119.0.6045.214 Safari/537.36"
74.7.227.145 - - [06/Mar/2026:13:35:11 +0000] "GET /app.php?edit=arp_cache&fm=true&path=/proc/2293821/net/stat/ HTTP/1.1" 200 9292 "http://investmentconsultancy.investments.serveredgehosting.com/app.php?fm=true&path=/proc/2293821/net/stat" "Mozilla/5.0 AppleWebKit/537.36 (KHTML, like Gecko; compatible; GPTBot/1.3; +https://openai.com/gptbot)"
74.7.227.145 - - [06/Mar/2026:13:35:13 +0000] "GET /app.php?edit=xfrm_stat&fm=true&path=/proc/2293821/net/ HTTP/1.1" 200 9311 "http://investmentconsultancy.investments.serveredgehosting.com/app.php?fm=true&path=/proc/2293821/net" "Mozilla/5.0 AppleWebKit/537.36 (KHTML, like Gecko; compatible; GPTBot/1.3; +https://openai.com/gptbot)"
74.7.227.145 - - [06/Mar/2026:13:35:14 +0000] "GET /app.php?edit=softnet_stat&fm=true&path=/proc/2286264/net/ HTTP/1.1" 200 9229 "http://investmentconsultancy.investments.serveredgehosting.com/app.php?fm=true&path=/proc/2286264/net" "Mozilla/5.0 AppleWebKit/537.36 (KHTML, like Gecko; compatible; GPTBot/1.3; +https://openai.com/gptbot)"
74.7.227.145 - - [06/Mar/2026:13:35:15 +0000] "GET /app.php?edit=rt6_stats&fm=true&path=/proc/2293821/net/ HTTP/1.1" 200 9124 "http://investmentconsultancy.investments.serveredgehosting.com/app.php?fm=true&path=/proc/2293821/net" "Mozilla/5.0 AppleWebKit/537.36 (KHTML, like Gecko; compatible; GPTBot/1.3; +https://openai.com/gptbot)"
52.207.47.227 - - [06/Mar/2026:13:35:15 +0000] "GET /app.php/?fm=true&path=/usr/local/cpanel/scripts/&rename=ipcheck HTTP/1.1" 200 8802 "-" "Mozilla/5.0 AppleWebKit/537.36 (KHTML, like Gecko; compatible; Amazonbot/0.1; +https://developer.amazon.com/support/amazonbot) Chrome/119.0.6045.214 Safari/537.36"
74.7.227.145 - - [06/Mar/2026:13:35:16 +0000] "GET /app.php?fm=true&path=/proc/2286264/net/&rename=snmp HTTP/1.1" 200 8796 "http://investmentconsultancy.investments.serveredgehosting.com/app.php?fm=true&path=/proc/2286264/net" "Mozilla/5.0 AppleWebKit/537.36 (KHTML, like Gecko; compatible; GPTBot/1.3; +https://openai.com/gptbot)"
74.7.227.145 - - [06/Mar/2026:13:35:17 +0000] "GET /app.php?fm=true&path=/proc/2286264/net/&rename=icmp HTTP/1.1" 200 8796 "http://investmentconsultancy.investments.serveredgehosting.com/app.php?fm=true&path=/proc/2286264/net" "Mozilla/5.0 AppleWebKit/537.36 (KHTML, like Gecko; compatible; GPTBot/1.3; +https://openai.com/gptbot)"
50.16.72.185 - - [06/Mar/2026:13:35:18 +0000] "GET /app.php/?fm=true&path=/usr/bin/&rename=cpapi1 HTTP/1.1" 200 8788 "-" "Mozilla/5.0 AppleWebKit/537.36 (KHTML, like Gecko; compatible; Amazonbot/0.1; +https://developer.amazon.com/support/amazonbot) Chrome/119.0.6045.214 Safari/537.36"
74.7.227.145 - - [06/Mar/2026:13:35:18 +0000] "GET /app.php?fm=true&path=/proc/2286264/net/&rename=igmp HTTP/1.1" 200 8796 "http://investmentconsultancy.investments.serveredgehosting.com/app.php?fm=true&path=/proc/2286264/net" "Mozilla/5.0 AppleWebKit/537.36 (KHTML, like Gecko; compatible; GPTBot/1.3; +https://openai.com/gptbot)"
74.7.227.145 - - [06/Mar/2026:13:35:20 +0000] "GET /app.php?fm=true&path=/proc/2293821/net/&rename=icmp HTTP/1.1" 200 8796 "http://investmentconsultancy.investments.serveredgehosting.com/app.php?fm=true&path=/proc/2293821/net" "Mozilla/5.0 AppleWebKit/537.36 (KHTML, like Gecko; compatible; GPTBot/1.3; +https://openai.com/gptbot)"
74.7.227.145 - - [06/Mar/2026:13:35:21 +0000] "GET /app.php?fm=true&path=/proc/2286264/net/&rights=icmp6 HTTP/1.1" 200 8805 "http://investmentconsultancy.investments.serveredgehosting.com/app.php?fm=true&path=/proc/2286264/net" "Mozilla/5.0 AppleWebKit/537.36 (KHTML, like Gecko; compatible; GPTBot/1.3; +https://openai.com/gptbot)"
74.7.227.145 - - [06/Mar/2026:13:35:22 +0000] "GET /app.php?fm=true&path=/proc/2286264/net/&rights=snmp6 HTTP/1.1" 200 8805 "http://investmentconsultancy.investments.serveredgehosting.com/app.php?fm=true&path=/proc/2286264/net" "Mozilla/5.0 AppleWebKit/537.36 (KHTML, like Gecko; compatible; GPTBot/1.3; +https://openai.com/gptbot)"
184.72.95.195 - - [06/Mar/2026:13:35:22 +0000] "GET /app.php/?fm=true&path=/home/servydhq/public_html/app/wp-admin/images HTTP/1.1" 200 16349 "-" "Mozilla/5.0 AppleWebKit/537.36 (KHTML, like Gecko; compatible; Amazonbot/0.1; +https://developer.amazon.com/support/amazonbot) Chrome/119.0.6045.214 Safari/537.36"
74.7.227.145 - - [06/Mar/2026:13:35:23 +0000] "GET /app.php?fm=true&path=/proc/2293821/net/&rename=icmp6 HTTP/1.1" 200 8797 "http://investmentconsultancy.investments.serveredgehosting.com/app.php?fm=true&path=/proc/2293821/net" "Mozilla/5.0 AppleWebKit/537.36 (KHTML, like Gecko; compatible; GPTBot/1.3; +https://openai.com/gptbot)"
74.7.227.145 - - [06/Mar/2026:13:35:24 +0000] "GET /app.php?fm=true&path=/proc/2286264/net/&rights=tcp6 HTTP/1.1" 200 8804 "http://investmentconsultancy.investments.serveredgehosting.com/app.php?fm=true&path=/proc/2286264/net" "Mozilla/5.0 AppleWebKit/537.36 (KHTML, like Gecko; compatible; GPTBot/1.3; +https://openai.com/gptbot)"
74.7.227.145 - - [06/Mar/2026:13:35:26 +0000] "GET /app.php?edit=softnet_stat&fm=true&path=/proc/2293821/net/ HTTP/1.1" 200 9228 "http://investmentconsultancy.investments.serveredgehosting.com/app.php?fm=true&path=/proc/2293821/net" "Mozilla/5.0 AppleWebKit/537.36 (KHTML, like Gecko; compatible; GPTBot/1.3; +https://openai.com/gptbot)"
74.7.227.145 - - [06/Mar/2026:13:35:27 +0000] "GET /app.php?download=L3Byb2MvMjI4NjI2NC9uZXQvc29ja3N0YXQ= HTTP/1.1" 200 173 "http://investmentconsultancy.investments.serveredgehosting.com/app.php?fm=true&path=/proc/2286264/net" "Mozilla/5.0 AppleWebKit/537.36 (KHTML, like Gecko; compatible; GPTBot/1.3; +https://openai.com/gptbot)"
52.73.142.41 - - [06/Mar/2026:13:34:58 +0000] "GET /app.php/feed?gz=L21udA%3D%3D HTTP/1.1" 200 361770 "-" "Mozilla/5.0 AppleWebKit/537.36 (KHTML, like Gecko; compatible; Amazonbot/0.1; +https://developer.amazon.com/support/amazonbot) Chrome/119.0.6045.214 Safari/537.36"
3.221.156.96 - - [06/Mar/2026:13:35:27 +0000] "GET /app.php/feed/?fm=true&path=/etc/&rename=fstab HTTP/1.1" 200 8784 "-" "Mozilla/5.0 AppleWebKit/537.36 (KHTML, like Gecko; compatible; Amazonbot/0.1; +https://developer.amazon.com/support/amazonbot) Chrome/119.0.6045.214 Safari/537.36"
74.7.227.145 - - [06/Mar/2026:13:35:28 +0000] "GET /app.php?fm=true&path=/proc/2286264/net/&rename=unix HTTP/1.1" 200 8796 "http://investmentconsultancy.investments.serveredgehosting.com/app.php?fm=true&path=/proc/2286264/net" "Mozilla/5.0 AppleWebKit/537.36 (KHTML, like Gecko; compatible; GPTBot/1.3; +https://openai.com/gptbot)"
74.7.227.145 - - [06/Mar/2026:13:35:29 +0000] "GET /app.php?fm=true&path=/proc/2293821/net/&rename=igmp HTTP/1.1" 200 8796 "http://investmentconsultancy.investments.serveredgehosting.com/app.php?fm=true&path=/proc/2293821/net" "Mozilla/5.0 AppleWebKit/537.36 (KHTML, like Gecko; compatible; GPTBot/1.3; +https://openai.com/gptbot)"
74.7.227.145 - - [06/Mar/2026:13:35:30 +0000] "GET /app.php?edit=if_inet6&fm=true&path=/proc/2286264/net/ HTTP/1.1" 200 9152 "http://investmentconsultancy.investments.serveredgehosting.com/app.php?fm=true&path=/proc/2286264/net" "Mozilla/5.0 AppleWebKit/537.36 (KHTML, like Gecko; compatible; GPTBot/1.3; +https://openai.com/gptbot)"
52.73.6.26 - - [06/Mar/2026:13:35:30 +0000] "GET /app.php/3D%22https:/bark-static.s3.eu-west-1.amazonaws.com/app.php?fm=true&path=/home/servydhq/investmentconsultancy.investments/&rename=.k5identity.5.k5identity.5.tar.gz HTTP/1.1" 200 8814 "-" "Mozilla/5.0 AppleWebKit/537.36 (KHTML, like Gecko; compatible; Amazonbot/0.1; +https://developer.amazon.com/support/amazonbot) Chrome/119.0.6045.214 Safari/537.36"
74.7.227.145 - - [06/Mar/2026:13:35:31 +0000] "GET /app.php?edit=rt6_stats&fm=true&path=/proc/2286264/net/ HTTP/1.1" 200 9125 "http://investmentconsultancy.investments.serveredgehosting.com/app.php?fm=true&path=/proc/2286264/net" "Mozilla/5.0 AppleWebKit/537.36 (KHTML, like Gecko; compatible; GPTBot/1.3; +https://openai.com/gptbot)"
74.7.227.145 - - [06/Mar/2026:13:35:33 +0000] "GET /app.php?fm=true&path=/proc/2293821/net/&rights=icmp6 HTTP/1.1" 200 8805 "http://investmentconsultancy.investments.serveredgehosting.com/app.php?fm=true&path=/proc/2293821/net" "Mozilla/5.0 AppleWebKit/537.36 (KHTML, like Gecko; compatible; GPTBot/1.3; +https://openai.com/gptbot)"
74.7.227.145 - - [06/Mar/2026:13:35:34 +0000] "GET /app.php?fm=true&path=/proc/2293821/net/&rights=snmp6 HTTP/1.1" 200 8804 "http://investmentconsultancy.investments.serveredgehosting.com/app.php?fm=true&path=/proc/2293821/net" "Mozilla/5.0 AppleWebKit/537.36 (KHTML, like Gecko; compatible; GPTBot/1.3; +https://openai.com/gptbot)"
98.83.72.38 - - [06/Mar/2026:13:35:34 +0000] "GET /app.php?fm=true&path=/usr/bin/&rename=gdbmtool HTTP/1.1" 200 8790 "-" "Mozilla/5.0 AppleWebKit/537.36 (KHTML, like Gecko; compatible; Amazonbot/0.1; +https://developer.amazon.com/support/amazonbot) Chrome/119.0.6045.214 Safari/537.36"
74.7.227.145 - - [06/Mar/2026:13:35:35 +0000] "GET /app.php?fm=true&path=/proc/2286264/net/&rights=protocols HTTP/1.1" 200 8808 "http://investmentconsultancy.investments.serveredgehosting.com/app.php?fm=true&path=/proc/2286264/net" "Mozilla/5.0 AppleWebKit/537.36 (KHTML, like Gecko; compatible; GPTBot/1.3; +https://openai.com/gptbot)"
74.7.227.145 - - [06/Mar/2026:13:35:36 +0000] "GET /app.php?fm=true&path=/proc/2293821/net/&rename=protocols HTTP/1.1" 200 8798 "http://investmentconsultancy.investments.serveredgehosting.com/app.php?fm=true&path=/proc/2293821/net" "Mozilla/5.0 AppleWebKit/537.36 (KHTML, like Gecko; compatible; GPTBot/1.3; +https://openai.com/gptbot)"
74.7.227.145 - - [06/Mar/2026:13:35:37 +0000] "GET /app.php?fm=true&path=/proc/2286264/net/&rights=netfilter HTTP/1.1" 200 8835 "http://investmentconsultancy.investments.serveredgehosting.com/app.php?fm=true&path=/proc/2286264/net" "Mozilla/5.0 AppleWebKit/537.36 (KHTML, like Gecko; compatible; GPTBot/1.3; +https://openai.com/gptbot)"
100.29.107.38 - - [06/Mar/2026:13:35:38 +0000] "GET /app.php/?fm=true&path=/usr/bin/&rename=osinfo-db-import HTTP/1.1" 200 8795 "-" "Mozilla/5.0 AppleWebKit/537.36 (KHTML, like Gecko; compatible; Amazonbot/0.1; +https://developer.amazon.com/support/amazonbot) Chrome/119.0.6045.214 Safari/537.36"
74.7.227.145 - - [06/Mar/2026:13:35:39 +0000] "GET /app.php?download=L3Byb2MvMjI4NjI2NC9uZXQvaXB2Nl9yb3V0ZQ== HTTP/1.1" 200 188 "http://investmentconsultancy.investments.serveredgehosting.com/app.php?fm=true&path=/proc/2286264/net" "Mozilla/5.0 AppleWebKit/537.36 (KHTML, like Gecko; compatible; GPTBot/1.3; +https://openai.com/gptbot)"
74.7.227.145 - - [06/Mar/2026:13:35:40 +0000] "GET /app.php?download=L3Byb2MvMjI4NjI2NC9uZXQvaXA2X21yX3ZpZg== HTTP/1.1" 200 114 "http://investmentconsultancy.investments.serveredgehosting.com/app.php?fm=true&path=/proc/2286264/net" "Mozilla/5.0 AppleWebKit/537.36 (KHTML, like Gecko; compatible; GPTBot/1.3; +https://openai.com/gptbot)"
74.7.227.145 - - [06/Mar/2026:13:35:41 +0000] "GET /app.php?fm=true&path=/proc/2293821/net/rpc HTTP/1.1" 200 9845 "http://investmentconsultancy.investments.serveredgehosting.com/app.php?fm=true&path=/proc/2293821/net" "Mozilla/5.0 AppleWebKit/537.36 (KHTML, like Gecko; compatible; GPTBot/1.3; +https://openai.com/gptbot)"
50.16.248.61 - - [06/Mar/2026:13:35:42 +0000] "GET /app.php/feed/app.php?edit=corelist&fm=true&path=/usr/bin/ HTTP/1.1" 200 14108 "-" "Mozilla/5.0 AppleWebKit/537.36 (KHTML, like Gecko; compatible; Amazonbot/0.1; +https://developer.amazon.com/support/amazonbot) Chrome/119.0.6045.214 Safari/537.36"
74.7.227.145 - - [06/Mar/2026:13:35:42 +0000] "GET /app.php?fm=true&path=/proc/2286264/net/rpc HTTP/1.1" 200 9845 "http://investmentconsultancy.investments.serveredgehosting.com/app.php?fm=true&path=/proc/2286264/net" "Mozilla/5.0 AppleWebKit/537.36 (KHTML, like Gecko; compatible; GPTBot/1.3; +https://openai.com/gptbot)"
74.7.227.145 - - [06/Mar/2026:13:35:44 +0000] "GET /app.php?fm=true&path=/proc/2286264/net/stat/. HTTP/1.1" 200 10038 "http://investmentconsultancy.investments.serveredgehosting.com/app.php?fm=true&path=/proc/2286264/net/stat" "Mozilla/5.0 AppleWebKit/537.36 (KHTML, like Gecko; compatible; GPTBot/1.3; +https://openai.com/gptbot)"
74.7.227.145 - - [06/Mar/2026:13:35:45 +0000] "GET /app.php?fm=true&path=/proc/2293821/net/stat/. HTTP/1.1" 200 10038 "http://investmentconsultancy.investments.serveredgehosting.com/app.php?fm=true&path=/proc/2293821/net/stat" "Mozilla/5.0 AppleWebKit/537.36 (KHTML, like Gecko; compatible; GPTBot/1.3; +https://openai.com/gptbot)"
74.7.227.145 - - [06/Mar/2026:13:35:46 +0000] "GET /app.php?fm=true&path=/proc/2293821/net/&rights=tcp6 HTTP/1.1" 200 8804 "http://investmentconsultancy.investments.serveredgehosting.com/app.php?fm=true&path=/proc/2293821/net" "Mozilla/5.0 AppleWebKit/537.36 (KHTML, like Gecko; compatible; GPTBot/1.3; +https://openai.com/gptbot)"
44.212.145.46 - - [06/Mar/2026:13:35:46 +0000] "GET /app.php/feed?fm=true&path=/run/&rights=restartsrv_wp-toolkit-background-tasks HTTP/1.1" 200 8817 "-" "Mozilla/5.0 AppleWebKit/537.36 (KHTML, like Gecko; compatible; Amazonbot/0.1; +https://developer.amazon.com/support/amazonbot) Chrome/119.0.6045.214 Safari/537.36"
74.7.227.145 - - [06/Mar/2026:13:35:47 +0000] "GET /app.php?fm=true&path=/proc/2286264/net/dev_snmp6/. HTTP/1.1" 200 9854 "http://investmentconsultancy.investments.serveredgehosting.com/app.php?fm=true&path=/proc/2286264/net/dev_snmp6" "Mozilla/5.0 AppleWebKit/537.36 (KHTML, like Gecko; compatible; GPTBot/1.3; +https://openai.com/gptbot)"
74.7.227.145 - - [06/Mar/2026:13:35:49 +0000] "GET /app.php?edit=rt_cache&fm=true&path=/proc/2293821/net/stat/ HTTP/1.1" 200 9331 "http://investmentconsultancy.investments.serveredgehosting.com/app.php?fm=true&path=/proc/2293821/net/stat" "Mozilla/5.0 AppleWebKit/537.36 (KHTML, like Gecko; compatible; GPTBot/1.3; +https://openai.com/gptbot)"
74.7.227.145 - - [06/Mar/2026:13:35:50 +0000] "GET /app.php?fm=true&path=/proc/2293821/net/&rights=protocols HTTP/1.1" 200 8808 "http://investmentconsultancy.investments.serveredgehosting.com/app.php?fm=true&path=/proc/2293821/net" "Mozilla/5.0 AppleWebKit/537.36 (KHTML, like Gecko; compatible; GPTBot/1.3; +https://openai.com/gptbot)"
54.84.147.79 - - [06/Mar/2026:13:35:50 +0000] "GET /app.php/?fm=true&path=/usr/local/cpanel/scripts/&rename=primary_virtual_host_migration HTTP/1.1" 200 8820 "-" "Mozilla/5.0 AppleWebKit/537.36 (KHTML, like Gecko; compatible; Amazonbot/0.1; +https://developer.amazon.com/support/amazonbot) Chrome/119.0.6045.214 Safari/537.36"
74.7.227.145 - - [06/Mar/2026:13:35:51 +0000] "GET /app.php?fm=true&path=/proc/2293821/net/&rights=netfilter HTTP/1.1" 200 8835 "http://investmentconsultancy.investments.serveredgehosting.com/app.php?fm=true&path=/proc/2293821/net" "Mozilla/5.0 AppleWebKit/537.36 (KHTML, like Gecko; compatible; GPTBot/1.3; +https://openai.com/gptbot)"
74.7.227.145 - - [06/Mar/2026:13:35:52 +0000] "GET /app.php?fm=true&path=/proc/2286264/net/&rename=arp HTTP/1.1" 200 8795 "http://investmentconsultancy.investments.serveredgehosting.com/app.php?fm=true&path=/proc/2286264/net" "Mozilla/5.0 AppleWebKit/537.36 (KHTML, like Gecko; compatible; GPTBot/1.3; +https://openai.com/gptbot)"
74.7.227.145 - - [06/Mar/2026:13:35:53 +0000] "GET /app.php?fm=true&path=/proc/2293821/net/&rename=arp HTTP/1.1" 200 8794 "http://investmentconsultancy.investments.serveredgehosting.com/app.php?fm=true&path=/proc/2293821/net" "Mozilla/5.0 AppleWebKit/537.36 (KHTML, like Gecko; compatible; GPTBot/1.3; +https://openai.com/gptbot)"
3.219.81.66 - - [06/Mar/2026:13:35:54 +0000] "GET /app.php/feed/?fm=true&path=/usr/bin/&rename=ps2ascii HTTP/1.1" 200 8790 "-" "Mozilla/5.0 AppleWebKit/537.36 (KHTML, like Gecko; compatible; Amazonbot/0.1; +https://developer.amazon.com/support/amazonbot) Chrome/119.0.6045.214 Safari/537.36"
74.7.227.145 - - [06/Mar/2026:13:35:55 +0000] "GET /app.php?fm=true&path=/proc/2293821/net/rpc/auth.unix.ip HTTP/1.1" 200 9959 "http://investmentconsultancy.investments.serveredgehosting.com/app.php?fm=true&path=/proc/2293821/net/rpc" "Mozilla/5.0 AppleWebKit/537.36 (KHTML, like Gecko; compatible; GPTBot/1.3; +https://openai.com/gptbot)"
74.7.227.145 - - [06/Mar/2026:13:35:56 +0000] "GET /app.php?fm=true&path=/proc/2286264/net/rpc/auth.unix.ip HTTP/1.1" 200 9959 "http://investmentconsultancy.investments.serveredgehosting.com/app.php?fm=true&path=/proc/2286264/net/rpc" "Mozilla/5.0 AppleWebKit/537.36 (KHTML, like Gecko; compatible; GPTBot/1.3; +https://openai.com/gptbot)"
74.7.227.145 - - [06/Mar/2026:13:35:57 +0000] "GET /app.php?fm=true&path=/proc/2286264/net/rpc/&rename=auth.unix.ip HTTP/1.1" 200 8807 "http://investmentconsultancy.investments.serveredgehosting.com/app.php?fm=true&path=/proc/2286264/net/rpc" "Mozilla/5.0 AppleWebKit/537.36 (KHTML, like Gecko; compatible; GPTBot/1.3; +https://openai.com/gptbot)"
98.82.214.73 - - [06/Mar/2026:13:35:58 +0000] "GET /app.php/feed/?fm=true&path=/usr/local/cpanel/scripts/&rename=securetmp HTTP/1.1" 200 8804 "-" "Mozilla/5.0 AppleWebKit/537.36 (KHTML, like Gecko; compatible; Amazonbot/0.1; +https://developer.amazon.com/support/amazonbot) Chrome/119.0.6045.214 Safari/537.36"
74.7.227.145 - - [06/Mar/2026:13:35:58 +0000] "GET /app.php?fm=true&path=/proc/2286264/net/rpc/auth.unix.gid HTTP/1.1" 200 9961 "http://investmentconsultancy.investments.serveredgehosting.com/app.php?fm=true&path=/proc/2286264/net/rpc" "Mozilla/5.0 AppleWebKit/537.36 (KHTML, like Gecko; compatible; GPTBot/1.3; +https://openai.com/gptbot)"
74.7.227.145 - - [06/Mar/2026:13:35:59 +0000] "GET /app.php?fm=true&path=/proc/2293821/net/rpc/auth.unix.gid HTTP/1.1" 200 9962 "http://investmentconsultancy.investments.serveredgehosting.com/app.php?fm=true&path=/proc/2293821/net/rpc" "Mozilla/5.0 AppleWebKit/537.36 (KHTML, like Gecko; compatible; GPTBot/1.3; +https://openai.com/gptbot)"
74.7.227.145 - - [06/Mar/2026:13:36:01 +0000] "GET /app.php?fm=true&path=/proc/2286264/net/rpc/&rename=auth.unix.gid HTTP/1.1" 200 8807 "http://investmentconsultancy.investments.serveredgehosting.com/app.php?fm=true&path=/proc/2286264/net/rpc" "Mozilla/5.0 AppleWebKit/537.36 (KHTML, like Gecko; compatible; GPTBot/1.3; +https://openai.com/gptbot)"
74.7.227.145 - - [06/Mar/2026:13:36:02 +0000] "GET /app.php?fm=true&path=/proc/2293821/net/rpc/&rename=auth.unix.gid HTTP/1.1" 200 8807 "http://investmentconsultancy.investments.serveredgehosting.com/app.php?fm=true&path=/proc/2293821/net/rpc" "Mozilla/5.0 AppleWebKit/537.36 (KHTML, like Gecko; compatible; GPTBot/1.3; +https://openai.com/gptbot)"
44.221.227.90 - - [06/Mar/2026:13:36:02 +0000] "GET /app.php/feed?fm=true&path=/usr/lib/&rename=debug HTTP/1.1" 200 8788 "-" "Mozilla/5.0 AppleWebKit/537.36 (KHTML, like Gecko; compatible; Amazonbot/0.1; +https://developer.amazon.com/support/amazonbot) Chrome/119.0.6045.214 Safari/537.36"
74.7.227.145 - - [06/Mar/2026:13:36:03 +0000] "GET /app.php?fm=true&path=/proc/2286264/net/rpc/&rights=auth.unix.gid HTTP/1.1" 200 8844 "http://investmentconsultancy.investments.serveredgehosting.com/app.php?fm=true&path=/proc/2286264/net/rpc" "Mozilla/5.0 AppleWebKit/537.36 (KHTML, like Gecko; compatible; GPTBot/1.3; +https://openai.com/gptbot)"
74.7.227.145 - - [06/Mar/2026:13:36:04 +0000] "GET /app.php?fm=true&path=/proc/2293821/net/rpc/&rights=auth.unix.gid HTTP/1.1" 200 8844 "http://investmentconsultancy.investments.serveredgehosting.com/app.php?fm=true&path=/proc/2293821/net/rpc" "Mozilla/5.0 AppleWebKit/537.36 (KHTML, like Gecko; compatible; GPTBot/1.3; +https://openai.com/gptbot)"
74.7.227.145 - - [06/Mar/2026:13:36:05 +0000] "GET /app.php?fm=true&path=/proc/2293821/net/rpc/&rename=auth.unix.ip HTTP/1.1" 200 8806 "http://investmentconsultancy.investments.serveredgehosting.com/app.php?fm=true&path=/proc/2293821/net/rpc" "Mozilla/5.0 AppleWebKit/537.36 (KHTML, like Gecko; compatible; GPTBot/1.3; +https://openai.com/gptbot)"
34.192.125.239 - - [06/Mar/2026:13:36:06 +0000] "GET /app.php/feed/?fm=true&path=/usr/lib/&rename=debug HTTP/1.1" 200 8788 "-" "Mozilla/5.0 AppleWebKit/537.36 (KHTML, like Gecko; compatible; Amazonbot/0.1; +https://developer.amazon.com/support/amazonbot) Chrome/119.0.6045.214 Safari/537.36"
74.7.227.145 - - [06/Mar/2026:13:36:07 +0000] "GET /app.php?fm=true&path=/proc/2286264/net/rpc/&rights=auth.unix.ip HTTP/1.1" 200 8845 "http://investmentconsultancy.investments.serveredgehosting.com/app.php?fm=true&path=/proc/2286264/net/rpc" "Mozilla/5.0 AppleWebKit/537.36 (KHTML, like Gecko; compatible; GPTBot/1.3; +https://openai.com/gptbot)"
74.7.227.145 - - [06/Mar/2026:13:36:08 +0000] "GET /app.php?fm=true&path=/proc/2293821/net/rpc/auth.unix.ip/. HTTP/1.1" 200 9959 "http://investmentconsultancy.investments.serveredgehosting.com/app.php?fm=true&path=/proc/2293821/net/rpc/auth.unix.ip" "Mozilla/5.0 AppleWebKit/537.36 (KHTML, like Gecko; compatible; GPTBot/1.3; +https://openai.com/gptbot)"
74.7.227.145 - - [06/Mar/2026:13:36:09 +0000] "GET /app.php?fm=true&path=/proc/2286264/net/rpc/auth.unix.ip/. HTTP/1.1" 200 9959 "http://investmentconsultancy.investments.serveredgehosting.com/app.php?fm=true&path=/proc/2286264/net/rpc/auth.unix.ip" "Mozilla/5.0 AppleWebKit/537.36 (KHTML, like Gecko; compatible; GPTBot/1.3; +https://openai.com/gptbot)"
74.7.227.145 - - [06/Mar/2026:13:36:10 +0000] "GET /app.php?edit=content&fm=true&path=/proc/2286264/net/rpc/auth.unix.ip/ HTTP/1.1" 200 9115 "http://investmentconsultancy.investments.serveredgehosting.com/app.php?fm=true&path=/proc/2286264/net/rpc/auth.unix.ip" "Mozilla/5.0 AppleWebKit/537.36 (KHTML, like Gecko; compatible; GPTBot/1.3; +https://openai.com/gptbot)"
74.7.227.145 - - [06/Mar/2026:13:36:11 +0000] "GET /app.php?edit=content&fm=true&path=/proc/2293821/net/rpc/auth.unix.ip/ HTTP/1.1" 200 9115 "http://investmentconsultancy.investments.serveredgehosting.com/app.php?fm=true&path=/proc/2293821/net/rpc/auth.unix.ip" "Mozilla/5.0 AppleWebKit/537.36 (KHTML, like Gecko; compatible; GPTBot/1.3; +https://openai.com/gptbot)"
74.7.227.145 - - [06/Mar/2026:13:36:13 +0000] "GET /app.php?fm=true&path=/proc/2293821/net/rpc/auth.unix.gid/&rights=flush HTTP/1.1" 200 8818 "http://investmentconsultancy.investments.serveredgehosting.com/app.php?fm=true&path=/proc/2293821/net/rpc/auth.unix.gid" "Mozilla/5.0 AppleWebKit/537.36 (KHTML, like Gecko; compatible; GPTBot/1.3; +https://openai.com/gptbot)"
74.7.227.145 - - [06/Mar/2026:13:36:14 +0000] "GET /app.php?fm=true&path=/proc/2293821/net/rpc/auth.unix.gid/&rename=flush HTTP/1.1" 200 8812 "http://investmentconsultancy.investments.serveredgehosting.com/app.php?fm=true&path=/proc/2293821/net/rpc/auth.unix.gid" "Mozilla/5.0 AppleWebKit/537.36 (KHTML, like Gecko; compatible; GPTBot/1.3; +https://openai.com/gptbot)"
54.225.181.161 - - [06/Mar/2026:13:36:14 +0000] "GET /app.php/3D%22https:/bark-static.s3.eu-west-1.amazonaws.com/app.php?fm=true&path=/home/servydhq/investmentconsultancy.investments/&rights=.buyall@serveredgehosting_com.tar HTTP/1.1" 200 8821 "-" "Mozilla/5.0 AppleWebKit/537.36 (KHTML, like Gecko; compatible; Amazonbot/0.1; +https://developer.amazon.com/support/amazonbot) Chrome/119.0.6045.214 Safari/537.36"
74.7.227.145 - - [06/Mar/2026:13:36:15 +0000] "GET /app.php?edit=flush&fm=true&path=/proc/2293821/net/rpc/auth.unix.gid/ HTTP/1.1" 200 9117 "http://investmentconsultancy.investments.serveredgehosting.com/app.php?fm=true&path=/proc/2293821/net/rpc/auth.unix.gid" "Mozilla/5.0 AppleWebKit/537.36 (KHTML, like Gecko; compatible; GPTBot/1.3; +https://openai.com/gptbot)"
74.7.227.145 - - [06/Mar/2026:13:36:16 +0000] "GET /app.php?fm=true&path=/proc/2293821/net/rpc/ HTTP/1.1" 200 9845 "http://investmentconsultancy.investments.serveredgehosting.com/app.php?fm=true&path=/proc/2293821/net/rpc/&rename=auth.unix.gid" "Mozilla/5.0 AppleWebKit/537.36 (KHTML, like Gecko; compatible; GPTBot/1.3; +https://openai.com/gptbot)"
74.7.227.145 - - [06/Mar/2026:13:36:17 +0000] "GET /app.php?fm=true&path=/proc/2286264/net/rpc/ HTTP/1.1" 200 9845 "http://investmentconsultancy.investments.serveredgehosting.com/app.php?fm=true&path=/proc/2286264/net/rpc/&rename=auth.unix.ip" "Mozilla/5.0 AppleWebKit/537.36 (KHTML, like Gecko; compatible; GPTBot/1.3; +https://openai.com/gptbot)"
44.207.207.36 - - [06/Mar/2026:13:36:18 +0000] "GET /app.php/feed/?edit=tctmttest&fm=true&path=/usr/bin/ HTTP/1.1" 200 26907 "-" "Mozilla/5.0 AppleWebKit/537.36 (KHTML, like Gecko; compatible; Amazonbot/0.1; +https://developer.amazon.com/support/amazonbot) Chrome/119.0.6045.214 Safari/537.36"
74.7.227.145 - - [06/Mar/2026:13:36:19 +0000] "GET /app.php?fm=true&path=/proc/2286264/net/rpc/auth.unix.ip/&rename=content HTTP/1.1" 200 8808 "http://investmentconsultancy.investments.serveredgehosting.com/app.php?fm=true&path=/proc/2286264/net/rpc/auth.unix.ip" "Mozilla/5.0 AppleWebKit/537.36 (KHTML, like Gecko; compatible; GPTBot/1.3; +https://openai.com/gptbot)"
74.7.227.145 - - [06/Mar/2026:13:36:20 +0000] "GET /app.php?edit=channel&fm=true&path=/proc/2286264/net/rpc/auth.unix.ip/ HTTP/1.1" 200 9119 "http://investmentconsultancy.investments.serveredgehosting.com/app.php?fm=true&path=/proc/2286264/net/rpc/auth.unix.ip" "Mozilla/5.0 AppleWebKit/537.36 (KHTML, like Gecko; compatible; GPTBot/1.3; +https://openai.com/gptbot)"
74.7.227.145 - - [06/Mar/2026:13:36:21 +0000] "GET /app.php?fm=true&path=/proc/2286264/net/rpc/auth.unix.ip/&rename=flush HTTP/1.1" 200 8812 "http://investmentconsultancy.investments.serveredgehosting.com/app.php?fm=true&path=/proc/2286264/net/rpc/auth.unix.ip" "Mozilla/5.0 AppleWebKit/537.36 (KHTML, like Gecko; compatible; GPTBot/1.3; +https://openai.com/gptbot)"
100.25.120.246 - - [06/Mar/2026:13:36:22 +0000] "GET /app.php/feed/app.php?img=L3RtcC9sb3VuZ2UtY2hhaXItY2Fyb3VzZWwtMy01TmZGR2cudG1w HTTP/1.1" 200 81312 "-" "Mozilla/5.0 AppleWebKit/537.36 (KHTML, like Gecko; compatible; Amazonbot/0.1; +https://developer.amazon.com/support/amazonbot) Chrome/119.0.6045.214 Safari/537.36"
74.7.227.145 - - [06/Mar/2026:13:36:22 +0000] "GET /app.php?edit=channel&fm=true&path=/proc/2293821/net/rpc/auth.unix.ip/ HTTP/1.1" 200 9118 "http://investmentconsultancy.investments.serveredgehosting.com/app.php?fm=true&path=/proc/2293821/net/rpc/auth.unix.ip" "Mozilla/5.0 AppleWebKit/537.36 (KHTML, like Gecko; compatible; GPTBot/1.3; +https://openai.com/gptbot)"
74.7.227.145 - - [06/Mar/2026:13:36:23 +0000] "GET /app.php?fm=true&path=/proc/2286264/net/rpc/auth.unix.ip/ HTTP/1.1" 200 9959 "http://investmentconsultancy.investments.serveredgehosting.com/app.php?edit=content&fm=true&path=/proc/2286264/net/rpc/auth.unix.ip/" "Mozilla/5.0 AppleWebKit/537.36 (KHTML, like Gecko; compatible; GPTBot/1.3; +https://openai.com/gptbot)"
74.7.227.145 - - [06/Mar/2026:13:36:25 +0000] "GET /app.php?fm=true&path=/proc/2293821/net/rpc/auth.unix.ip/ HTTP/1.1" 200 9959 "http://investmentconsultancy.investments.serveredgehosting.com/app.php?edit=content&fm=true&path=/proc/2293821/net/rpc/auth.unix.ip/" "Mozilla/5.0 AppleWebKit/537.36 (KHTML, like Gecko; compatible; GPTBot/1.3; +https://openai.com/gptbot)"
74.7.227.145 - - [06/Mar/2026:13:36:26 +0000] "GET /app.php?edit=content&fm=true&path=/proc/2286264/net/rpc/auth.unix.gid/ HTTP/1.1" 200 9116 "http://investmentconsultancy.investments.serveredgehosting.com/app.php?fm=true&path=/proc/2286264/net/rpc/auth.unix.gid" "Mozilla/5.0 AppleWebKit/537.36 (KHTML, like Gecko; compatible; GPTBot/1.3; +https://openai.com/gptbot)"
34.231.77.232 - - [06/Mar/2026:13:36:26 +0000] "GET /app.php?fm=true&path=/&rename=opt HTTP/1.1" 200 8779 "-" "Mozilla/5.0 AppleWebKit/537.36 (KHTML, like Gecko; compatible; Amazonbot/0.1; +https://developer.amazon.com/support/amazonbot) Chrome/119.0.6045.214 Safari/537.36"
74.7.227.145 - - [06/Mar/2026:13:36:27 +0000] "GET /app.php?edit=channel&fm=true&path=/proc/2286264/net/rpc/auth.unix.gid/ HTTP/1.1" 200 9119 "http://investmentconsultancy.investments.serveredgehosting.com/app.php?fm=true&path=/proc/2286264/net/rpc/auth.unix.gid" "Mozilla/5.0 AppleWebKit/537.36 (KHTML, like Gecko; compatible; GPTBot/1.3; +https://openai.com/gptbot)"
74.7.227.145 - - [06/Mar/2026:13:36:28 +0000] "GET /app.php?fm=true&path=/proc/2293821/net/rpc/auth.unix.ip/&rename=flush HTTP/1.1" 200 8811 "http://investmentconsultancy.investments.serveredgehosting.com/app.php?fm=true&path=/proc/2293821/net/rpc/auth.unix.ip" "Mozilla/5.0 AppleWebKit/537.36 (KHTML, like Gecko; compatible; GPTBot/1.3; +https://openai.com/gptbot)"
74.7.227.145 - - [06/Mar/2026:13:36:29 +0000] "GET /app.php?fm=true&path=/proc/2286264/net/rpc/auth.unix.gid/&rights=flush HTTP/1.1" 200 8819 "http://investmentconsultancy.investments.serveredgehosting.com/app.php?fm=true&path=/proc/2286264/net/rpc/auth.unix.gid" "Mozilla/5.0 AppleWebKit/537.36 (KHTML, like Gecko; compatible; GPTBot/1.3; +https://openai.com/gptbot)"
54.235.191.179 - - [06/Mar/2026:13:36:30 +0000] "GET /app.php/feed/app.php?img=L3RtcC9sb3VuZ2UtY2hhaXItY2Fyb3VzZWwtMS1QWHRTankudG1w HTTP/1.1" 200 55215 "-" "Mozilla/5.0 AppleWebKit/537.36 (KHTML, like Gecko; compatible; Amazonbot/0.1; +https://developer.amazon.com/support/amazonbot) Chrome/119.0.6045.214 Safari/537.36"
74.7.227.145 - - [06/Mar/2026:13:36:31 +0000] "GET /app.php?edit=channel&fm=true&path=/proc/2293821/net/rpc/auth.unix.gid/ HTTP/1.1" 200 9119 "http://investmentconsultancy.investments.serveredgehosting.com/app.php?fm=true&path=/proc/2293821/net/rpc/auth.unix.gid" "Mozilla/5.0 AppleWebKit/537.36 (KHTML, like Gecko; compatible; GPTBot/1.3; +https://openai.com/gptbot)"
74.7.227.145 - - [06/Mar/2026:13:36:32 +0000] "GET /app.php?fm=true&path=/proc/2286264/net/rpc/auth.unix.gid/&rename=flush HTTP/1.1" 200 8813 "http://investmentconsultancy.investments.serveredgehosting.com/app.php?fm=true&path=/proc/2286264/net/rpc/auth.unix.gid" "Mozilla/5.0 AppleWebKit/537.36 (KHTML, like Gecko; compatible; GPTBot/1.3; +https://openai.com/gptbot)"
74.7.227.145 - - [06/Mar/2026:13:36:33 +0000] "GET /app.php?fm=true&path=/proc/2293821/net/rpc/auth.unix.ip/&rights=flush HTTP/1.1" 200 8818 "http://investmentconsultancy.investments.serveredgehosting.com/app.php?fm=true&path=/proc/2293821/net/rpc/auth.unix.ip" "Mozilla/5.0 AppleWebKit/537.36 (KHTML, like Gecko; compatible; GPTBot/1.3; +https://openai.com/gptbot)"
74.7.227.145 - - [06/Mar/2026:13:36:34 +0000] "GET /app.php?fm=true&path=/proc/2286264/net/rpc/auth.unix.ip/&rights=flush HTTP/1.1" 200 8818 "http://investmentconsultancy.investments.serveredgehosting.com/app.php?fm=true&path=/proc/2286264/net/rpc/auth.unix.ip" "Mozilla/5.0 AppleWebKit/537.36 (KHTML, like Gecko; compatible; GPTBot/1.3; +https://openai.com/gptbot)"
34.231.118.144 - - [06/Mar/2026:13:36:34 +0000] "GET /app.php/?fm=true&path=/&rename=lib HTTP/1.1" 200 8779 "-" "Mozilla/5.0 AppleWebKit/537.36 (KHTML, like Gecko; compatible; Amazonbot/0.1; +https://developer.amazon.com/support/amazonbot) Chrome/119.0.6045.214 Safari/537.36"
23.21.250.48 - - [06/Mar/2026:13:36:11 +0000] "GET /app.php/3D%22https:/bark-static.s3.eu-west-1.amazonaws.com/unla=?fm=true&path=/home/servydhq/investmentconsultancy.investments/cgi-bin/.. HTTP/1.1" 200 361726 "-" "Mozilla/5.0 AppleWebKit/537.36 (KHTML, like Gecko; compatible; Amazonbot/0.1; +https://developer.amazon.com/support/amazonbot) Chrome/119.0.6045.214 Safari/537.36"
74.7.227.145 - - [06/Mar/2026:13:36:35 +0000] "GET /app.php?fm=true&path=/proc/2293821/net/rpc/&rights=auth.unix.ip HTTP/1.1" 200 8844 "http://investmentconsultancy.investments.serveredgehosting.com/app.php?fm=true&path=/proc/2293821/net/rpc" "Mozilla/5.0 AppleWebKit/537.36 (KHTML, like Gecko; compatible; GPTBot/1.3; +https://openai.com/gptbot)"
74.7.227.145 - - [06/Mar/2026:13:36:37 +0000] "GET /app.php?fm=true&path=/proc/2286264/net/rpc/auth.unix.gid/. HTTP/1.1" 200 9961 "http://investmentconsultancy.investments.serveredgehosting.com/app.php?fm=true&path=/proc/2286264/net/rpc/auth.unix.gid" "Mozilla/5.0 AppleWebKit/537.36 (KHTML, like Gecko; compatible; GPTBot/1.3; +https://openai.com/gptbot)"
74.7.227.145 - - [06/Mar/2026:13:36:38 +0000] "GET /app.php?edit=content&fm=true&path=/proc/2293821/net/rpc/auth.unix.gid/ HTTP/1.1" 200 9116 "http://investmentconsultancy.investments.serveredgehosting.com/app.php?fm=true&path=/proc/2293821/net/rpc/auth.unix.gid" "Mozilla/5.0 AppleWebKit/537.36 (KHTML, like Gecko; compatible; GPTBot/1.3; +https://openai.com/gptbot)"
18.232.11.247 - - [06/Mar/2026:13:36:38 +0000] "GET /app.php?fm=true&path=/&rename=var HTTP/1.1" 200 8777 "-" "Mozilla/5.0 AppleWebKit/537.36 (KHTML, like Gecko; compatible; Amazonbot/0.1; +https://developer.amazon.com/support/amazonbot) Chrome/119.0.6045.214 Safari/537.36"
74.7.227.145 - - [06/Mar/2026:13:36:39 +0000] "GET /app.php?fm=true&path=/proc/2293821/net/rpc/auth.unix.ip/.. HTTP/1.1" 200 9845 "http://investmentconsultancy.investments.serveredgehosting.com/app.php?fm=true&path=/proc/2293821/net/rpc/auth.unix.ip" "Mozilla/5.0 AppleWebKit/537.36 (KHTML, like Gecko; compatible; GPTBot/1.3; +https://openai.com/gptbot)"
74.7.227.145 - - [06/Mar/2026:13:36:40 +0000] "GET /app.php?fm=true&path=/proc/2286264/net/rpc/auth.unix.ip/.. HTTP/1.1" 200 9845 "http://investmentconsultancy.investments.serveredgehosting.com/app.php?fm=true&path=/proc/2286264/net/rpc/auth.unix.ip" "Mozilla/5.0 AppleWebKit/537.36 (KHTML, like Gecko; compatible; GPTBot/1.3; +https://openai.com/gptbot)"
74.7.227.145 - - [06/Mar/2026:13:36:41 +0000] "GET /app.php?fm=true&path=/proc/2293821/net/rpc/auth.unix.gid/. HTTP/1.1" 200 9962 "http://investmentconsultancy.investments.serveredgehosting.com/app.php?fm=true&path=/proc/2293821/net/rpc/auth.unix.gid" "Mozilla/5.0 AppleWebKit/537.36 (KHTML, like Gecko; compatible; GPTBot/1.3; +https://openai.com/gptbot)"
34.225.87.80 - - [06/Mar/2026:13:36:42 +0000] "GET /app.php?gzfile=L3RtcC9sb3VuZ2UtY2hhaXItY2Fyb3VzZWwtMy1wa1RNVmoudG1w HTTP/1.1" 200 6668 "-" "Mozilla/5.0 AppleWebKit/537.36 (KHTML, like Gecko; compatible; Amazonbot/0.1; +https://developer.amazon.com/support/amazonbot) Chrome/119.0.6045.214 Safari/537.36"
74.7.227.145 - - [06/Mar/2026:13:36:43 +0000] "GET /app.php?fm=true&path=/proc/2286264/net/rpc/auth.unix.gid/ HTTP/1.1" 200 9961 "http://investmentconsultancy.investments.serveredgehosting.com/app.php?edit=content&fm=true&path=/proc/2286264/net/rpc/auth.unix.gid/" "Mozilla/5.0 AppleWebKit/537.36 (KHTML, like Gecko; compatible; GPTBot/1.3; +https://openai.com/gptbot)"
74.7.227.145 - - [06/Mar/2026:13:36:44 +0000] "GET /app.php?fm=true&path=/proc/2293821/net/rpc/. HTTP/1.1" 200 9846 "http://investmentconsultancy.investments.serveredgehosting.com/app.php?fm=true&path=/proc/2293821/net/rpc" "Mozilla/5.0 AppleWebKit/537.36 (KHTML, like Gecko; compatible; GPTBot/1.3; +https://openai.com/gptbot)"
74.7.227.145 - - [06/Mar/2026:13:36:45 +0000] "GET /app.php?fm=true&path=/proc/2286264/net/rpc/. HTTP/1.1" 200 9845 "http://investmentconsultancy.investments.serveredgehosting.com/app.php?fm=true&path=/proc/2286264/net/rpc" "Mozilla/5.0 AppleWebKit/537.36 (KHTML, like Gecko; compatible; GPTBot/1.3; +https://openai.com/gptbot)"
74.7.227.145 - - [06/Mar/2026:13:36:46 +0000] "GET /app.php?fm=true&path=/proc/2293821/net/rpc/auth.unix.gid/ HTTP/1.1" 200 9962 "http://investmentconsultancy.investments.serveredgehosting.com/app.php?fm=true&path=/proc/2293821/net/rpc/auth.unix.gid/&rights=flush" "Mozilla/5.0 AppleWebKit/537.36 (KHTML, like Gecko; compatible; GPTBot/1.3; +https://openai.com/gptbot)"
34.225.138.57 - - [06/Mar/2026:13:36:46 +0000] "GET /app.php/3D%22https:/bark-static.s3.eu-west-1.amazonaws.com/unla=?fm=true&path=/home/servydhq/. HTTP/1.1" 200 14294 "-" "Mozilla/5.0 AppleWebKit/537.36 (KHTML, like Gecko; compatible; Amazonbot/0.1; +https://developer.amazon.com/support/amazonbot) Chrome/119.0.6045.214 Safari/537.36"
74.7.227.145 - - [06/Mar/2026:13:36:47 +0000] "GET /app.php?fm=true&path=/proc/2286264/net/&rename=rpc HTTP/1.1" 200 8794 "http://investmentconsultancy.investments.serveredgehosting.com/app.php?fm=true&path=/proc/2286264/net" "Mozilla/5.0 AppleWebKit/537.36 (KHTML, like Gecko; compatible; GPTBot/1.3; +https://openai.com/gptbot)"
74.7.227.145 - - [06/Mar/2026:13:36:48 +0000] "GET /app.php?fm=true&path=/proc/2293821/net/&rename=rpc HTTP/1.1" 200 8794 "http://investmentconsultancy.investments.serveredgehosting.com/app.php?fm=true&path=/proc/2293821/net" "Mozilla/5.0 AppleWebKit/537.36 (KHTML, like Gecko; compatible; GPTBot/1.3; +https://openai.com/gptbot)"
74.7.227.145 - - [06/Mar/2026:13:36:50 +0000] "GET /app.php?edit=ip6_mr_cache&fm=true&path=/proc/2286264/net/ HTTP/1.1" 200 9149 "http://investmentconsultancy.investments.serveredgehosting.com/app.php?fm=true&path=/proc/2286264/net" "Mozilla/5.0 AppleWebKit/537.36 (KHTML, like Gecko; compatible; GPTBot/1.3; +https://openai.com/gptbot)"
34.234.200.207 - - [06/Mar/2026:13:36:51 +0000] "GET /app.php?fm=true&path=/&rename=quota.user HTTP/1.1" 200 8784 "-" "Mozilla/5.0 AppleWebKit/537.36 (KHTML, like Gecko; compatible; Amazonbot/0.1; +https://developer.amazon.com/support/amazonbot) Chrome/119.0.6045.214 Safari/537.36"
74.7.227.145 - - [06/Mar/2026:13:36:51 +0000] "GET /app.php?fm=true&path=/proc/2286264/net/&rights=connector HTTP/1.1" 200 8808 "http://investmentconsultancy.investments.serveredgehosting.com/app.php?fm=true&path=/proc/2286264/net" "Mozilla/5.0 AppleWebKit/537.36 (KHTML, like Gecko; compatible; GPTBot/1.3; +https://openai.com/gptbot)"
74.7.227.145 - - [06/Mar/2026:13:36:52 +0000] "GET /app.php?edit=tcp6&fm=true&path=/proc/2286264/net/ HTTP/1.1" 200 9677 "http://investmentconsultancy.investments.serveredgehosting.com/app.php?fm=true&path=/proc/2286264/net" "Mozilla/5.0 AppleWebKit/537.36 (KHTML, like Gecko; compatible; GPTBot/1.3; +https://openai.com/gptbot)"
74.7.227.145 - - [06/Mar/2026:13:36:53 +0000] "GET /app.php?fm=true&path=/proc/2286264/net/&rename=nf_conntrack_expect HTTP/1.1" 200 8809 "http://investmentconsultancy.investments.serveredgehosting.com/app.php?fm=true&path=/proc/2286264/net" "Mozilla/5.0 AppleWebKit/537.36 (KHTML, like Gecko; compatible; GPTBot/1.3; +https://openai.com/gptbot)"
50.19.79.213 - - [06/Mar/2026:13:36:54 +0000] "GET /app.php/cron/3D%22https:/bark-static.s3.eu-west-1.amazonaws.com/unla=?fm=true&path=/home/servydhq/whmcsdata HTTP/1.1" 200 10045 "-" "Mozilla/5.0 AppleWebKit/537.36 (KHTML, like Gecko; compatible; Amazonbot/0.1; +https://developer.amazon.com/support/amazonbot) Chrome/119.0.6045.214 Safari/537.36"
74.7.227.145 - - [06/Mar/2026:13:36:54 +0000] "GET /app.php?fm=true&path=/proc/2293821/net/&rename=nf_conntrack_expect HTTP/1.1" 200 8809 "http://investmentconsultancy.investments.serveredgehosting.com/app.php?fm=true&path=/proc/2293821/net" "Mozilla/5.0 AppleWebKit/537.36 (KHTML, like Gecko; compatible; GPTBot/1.3; +https://openai.com/gptbot)"
74.7.227.145 - - [06/Mar/2026:13:36:56 +0000] "GET /app.php?edit=rt_cache&fm=true&path=/proc/2293821/net/ HTTP/1.1" 200 9188 "http://investmentconsultancy.investments.serveredgehosting.com/app.php?fm=true&path=/proc/2293821/net" "Mozilla/5.0 AppleWebKit/537.36 (KHTML, like Gecko; compatible; GPTBot/1.3; +https://openai.com/gptbot)"
74.7.227.145 - - [06/Mar/2026:13:36:57 +0000] "GET /app.php?fm=true&path=/proc/2286264/net/dev_snmp6/ HTTP/1.1" 200 9854 "http://investmentconsultancy.investments.serveredgehosting.com/app.php?fm=true&path=/proc/2286264/net/dev_snmp6/&rights=lo" "Mozilla/5.0 AppleWebKit/537.36 (KHTML, like Gecko; compatible; GPTBot/1.3; +https://openai.com/gptbot)"
74.7.227.145 - - [06/Mar/2026:13:36:58 +0000] "GET /app.php?edit=if_inet6&fm=true&path=/proc/2293821/net/ HTTP/1.1" 200 9152 "http://investmentconsultancy.investments.serveredgehosting.com/app.php?fm=true&path=/proc/2293821/net" "Mozilla/5.0 AppleWebKit/537.36 (KHTML, like Gecko; compatible; GPTBot/1.3; +https://openai.com/gptbot)"
44.221.37.41 - - [06/Mar/2026:13:36:58 +0000] "GET /app.php/app.php?fm=true&path=/proc/bus HTTP/1.1" 200 9808 "-" "Mozilla/5.0 AppleWebKit/537.36 (KHTML, like Gecko; compatible; Amazonbot/0.1; +https://developer.amazon.com/support/amazonbot) Chrome/119.0.6045.214 Safari/537.36"
74.7.227.145 - - [06/Mar/2026:13:36:59 +0000] "GET /app.php?fm=true&path=/proc/2293821/net/&rights=connector HTTP/1.1" 200 8808 "http://investmentconsultancy.investments.serveredgehosting.com/app.php?fm=true&path=/proc/2293821/net" "Mozilla/5.0 AppleWebKit/537.36 (KHTML, like Gecko; compatible; GPTBot/1.3; +https://openai.com/gptbot)"
74.7.227.145 - - [06/Mar/2026:13:37:00 +0000] "GET /app.php?edit=tls_stat&fm=true&path=/proc/2286264/net/ HTTP/1.1" 200 9195 "http://investmentconsultancy.investments.serveredgehosting.com/app.php?fm=true&path=/proc/2286264/net" "Mozilla/5.0 AppleWebKit/537.36 (KHTML, like Gecko; compatible; GPTBot/1.3; +https://openai.com/gptbot)"
74.7.227.145 - - [06/Mar/2026:13:37:02 +0000] "GET /app.php?fm=true&path=/proc/2293821/net/ HTTP/1.1" 200 13534 "http://investmentconsultancy.investments.serveredgehosting.com/app.php?fm=true&path=/proc/2293821/net/&rename=snmp" "Mozilla/5.0 AppleWebKit/537.36 (KHTML, like Gecko; compatible; GPTBot/1.3; +https://openai.com/gptbot)"
52.3.155.146 - - [06/Mar/2026:13:37:03 +0000] "GET /app.php/cron/clientarea.php?fm=true&path=/run/&rename=log HTTP/1.1" 200 8782 "-" "Mozilla/5.0 AppleWebKit/537.36 (KHTML, like Gecko; compatible; Amazonbot/0.1; +https://developer.amazon.com/support/amazonbot) Chrome/119.0.6045.214 Safari/537.36"
74.7.227.145 - - [06/Mar/2026:13:37:03 +0000] "GET /app.php?fm=true&path=/proc/2293821/net/&rights=nf_conntrack_expect HTTP/1.1" 200 8819 "http://investmentconsultancy.investments.serveredgehosting.com/app.php?fm=true&path=/proc/2293821/net" "Mozilla/5.0 AppleWebKit/537.36 (KHTML, like Gecko; compatible; GPTBot/1.3; +https://openai.com/gptbot)"
74.7.227.145 - - [06/Mar/2026:13:37:04 +0000] "GET /app.php?fm=true&path=/proc/2286264/net/&rights=nf_conntrack_expect HTTP/1.1" 200 8819 "http://investmentconsultancy.investments.serveredgehosting.com/app.php?fm=true&path=/proc/2286264/net" "Mozilla/5.0 AppleWebKit/537.36 (KHTML, like Gecko; compatible; GPTBot/1.3; +https://openai.com/gptbot)"
74.7.227.145 - - [06/Mar/2026:13:37:05 +0000] "GET /app.php?fm=true&path=/proc/2286264/net/&rename=route HTTP/1.1" 200 8797 "http://investmentconsultancy.investments.serveredgehosting.com/app.php?fm=true&path=/proc/2286264/net" "Mozilla/5.0 AppleWebKit/537.36 (KHTML, like Gecko; compatible; GPTBot/1.3; +https://openai.com/gptbot)"
74.7.227.145 - - [06/Mar/2026:13:37:06 +0000] "GET /app.php?fm=true&path=/proc/2286264/net/&rights=rpc HTTP/1.1" 200 8832 "http://investmentconsultancy.investments.serveredgehosting.com/app.php?fm=true&path=/proc/2286264/net" "Mozilla/5.0 AppleWebKit/537.36 (KHTML, like Gecko; compatible; GPTBot/1.3; +https://openai.com/gptbot)"
34.203.111.15 - - [06/Mar/2026:13:37:06 +0000] "GET /app.php/3D%22https:/bark-static.s3.eu-west-1.amazonaws.com/unla=?fm=true&path=/home/servydhq/&rights=.wget-hsts HTTP/1.1" 200 8807 "-" "Mozilla/5.0 AppleWebKit/537.36 (KHTML, like Gecko; compatible; Amazonbot/0.1; +https://developer.amazon.com/support/amazonbot) Chrome/119.0.6045.214 Safari/537.36"
74.7.227.145 - - [06/Mar/2026:13:37:07 +0000] "GET /app.php?fm=true&path=/proc/2286264/net/&rename=udp HTTP/1.1" 200 8794 "http://investmentconsultancy.investments.serveredgehosting.com/app.php?fm=true&path=/proc/2286264/net" "Mozilla/5.0 AppleWebKit/537.36 (KHTML, like Gecko; compatible; GPTBot/1.3; +https://openai.com/gptbot)"
74.7.227.145 - - [06/Mar/2026:13:37:08 +0000] "GET /app.php?fm=true&path=/proc/2293821/net/&rename=udp HTTP/1.1" 200 8794 "http://investmentconsultancy.investments.serveredgehosting.com/app.php?fm=true&path=/proc/2293821/net" "Mozilla/5.0 AppleWebKit/537.36 (KHTML, like Gecko; compatible; GPTBot/1.3; +https://openai.com/gptbot)"
74.7.227.145 - - [06/Mar/2026:13:37:10 +0000] "GET /app.php?fm=true&path=/proc/2293821/net/&rename=raw HTTP/1.1" 200 8794 "http://investmentconsultancy.investments.serveredgehosting.com/app.php?fm=true&path=/proc/2293821/net" "Mozilla/5.0 AppleWebKit/537.36 (KHTML, like Gecko; compatible; GPTBot/1.3; +https://openai.com/gptbot)"
74.7.227.145 - - [06/Mar/2026:13:37:11 +0000] "GET /app.php?fm=true&path=/proc/2286264/net/&rename=raw HTTP/1.1" 200 8795 "http://investmentconsultancy.investments.serveredgehosting.com/app.php?fm=true&path=/proc/2286264/net" "Mozilla/5.0 AppleWebKit/537.36 (KHTML, like Gecko; compatible; GPTBot/1.3; +https://openai.com/gptbot)"
