104.248.203.234 - - [06/Mar/2026:15:06:53 +0000] "GET /wp-content/plugins/directorypress/assets/lib/slick-carousel/css/slick.css HTTP/1.1" 200 569 "https://petpaloozahub.com/login/" "Mozilla/5.0 (Windows NT 10.0; Win64; x64) AppleWebKit/537.36 (KHTML, like Gecko) Chrome/143.0.0.0 Safari/537.36"
119.23.78.59 - - [06/Mar/2026:15:06:53 +0000] "GET /wp-content/themes/classiadspro/styles/css/bootstrap.min.css HTTP/1.1" 200 33777 "https://petpaloozahub.com/login/" "Mozilla/5.0 (Windows NT 10.0; Win64; x64) AppleWebKit/537.36 (KHTML, like Gecko) Chrome/143.0.0.0 Safari/537.36"
104.248.203.234 - - [06/Mar/2026:15:06:54 +0000] "GET /wp-content/plugins/directorypress/assets/lib/slick-carousel/css/slick-theme.css HTTP/1.1" 200 866 "https://petpaloozahub.com/login/" "Mozilla/5.0 (Windows NT 10.0; Win64; x64) AppleWebKit/537.36 (KHTML, like Gecko) Chrome/143.0.0.0 Safari/537.36"
185.191.171.3 - - [06/Mar/2026:15:06:54 +0000] "GET /9897018548.htm HTTP/1.1" 404 55226 "-" "Mozilla/5.0 (compatible; SemrushBot/7~bl; +http://www.semrush.com/bot.html)"
104.248.203.234 - - [06/Mar/2026:15:06:55 +0000] "GET /wp-content/plugins/directorypress/assets/css/directorypress-search.css HTTP/1.1" 200 4472 "https://petpaloozahub.com/login/" "Mozilla/5.0 (Windows NT 10.0; Win64; x64) AppleWebKit/537.36 (KHTML, like Gecko) Chrome/143.0.0.0 Safari/537.36"
119.23.78.59 - - [06/Mar/2026:15:06:55 +0000] "GET /wp-content/themes/classiadspro/styles/css/slick/slick.css HTTP/1.1" 200 569 "https://petpaloozahub.com/login/" "Mozilla/5.0 (Windows NT 10.0; Win64; x64) AppleWebKit/537.36 (KHTML, like Gecko) Chrome/143.0.0.0 Safari/537.36"
104.248.203.234 - - [06/Mar/2026:15:06:56 +0000] "GET /wp-content/plugins/directorypress/assets/css/style.css HTTP/1.1" 200 14221 "https://petpaloozahub.com/login/" "Mozilla/5.0 (Windows NT 10.0; Win64; x64) AppleWebKit/537.36 (KHTML, like Gecko) Chrome/143.0.0.0 Safari/537.36"
85.208.96.196 - - [06/Mar/2026:15:06:56 +0000] "GET /35945105781.htm HTTP/1.1" 404 55227 "-" "Mozilla/5.0 (compatible; SemrushBot/7~bl; +http://www.semrush.com/bot.html)"
104.248.203.234 - - [06/Mar/2026:15:06:57 +0000] "GET /wp-content/plugins/revslider/public/css/sr7.css HTTP/1.1" 200 1569 "https://petpaloozahub.com/login/" "Mozilla/5.0 (Windows NT 10.0; Win64; x64) AppleWebKit/537.36 (KHTML, like Gecko) Chrome/143.0.0.0 Safari/537.36"
104.248.203.234 - - [06/Mar/2026:15:06:58 +0000] "GET /wp-content/themes/classiadspro/styles/css/pacz-woocommerce.css HTTP/1.1" 200 9762 "https://petpaloozahub.com/login/" "Mozilla/5.0 (Windows NT 10.0; Win64; x64) AppleWebKit/537.36 (KHTML, like Gecko) Chrome/143.0.0.0 Safari/537.36"
119.23.78.59 - - [06/Mar/2026:15:06:59 +0000] "GET /wp-content/themes/classiadspro/styles/css/slick/slick-theme.css HTTP/1.1" 200 866 "https://petpaloozahub.com/login/" "Mozilla/5.0 (Windows NT 10.0; Win64; x64) AppleWebKit/537.36 (KHTML, like Gecko) Chrome/143.0.0.0 Safari/537.36"
104.248.203.234 - - [06/Mar/2026:15:06:59 +0000] "GET /wp-content/plugins/form-builder-wp/assets/css/style.css HTTP/1.1" 200 4028 "https://petpaloozahub.com/login/" "Mozilla/5.0 (Windows NT 10.0; Win64; x64) AppleWebKit/537.36 (KHTML, like Gecko) Chrome/143.0.0.0 Safari/537.36"
119.23.78.59 - - [06/Mar/2026:15:06:59 +0000] "GET /wp-content/themes/classiadspro/styles/material-icons/material-icons.min.css HTTP/1.1" 200 43656 "https://petpaloozahub.com/login/" "Mozilla/5.0 (Windows NT 10.0; Win64; x64) AppleWebKit/537.36 (KHTML, like Gecko) Chrome/143.0.0.0 Safari/537.36"
104.248.203.234 - - [06/Mar/2026:15:07:00 +0000] "GET /wp-content/plugins/header-footer-builder/assets/public/css/header-footer-builder.css HTTP/1.1" 200 425 "https://petpaloozahub.com/login/" "Mozilla/5.0 (Windows NT 10.0; Win64; x64) AppleWebKit/537.36 (KHTML, like Gecko) Chrome/143.0.0.0 Safari/537.36"
119.23.78.59 - - [06/Mar/2026:15:07:00 +0000] "GET /wp-content/themes/classiadspro/styles/css/select2.css HTTP/1.1" 200 2707 "https://petpaloozahub.com/login/" "Mozilla/5.0 (Windows NT 10.0; Win64; x64) AppleWebKit/537.36 (KHTML, like Gecko) Chrome/143.0.0.0 Safari/537.36"
104.248.203.234 - - [06/Mar/2026:15:07:01 +0000] "GET /wp-content/plugins/elementor/assets/lib/eicons/css/elementor-icons.min.css HTTP/1.1" 200 4429 "https://petpaloozahub.com/login/" "Mozilla/5.0 (Windows NT 10.0; Win64; x64) AppleWebKit/537.36 (KHTML, like Gecko) Chrome/143.0.0.0 Safari/537.36"
185.191.171.3 - - [06/Mar/2026:15:07:01 +0000] "GET /3594522648.htm HTTP/1.1" 404 55225 "-" "Mozilla/5.0 (compatible; SemrushBot/7~bl; +http://www.semrush.com/bot.html)"
104.248.203.234 - - [06/Mar/2026:15:07:02 +0000] "GET /wp-content/plugins/elementor/assets/css/frontend.min.css HTTP/1.1" 200 7271 "https://petpaloozahub.com/login/" "Mozilla/5.0 (Windows NT 10.0; Win64; x64) AppleWebKit/537.36 (KHTML, like Gecko) Chrome/143.0.0.0 Safari/537.36"
119.23.78.59 - - [06/Mar/2026:15:07:02 +0000] "GET /wp-content/themes/classiadspro/styles/css/pacz-styles.css HTTP/1.1" 200 25759 "https://petpaloozahub.com/login/" "Mozilla/5.0 (Windows NT 10.0; Win64; x64) AppleWebKit/537.36 (KHTML, like Gecko) Chrome/143.0.0.0 Safari/537.36"
104.248.203.234 - - [06/Mar/2026:15:07:03 +0000] "GET /wp-content/uploads/elementor/css/post-7.css HTTP/1.1" 200 376 "https://petpaloozahub.com/login/" "Mozilla/5.0 (Windows NT 10.0; Win64; x64) AppleWebKit/537.36 (KHTML, like Gecko) Chrome/143.0.0.0 Safari/537.36"
119.23.78.59 - - [06/Mar/2026:15:07:03 +0000] "GET /wp-content/themes/classiadspro/styles/css/post.css HTTP/1.1" 200 7353 "https://petpaloozahub.com/login/" "Mozilla/5.0 (Windows NT 10.0; Win64; x64) AppleWebKit/537.36 (KHTML, like Gecko) Chrome/143.0.0.0 Safari/537.36"
104.248.203.234 - - [06/Mar/2026:15:07:04 +0000] "GET /wp-content/plugins/elementor/assets/css/widget-spacer.min.css HTTP/1.1" 200 338 "https://petpaloozahub.com/login/" "Mozilla/5.0 (Windows NT 10.0; Win64; x64) AppleWebKit/537.36 (KHTML, like Gecko) Chrome/143.0.0.0 Safari/537.36"
119.23.78.59 - - [06/Mar/2026:15:07:05 +0000] "GET /wp-content/themes/classiadspro/styles/css/shortcode/common-shortcode.css HTTP/1.1" 200 1190 "https://petpaloozahub.com/login/" "Mozilla/5.0 (Windows NT 10.0; Win64; x64) AppleWebKit/537.36 (KHTML, like Gecko) Chrome/143.0.0.0 Safari/537.36"
104.248.203.234 - - [06/Mar/2026:15:07:05 +0000] "GET /wp-content/plugins/elementor/assets/css/widget-image.min.css HTTP/1.1" 200 135 "https://petpaloozahub.com/login/" "Mozilla/5.0 (Windows NT 10.0; Win64; x64) AppleWebKit/537.36 (KHTML, like Gecko) Chrome/143.0.0.0 Safari/537.36"
119.23.78.59 - - [06/Mar/2026:15:07:05 +0000] "GET /wp-content/themes/classiadspro/styles/css/fonticon-custom.min.css HTTP/1.1" 200 17773 "https://petpaloozahub.com/login/" "Mozilla/5.0 (Windows NT 10.0; Win64; x64) AppleWebKit/537.36 (KHTML, like Gecko) Chrome/143.0.0.0 Safari/537.36"
104.248.203.234 - - [06/Mar/2026:15:07:06 +0000] "GET /wp-content/uploads/elementor/css/post-100.css HTTP/1.1" 200 755 "https://petpaloozahub.com/login/" "Mozilla/5.0 (Windows NT 10.0; Win64; x64) AppleWebKit/537.36 (KHTML, like Gecko) Chrome/143.0.0.0 Safari/537.36"
119.23.78.59 - - [06/Mar/2026:15:07:06 +0000] "GET /wp-content/themes/classiadspro/directorypress/assets/css/common.css HTTP/1.1" 200 14557 "https://petpaloozahub.com/login/" "Mozilla/5.0 (Windows NT 10.0; Win64; x64) AppleWebKit/537.36 (KHTML, like Gecko) Chrome/143.0.0.0 Safari/537.36"
119.23.78.59 - - [06/Mar/2026:15:07:07 +0000] "GET /wp-includes/css/buttons.min.css HTTP/1.1" 200 1470 "https://petpaloozahub.com/login/" "Mozilla/5.0 (Windows NT 10.0; Win64; x64) AppleWebKit/537.36 (KHTML, like Gecko) Chrome/143.0.0.0 Safari/537.36"
104.248.203.234 - - [06/Mar/2026:15:07:07 +0000] "GET /wp-content/uploads/elementor/css/post-10242.css HTTP/1.1" 200 1873 "https://petpaloozahub.com/login/" "Mozilla/5.0 (Windows NT 10.0; Win64; x64) AppleWebKit/537.36 (KHTML, like Gecko) Chrome/143.0.0.0 Safari/537.36"
104.248.203.234 - - [06/Mar/2026:15:07:08 +0000] "GET /wp-content/uploads/elementor/css/post-9685.css HTTP/1.1" 200 1707 "https://petpaloozahub.com/login/" "Mozilla/5.0 (Windows NT 10.0; Win64; x64) AppleWebKit/537.36 (KHTML, like Gecko) Chrome/143.0.0.0 Safari/537.36"
104.248.203.234 - - [06/Mar/2026:15:07:10 +0000] "GET /wp-content/plugins/header-footer-builder/assets/public/css/menu.css HTTP/1.1" 200 7534 "https://petpaloozahub.com/login/" "Mozilla/5.0 (Windows NT 10.0; Win64; x64) AppleWebKit/537.36 (KHTML, like Gecko) Chrome/143.0.0.0 Safari/537.36"
119.23.78.59 - - [06/Mar/2026:15:07:10 +0000] "GET /wp-includes/js/mediaelement/mediaelementplayer-legacy.min.css HTTP/1.1" 200 2592 "https://petpaloozahub.com/login/" "Mozilla/5.0 (Windows NT 10.0; Win64; x64) AppleWebKit/537.36 (KHTML, like Gecko) Chrome/143.0.0.0 Safari/537.36"
104.248.203.234 - - [06/Mar/2026:15:07:10 +0000] "GET /wp-content/plugins/directorypress/reviews/css/jquery.raty.css HTTP/1.1" 200 756 "https://petpaloozahub.com/login/" "Mozilla/5.0 (Windows NT 10.0; Win64; x64) AppleWebKit/537.36 (KHTML, like Gecko) Chrome/143.0.0.0 Safari/537.36"
119.23.78.59 - - [06/Mar/2026:15:07:11 +0000] "GET /wp-includes/js/mediaelement/wp-mediaelement.min.css HTTP/1.1" 200 1156 "https://petpaloozahub.com/login/" "Mozilla/5.0 (Windows NT 10.0; Win64; x64) AppleWebKit/537.36 (KHTML, like Gecko) Chrome/143.0.0.0 Safari/537.36"
104.248.203.234 - - [06/Mar/2026:15:07:11 +0000] "GET /wp-content/themes/classiadspro/style.css HTTP/1.1" 200 636 "https://petpaloozahub.com/login/" "Mozilla/5.0 (Windows NT 10.0; Win64; x64) AppleWebKit/537.36 (KHTML, like Gecko) Chrome/143.0.0.0 Safari/537.36"
104.248.203.234 - - [06/Mar/2026:15:07:12 +0000] "GET /wp-content/themes/classiadspro/custom.css HTTP/1.1" 200 27 "https://petpaloozahub.com/login/" "Mozilla/5.0 (Windows NT 10.0; Win64; x64) AppleWebKit/537.36 (KHTML, like Gecko) Chrome/143.0.0.0 Safari/537.36"
119.23.78.59 - - [06/Mar/2026:15:07:13 +0000] "GET /wp-includes/css/media-views.min.css HTTP/1.1" 200 8721 "https://petpaloozahub.com/login/" "Mozilla/5.0 (Windows NT 10.0; Win64; x64) AppleWebKit/537.36 (KHTML, like Gecko) Chrome/143.0.0.0 Safari/537.36"
104.248.203.234 - - [06/Mar/2026:15:07:13 +0000] "GET /wp-content/uploads/classiadspro_assets/classiadspro-dynamic.css HTTP/1.1" 200 8224 "https://petpaloozahub.com/login/" "Mozilla/5.0 (Windows NT 10.0; Win64; x64) AppleWebKit/537.36 (KHTML, like Gecko) Chrome/143.0.0.0 Safari/537.36"
104.248.203.234 - - [06/Mar/2026:15:07:15 +0000] "GET /wp-content/plugins/directorypress/assets/css/custom.css HTTP/1.1" 200 27 "https://petpaloozahub.com/login/" "Mozilla/5.0 (Windows NT 10.0; Win64; x64) AppleWebKit/537.36 (KHTML, like Gecko) Chrome/143.0.0.0 Safari/537.36"
119.23.78.59 - - [06/Mar/2026:15:07:15 +0000] "GET /wp-includes/js/imgareaselect/imgareaselect.css HTTP/1.1" 200 265 "https://petpaloozahub.com/login/" "Mozilla/5.0 (Windows NT 10.0; Win64; x64) AppleWebKit/537.36 (KHTML, like Gecko) Chrome/143.0.0.0 Safari/537.36"
119.23.78.59 - - [06/Mar/2026:15:07:15 +0000] "GET /wp-content/plugins/dicode-icons-pack/assets/elegant/elegant-icons.min.css HTTP/1.1" 200 3995 "https://petpaloozahub.com/login/" "Mozilla/5.0 (Windows NT 10.0; Win64; x64) AppleWebKit/537.36 (KHTML, like Gecko) Chrome/143.0.0.0 Safari/537.36"
104.248.203.234 - - [06/Mar/2026:15:07:16 +0000] "GET /wp-content/uploads/elementor/google-fonts/css/roboto.css HTTP/1.1" 200 2869 "https://petpaloozahub.com/login/" "Mozilla/5.0 (Windows NT 10.0; Win64; x64) AppleWebKit/537.36 (KHTML, like Gecko) Chrome/143.0.0.0 Safari/537.36"
119.23.78.59 - - [06/Mar/2026:15:07:16 +0000] "GET /wp-content/plugins/dicode-icons-pack/assets/linearicons/linearicons.min.css HTTP/1.1" 200 1577 "https://petpaloozahub.com/login/" "Mozilla/5.0 (Windows NT 10.0; Win64; x64) AppleWebKit/537.36 (KHTML, like Gecko) Chrome/143.0.0.0 Safari/537.36"
104.248.203.234 - - [06/Mar/2026:15:07:17 +0000] "GET /wp-content/uploads/elementor/google-fonts/css/robotoslab.css HTTP/1.1" 200 961 "https://petpaloozahub.com/login/" "Mozilla/5.0 (Windows NT 10.0; Win64; x64) AppleWebKit/537.36 (KHTML, like Gecko) Chrome/143.0.0.0 Safari/537.36"
104.248.203.234 - - [06/Mar/2026:15:07:18 +0000] "GET /wp-content/uploads/elementor/google-fonts/css/lexenddeca.css HTTP/1.1" 200 629 "https://petpaloozahub.com/login/" "Mozilla/5.0 (Windows NT 10.0; Win64; x64) AppleWebKit/537.36 (KHTML, like Gecko) Chrome/143.0.0.0 Safari/537.36"
119.23.78.59 - - [06/Mar/2026:15:07:18 +0000] "GET /wp-content/plugins/dicode-icons-pack/assets/themify/themify.min.css HTTP/1.1" 200 2824 "https://petpaloozahub.com/login/" "Mozilla/5.0 (Windows NT 10.0; Win64; x64) AppleWebKit/537.36 (KHTML, like Gecko) Chrome/143.0.0.0 Safari/537.36"
119.23.78.59 - - [06/Mar/2026:15:07:18 +0000] "GET /wp-content/plugins/directorypress-frontend-messages/assets/css/style.css HTTP/1.1" 200 4380 "https://petpaloozahub.com/login/" "Mozilla/5.0 (Windows NT 10.0; Win64; x64) AppleWebKit/537.36 (KHTML, like Gecko) Chrome/143.0.0.0 Safari/537.36"
104.248.203.234 - - [06/Mar/2026:15:07:19 +0000] "GET /wp-content/uploads/elementor/google-fonts/css/poppins.css HTTP/1.1" 200 730 "https://petpaloozahub.com/login/" "Mozilla/5.0 (Windows NT 10.0; Win64; x64) AppleWebKit/537.36 (KHTML, like Gecko) Chrome/143.0.0.0 Safari/537.36"
119.23.78.59 - - [06/Mar/2026:15:07:20 +0000] "GET /wp-content/plugins/directorypress-frontend-messages/assets/css/common-style.css HTTP/1.1" 200 471 "https://petpaloozahub.com/login/" "Mozilla/5.0 (Windows NT 10.0; Win64; x64) AppleWebKit/537.36 (KHTML, like Gecko) Chrome/143.0.0.0 Safari/537.36"
104.248.203.234 - - [06/Mar/2026:15:07:20 +0000] "GET /wp-content/plugins/elementor/assets/lib/font-awesome/css/fontawesome.min.css HTTP/1.1" 200 12617 "https://petpaloozahub.com/login/" "Mozilla/5.0 (Windows NT 10.0; Win64; x64) AppleWebKit/537.36 (KHTML, like Gecko) Chrome/143.0.0.0 Safari/537.36"
119.23.78.59 - - [06/Mar/2026:15:07:21 +0000] "GET /wp-content/plugins/directorypress-frontend-messages/public/css/directorypress-frontend-messages-public.css HTTP/1.1" 200 106 "https://petpaloozahub.com/login/" "Mozilla/5.0 (Windows NT 10.0; Win64; x64) AppleWebKit/537.36 (KHTML, like Gecko) Chrome/143.0.0.0 Safari/537.36"
104.248.203.234 - - [06/Mar/2026:15:07:21 +0000] "GET /wp-content/plugins/elementor/assets/lib/font-awesome/css/solid.min.css HTTP/1.1" 200 309 "https://petpaloozahub.com/login/" "Mozilla/5.0 (Windows NT 10.0; Win64; x64) AppleWebKit/537.36 (KHTML, like Gecko) Chrome/143.0.0.0 Safari/537.36"
119.23.78.59 - - [06/Mar/2026:15:07:21 +0000] "GET /wp-content/plugins/directorypress-maps/assets/css/map.css HTTP/1.1" 200 1667 "https://petpaloozahub.com/login/" "Mozilla/5.0 (Windows NT 10.0; Win64; x64) AppleWebKit/537.36 (KHTML, like Gecko) Chrome/143.0.0.0 Safari/537.36"
104.248.203.234 - - [06/Mar/2026:15:07:22 +0000] "GET /wp-content/plugins/elementor/assets/lib/font-awesome/css/brands.min.css HTTP/1.1" 200 308 "https://petpaloozahub.com/login/" "Mozilla/5.0 (Windows NT 10.0; Win64; x64) AppleWebKit/537.36 (KHTML, like Gecko) Chrome/143.0.0.0 Safari/537.36"
119.23.78.59 - - [06/Mar/2026:15:07:22 +0000] "GET /wp-content/plugins/directorypress-claim-listing/assets/css/style.css HTTP/1.1" 200 106 "https://petpaloozahub.com/login/" "Mozilla/5.0 (Windows NT 10.0; Win64; x64) AppleWebKit/537.36 (KHTML, like Gecko) Chrome/143.0.0.0 Safari/537.36"
119.23.78.59 - - [06/Mar/2026:15:07:23 +0000] "GET /wp-content/plugins/directorypress-frontend/assets/css/directorypress-frontend-public.css HTTP/1.1" 200 13698 "https://petpaloozahub.com/login/" "Mozilla/5.0 (Windows NT 10.0; Win64; x64) AppleWebKit/537.36 (KHTML, like Gecko) Chrome/143.0.0.0 Safari/537.36"
104.248.203.234 - - [06/Mar/2026:15:07:23 +0000] "GET /wp-content/plugins/woocommerce/assets/client/blocks/wc-blocks.css HTTP/1.1" 200 2618 "https://petpaloozahub.com/login/" "Mozilla/5.0 (Windows NT 10.0; Win64; x64) AppleWebKit/537.36 (KHTML, like Gecko) Chrome/143.0.0.0 Safari/537.36"
119.23.78.59 - - [06/Mar/2026:15:07:23 +0000] "GET /wp-content/plugins/directorypress/assets/css/jqueryui/themes/smoothness/jquery-ui.min.css HTTP/1.1" 200 7688 "https://petpaloozahub.com/login/" "Mozilla/5.0 (Windows NT 10.0; Win64; x64) AppleWebKit/537.36 (KHTML, like Gecko) Chrome/143.0.0.0 Safari/537.36"
104.248.203.234 - - [06/Mar/2026:15:07:24 +0000] "GET /wp-content/uploads/redux/custom-fonts/fonts.css HTTP/1.1" 200 - "https://petpaloozahub.com/login/" "Mozilla/5.0 (Windows NT 10.0; Win64; x64) AppleWebKit/537.36 (KHTML, like Gecko) Chrome/143.0.0.0 Safari/537.36"
119.23.78.59 - - [06/Mar/2026:15:07:26 +0000] "GET /wp-content/plugins/directorypress/assets/lib/fontawesome/css/all.min.css HTTP/1.1" 200 12355 "https://petpaloozahub.com/login/" "Mozilla/5.0 (Windows NT 10.0; Win64; x64) AppleWebKit/537.36 (KHTML, like Gecko) Chrome/143.0.0.0 Safari/537.36"
72.223.188.67 - - [06/Mar/2026:15:07:26 +0000] "GET /wp-content/uploads/elementor/css/post-5409.css HTTP/1.1" 200 5732 "https://petpaloozahub.com/login/" "Mozilla/5.0 (Windows NT 10.0; Win64; x64) AppleWebKit/537.36 (KHTML, like Gecko) Chrome/143.0.0.0 Safari/537.36"
119.23.78.59 - - [06/Mar/2026:15:07:27 +0000] "GET /wp-content/plugins/directorypress/assets/lib/slick-carousel/css/slick.css HTTP/1.1" 200 569 "https://petpaloozahub.com/login/" "Mozilla/5.0 (Windows NT 10.0; Win64; x64) AppleWebKit/537.36 (KHTML, like Gecko) Chrome/143.0.0.0 Safari/537.36"
119.23.78.59 - - [06/Mar/2026:15:07:28 +0000] "GET /wp-content/plugins/directorypress/assets/lib/slick-carousel/css/slick-theme.css HTTP/1.1" 200 866 "https://petpaloozahub.com/login/" "Mozilla/5.0 (Windows NT 10.0; Win64; x64) AppleWebKit/537.36 (KHTML, like Gecko) Chrome/143.0.0.0 Safari/537.36"
119.23.78.59 - - [06/Mar/2026:15:07:29 +0000] "GET /wp-content/plugins/directorypress/assets/css/directorypress-search.css HTTP/1.1" 200 4472 "https://petpaloozahub.com/login/" "Mozilla/5.0 (Windows NT 10.0; Win64; x64) AppleWebKit/537.36 (KHTML, like Gecko) Chrome/143.0.0.0 Safari/537.36"
72.223.188.67 - - [06/Mar/2026:15:07:29 +0000] "GET /wp-content/plugins/elementor/assets/css/widget-heading.min.css HTTP/1.1" 200 560 "https://petpaloozahub.com/login/" "Mozilla/5.0 (Windows NT 10.0; Win64; x64) AppleWebKit/537.36 (KHTML, like Gecko) Chrome/143.0.0.0 Safari/537.36"
119.23.78.59 - - [06/Mar/2026:15:07:31 +0000] "GET /wp-content/plugins/directorypress/assets/css/style.css HTTP/1.1" 200 14221 "https://petpaloozahub.com/login/" "Mozilla/5.0 (Windows NT 10.0; Win64; x64) AppleWebKit/537.36 (KHTML, like Gecko) Chrome/143.0.0.0 Safari/537.36"
72.223.188.67 - - [06/Mar/2026:15:07:31 +0000] "GET /wp-content/uploads/directorypress_assets/directorypress-dynamic.css HTTP/1.1" 200 44756 "https://petpaloozahub.com/login/" "Mozilla/5.0 (Windows NT 10.0; Win64; x64) AppleWebKit/537.36 (KHTML, like Gecko) Chrome/143.0.0.0 Safari/537.36"
159.198.75.45 - - [06/Mar/2026:15:07:32 +0000] "POST /wp-cron.php?doing_wp_cron=1772809652.8624820709228515625000 HTTP/1.1" 200 - "-" "WordPress/6.9.1; https://petpaloozahub.com"
85.208.96.194 - - [06/Mar/2026:15:07:32 +0000] "GET /2300984833.htm HTTP/1.1" 404 55226 "-" "Mozilla/5.0 (compatible; SemrushBot/7~bl; +http://www.semrush.com/bot.html)"
119.23.78.59 - - [06/Mar/2026:15:07:33 +0000] "GET /wp-content/plugins/revslider/public/css/sr7.css HTTP/1.1" 200 1569 "https://petpaloozahub.com/login/" "Mozilla/5.0 (Windows NT 10.0; Win64; x64) AppleWebKit/537.36 (KHTML, like Gecko) Chrome/143.0.0.0 Safari/537.36"
119.23.78.59 - - [06/Mar/2026:15:07:34 +0000] "GET /wp-content/themes/classiadspro/styles/css/pacz-woocommerce.css HTTP/1.1" 200 9762 "https://petpaloozahub.com/login/" "Mozilla/5.0 (Windows NT 10.0; Win64; x64) AppleWebKit/537.36 (KHTML, like Gecko) Chrome/143.0.0.0 Safari/537.36"
119.23.78.59 - - [06/Mar/2026:15:07:34 +0000] "GET /wp-content/plugins/form-builder-wp/assets/css/style.css HTTP/1.1" 200 4028 "https://petpaloozahub.com/login/" "Mozilla/5.0 (Windows NT 10.0; Win64; x64) AppleWebKit/537.36 (KHTML, like Gecko) Chrome/143.0.0.0 Safari/537.36"
85.208.96.194 - - [06/Mar/2026:15:07:34 +0000] "GET /8112547024.htm HTTP/1.1" 404 55225 "-" "Mozilla/5.0 (compatible; SemrushBot/7~bl; +http://www.semrush.com/bot.html)"
119.23.78.59 - - [06/Mar/2026:15:07:35 +0000] "GET /wp-content/plugins/header-footer-builder/assets/public/css/header-footer-builder.css HTTP/1.1" 200 425 "https://petpaloozahub.com/login/" "Mozilla/5.0 (Windows NT 10.0; Win64; x64) AppleWebKit/537.36 (KHTML, like Gecko) Chrome/143.0.0.0 Safari/537.36"
72.223.188.67 - - [06/Mar/2026:15:07:36 +0000] "GET /wp-content/plugins/elementor/assets/css/widget-divider.min.css HTTP/1.1" 200 4258 "https://petpaloozahub.com/login/" "Mozilla/5.0 (Windows NT 10.0; Win64; x64) AppleWebKit/537.36 (KHTML, like Gecko) Chrome/143.0.0.0 Safari/537.36"
72.223.188.67 - - [06/Mar/2026:15:07:39 +0000] "GET /wp-content/plugins/elementor/assets/css/widget-social-icons.min.css HTTP/1.1" 200 5110 "https://petpaloozahub.com/login/" "Mozilla/5.0 (Windows NT 10.0; Win64; x64) AppleWebKit/537.36 (KHTML, like Gecko) Chrome/143.0.0.0 Safari/537.36"
72.223.188.67 - - [06/Mar/2026:15:07:41 +0000] "GET /wp-content/plugins/elementor/assets/css/conditionals/apple-webkit.min.css HTTP/1.1" 200 6713 "https://petpaloozahub.com/login/" "Mozilla/5.0 (Windows NT 10.0; Win64; x64) AppleWebKit/537.36 (KHTML, like Gecko) Chrome/143.0.0.0 Safari/537.36"
185.191.171.14 - - [06/Mar/2026:15:07:40 +0000] "GET /3594554049.htm HTTP/1.1" 404 55226 "-" "Mozilla/5.0 (compatible; SemrushBot/7~bl; +http://www.semrush.com/bot.html)"
72.223.188.67 - - [06/Mar/2026:15:07:43 +0000] "GET /wp-content/uploads/elementor/google-fonts/css/lato.css HTTP/1.1" 200 9104 "https://petpaloozahub.com/login/" "Mozilla/5.0 (Windows NT 10.0; Win64; x64) AppleWebKit/537.36 (KHTML, like Gecko) Chrome/143.0.0.0 Safari/537.36"
4.204.200.32 - - [06/Mar/2026:15:07:44 +0000] "GET /wp-content/plugins/hellopress/wp_filemanager.php HTTP/1.1" 404 337315 "-" "-"
4.204.200.32 - - [06/Mar/2026:15:07:45 +0000] "GET /aws_auth.php HTTP/1.1" 404 337279 "-" "-"
4.204.200.32 - - [06/Mar/2026:15:07:46 +0000] "GET /config_dev.php HTTP/1.1" 404 337281 "-" "-"
4.204.200.32 - - [06/Mar/2026:15:07:47 +0000] "GET /Okxob.php HTTP/1.1" 404 337276 "-" "-"
4.204.200.32 - - [06/Mar/2026:15:07:48 +0000] "GET /upload.form.php HTTP/1.1" 404 337282 "-" "-"
4.204.200.32 - - [06/Mar/2026:15:07:48 +0000] "GET /phpversion.php HTTP/1.1" 404 337281 "-" "-"
104.248.203.234 - - [06/Mar/2026:15:07:49 +0000] "POST /login/ HTTP/1.1" 200 57140 "https://petpaloozahub.com/login/" "Mozilla/5.0 (Windows NT 10.0; Win64; x64) AppleWebKit/537.36 (KHTML, like Gecko) Chrome/114.0.0.0 YaBrowser/22.7.0 Yowser/2.5 Safari/537.36"
4.204.200.32 - - [06/Mar/2026:15:07:49 +0000] "GET /aww.php HTTP/1.1" 404 337274 "-" "-"
4.204.200.32 - - [06/Mar/2026:15:07:50 +0000] "GET /services.php HTTP/1.1" 404 337279 "-" "-"
4.204.200.32 - - [06/Mar/2026:15:07:51 +0000] "GET /public/rip.php HTTP/1.1" 404 337281 "-" "-"
104.248.203.234 - - [06/Mar/2026:15:07:51 +0000] "GET /groups%22%22/ HTTP/1.1" 404 55223 "https://petpaloozahub.com/login/" "Mozilla/5.0 (Windows NT 10.0; Win64; x64) AppleWebKit/537.36 (KHTML, like Gecko) Chrome/114.0.0.0 YaBrowser/22.7.0 Yowser/2.5 Safari/537.36"
185.191.171.4 - - [06/Mar/2026:15:07:52 +0000] "GET /698532620.htm HTTP/1.1" 404 55224 "-" "Mozilla/5.0 (compatible; SemrushBot/7~bl; +http://www.semrush.com/bot.html)"
4.204.200.32 - - [06/Mar/2026:15:07:52 +0000] "GET /u88.php HTTP/1.1" 404 337274 "-" "-"
119.23.78.59 - - [06/Mar/2026:15:07:53 +0000] "GET /wp-content/plugins/elementor/assets/css/frontend.min.css HTTP/1.1" 200 7271 "https://petpaloozahub.com/login/" "Mozilla/5.0 (Windows NT 10.0; Win64; x64) AppleWebKit/537.36 (KHTML, like Gecko) Chrome/143.0.0.0 Safari/537.36"
4.204.200.32 - - [06/Mar/2026:15:07:53 +0000] "GET /f35.php HTTP/1.1" 404 337274 "-" "-"
119.23.78.59 - - [06/Mar/2026:15:07:54 +0000] "GET /wp-content/uploads/elementor/css/post-7.css HTTP/1.1" 200 376 "https://petpaloozahub.com/login/" "Mozilla/5.0 (Windows NT 10.0; Win64; x64) AppleWebKit/537.36 (KHTML, like Gecko) Chrome/143.0.0.0 Safari/537.36"
104.248.203.234 - - [06/Mar/2026:15:07:53 +0000] "GET /members%22%22/natalieconaway/activity HTTP/1.1" 404 55241 "https://petpaloozahub.com/register/" "Mozilla/5.0 (Windows NT 10.0; Win64; x64) AppleWebKit/537.36 (KHTML, like Gecko) Chrome/114.0.0.0 YaBrowser/22.7.0 Yowser/2.5 Safari/537.36"
4.204.200.32 - - [06/Mar/2026:15:07:54 +0000] "GET /wsd.php HTTP/1.1" 404 337274 "-" "-"
119.23.78.59 - - [06/Mar/2026:15:07:55 +0000] "GET /wp-content/plugins/elementor/assets/css/widget-spacer.min.css HTTP/1.1" 200 338 "https://petpaloozahub.com/login/" "Mozilla/5.0 (Windows NT 10.0; Win64; x64) AppleWebKit/537.36 (KHTML, like Gecko) Chrome/143.0.0.0 Safari/537.36"
4.204.200.32 - - [06/Mar/2026:15:07:54 +0000] "GET /goods.php HTTP/1.1" 404 337276 "-" "-"
72.223.188.67 - - [06/Mar/2026:15:07:55 +0000] "GET /wp-includes/css/dist/block-library/style.min.css HTTP/1.1" 200 119358 "https://petpaloozahub.com/members%22%22/natalieconaway/activity" "Mozilla/5.0 (Windows NT 10.0; Win64; x64) AppleWebKit/537.36 (KHTML, like Gecko) Chrome/143.0.0.0 Safari/537.36"
4.204.200.32 - - [06/Mar/2026:15:07:56 +0000] "GET /config/laravolt/css/index.php HTTP/1.1" 301 - "-" "-"
119.23.78.59 - - [06/Mar/2026:15:07:57 +0000] "GET /wp-content/plugins/elementor/assets/css/widget-image.min.css HTTP/1.1" 200 135 "https://petpaloozahub.com/login/" "Mozilla/5.0 (Windows NT 10.0; Win64; x64) AppleWebKit/537.36 (KHTML, like Gecko) Chrome/143.0.0.0 Safari/537.36"
4.204.200.32 - - [06/Mar/2026:15:07:57 +0000] "GET /config/laravolt/css/ HTTP/1.1" 404 337287 "-" "-"
119.23.78.59 - - [06/Mar/2026:15:07:58 +0000] "GET /wp-content/uploads/elementor/css/post-100.css HTTP/1.1" 200 755 "https://petpaloozahub.com/login/" "Mozilla/5.0 (Windows NT 10.0; Win64; x64) AppleWebKit/537.36 (KHTML, like Gecko) Chrome/143.0.0.0 Safari/537.36"
4.204.200.32 - - [06/Mar/2026:15:07:58 +0000] "GET /shell.php HTTP/1.1" 404 337276 "-" "-"
119.23.78.59 - - [06/Mar/2026:15:07:59 +0000] "GET /wp-content/uploads/elementor/css/post-10242.css HTTP/1.1" 200 1873 "https://petpaloozahub.com/login/" "Mozilla/5.0 (Windows NT 10.0; Win64; x64) AppleWebKit/537.36 (KHTML, like Gecko) Chrome/143.0.0.0 Safari/537.36"
72.223.188.67 - - [06/Mar/2026:15:07:59 +0000] "GET /wp-content/uploads/redux/custom-fonts/fonts.css HTTP/1.1" 200 - "https://petpaloozahub.com/members%22%22/natalieconaway/activity" "Mozilla/5.0 (Windows NT 10.0; Win64; x64) AppleWebKit/537.36 (KHTML, like Gecko) Chrome/143.0.0.0 Safari/537.36"
4.204.200.32 - - [06/Mar/2026:15:07:58 +0000] "GET /s.php HTTP/1.1" 404 337272 "-" "-"
68.71.249.153 - - [06/Mar/2026:15:08:00 +0000] "GET /wp-content/uploads/elementor/css/post-9622.css HTTP/1.1" 200 1660 "https://petpaloozahub.com/members%22%22/natalieconaway/activity" "Mozilla/5.0 (Windows NT 10.0; Win64; x64) AppleWebKit/537.36 (KHTML, like Gecko) Chrome/143.0.0.0 Safari/537.36"
4.204.200.32 - - [06/Mar/2026:15:07:59 +0000] "GET /autoload_classmap.php HTTP/1.1" 404 337288 "-" "-"
119.23.78.59 - - [06/Mar/2026:15:08:00 +0000] "GET /wp-content/uploads/elementor/css/post-9685.css HTTP/1.1" 200 1707 "https://petpaloozahub.com/login/" "Mozilla/5.0 (Windows NT 10.0; Win64; x64) AppleWebKit/537.36 (KHTML, like Gecko) Chrome/143.0.0.0 Safari/537.36"
68.71.249.153 - - [06/Mar/2026:15:08:00 +0000] "GET /wp-content/plugins/elementor/assets/lib/animations/styles/fadeIn.min.css HTTP/1.1" 200 77 "https://petpaloozahub.com/members%22%22/natalieconaway/activity" "Mozilla/5.0 (Windows NT 10.0; Win64; x64) AppleWebKit/537.36 (KHTML, like Gecko) Chrome/143.0.0.0 Safari/537.36"
4.204.200.32 - - [06/Mar/2026:15:08:00 +0000] "GET /config.php HTTP/1.1" 404 337277 "-" "-"
119.23.78.59 - - [06/Mar/2026:15:08:01 +0000] "GET /wp-content/plugins/header-footer-builder/assets/public/css/menu.css HTTP/1.1" 200 7534 "https://petpaloozahub.com/login/" "Mozilla/5.0 (Windows NT 10.0; Win64; x64) AppleWebKit/537.36 (KHTML, like Gecko) Chrome/143.0.0.0 Safari/537.36"
4.204.200.32 - - [06/Mar/2026:15:08:01 +0000] "GET /php_info.php HTTP/1.1" 404 337279 "-" "-"
4.204.200.32 - - [06/Mar/2026:15:08:02 +0000] "GET /gdn.php HTTP/1.1" 404 337274 "-" "-"
4.204.200.32 - - [06/Mar/2026:15:08:03 +0000] "GET /phpsysinfo.php HTTP/1.1" 404 337281 "-" "-"
4.204.200.32 - - [06/Mar/2026:15:08:04 +0000] "GET /product.php HTTP/1.1" 404 337278 "-" "-"
119.23.78.59 - - [06/Mar/2026:15:08:04 +0000] "GET /wp-content/plugins/directorypress/reviews/css/jquery.raty.css HTTP/1.1" 200 756 "https://petpaloozahub.com/login/" "Mozilla/5.0 (Windows NT 10.0; Win64; x64) AppleWebKit/537.36 (KHTML, like Gecko) Chrome/143.0.0.0 Safari/537.36"
4.204.200.32 - - [06/Mar/2026:15:08:05 +0000] "GET /bootstrap.php HTTP/1.1" 404 337280 "-" "-"
4.204.200.32 - - [06/Mar/2026:15:08:06 +0000] "GET /cli_bootstrap.php HTTP/1.1" 404 337284 "-" "-"
119.23.78.59 - - [06/Mar/2026:15:08:07 +0000] "GET /wp-content/themes/classiadspro/style.css HTTP/1.1" 200 636 "https://petpaloozahub.com/login/" "Mozilla/5.0 (Windows NT 10.0; Win64; x64) AppleWebKit/537.36 (KHTML, like Gecko) Chrome/143.0.0.0 Safari/537.36"
4.204.200.32 - - [06/Mar/2026:15:08:06 +0000] "GET /hochladen.form.php HTTP/1.1" 404 337285 "-" "-"
119.23.78.59 - - [06/Mar/2026:15:08:07 +0000] "GET /wp-content/themes/classiadspro/custom.css HTTP/1.1" 200 27 "https://petpaloozahub.com/login/" "Mozilla/5.0 (Windows NT 10.0; Win64; x64) AppleWebKit/537.36 (KHTML, like Gecko) Chrome/143.0.0.0 Safari/537.36"
119.23.78.59 - - [06/Mar/2026:15:08:08 +0000] "GET /wp-content/uploads/classiadspro_assets/classiadspro-dynamic.css HTTP/1.1" 200 8224 "https://petpaloozahub.com/login/" "Mozilla/5.0 (Windows NT 10.0; Win64; x64) AppleWebKit/537.36 (KHTML, like Gecko) Chrome/143.0.0.0 Safari/537.36"
4.204.200.32 - - [06/Mar/2026:15:08:07 +0000] "GET /dialog.php HTTP/1.1" 404 337277 "-" "-"
119.23.78.59 - - [06/Mar/2026:15:08:09 +0000] "GET /wp-content/plugins/directorypress/assets/css/custom.css HTTP/1.1" 200 27 "https://petpaloozahub.com/login/" "Mozilla/5.0 (Windows NT 10.0; Win64; x64) AppleWebKit/537.36 (KHTML, like Gecko) Chrome/143.0.0.0 Safari/537.36"
4.204.200.32 - - [06/Mar/2026:15:08:08 +0000] "GET /403.php HTTP/1.1" 404 337274 "-" "-"
119.23.78.59 - - [06/Mar/2026:15:08:09 +0000] "GET /wp-content/uploads/elementor/google-fonts/css/roboto.css HTTP/1.1" 200 2869 "https://petpaloozahub.com/login/" "Mozilla/5.0 (Windows NT 10.0; Win64; x64) AppleWebKit/537.36 (KHTML, like Gecko) Chrome/143.0.0.0 Safari/537.36"
4.204.200.32 - - [06/Mar/2026:15:08:09 +0000] "GET /app/Helpers/bladeHelpers.php HTTP/1.1" 404 337295 "-" "-"
119.23.78.59 - - [06/Mar/2026:15:08:10 +0000] "GET /wp-content/uploads/elementor/google-fonts/css/robotoslab.css HTTP/1.1" 200 961 "https://petpaloozahub.com/login/" "Mozilla/5.0 (Windows NT 10.0; Win64; x64) AppleWebKit/537.36 (KHTML, like Gecko) Chrome/143.0.0.0 Safari/537.36"
119.23.78.59 - - [06/Mar/2026:15:08:10 +0000] "GET /wp-content/uploads/elementor/google-fonts/css/lexenddeca.css HTTP/1.1" 200 629 "https://petpaloozahub.com/login/" "Mozilla/5.0 (Windows NT 10.0; Win64; x64) AppleWebKit/537.36 (KHTML, like Gecko) Chrome/143.0.0.0 Safari/537.36"
4.204.200.32 - - [06/Mar/2026:15:08:10 +0000] "GET /aws_secret_config.php HTTP/1.1" 404 337288 "-" "-"
119.23.78.59 - - [06/Mar/2026:15:08:11 +0000] "GET /wp-content/uploads/elementor/google-fonts/css/poppins.css HTTP/1.1" 200 730 "https://petpaloozahub.com/login/" "Mozilla/5.0 (Windows NT 10.0; Win64; x64) AppleWebKit/537.36 (KHTML, like Gecko) Chrome/143.0.0.0 Safari/537.36"
4.204.200.32 - - [06/Mar/2026:15:08:11 +0000] "GET /app.php HTTP/1.1" 404 337274 "-" "-"
4.204.200.32 - - [06/Mar/2026:15:08:12 +0000] "GET /aws-credentials.php HTTP/1.1" 404 337286 "-" "-"
119.23.78.59 - - [06/Mar/2026:15:08:13 +0000] "GET /wp-content/plugins/elementor/assets/lib/font-awesome/css/fontawesome.min.css HTTP/1.1" 200 12617 "https://petpaloozahub.com/login/" "Mozilla/5.0 (Windows NT 10.0; Win64; x64) AppleWebKit/537.36 (KHTML, like Gecko) Chrome/143.0.0.0 Safari/537.36"
4.204.200.32 - - [06/Mar/2026:15:08:13 +0000] "GET /cloud.php HTTP/1.1" 404 337276 "-" "-"
4.204.200.32 - - [06/Mar/2026:15:08:14 +0000] "GET /php-details.php HTTP/1.1" 404 337282 "-" "-"
4.204.200.32 - - [06/Mar/2026:15:08:15 +0000] "GET /install.php HTTP/1.1" 404 337278 "-" "-"
119.23.78.59 - - [06/Mar/2026:15:08:16 +0000] "GET /wp-content/plugins/elementor/assets/lib/font-awesome/css/solid.min.css HTTP/1.1" 200 309 "https://petpaloozahub.com/login/" "Mozilla/5.0 (Windows NT 10.0; Win64; x64) AppleWebKit/537.36 (KHTML, like Gecko) Chrome/143.0.0.0 Safari/537.36"
4.204.200.32 - - [06/Mar/2026:15:08:15 +0000] "GET /app_dev.php HTTP/1.1" 404 337278 "-" "-"
119.23.78.59 - - [06/Mar/2026:15:08:17 +0000] "GET /wp-content/plugins/elementor/assets/lib/font-awesome/css/brands.min.css HTTP/1.1" 200 308 "https://petpaloozahub.com/login/" "Mozilla/5.0 (Windows NT 10.0; Win64; x64) AppleWebKit/537.36 (KHTML, like Gecko) Chrome/143.0.0.0 Safari/537.36"
4.204.200.32 - - [06/Mar/2026:15:08:16 +0000] "GET /admin-post.php HTTP/1.1" 404 337281 "-" "-"
119.23.78.59 - - [06/Mar/2026:15:08:17 +0000] "GET /wp-content/plugins/woocommerce/assets/client/blocks/wc-blocks.css HTTP/1.1" 200 2618 "https://petpaloozahub.com/login/" "Mozilla/5.0 (Windows NT 10.0; Win64; x64) AppleWebKit/537.36 (KHTML, like Gecko) Chrome/143.0.0.0 Safari/537.36"
4.204.200.32 - - [06/Mar/2026:15:08:17 +0000] "GET /view.php HTTP/1.1" 404 337275 "-" "-"
119.23.78.59 - - [06/Mar/2026:15:08:18 +0000] "GET /wp-content/uploads/redux/custom-fonts/fonts.css HTTP/1.1" 200 - "https://petpaloozahub.com/login/" "Mozilla/5.0 (Windows NT 10.0; Win64; x64) AppleWebKit/537.36 (KHTML, like Gecko) Chrome/143.0.0.0 Safari/537.36"
119.23.78.59 - - [06/Mar/2026:15:08:18 +0000] "GET /wp-content/uploads/elementor/css/post-5409.css HTTP/1.1" 200 838 "https://petpaloozahub.com/login/" "Mozilla/5.0 (Windows NT 10.0; Win64; x64) AppleWebKit/537.36 (KHTML, like Gecko) Chrome/143.0.0.0 Safari/537.36"
4.204.200.32 - - [06/Mar/2026:15:08:18 +0000] "GET /params.php HTTP/1.1" 404 337277 "-" "-"
119.23.78.59 - - [06/Mar/2026:15:08:19 +0000] "GET /wp-content/plugins/elementor/assets/css/widget-heading.min.css HTTP/1.1" 200 160 "https://petpaloozahub.com/login/" "Mozilla/5.0 (Windows NT 10.0; Win64; x64) AppleWebKit/537.36 (KHTML, like Gecko) Chrome/143.0.0.0 Safari/537.36"
4.204.200.32 - - [06/Mar/2026:15:08:19 +0000] "GET /error.php HTTP/1.1" 404 337276 "-" "-"
4.204.200.32 - - [06/Mar/2026:15:08:20 +0000] "GET /cache-compat.php HTTP/1.1" 404 337283 "-" "-"
119.23.78.59 - - [06/Mar/2026:15:08:21 +0000] "GET /wp-content/uploads/directorypress_assets/directorypress-dynamic.css HTTP/1.1" 200 6302 "https://petpaloozahub.com/login/" "Mozilla/5.0 (Windows NT 10.0; Win64; x64) AppleWebKit/537.36 (KHTML, like Gecko) Chrome/143.0.0.0 Safari/537.36"
4.204.200.32 - - [06/Mar/2026:15:08:20 +0000] "GET /configuration.php HTTP/1.1" 404 337284 "-" "-"
4.204.200.32 - - [06/Mar/2026:15:08:21 +0000] "GET /filesystems.php HTTP/1.1" 404 337282 "-" "-"
119.23.78.59 - - [06/Mar/2026:15:08:23 +0000] "GET /wp-content/plugins/elementor/assets/css/widget-divider.min.css HTTP/1.1" 200 741 "https://petpaloozahub.com/login/" "Mozilla/5.0 (Windows NT 10.0; Win64; x64) AppleWebKit/537.36 (KHTML, like Gecko) Chrome/143.0.0.0 Safari/537.36"
4.204.200.32 - - [06/Mar/2026:15:08:22 +0000] "GET /file.php HTTP/1.1" 404 337275 "-" "-"
4.204.200.32 - - [06/Mar/2026:15:08:23 +0000] "GET /session.php HTTP/1.1" 404 337278 "-" "-"
119.23.78.59 - - [06/Mar/2026:15:08:24 +0000] "GET /wp-content/plugins/elementor/assets/css/widget-social-icons.min.css HTTP/1.1" 200 1142 "https://petpaloozahub.com/login/" "Mozilla/5.0 (Windows NT 10.0; Win64; x64) AppleWebKit/537.36 (KHTML, like Gecko) Chrome/143.0.0.0 Safari/537.36"
4.204.200.32 - - [06/Mar/2026:15:08:24 +0000] "GET /content.php HTTP/1.1" 404 337278 "-" "-"
119.23.78.59 - - [06/Mar/2026:15:08:25 +0000] "GET /wp-content/plugins/elementor/assets/css/conditionals/apple-webkit.min.css HTTP/1.1" 200 547 "https://petpaloozahub.com/login/" "Mozilla/5.0 (Windows NT 10.0; Win64; x64) AppleWebKit/537.36 (KHTML, like Gecko) Chrome/143.0.0.0 Safari/537.36"
159.198.75.45 - - [06/Mar/2026:15:08:25 +0000] "POST /wp-cron.php?doing_wp_cron=1772809705.4706640243530273437500 HTTP/1.1" 200 - "-" "WordPress/6.9.1; https://petpaloozahub.com"
4.204.200.32 - - [06/Mar/2026:15:08:24 +0000] "GET /cs.php HTTP/1.1" 404 337273 "-" "-"
4.204.200.32 - - [06/Mar/2026:15:08:25 +0000] "GET /wp-conflg.php HTTP/1.1" 404 337280 "-" "-"
119.23.78.59 - - [06/Mar/2026:15:08:26 +0000] "GET /wp-content/uploads/elementor/google-fonts/css/lato.css HTTP/1.1" 200 598 "https://petpaloozahub.com/login/" "Mozilla/5.0 (Windows NT 10.0; Win64; x64) AppleWebKit/537.36 (KHTML, like Gecko) Chrome/143.0.0.0 Safari/537.36"
4.204.200.32 - - [06/Mar/2026:15:08:26 +0000] "GET /setup-config.php HTTP/1.1" 404 337283 "-" "-"
119.23.78.59 - - [06/Mar/2026:15:08:26 +0000] "POST /login/ HTTP/1.1" 200 57141 "https://petpaloozahub.com/login/" "Mozilla/5.0 (X11; Linux x86_64) AppleWebKit/537.36 (KHTML, like Gecko) Chrome/114.0.0.0 Safari/537.36 OPR/89.0.4447.51"
4.204.200.32 - - [06/Mar/2026:15:08:27 +0000] "GET /buy.php HTTP/1.1" 404 337274 "-" "-"
4.204.200.32 - - [06/Mar/2026:15:08:28 +0000] "GET /requirements.php HTTP/1.1" 404 337283 "-" "-"
4.204.200.32 - - [06/Mar/2026:15:08:29 +0000] "GET /aws_config.php HTTP/1.1" 404 337281 "-" "-"
4.204.200.32 - - [06/Mar/2026:15:08:30 +0000] "GET /radio.php HTTP/1.1" 404 337276 "-" "-"
4.204.200.32 - - [06/Mar/2026:15:08:30 +0000] "GET /g9qam3.php HTTP/1.1" 404 337277 "-" "-"
4.204.200.32 - - [06/Mar/2026:15:08:31 +0000] "GET /umgebung.php HTTP/1.1" 404 337279 "-" "-"
4.204.200.32 - - [06/Mar/2026:15:08:32 +0000] "GET /update.php HTTP/1.1" 404 337277 "-" "-"
4.204.200.32 - - [06/Mar/2026:15:08:33 +0000] "GET /new2.php HTTP/1.1" 404 337275 "-" "-"
4.204.200.32 - - [06/Mar/2026:15:08:34 +0000] "GET /konfig.php HTTP/1.1" 404 337277 "-" "-"
119.23.78.59 - - [06/Mar/2026:15:08:34 +0000] "GET /groups%22%22/ HTTP/1.1" 404 55223 "https://petpaloozahub.com/login/" "Mozilla/5.0 (X11; Linux x86_64) AppleWebKit/537.36 (KHTML, like Gecko) Chrome/114.0.0.0 Safari/537.36 OPR/89.0.4447.51"
4.204.200.32 - - [06/Mar/2026:15:08:35 +0000] "GET /doc.php HTTP/1.1" 404 337274 "-" "-"
4.204.200.32 - - [06/Mar/2026:15:08:35 +0000] "GET /zaza.php HTTP/1.1" 404 337275 "-" "-"
4.204.200.32 - - [06/Mar/2026:15:08:36 +0000] "GET /aws_settings.php HTTP/1.1" 404 337283 "-" "-"
119.23.78.59 - - [06/Mar/2026:15:08:37 +0000] "GET /members%22%22/olensharkey122/activity HTTP/1.1" 404 55241 "https://petpaloozahub.com/register/" "Mozilla/5.0 (X11; Linux x86_64) AppleWebKit/537.36 (KHTML, like Gecko) Chrome/114.0.0.0 Safari/537.36 OPR/89.0.4447.51"
4.204.200.32 - - [06/Mar/2026:15:08:37 +0000] "GET /gk.php HTTP/1.1" 404 337273 "-" "-"
4.204.200.32 - - [06/Mar/2026:15:08:38 +0000] "GET /hiquido.com/index.php HTTP/1.1" 301 - "-" "-"
4.204.200.32 - - [06/Mar/2026:15:08:39 +0000] "GET /hiquido.com/ HTTP/1.1" 404 337279 "-" "-"
185.191.171.17 - - [06/Mar/2026:15:08:39 +0000] "GET /98970123014.htm HTTP/1.1" 404 55226 "-" "Mozilla/5.0 (compatible; SemrushBot/7~bl; +http://www.semrush.com/bot.html)"
4.204.200.32 - - [06/Mar/2026:15:08:40 +0000] "GET /i.php HTTP/1.1" 404 337272 "-" "-"
119.23.78.59 - - [06/Mar/2026:15:08:41 +0000] "GET /wp-includes/css/dist/block-library/style.min.css HTTP/1.1" 200 15916 "https://petpaloozahub.com/members%22%22/olensharkey122/activity" "Mozilla/5.0 (Windows NT 10.0; Win64; x64) AppleWebKit/537.36 (KHTML, like Gecko) Chrome/143.0.0.0 Safari/537.36"
4.204.200.32 - - [06/Mar/2026:15:08:41 +0000] "GET /g3.php HTTP/1.1" 404 337273 "-" "-"
4.204.200.32 - - [06/Mar/2026:15:08:42 +0000] "GET /localconf.php HTTP/1.1" 404 337280 "-" "-"
4.204.200.32 - - [06/Mar/2026:15:08:43 +0000] "GET /fcr.php HTTP/1.1" 404 337274 "-" "-"
119.23.78.59 - - [06/Mar/2026:15:08:43 +0000] "GET /wp-content/plugins/elementor/assets/lib/eicons/css/elementor-icons.min.css HTTP/1.1" 200 4429 "https://petpaloozahub.com/members%22%22/olensharkey122/activity" "Mozilla/5.0 (Windows NT 10.0; Win64; x64) AppleWebKit/537.36 (KHTML, like Gecko) Chrome/143.0.0.0 Safari/537.36"
185.191.171.4 - - [06/Mar/2026:15:08:44 +0000] "GET /9897027669.htm HTTP/1.1" 404 55226 "-" "Mozilla/5.0 (compatible; SemrushBot/7~bl; +http://www.semrush.com/bot.html)"
4.204.200.32 - - [06/Mar/2026:15:08:44 +0000] "GET /Xx.php HTTP/1.1" 404 337273 "-" "-"
119.23.78.59 - - [06/Mar/2026:15:08:45 +0000] "GET /wp-content/uploads/redux/custom-fonts/fonts.css HTTP/1.1" 200 - "https://petpaloozahub.com/members%22%22/olensharkey122/activity" "Mozilla/5.0 (Windows NT 10.0; Win64; x64) AppleWebKit/537.36 (KHTML, like Gecko) Chrome/143.0.0.0 Safari/537.36"
4.204.200.32 - - [06/Mar/2026:15:08:45 +0000] "GET /app.default.php HTTP/1.1" 404 337282 "-" "-"
119.23.78.59 - - [06/Mar/2026:15:08:46 +0000] "GET /wp-content/uploads/elementor/css/post-9622.css HTTP/1.1" 200 385 "https://petpaloozahub.com/members%22%22/olensharkey122/activity" "Mozilla/5.0 (Windows NT 10.0; Win64; x64) AppleWebKit/537.36 (KHTML, like Gecko) Chrome/143.0.0.0 Safari/537.36"
200.10.47.203 - - [06/Mar/2026:15:08:46 +0000] "GET /author/brittdelgado02/?profile=true HTTP/1.1" 200 56721 "-" "Mozilla/5.0 (X11; Linux x86_64) AppleWebKit/537.36 (KHTML, like Gecko) Chrome/114.0.0.0 Safari/537.36 OPR/89.0.4447.51"
4.204.200.32 - - [06/Mar/2026:15:08:46 +0000] "GET /pinfo.php HTTP/1.1" 404 337276 "-" "-"
4.204.200.32 - - [06/Mar/2026:15:08:47 +0000] "GET /public/bnn_.php.php HTTP/1.1" 404 337286 "-" "-"
119.23.78.59 - - [06/Mar/2026:15:08:48 +0000] "GET /wp-content/plugins/elementor/assets/lib/animations/styles/fadeIn.min.css HTTP/1.1" 200 79 "https://petpaloozahub.com/members%22%22/olensharkey122/activity" "Mozilla/5.0 (Windows NT 10.0; Win64; x64) AppleWebKit/537.36 (KHTML, like Gecko) Chrome/143.0.0.0 Safari/537.36"
4.204.200.32 - - [06/Mar/2026:15:08:48 +0000] "GET /system_log.php HTTP/1.1" 404 337281 "-" "-"
4.204.200.32 - - [06/Mar/2026:15:08:49 +0000] "GET /byp.php HTTP/1.1" 404 337274 "-" "-"
4.204.200.32 - - [06/Mar/2026:15:08:50 +0000] "GET /public/mah.php.php HTTP/1.1" 404 337285 "-" "-"
4.204.200.32 - - [06/Mar/2026:15:08:51 +0000] "GET /classsmtps.php HTTP/1.1" 404 337281 "-" "-"
4.204.200.32 - - [06/Mar/2026:15:08:52 +0000] "GET /test.config.php HTTP/1.1" 404 337282 "-" "-"
4.204.200.32 - - [06/Mar/2026:15:08:53 +0000] "GET /aws.php HTTP/1.1" 404 337274 "-" "-"
85.208.96.203 - - [06/Mar/2026:15:08:53 +0000] "GET /3594554813.htm HTTP/1.1" 404 55226 "-" "Mozilla/5.0 (compatible; SemrushBot/7~bl; +http://www.semrush.com/bot.html)"
4.204.200.32 - - [06/Mar/2026:15:08:54 +0000] "GET /am7l75.php HTTP/1.1" 404 337277 "-" "-"
4.204.200.32 - - [06/Mar/2026:15:08:56 +0000] "GET /bigdump.php HTTP/1.1" 404 337278 "-" "-"
4.204.200.32 - - [06/Mar/2026:15:08:57 +0000] "GET /time.php HTTP/1.1" 404 337275 "-" "-"
185.191.171.4 - - [06/Mar/2026:15:08:57 +0000] "GET /9897012465.htm HTTP/1.1" 404 55226 "-" "Mozilla/5.0 (compatible; SemrushBot/7~bl; +http://www.semrush.com/bot.html)"
4.204.200.32 - - [06/Mar/2026:15:08:58 +0000] "GET /xin1.php HTTP/1.1" 404 337275 "-" "-"
4.204.200.32 - - [06/Mar/2026:15:08:59 +0000] "GET /aws_sdk_settings.php HTTP/1.1" 404 337287 "-" "-"
4.204.200.32 - - [06/Mar/2026:15:09:00 +0000] "GET /env.php HTTP/1.1" 404 337274 "-" "-"
4.204.200.32 - - [06/Mar/2026:15:09:01 +0000] "GET /wp-configs.php HTTP/1.1" 404 337281 "-" "-"
4.204.200.32 - - [06/Mar/2026:15:09:02 +0000] "GET /old_phpinfo.php HTTP/1.1" 404 337282 "-" "-"
4.204.200.32 - - [06/Mar/2026:15:09:04 +0000] "GET /lmfi2.php HTTP/1.1" 404 337276 "-" "-"
4.204.200.32 - - [06/Mar/2026:15:09:05 +0000] "GET /ihipj.php HTTP/1.1" 404 337276 "-" "-"
4.204.200.32 - - [06/Mar/2026:15:09:06 +0000] "GET /asa.php HTTP/1.1" 404 337274 "-" "-"
4.204.200.32 - - [06/Mar/2026:15:09:07 +0000] "GET /wp-config.backup.php HTTP/1.1" 404 337287 "-" "-"
4.204.200.32 - - [06/Mar/2026:15:09:08 +0000] "GET /apikeys.php HTTP/1.1" 404 337278 "-" "-"
4.204.200.32 - - [06/Mar/2026:15:09:09 +0000] "GET /887re4.php HTTP/1.1" 404 337277 "-" "-"
4.204.200.32 - - [06/Mar/2026:15:09:10 +0000] "GET /blbup.php HTTP/1.1" 404 337276 "-" "-"
4.204.200.32 - - [06/Mar/2026:15:09:11 +0000] "GET /wp-class.php HTTP/1.1" 404 337279 "-" "-"
4.204.200.32 - - [06/Mar/2026:15:09:12 +0000] "GET /var/www/wallet/index.php HTTP/1.1" 301 - "-" "-"
4.204.200.32 - - [06/Mar/2026:15:09:12 +0000] "GET /var/www/wallet/ HTTP/1.1" 404 337282 "-" "-"
4.204.200.32 - - [06/Mar/2026:15:09:13 +0000] "GET /aws_credentials.php HTTP/1.1" 404 337286 "-" "-"
4.204.200.32 - - [06/Mar/2026:15:09:14 +0000] "GET /json.php HTTP/1.1" 404 337275 "-" "-"
4.204.200.32 - - [06/Mar/2026:15:09:15 +0000] "GET /admin-ajax.php HTTP/1.1" 404 337281 "-" "-"
4.204.200.32 - - [06/Mar/2026:15:09:16 +0000] "GET /wp-konfig.php HTTP/1.1" 404 337280 "-" "-"
85.208.96.196 - - [06/Mar/2026:15:09:16 +0000] "GET /9897034509.htm HTTP/1.1" 404 55226 "-" "Mozilla/5.0 (compatible; SemrushBot/7~bl; +http://www.semrush.com/bot.html)"
4.204.200.32 - - [06/Mar/2026:15:09:17 +0000] "GET /database.php HTTP/1.1" 404 337279 "-" "-"
4.204.200.32 - - [06/Mar/2026:15:09:19 +0000] "GET /routes.php HTTP/1.1" 404 337277 "-" "-"
4.204.200.32 - - [06/Mar/2026:15:09:20 +0000] "GET /asdf.php HTTP/1.1" 404 337275 "-" "-"
4.204.200.32 - - [06/Mar/2026:15:09:21 +0000] "GET /num.php HTTP/1.1" 404 337274 "-" "-"
4.204.200.32 - - [06/Mar/2026:15:09:22 +0000] "GET /m.php HTTP/1.1" 404 337272 "-" "-"
4.204.200.32 - - [06/Mar/2026:15:09:23 +0000] "GET /packed.php HTTP/1.1" 404 337277 "-" "-"
4.204.200.32 - - [06/Mar/2026:15:09:24 +0000] "GET /0.php HTTP/1.1" 404 337272 "-" "-"
159.198.75.45 - - [06/Mar/2026:15:09:25 +0000] "POST /wp-cron.php?doing_wp_cron=1772809765.5006608963012695312500 HTTP/1.1" 200 - "-" "WordPress/6.9.1; https://petpaloozahub.com"
85.208.96.212 - - [06/Mar/2026:15:09:24 +0000] "GET /3594579392.htm HTTP/1.1" 404 55226 "-" "Mozilla/5.0 (compatible; SemrushBot/7~bl; +http://www.semrush.com/bot.html)"
4.204.200.32 - - [06/Mar/2026:15:09:25 +0000] "GET /8.php HTTP/1.1" 404 337272 "-" "-"
4.204.200.32 - - [06/Mar/2026:15:09:26 +0000] "GET /bipzx.php HTTP/1.1" 404 337276 "-" "-"
4.204.200.32 - - [06/Mar/2026:15:09:26 +0000] "GET /wp-info.php HTTP/1.1" 404 337278 "-" "-"
4.204.200.32 - - [06/Mar/2026:15:09:27 +0000] "GET /api.php HTTP/1.1" 404 337274 "-" "-"
4.204.200.32 - - [06/Mar/2026:15:09:28 +0000] "GET /temp.php HTTP/1.1" 404 337275 "-" "-"
4.204.200.32 - - [06/Mar/2026:15:09:29 +0000] "GET /oiko6u.php HTTP/1.1" 404 337277 "-" "-"
4.204.200.32 - - [06/Mar/2026:15:09:30 +0000] "GET /debug.php HTTP/1.1" 404 337276 "-" "-"
4.204.200.32 - - [06/Mar/2026:15:09:30 +0000] "GET /tinyfilemanager.php HTTP/1.1" 404 337286 "-" "-"
4.204.200.32 - - [06/Mar/2026:15:09:31 +0000] "GET /application.config.php HTTP/1.1" 404 337289 "-" "-"
4.204.200.32 - - [06/Mar/2026:15:09:32 +0000] "GET /queue.php HTTP/1.1" 404 337276 "-" "-"
4.204.200.32 - - [06/Mar/2026:15:09:33 +0000] "GET /groceries/index.php HTTP/1.1" 301 - "-" "-"
4.204.200.32 - - [06/Mar/2026:15:09:33 +0000] "GET /groceries/ HTTP/1.1" 404 337277 "-" "-"
4.204.200.32 - - [06/Mar/2026:15:09:34 +0000] "GET /fw.php HTTP/1.1" 404 337273 "-" "-"
4.204.200.32 - - [06/Mar/2026:15:09:35 +0000] "GET /cong.php HTTP/1.1" 404 337275 "-" "-"
4.204.200.32 - - [06/Mar/2026:15:09:36 +0000] "GET /cache.php HTTP/1.1" 404 337276 "-" "-"
4.204.200.32 - - [06/Mar/2026:15:09:37 +0000] "GET /linusadmin-phpinfo.php HTTP/1.1" 404 337289 "-" "-"
4.204.200.32 - - [06/Mar/2026:15:09:37 +0000] "GET /xza.php HTTP/1.1" 404 337274 "-" "-"
4.204.200.32 - - [06/Mar/2026:15:09:38 +0000] "GET /classwithtostring.php HTTP/1.1" 404 337288 "-" "-"
4.204.200.32 - - [06/Mar/2026:15:09:39 +0000] "GET /6oaex9.php HTTP/1.1" 404 337277 "-" "-"
4.204.200.32 - - [06/Mar/2026:15:09:40 +0000] "GET /sgd.php HTTP/1.1" 404 337274 "-" "-"
4.204.200.32 - - [06/Mar/2026:15:09:41 +0000] "GET /userfuns.php HTTP/1.1" 404 337279 "-" "-"
4.204.200.32 - - [06/Mar/2026:15:09:41 +0000] "GET /fucku.php HTTP/1.1" 404 337276 "-" "-"
4.204.200.32 - - [06/Mar/2026:15:09:42 +0000] "GET /6zhiiv.php HTTP/1.1" 404 337277 "-" "-"
4.204.200.32 - - [06/Mar/2026:15:09:43 +0000] "GET /chosen.php HTTP/1.1" 404 337277 "-" "-"
4.204.200.32 - - [06/Mar/2026:15:09:44 +0000] "GET /php-info.php HTTP/1.1" 404 337279 "-" "-"
4.204.200.32 - - [06/Mar/2026:15:09:45 +0000] "GET /dd.php HTTP/1.1" 404 337273 "-" "-"
4.204.200.32 - - [06/Mar/2026:15:09:45 +0000] "GET /environment.php HTTP/1.1" 404 337282 "-" "-"
4.204.200.32 - - [06/Mar/2026:15:09:46 +0000] "GET /debuggen.php HTTP/1.1" 404 337279 "-" "-"
4.204.200.32 - - [06/Mar/2026:15:09:47 +0000] "GET /app/Models/Hrm/Employee.php HTTP/1.1" 404 337294 "-" "-"
4.204.200.32 - - [06/Mar/2026:15:09:49 +0000] "GET /infos.php HTTP/1.1" 404 337276 "-" "-"
4.204.200.32 - - [06/Mar/2026:15:09:50 +0000] "GET /paths.php HTTP/1.1" 404 337276 "-" "-"
4.204.200.32 - - [06/Mar/2026:15:09:50 +0000] "GET /app_local.php HTTP/1.1" 404 337280 "-" "-"
4.204.200.32 - - [06/Mar/2026:15:09:51 +0000] "GET /aws_keys.php HTTP/1.1" 404 337279 "-" "-"
4.204.200.32 - - [06/Mar/2026:15:09:52 +0000] "GET /auth.php HTTP/1.1" 404 337275 "-" "-"
4.204.200.32 - - [06/Mar/2026:15:09:53 +0000] "GET /wp-konfig.backup.php HTTP/1.1" 404 337287 "-" "-"
4.204.200.32 - - [06/Mar/2026:15:09:54 +0000] "GET /broadcasting.php HTTP/1.1" 404 337283 "-" "-"
4.204.200.32 - - [06/Mar/2026:15:09:55 +0000] "GET /server_info.php HTTP/1.1" 404 337282 "-" "-"
24.111.75.203 - - [06/Mar/2026:15:09:56 +0000] "GET /wp-content/uploads/2023/03/ei_1729175304894-removebg-preview.png HTTP/1.1" 200 171412 "https://buyall.us/" "Mozilla/5.0 (Windows NT 10.0; Win64; x64) AppleWebKit/537.36 (KHTML, like Gecko) Chrome/143.0.0.0 Safari/537.36"
4.204.200.32 - - [06/Mar/2026:15:09:56 +0000] "GET /channels.php HTTP/1.1" 404 337279 "-" "-"
4.204.200.32 - - [06/Mar/2026:15:09:57 +0000] "GET /xp.php HTTP/1.1" 404 337273 "-" "-"
4.204.200.32 - - [06/Mar/2026:15:09:58 +0000] "GET /xve22.php HTTP/1.1" 404 337276 "-" "-"
