185.191.171.7 - - [06/Mar/2026:15:09:59 +0000] "GET /3594545367.htm HTTP/1.1" 404 55226 "-" "Mozilla/5.0 (compatible; SemrushBot/7~bl; +http://www.semrush.com/bot.html)"
4.204.200.32 - - [06/Mar/2026:15:10:00 +0000] "GET /ws.php HTTP/1.1" 404 337273 "-" "-"
212.34.139.201 - - [06/Mar/2026:15:10:00 +0000] "GET /author/stormy92258244/?profile=true HTTP/1.1" 200 56740 "https://petpaloozahub.com/" "Mozilla/5.0 (Macintosh; Intel Mac OS X 12_5) AppleWebKit/537.36 (KHTML, like Gecko) Chrome/114.0.0.0 Safari/537.36 OPR/89.0.4447.51"
212.34.139.201 - - [06/Mar/2026:15:10:01 +0000] "GET /author/stormy92258244/{{%20data.uploadedToLink%20}} HTTP/1.1" 301 - "https://petpaloozahub.com/author/stormy92258244/{{%20data.uploadedToLink%20}}" "Mozilla/5.0 (Macintosh; Intel Mac OS X 12_5) AppleWebKit/537.36 (KHTML, like Gecko) Chrome/114.0.0.0 Safari/537.36 OPR/89.0.4447.51"
212.34.139.201 - - [06/Mar/2026:15:10:03 +0000] "GET /author/stormy92258244/%20data.uploadedToLink HTTP/1.1" 404 55242 "https://petpaloozahub.com/author/stormy92258244/{{%20data.uploadedToLink%20}}" "Mozilla/5.0 (Macintosh; Intel Mac OS X 12_5) AppleWebKit/537.36 (KHTML, like Gecko) Chrome/114.0.0.0 Safari/537.36 OPR/89.0.4447.51"
185.191.171.19 - - [06/Mar/2026:15:10:04 +0000] "GET /9897021880.htm HTTP/1.1" 404 55225 "-" "Mozilla/5.0 (compatible; SemrushBot/7~bl; +http://www.semrush.com/bot.html)"
212.34.139.201 - - [06/Mar/2026:15:10:04 +0000] "GET / HTTP/1.1" 200 61994 "https://petpaloozahub.com/author/stormy92258244/{{%20data.uploadedToLink%20}}" "Mozilla/5.0 (Macintosh; Intel Mac OS X 12_5) AppleWebKit/537.36 (KHTML, like Gecko) Chrome/114.0.0.0 Safari/537.36 OPR/89.0.4447.51"
85.208.96.194 - - [06/Mar/2026:15:10:06 +0000] "GET /94746111300.htm HTTP/1.1" 404 55226 "-" "Mozilla/5.0 (compatible; SemrushBot/7~bl; +http://www.semrush.com/bot.html)"
85.208.96.194 - - [06/Mar/2026:15:10:13 +0000] "GET /3594568595.htm HTTP/1.1" 404 55226 "-" "Mozilla/5.0 (compatible; SemrushBot/7~bl; +http://www.semrush.com/bot.html)"
85.208.96.206 - - [06/Mar/2026:15:10:19 +0000] "GET /2686078182.htm HTTP/1.1" 404 55226 "-" "Mozilla/5.0 (compatible; SemrushBot/7~bl; +http://www.semrush.com/bot.html)"
159.198.75.45 - - [06/Mar/2026:15:10:28 +0000] "POST /wp-cron.php?doing_wp_cron=1772809828.2558419704437255859375 HTTP/1.1" 200 - "-" "WordPress/6.9.1; https://petpaloozahub.com"
85.208.96.196 - - [06/Mar/2026:15:10:27 +0000] "GET /2011931728.htm HTTP/1.1" 404 55225 "-" "Mozilla/5.0 (compatible; SemrushBot/7~bl; +http://www.semrush.com/bot.html)"
85.208.96.201 - - [06/Mar/2026:15:10:36 +0000] "GET /9897019058.htm HTTP/1.1" 404 55226 "-" "Mozilla/5.0 (compatible; SemrushBot/7~bl; +http://www.semrush.com/bot.html)"
185.191.171.16 - - [06/Mar/2026:15:10:56 +0000] "GET /9474690601.htm HTTP/1.1" 404 55226 "-" "Mozilla/5.0 (compatible; SemrushBot/7~bl; +http://www.semrush.com/bot.html)"
185.191.171.18 - - [06/Mar/2026:15:11:09 +0000] "GET /98970110621.htm HTTP/1.1" 404 55225 "-" "Mozilla/5.0 (compatible; SemrushBot/7~bl; +http://www.semrush.com/bot.html)"
85.208.96.198 - - [06/Mar/2026:15:11:22 +0000] "GET /3594543754.htm HTTP/1.1" 404 55226 "-" "Mozilla/5.0 (compatible; SemrushBot/7~bl; +http://www.semrush.com/bot.html)"
159.198.75.45 - - [06/Mar/2026:15:11:34 +0000] "POST /wp-cron.php?doing_wp_cron=1772809894.4990439414978027343750 HTTP/1.1" 200 - "-" "WordPress/6.9.1; https://petpaloozahub.com"
185.191.171.3 - - [06/Mar/2026:15:11:33 +0000] "GET /35945139208.htm HTTP/1.1" 404 55227 "-" "Mozilla/5.0 (compatible; SemrushBot/7~bl; +http://www.semrush.com/bot.html)"
185.191.171.15 - - [06/Mar/2026:15:11:36 +0000] "GET /9897034872.htm HTTP/1.1" 404 55226 "-" "Mozilla/5.0 (compatible; SemrushBot/7~bl; +http://www.semrush.com/bot.html)"
85.208.96.207 - - [06/Mar/2026:15:11:39 +0000] "GET /9897089910.htm HTTP/1.1" 404 55225 "-" "Mozilla/5.0 (compatible; SemrushBot/7~bl; +http://www.semrush.com/bot.html)"
185.191.171.13 - - [06/Mar/2026:15:12:05 +0000] "GET /3594573518.htm HTTP/1.1" 404 55226 "-" "Mozilla/5.0 (compatible; SemrushBot/7~bl; +http://www.semrush.com/bot.html)"
159.198.75.45 - - [06/Mar/2026:15:12:28 +0000] "POST /wp-cron.php?doing_wp_cron=1772809948.6449201107025146484375 HTTP/1.1" 200 - "-" "WordPress/6.9.1; https://petpaloozahub.com"
57.141.2.2 - - [06/Mar/2026:15:12:28 +0000] "GET /author/willisgoldsmit/?profile=true HTTP/1.1" 200 338977 "-" "meta-externalagent/1.1 (+https://developers.facebook.com/docs/sharing/webmasters/crawler)"
130.51.20.151 - - [06/Mar/2026:15:12:41 +0000] "GET /author/monabevins6024/?profile=true HTTP/1.1" 200 56654 "https://petpaloozahub.com/" "Mozilla/5.0 (Linux x86_64; rv:114.0) Gecko/20100101 Firefox/114.0"
130.51.20.151 - - [06/Mar/2026:15:12:42 +0000] "GET /author/monabevins6024/{{%20data.uploadedToLink%20}} HTTP/1.1" 301 - "https://petpaloozahub.com/author/monabevins6024/{{%20data.uploadedToLink%20}}" "Mozilla/5.0 (Linux x86_64; rv:114.0) Gecko/20100101 Firefox/114.0"
130.51.20.151 - - [06/Mar/2026:15:12:43 +0000] "GET /author/monabevins6024/%20data.uploadedToLink HTTP/1.1" 404 55241 "https://petpaloozahub.com/author/monabevins6024/{{%20data.uploadedToLink%20}}" "Mozilla/5.0 (Linux x86_64; rv:114.0) Gecko/20100101 Firefox/114.0"
130.51.20.151 - - [06/Mar/2026:15:12:43 +0000] "GET / HTTP/1.1" 200 62005 "https://petpaloozahub.com/author/monabevins6024/{{%20data.uploadedToLink%20}}" "Mozilla/5.0 (Linux x86_64; rv:114.0) Gecko/20100101 Firefox/114.0"
85.208.96.210 - - [06/Mar/2026:15:12:53 +0000] "GET /35945142078.htm HTTP/1.1" 404 55226 "-" "Mozilla/5.0 (compatible; SemrushBot/7~bl; +http://www.semrush.com/bot.html)"
185.191.171.13 - - [06/Mar/2026:15:12:57 +0000] "GET /3594556851.htm HTTP/1.1" 404 55226 "-" "Mozilla/5.0 (compatible; SemrushBot/7~bl; +http://www.semrush.com/bot.html)"
85.208.96.194 - - [06/Mar/2026:15:13:03 +0000] "GET /3594543223.htm HTTP/1.1" 404 55226 "-" "Mozilla/5.0 (compatible; SemrushBot/7~bl; +http://www.semrush.com/bot.html)"
85.208.96.206 - - [06/Mar/2026:15:13:16 +0000] "GET /98970143328.htm HTTP/1.1" 404 55227 "-" "Mozilla/5.0 (compatible; SemrushBot/7~bl; +http://www.semrush.com/bot.html)"
185.191.171.17 - - [06/Mar/2026:15:13:19 +0000] "GET /8112587347.htm HTTP/1.1" 404 55224 "-" "Mozilla/5.0 (compatible; SemrushBot/7~bl; +http://www.semrush.com/bot.html)"
159.198.75.45 - - [06/Mar/2026:15:13:34 +0000] "POST /wp-cron.php?doing_wp_cron=1772810014.8873960971832275390625 HTTP/1.1" 200 - "-" "WordPress/6.9.1; https://petpaloozahub.com"
185.191.171.10 - - [06/Mar/2026:15:13:34 +0000] "GET /3594570803.htm HTTP/1.1" 404 55225 "-" "Mozilla/5.0 (compatible; SemrushBot/7~bl; +http://www.semrush.com/bot.html)"
185.191.171.12 - - [06/Mar/2026:15:14:03 +0000] "GET /94746113600.htm HTTP/1.1" 404 55226 "-" "Mozilla/5.0 (compatible; SemrushBot/7~bl; +http://www.semrush.com/bot.html)"
85.208.96.209 - - [06/Mar/2026:15:14:08 +0000] "GET /98970103301.htm HTTP/1.1" 404 55226 "-" "Mozilla/5.0 (compatible; SemrushBot/7~bl; +http://www.semrush.com/bot.html)"
107.218.10.101 - - [06/Mar/2026:15:14:09 +0000] "GET /wp-content/uploads/2023/03/ei_1729175304894-removebg-preview.png HTTP/1.1" 200 171412 "https://buyall.us/" "Mozilla/5.0 (Windows NT 10.0; Win64; x64) AppleWebKit/537.36 (KHTML, like Gecko) Chrome/145.0.0.0 Safari/537.36"
185.191.171.17 - - [06/Mar/2026:15:14:19 +0000] "GET /2686080564.htm HTTP/1.1" 404 55225 "-" "Mozilla/5.0 (compatible; SemrushBot/7~bl; +http://www.semrush.com/bot.html)"
85.208.96.205 - - [06/Mar/2026:15:14:23 +0000] "GET /9897066839.htm HTTP/1.1" 404 55226 "-" "Mozilla/5.0 (compatible; SemrushBot/7~bl; +http://www.semrush.com/bot.html)"
159.198.75.45 - - [06/Mar/2026:15:14:26 +0000] "POST /wp-cron.php?doing_wp_cron=1772810066.3733220100402832031250 HTTP/1.1" 200 - "-" "WordPress/6.9.1; https://petpaloozahub.com"
85.208.96.210 - - [06/Mar/2026:15:14:25 +0000] "GET /8112590996.htm HTTP/1.1" 404 55225 "-" "Mozilla/5.0 (compatible; SemrushBot/7~bl; +http://www.semrush.com/bot.html)"
185.191.171.9 - - [06/Mar/2026:15:14:33 +0000] "GET /35945105641.htm HTTP/1.1" 404 55226 "-" "Mozilla/5.0 (compatible; SemrushBot/7~bl; +http://www.semrush.com/bot.html)"
85.208.96.196 - - [06/Mar/2026:15:14:36 +0000] "GET /2686097986.htm HTTP/1.1" 404 55226 "-" "Mozilla/5.0 (compatible; SemrushBot/7~bl; +http://www.semrush.com/bot.html)"
185.191.171.14 - - [06/Mar/2026:15:14:57 +0000] "GET /98970149490.htm HTTP/1.1" 404 55226 "-" "Mozilla/5.0 (compatible; SemrushBot/7~bl; +http://www.semrush.com/bot.html)"
85.208.96.212 - - [06/Mar/2026:15:15:15 +0000] "GET /2686083271.htm HTTP/1.1" 404 55225 "-" "Mozilla/5.0 (compatible; SemrushBot/7~bl; +http://www.semrush.com/bot.html)"
159.198.75.45 - - [06/Mar/2026:15:15:26 +0000] "POST /wp-cron.php?doing_wp_cron=1772810126.1914420127868652343750 HTTP/1.1" 200 - "-" "WordPress/6.9.1; https://petpaloozahub.com"
185.191.171.9 - - [06/Mar/2026:15:15:25 +0000] "GET /9897018850.htm HTTP/1.1" 404 55225 "-" "Mozilla/5.0 (compatible; SemrushBot/7~bl; +http://www.semrush.com/bot.html)"
85.208.96.200 - - [06/Mar/2026:15:15:33 +0000] "GET /3594580813.htm HTTP/1.1" 404 55226 "-" "Mozilla/5.0 (compatible; SemrushBot/7~bl; +http://www.semrush.com/bot.html)"
85.208.96.197 - - [06/Mar/2026:15:15:37 +0000] "GET /9897050727.htm HTTP/1.1" 404 55226 "-" "Mozilla/5.0 (compatible; SemrushBot/7~bl; +http://www.semrush.com/bot.html)"
85.208.96.212 - - [06/Mar/2026:15:15:40 +0000] "GET /98970137252.htm HTTP/1.1" 404 55225 "-" "Mozilla/5.0 (compatible; SemrushBot/7~bl; +http://www.semrush.com/bot.html)"
185.191.171.2 - - [06/Mar/2026:15:15:43 +0000] "GET /9474685093.htm HTTP/1.1" 404 55225 "-" "Mozilla/5.0 (compatible; SemrushBot/7~bl; +http://www.semrush.com/bot.html)"
185.213.246.15 - - [06/Mar/2026:15:15:44 +0000] "GET /listings/adorable-20-week-old-poodle-puppies-double-the-love-double-the-fun/ HTTP/1.1" 200 65210 "https://petpaloozahub.com/" "Mozilla/5.0 (X11; Linux x86_64) AppleWebKit/537.36 (KHTML, like Gecko) Chrome/114.0.0.0 Safari/537.36 OPR/89.0.4447.51"
185.213.246.15 - - [06/Mar/2026:15:15:48 +0000] "GET /register/ HTTP/1.1" 200 57069 "https://petpaloozahub.com/listings/adorable-20-week-old-poodle-puppies-double-the-love-double-the-fun/" "Mozilla/5.0 (X11; Linux x86_64) AppleWebKit/537.36 (KHTML, like Gecko) Chrome/114.0.0.0 Safari/537.36 OPR/89.0.4447.51"
185.213.246.15 - - [06/Mar/2026:15:15:49 +0000] "GET /wp-content/uploads/redux/custom-fonts/fonts.css HTTP/1.1" 200 - "https://petpaloozahub.com/register/" "Mozilla/5.0 (Windows NT 10.0; Win64; x64) AppleWebKit/537.36 (KHTML, like Gecko) Chrome/143.0.0.0 Safari/537.36"
159.198.75.45 - - [06/Mar/2026:15:16:41 +0000] "POST /wp-cron.php?doing_wp_cron=1772810201.2156350612640380859375 HTTP/1.1" 200 - "-" "WordPress/6.9.1; https://petpaloozahub.com"
185.191.171.7 - - [06/Mar/2026:15:16:38 +0000] "GET /3594568249.htm HTTP/1.1" 404 55225 "-" "Mozilla/5.0 (compatible; SemrushBot/7~bl; +http://www.semrush.com/bot.html)"
165.231.24.75 - - [06/Mar/2026:15:16:49 +0000] "GET /register/ HTTP/1.1" 200 57028 "https://petpaloozahub.com/" "Mozilla/5.0 (X11; Linux x86_64) AppleWebKit/537.36 (KHTML, like Gecko) Chrome/114.0.0.0 Safari/537.36"
165.231.24.75 - - [06/Mar/2026:15:16:52 +0000] "GET /wp-content/plugins/designinvento-elementor-widgets/assets/css/user-menu.css HTTP/1.1" 200 904 "https://petpaloozahub.com/register/" "Mozilla/5.0 (Windows NT 10.0; Win64; x64) AppleWebKit/537.36 (KHTML, like Gecko) Chrome/143.0.0.0 Safari/537.36"
165.231.24.75 - - [06/Mar/2026:15:16:53 +0000] "GET /wp-content/plugins/designinvento-elementor-widgets/assets/css/nav-menu.css HTTP/1.1" 200 239 "https://petpaloozahub.com/register/" "Mozilla/5.0 (Windows NT 10.0; Win64; x64) AppleWebKit/537.36 (KHTML, like Gecko) Chrome/143.0.0.0 Safari/537.36"
85.208.96.205 - - [06/Mar/2026:15:16:53 +0000] "GET /8112538836.htm HTTP/1.1" 404 55225 "-" "Mozilla/5.0 (compatible; SemrushBot/7~bl; +http://www.semrush.com/bot.html)"
165.231.24.75 - - [06/Mar/2026:15:16:54 +0000] "GET /wp-content/plugins/header-footer-builder/assets/public/css/frontend.css HTTP/1.1" 200 7681 "https://petpaloozahub.com/register/" "Mozilla/5.0 (Windows NT 10.0; Win64; x64) AppleWebKit/537.36 (KHTML, like Gecko) Chrome/143.0.0.0 Safari/537.36"
165.231.24.75 - - [06/Mar/2026:15:16:55 +0000] "GET /wp-includes/css/dashicons.min.css HTTP/1.1" 200 35721 "https://petpaloozahub.com/register/" "Mozilla/5.0 (Windows NT 10.0; Win64; x64) AppleWebKit/537.36 (KHTML, like Gecko) Chrome/143.0.0.0 Safari/537.36"
165.231.24.75 - - [06/Mar/2026:15:16:57 +0000] "GET /wp-content/plugins/bp-verified-member/assets/css/style.css HTTP/1.1" 200 2004 "https://petpaloozahub.com/register/" "Mozilla/5.0 (Windows NT 10.0; Win64; x64) AppleWebKit/537.36 (KHTML, like Gecko) Chrome/143.0.0.0 Safari/537.36"
165.231.24.75 - - [06/Mar/2026:15:16:58 +0000] "GET /wp-content/themes/classiadspro/styles/css/bootstrap.min.css HTTP/1.1" 200 33777 "https://petpaloozahub.com/register/" "Mozilla/5.0 (Windows NT 10.0; Win64; x64) AppleWebKit/537.36 (KHTML, like Gecko) Chrome/143.0.0.0 Safari/537.36"
165.231.24.75 - - [06/Mar/2026:15:16:59 +0000] "GET /wp-content/themes/classiadspro/styles/css/slick/slick.css HTTP/1.1" 200 569 "https://petpaloozahub.com/register/" "Mozilla/5.0 (Windows NT 10.0; Win64; x64) AppleWebKit/537.36 (KHTML, like Gecko) Chrome/143.0.0.0 Safari/537.36"
165.231.24.75 - - [06/Mar/2026:15:17:00 +0000] "GET /wp-content/themes/classiadspro/styles/css/slick/slick-theme.css HTTP/1.1" 200 866 "https://petpaloozahub.com/register/" "Mozilla/5.0 (Windows NT 10.0; Win64; x64) AppleWebKit/537.36 (KHTML, like Gecko) Chrome/143.0.0.0 Safari/537.36"
165.231.24.75 - - [06/Mar/2026:15:17:02 +0000] "GET /wp-content/themes/classiadspro/styles/material-icons/material-icons.min.css HTTP/1.1" 200 43656 "https://petpaloozahub.com/register/" "Mozilla/5.0 (Windows NT 10.0; Win64; x64) AppleWebKit/537.36 (KHTML, like Gecko) Chrome/143.0.0.0 Safari/537.36"
165.231.24.75 - - [06/Mar/2026:15:17:03 +0000] "GET /wp-content/themes/classiadspro/styles/css/select2.css HTTP/1.1" 200 2707 "https://petpaloozahub.com/register/" "Mozilla/5.0 (Windows NT 10.0; Win64; x64) AppleWebKit/537.36 (KHTML, like Gecko) Chrome/143.0.0.0 Safari/537.36"
85.208.96.194 - - [06/Mar/2026:15:17:04 +0000] "GET /98970126130.htm HTTP/1.1" 404 55226 "-" "Mozilla/5.0 (compatible; SemrushBot/7~bl; +http://www.semrush.com/bot.html)"
165.231.24.75 - - [06/Mar/2026:15:17:05 +0000] "GET /wp-content/themes/classiadspro/styles/css/pacz-styles.css HTTP/1.1" 200 25759 "https://petpaloozahub.com/register/" "Mozilla/5.0 (Windows NT 10.0; Win64; x64) AppleWebKit/537.36 (KHTML, like Gecko) Chrome/143.0.0.0 Safari/537.36"
165.231.24.75 - - [06/Mar/2026:15:17:06 +0000] "GET /wp-content/themes/classiadspro/styles/css/post.css HTTP/1.1" 200 7353 "https://petpaloozahub.com/register/" "Mozilla/5.0 (Windows NT 10.0; Win64; x64) AppleWebKit/537.36 (KHTML, like Gecko) Chrome/143.0.0.0 Safari/537.36"
57.141.2.50 - - [06/Mar/2026:15:17:07 +0000] "GET /author/under-desk-running-machine2096/?profile=true HTTP/1.1" 200 339206 "-" "meta-externalagent/1.1 (+https://developers.facebook.com/docs/sharing/webmasters/crawler)"
165.231.24.75 - - [06/Mar/2026:15:17:08 +0000] "GET /wp-content/themes/classiadspro/styles/css/shortcode/common-shortcode.css HTTP/1.1" 200 1190 "https://petpaloozahub.com/register/" "Mozilla/5.0 (Windows NT 10.0; Win64; x64) AppleWebKit/537.36 (KHTML, like Gecko) Chrome/143.0.0.0 Safari/537.36"
165.231.24.75 - - [06/Mar/2026:15:17:09 +0000] "GET /wp-content/themes/classiadspro/styles/css/fonticon-custom.min.css HTTP/1.1" 200 17773 "https://petpaloozahub.com/register/" "Mozilla/5.0 (Windows NT 10.0; Win64; x64) AppleWebKit/537.36 (KHTML, like Gecko) Chrome/143.0.0.0 Safari/537.36"
165.231.24.75 - - [06/Mar/2026:15:17:10 +0000] "GET /wp-content/themes/classiadspro/directorypress/assets/css/common.css HTTP/1.1" 200 14557 "https://petpaloozahub.com/register/" "Mozilla/5.0 (Windows NT 10.0; Win64; x64) AppleWebKit/537.36 (KHTML, like Gecko) Chrome/143.0.0.0 Safari/537.36"
165.231.24.75 - - [06/Mar/2026:15:17:12 +0000] "GET /wp-includes/css/buttons.min.css HTTP/1.1" 200 1470 "https://petpaloozahub.com/register/" "Mozilla/5.0 (Windows NT 10.0; Win64; x64) AppleWebKit/537.36 (KHTML, like Gecko) Chrome/143.0.0.0 Safari/537.36"
165.231.24.75 - - [06/Mar/2026:15:17:13 +0000] "GET /wp-includes/js/mediaelement/mediaelementplayer-legacy.min.css HTTP/1.1" 200 2592 "https://petpaloozahub.com/register/" "Mozilla/5.0 (Windows NT 10.0; Win64; x64) AppleWebKit/537.36 (KHTML, like Gecko) Chrome/143.0.0.0 Safari/537.36"
51.161.37.210 - - [06/Mar/2026:15:17:13 +0000] "GET /listings/pet-tag/puppy/ HTTP/1.1" 200 62276 "-" "Mozilla/5.0 (compatible; AhrefsBot/7.0; +http://ahrefs.com/robot/)"
165.231.24.75 - - [06/Mar/2026:15:17:14 +0000] "GET /wp-includes/js/mediaelement/wp-mediaelement.min.css HTTP/1.1" 200 1156 "https://petpaloozahub.com/register/" "Mozilla/5.0 (Windows NT 10.0; Win64; x64) AppleWebKit/537.36 (KHTML, like Gecko) Chrome/143.0.0.0 Safari/537.36"
165.231.24.75 - - [06/Mar/2026:15:17:16 +0000] "GET /wp-includes/css/media-views.min.css HTTP/1.1" 200 8721 "https://petpaloozahub.com/register/" "Mozilla/5.0 (Windows NT 10.0; Win64; x64) AppleWebKit/537.36 (KHTML, like Gecko) Chrome/143.0.0.0 Safari/537.36"
165.231.24.75 - - [06/Mar/2026:15:17:17 +0000] "GET /wp-includes/js/imgareaselect/imgareaselect.css HTTP/1.1" 200 265 "https://petpaloozahub.com/register/" "Mozilla/5.0 (Windows NT 10.0; Win64; x64) AppleWebKit/537.36 (KHTML, like Gecko) Chrome/143.0.0.0 Safari/537.36"
185.191.171.19 - - [06/Mar/2026:15:17:17 +0000] "GET /98970109046.htm HTTP/1.1" 404 55226 "-" "Mozilla/5.0 (compatible; SemrushBot/7~bl; +http://www.semrush.com/bot.html)"
165.231.24.75 - - [06/Mar/2026:15:17:18 +0000] "GET /wp-content/plugins/dicode-icons-pack/assets/elegant/elegant-icons.min.css HTTP/1.1" 200 3995 "https://petpaloozahub.com/register/" "Mozilla/5.0 (Windows NT 10.0; Win64; x64) AppleWebKit/537.36 (KHTML, like Gecko) Chrome/143.0.0.0 Safari/537.36"
165.231.24.75 - - [06/Mar/2026:15:17:20 +0000] "GET /wp-content/plugins/dicode-icons-pack/assets/linearicons/linearicons.min.css HTTP/1.1" 200 1577 "https://petpaloozahub.com/register/" "Mozilla/5.0 (Windows NT 10.0; Win64; x64) AppleWebKit/537.36 (KHTML, like Gecko) Chrome/143.0.0.0 Safari/537.36"
165.231.24.75 - - [06/Mar/2026:15:17:21 +0000] "GET /wp-content/plugins/dicode-icons-pack/assets/themify/themify.min.css HTTP/1.1" 200 2824 "https://petpaloozahub.com/register/" "Mozilla/5.0 (Windows NT 10.0; Win64; x64) AppleWebKit/537.36 (KHTML, like Gecko) Chrome/143.0.0.0 Safari/537.36"
165.231.24.75 - - [06/Mar/2026:15:17:22 +0000] "GET /wp-content/plugins/directorypress-frontend-messages/assets/css/style.css HTTP/1.1" 200 4380 "https://petpaloozahub.com/register/" "Mozilla/5.0 (Windows NT 10.0; Win64; x64) AppleWebKit/537.36 (KHTML, like Gecko) Chrome/143.0.0.0 Safari/537.36"
85.208.96.206 - - [06/Mar/2026:15:17:22 +0000] "GET /35945150176.htm HTTP/1.1" 404 55225 "-" "Mozilla/5.0 (compatible; SemrushBot/7~bl; +http://www.semrush.com/bot.html)"
165.231.24.75 - - [06/Mar/2026:15:17:23 +0000] "GET /wp-content/plugins/directorypress-frontend-messages/assets/css/common-style.css HTTP/1.1" 200 471 "https://petpaloozahub.com/register/" "Mozilla/5.0 (Windows NT 10.0; Win64; x64) AppleWebKit/537.36 (KHTML, like Gecko) Chrome/143.0.0.0 Safari/537.36"
165.231.24.75 - - [06/Mar/2026:15:17:25 +0000] "GET /wp-content/plugins/directorypress-frontend-messages/public/css/directorypress-frontend-messages-public.css HTTP/1.1" 200 106 "https://petpaloozahub.com/register/" "Mozilla/5.0 (Windows NT 10.0; Win64; x64) AppleWebKit/537.36 (KHTML, like Gecko) Chrome/143.0.0.0 Safari/537.36"
165.231.24.75 - - [06/Mar/2026:15:17:26 +0000] "GET /wp-content/plugins/directorypress-maps/assets/css/map.css HTTP/1.1" 200 1667 "https://petpaloozahub.com/register/" "Mozilla/5.0 (Windows NT 10.0; Win64; x64) AppleWebKit/537.36 (KHTML, like Gecko) Chrome/143.0.0.0 Safari/537.36"
165.231.24.75 - - [06/Mar/2026:15:17:27 +0000] "GET /wp-content/plugins/directorypress-claim-listing/assets/css/style.css HTTP/1.1" 200 106 "https://petpaloozahub.com/register/" "Mozilla/5.0 (Windows NT 10.0; Win64; x64) AppleWebKit/537.36 (KHTML, like Gecko) Chrome/143.0.0.0 Safari/537.36"
165.231.24.75 - - [06/Mar/2026:15:17:28 +0000] "GET /wp-content/plugins/directorypress-frontend/assets/css/directorypress-frontend-public.css HTTP/1.1" 200 13698 "https://petpaloozahub.com/register/" "Mozilla/5.0 (Windows NT 10.0; Win64; x64) AppleWebKit/537.36 (KHTML, like Gecko) Chrome/143.0.0.0 Safari/537.36"
165.231.24.75 - - [06/Mar/2026:15:17:30 +0000] "GET /wp-content/plugins/directorypress/assets/css/jqueryui/themes/smoothness/jquery-ui.min.css HTTP/1.1" 200 7688 "https://petpaloozahub.com/register/" "Mozilla/5.0 (Windows NT 10.0; Win64; x64) AppleWebKit/537.36 (KHTML, like Gecko) Chrome/143.0.0.0 Safari/537.36"
165.231.24.75 - - [06/Mar/2026:15:17:31 +0000] "GET /wp-content/plugins/directorypress/assets/lib/fontawesome/css/all.min.css HTTP/1.1" 200 12355 "https://petpaloozahub.com/register/" "Mozilla/5.0 (Windows NT 10.0; Win64; x64) AppleWebKit/537.36 (KHTML, like Gecko) Chrome/143.0.0.0 Safari/537.36"
165.231.24.75 - - [06/Mar/2026:15:17:32 +0000] "GET /wp-content/plugins/directorypress/assets/lib/slick-carousel/css/slick.css HTTP/1.1" 200 569 "https://petpaloozahub.com/register/" "Mozilla/5.0 (Windows NT 10.0; Win64; x64) AppleWebKit/537.36 (KHTML, like Gecko) Chrome/143.0.0.0 Safari/537.36"
165.231.24.75 - - [06/Mar/2026:15:17:33 +0000] "GET /wp-content/plugins/directorypress/assets/lib/slick-carousel/css/slick-theme.css HTTP/1.1" 200 866 "https://petpaloozahub.com/register/" "Mozilla/5.0 (Windows NT 10.0; Win64; x64) AppleWebKit/537.36 (KHTML, like Gecko) Chrome/143.0.0.0 Safari/537.36"
165.231.24.75 - - [06/Mar/2026:15:17:35 +0000] "GET /wp-content/plugins/directorypress/assets/css/directorypress-search.css HTTP/1.1" 200 4472 "https://petpaloozahub.com/register/" "Mozilla/5.0 (Windows NT 10.0; Win64; x64) AppleWebKit/537.36 (KHTML, like Gecko) Chrome/143.0.0.0 Safari/537.36"
165.231.24.75 - - [06/Mar/2026:15:17:36 +0000] "GET /wp-content/plugins/directorypress/assets/css/style.css HTTP/1.1" 200 14221 "https://petpaloozahub.com/register/" "Mozilla/5.0 (Windows NT 10.0; Win64; x64) AppleWebKit/537.36 (KHTML, like Gecko) Chrome/143.0.0.0 Safari/537.36"
165.231.24.75 - - [06/Mar/2026:15:17:38 +0000] "GET /wp-content/plugins/revslider/public/css/sr7.css HTTP/1.1" 200 1569 "https://petpaloozahub.com/register/" "Mozilla/5.0 (Windows NT 10.0; Win64; x64) AppleWebKit/537.36 (KHTML, like Gecko) Chrome/143.0.0.0 Safari/537.36"
165.231.24.75 - - [06/Mar/2026:15:17:39 +0000] "GET /wp-content/themes/classiadspro/styles/css/pacz-woocommerce.css HTTP/1.1" 200 9762 "https://petpaloozahub.com/register/" "Mozilla/5.0 (Windows NT 10.0; Win64; x64) AppleWebKit/537.36 (KHTML, like Gecko) Chrome/143.0.0.0 Safari/537.36"
24.117.74.35 - - [06/Mar/2026:15:17:39 +0000] "GET /wp-content/uploads/2023/03/ei_1729175304894-removebg-preview.png HTTP/1.1" 200 171412 "https://buyall.us/" "Mozilla/5.0 (Windows NT 10.0; Win64; x64) AppleWebKit/537.36 (KHTML, like Gecko) Chrome/145.0.0.0 Safari/537.36"
165.231.24.75 - - [06/Mar/2026:15:17:40 +0000] "GET /wp-content/plugins/form-builder-wp/assets/css/style.css HTTP/1.1" 200 4028 "https://petpaloozahub.com/register/" "Mozilla/5.0 (Windows NT 10.0; Win64; x64) AppleWebKit/537.36 (KHTML, like Gecko) Chrome/143.0.0.0 Safari/537.36"
165.231.24.75 - - [06/Mar/2026:15:17:41 +0000] "GET /wp-content/plugins/header-footer-builder/assets/public/css/header-footer-builder.css HTTP/1.1" 200 425 "https://petpaloozahub.com/register/" "Mozilla/5.0 (Windows NT 10.0; Win64; x64) AppleWebKit/537.36 (KHTML, like Gecko) Chrome/143.0.0.0 Safari/537.36"
165.231.24.75 - - [06/Mar/2026:15:17:43 +0000] "GET /wp-content/plugins/elementor/assets/lib/eicons/css/elementor-icons.min.css HTTP/1.1" 200 4429 "https://petpaloozahub.com/register/" "Mozilla/5.0 (Windows NT 10.0; Win64; x64) AppleWebKit/537.36 (KHTML, like Gecko) Chrome/143.0.0.0 Safari/537.36"
165.231.24.75 - - [06/Mar/2026:15:17:44 +0000] "GET /wp-content/plugins/elementor/assets/css/frontend.min.css HTTP/1.1" 200 7271 "https://petpaloozahub.com/register/" "Mozilla/5.0 (Windows NT 10.0; Win64; x64) AppleWebKit/537.36 (KHTML, like Gecko) Chrome/143.0.0.0 Safari/537.36"
165.231.24.75 - - [06/Mar/2026:15:17:45 +0000] "GET /wp-content/uploads/elementor/css/post-7.css HTTP/1.1" 200 376 "https://petpaloozahub.com/register/" "Mozilla/5.0 (Windows NT 10.0; Win64; x64) AppleWebKit/537.36 (KHTML, like Gecko) Chrome/143.0.0.0 Safari/537.36"
165.231.24.75 - - [06/Mar/2026:15:17:47 +0000] "GET /wp-content/plugins/elementor/assets/css/widget-spacer.min.css HTTP/1.1" 200 338 "https://petpaloozahub.com/register/" "Mozilla/5.0 (Windows NT 10.0; Win64; x64) AppleWebKit/537.36 (KHTML, like Gecko) Chrome/143.0.0.0 Safari/537.36"
165.231.24.75 - - [06/Mar/2026:15:17:48 +0000] "GET /wp-content/plugins/elementor/assets/css/widget-image.min.css HTTP/1.1" 200 135 "https://petpaloozahub.com/register/" "Mozilla/5.0 (Windows NT 10.0; Win64; x64) AppleWebKit/537.36 (KHTML, like Gecko) Chrome/143.0.0.0 Safari/537.36"
165.231.24.75 - - [06/Mar/2026:15:17:49 +0000] "GET /wp-content/plugins/elementor/assets/css/widget-heading.min.css HTTP/1.1" 200 160 "https://petpaloozahub.com/register/" "Mozilla/5.0 (Windows NT 10.0; Win64; x64) AppleWebKit/537.36 (KHTML, like Gecko) Chrome/143.0.0.0 Safari/537.36"
165.231.24.75 - - [06/Mar/2026:15:17:50 +0000] "GET /wp-content/uploads/elementor/css/post-230.css HTTP/1.1" 200 793 "https://petpaloozahub.com/register/" "Mozilla/5.0 (Windows NT 10.0; Win64; x64) AppleWebKit/537.36 (KHTML, like Gecko) Chrome/143.0.0.0 Safari/537.36"
165.231.24.75 - - [06/Mar/2026:15:17:51 +0000] "GET /wp-content/uploads/elementor/css/post-10242.css HTTP/1.1" 200 1873 "https://petpaloozahub.com/register/" "Mozilla/5.0 (Windows NT 10.0; Win64; x64) AppleWebKit/537.36 (KHTML, like Gecko) Chrome/143.0.0.0 Safari/537.36"
159.198.75.45 - - [06/Mar/2026:15:17:52 +0000] "POST /wp-cron.php?doing_wp_cron=1772810272.8923079967498779296875 HTTP/1.1" 200 - "-" "WordPress/6.9.1; https://petpaloozahub.com"
85.208.96.210 - - [06/Mar/2026:15:17:52 +0000] "GET /3594557811.htm HTTP/1.1" 404 55225 "-" "Mozilla/5.0 (compatible; SemrushBot/7~bl; +http://www.semrush.com/bot.html)"
165.231.24.75 - - [06/Mar/2026:15:17:53 +0000] "GET /wp-content/uploads/elementor/css/post-9685.css HTTP/1.1" 200 1707 "https://petpaloozahub.com/register/" "Mozilla/5.0 (Windows NT 10.0; Win64; x64) AppleWebKit/537.36 (KHTML, like Gecko) Chrome/143.0.0.0 Safari/537.36"
165.231.24.75 - - [06/Mar/2026:15:17:54 +0000] "GET /wp-content/plugins/header-footer-builder/assets/public/css/menu.css HTTP/1.1" 200 7534 "https://petpaloozahub.com/register/" "Mozilla/5.0 (Windows NT 10.0; Win64; x64) AppleWebKit/537.36 (KHTML, like Gecko) Chrome/143.0.0.0 Safari/537.36"
165.231.24.75 - - [06/Mar/2026:15:17:55 +0000] "GET /wp-content/plugins/directorypress/reviews/css/jquery.raty.css HTTP/1.1" 200 756 "https://petpaloozahub.com/register/" "Mozilla/5.0 (Windows NT 10.0; Win64; x64) AppleWebKit/537.36 (KHTML, like Gecko) Chrome/143.0.0.0 Safari/537.36"
165.231.24.75 - - [06/Mar/2026:15:17:56 +0000] "GET /wp-content/themes/classiadspro/style.css HTTP/1.1" 200 636 "https://petpaloozahub.com/register/" "Mozilla/5.0 (Windows NT 10.0; Win64; x64) AppleWebKit/537.36 (KHTML, like Gecko) Chrome/143.0.0.0 Safari/537.36"
165.231.24.75 - - [06/Mar/2026:15:17:58 +0000] "GET /wp-content/themes/classiadspro/custom.css HTTP/1.1" 200 27 "https://petpaloozahub.com/register/" "Mozilla/5.0 (Windows NT 10.0; Win64; x64) AppleWebKit/537.36 (KHTML, like Gecko) Chrome/143.0.0.0 Safari/537.36"
165.231.24.75 - - [06/Mar/2026:15:17:59 +0000] "GET /wp-content/uploads/classiadspro_assets/classiadspro-dynamic.css HTTP/1.1" 200 8224 "https://petpaloozahub.com/register/" "Mozilla/5.0 (Windows NT 10.0; Win64; x64) AppleWebKit/537.36 (KHTML, like Gecko) Chrome/143.0.0.0 Safari/537.36"
165.231.24.75 - - [06/Mar/2026:15:18:00 +0000] "GET /wp-content/plugins/directorypress/assets/css/custom.css HTTP/1.1" 200 27 "https://petpaloozahub.com/register/" "Mozilla/5.0 (Windows NT 10.0; Win64; x64) AppleWebKit/537.36 (KHTML, like Gecko) Chrome/143.0.0.0 Safari/537.36"
165.231.24.75 - - [06/Mar/2026:15:18:01 +0000] "GET /wp-content/uploads/elementor/google-fonts/css/roboto.css HTTP/1.1" 200 2869 "https://petpaloozahub.com/register/" "Mozilla/5.0 (Windows NT 10.0; Win64; x64) AppleWebKit/537.36 (KHTML, like Gecko) Chrome/143.0.0.0 Safari/537.36"
165.231.24.75 - - [06/Mar/2026:15:18:02 +0000] "GET /wp-content/uploads/elementor/google-fonts/css/robotoslab.css HTTP/1.1" 200 961 "https://petpaloozahub.com/register/" "Mozilla/5.0 (Windows NT 10.0; Win64; x64) AppleWebKit/537.36 (KHTML, like Gecko) Chrome/143.0.0.0 Safari/537.36"
165.231.24.75 - - [06/Mar/2026:15:18:03 +0000] "GET /wp-content/uploads/elementor/google-fonts/css/lexenddeca.css HTTP/1.1" 200 629 "https://petpaloozahub.com/register/" "Mozilla/5.0 (Windows NT 10.0; Win64; x64) AppleWebKit/537.36 (KHTML, like Gecko) Chrome/143.0.0.0 Safari/537.36"
185.191.171.5 - - [06/Mar/2026:15:18:03 +0000] "GET /98970143644.htm HTTP/1.1" 404 55225 "-" "Mozilla/5.0 (compatible; SemrushBot/7~bl; +http://www.semrush.com/bot.html)"
165.231.24.75 - - [06/Mar/2026:15:18:05 +0000] "GET /wp-content/uploads/elementor/google-fonts/css/poppins.css HTTP/1.1" 200 730 "https://petpaloozahub.com/register/" "Mozilla/5.0 (Windows NT 10.0; Win64; x64) AppleWebKit/537.36 (KHTML, like Gecko) Chrome/143.0.0.0 Safari/537.36"
165.231.24.75 - - [06/Mar/2026:15:18:06 +0000] "GET /wp-content/plugins/elementor/assets/lib/font-awesome/css/fontawesome.min.css HTTP/1.1" 200 12617 "https://petpaloozahub.com/register/" "Mozilla/5.0 (Windows NT 10.0; Win64; x64) AppleWebKit/537.36 (KHTML, like Gecko) Chrome/143.0.0.0 Safari/537.36"
165.231.24.75 - - [06/Mar/2026:15:18:07 +0000] "GET /wp-content/plugins/elementor/assets/lib/font-awesome/css/solid.min.css HTTP/1.1" 200 309 "https://petpaloozahub.com/register/" "Mozilla/5.0 (Windows NT 10.0; Win64; x64) AppleWebKit/537.36 (KHTML, like Gecko) Chrome/143.0.0.0 Safari/537.36"
165.231.24.75 - - [06/Mar/2026:15:18:08 +0000] "GET /wp-content/plugins/elementor/assets/lib/font-awesome/css/brands.min.css HTTP/1.1" 200 308 "https://petpaloozahub.com/register/" "Mozilla/5.0 (Windows NT 10.0; Win64; x64) AppleWebKit/537.36 (KHTML, like Gecko) Chrome/143.0.0.0 Safari/537.36"
165.231.24.75 - - [06/Mar/2026:15:18:10 +0000] "GET /wp-content/plugins/woocommerce/assets/client/blocks/wc-blocks.css HTTP/1.1" 200 2618 "https://petpaloozahub.com/register/" "Mozilla/5.0 (Windows NT 10.0; Win64; x64) AppleWebKit/537.36 (KHTML, like Gecko) Chrome/143.0.0.0 Safari/537.36"
165.231.24.75 - - [06/Mar/2026:15:18:11 +0000] "GET /wp-content/uploads/redux/custom-fonts/fonts.css HTTP/1.1" 200 - "https://petpaloozahub.com/register/" "Mozilla/5.0 (Windows NT 10.0; Win64; x64) AppleWebKit/537.36 (KHTML, like Gecko) Chrome/143.0.0.0 Safari/537.36"
191.102.166.158 - - [06/Mar/2026:15:18:11 +0000] "GET /wp-content/uploads/elementor/css/post-5422.css HTTP/1.1" 200 826 "https://petpaloozahub.com/register/" "Mozilla/5.0 (Windows NT 10.0; Win64; x64) AppleWebKit/537.36 (KHTML, like Gecko) Chrome/143.0.0.0 Safari/537.36"
191.102.166.158 - - [06/Mar/2026:15:18:12 +0000] "GET /wp-content/uploads/directorypress_assets/directorypress-dynamic.css HTTP/1.1" 200 6302 "https://petpaloozahub.com/register/" "Mozilla/5.0 (Windows NT 10.0; Win64; x64) AppleWebKit/537.36 (KHTML, like Gecko) Chrome/143.0.0.0 Safari/537.36"
191.102.166.158 - - [06/Mar/2026:15:18:12 +0000] "GET /wp-content/plugins/elementor/assets/css/widget-divider.min.css HTTP/1.1" 200 741 "https://petpaloozahub.com/register/" "Mozilla/5.0 (Windows NT 10.0; Win64; x64) AppleWebKit/537.36 (KHTML, like Gecko) Chrome/143.0.0.0 Safari/537.36"
191.102.166.158 - - [06/Mar/2026:15:18:12 +0000] "GET /wp-content/plugins/elementor/assets/css/widget-social-icons.min.css HTTP/1.1" 200 1142 "https://petpaloozahub.com/register/" "Mozilla/5.0 (Windows NT 10.0; Win64; x64) AppleWebKit/537.36 (KHTML, like Gecko) Chrome/143.0.0.0 Safari/537.36"
191.102.166.158 - - [06/Mar/2026:15:18:12 +0000] "GET /wp-content/plugins/elementor/assets/css/conditionals/apple-webkit.min.css HTTP/1.1" 200 547 "https://petpaloozahub.com/register/" "Mozilla/5.0 (Windows NT 10.0; Win64; x64) AppleWebKit/537.36 (KHTML, like Gecko) Chrome/143.0.0.0 Safari/537.36"
191.102.166.158 - - [06/Mar/2026:15:18:13 +0000] "GET /wp-content/uploads/elementor/google-fonts/css/lato.css HTTP/1.1" 200 598 "https://petpaloozahub.com/register/" "Mozilla/5.0 (Windows NT 10.0; Win64; x64) AppleWebKit/537.36 (KHTML, like Gecko) Chrome/143.0.0.0 Safari/537.36"
165.231.24.75 - - [06/Mar/2026:15:18:14 +0000] "POST /register/ HTTP/1.1" 200 57026 "https://petpaloozahub.com/register/" "Mozilla/5.0 (Windows NT 6.3; Win64; x64) AppleWebKit/537.36 (KHTML, like Gecko) Chrome/103.0.0.0 Safari/537.36"
165.231.24.75 - - [06/Mar/2026:15:18:16 +0000] "GET /wp-login.php HTTP/1.1" 200 2088 "https://petpaloozahub.com/register/" "Mozilla/5.0 (Windows NT 6.3; Win64; x64) AppleWebKit/537.36 (KHTML, like Gecko) Chrome/103.0.0.0 Safari/537.36"
165.231.24.75 - - [06/Mar/2026:15:18:18 +0000] "GET /wp-login.php HTTP/1.1" 200 2088 "https://petpaloozahub.com/wp-login.php" "Mozilla/5.0 (Windows NT 6.3; Win64; x64) AppleWebKit/537.36 (KHTML, like Gecko) Chrome/103.0.0.0 Safari/537.36"
191.102.166.158 - - [06/Mar/2026:15:18:18 +0000] "GET /wp-admin/css/forms.min.css HTTP/1.1" 200 6620 "https://petpaloozahub.com/wp-login.php" "Mozilla/5.0 (Windows NT 10.0; Win64; x64) AppleWebKit/537.36 (KHTML, like Gecko) Chrome/143.0.0.0 Safari/537.36"
191.102.166.158 - - [06/Mar/2026:15:18:19 +0000] "GET /wp-admin/css/l10n.min.css HTTP/1.1" 200 767 "https://petpaloozahub.com/wp-login.php" "Mozilla/5.0 (Windows NT 10.0; Win64; x64) AppleWebKit/537.36 (KHTML, like Gecko) Chrome/143.0.0.0 Safari/537.36"
85.208.96.212 - - [06/Mar/2026:15:18:18 +0000] "GET /3594570662.htm HTTP/1.1" 404 55226 "-" "Mozilla/5.0 (compatible; SemrushBot/7~bl; +http://www.semrush.com/bot.html)"
191.102.166.158 - - [06/Mar/2026:15:18:19 +0000] "GET /wp-admin/css/login.min.css HTTP/1.1" 200 2171 "https://petpaloozahub.com/wp-login.php" "Mozilla/5.0 (Windows NT 10.0; Win64; x64) AppleWebKit/537.36 (KHTML, like Gecko) Chrome/143.0.0.0 Safari/537.36"
165.231.24.75 - - [06/Mar/2026:15:18:20 +0000] "POST /wp-login.php HTTP/1.1" 200 2189 "https://petpaloozahub.com/wp-login.php" "Mozilla/5.0 (Windows NT 6.3; Win64; x64) AppleWebKit/537.36 (KHTML, like Gecko) Chrome/103.0.0.0 Safari/537.36"
85.208.96.206 - - [06/Mar/2026:15:18:20 +0000] "GET /9897042242.htm HTTP/1.1" 404 55225 "-" "Mozilla/5.0 (compatible; SemrushBot/7~bl; +http://www.semrush.com/bot.html)"
165.231.24.75 - - [06/Mar/2026:15:18:22 +0000] "GET /register/ HTTP/1.1" 200 57035 "https://petpaloozahub.com/wp-login.php" "Mozilla/5.0 (Windows NT 6.3; Win64; x64) AppleWebKit/537.36 (KHTML, like Gecko) Chrome/103.0.0.0 Safari/537.36"
85.208.96.212 - - [06/Mar/2026:15:18:24 +0000] "GET /9897012399.htm HTTP/1.1" 404 55225 "-" "Mozilla/5.0 (compatible; SemrushBot/7~bl; +http://www.semrush.com/bot.html)"
165.231.24.75 - - [06/Mar/2026:15:18:24 +0000] "GET /xmlrpc.php HTTP/1.1" 405 60 "https://petpaloozahub.com/register/" "Mozilla/5.0 (Windows NT 6.3; Win64; x64) AppleWebKit/537.36 (KHTML, like Gecko) Chrome/103.0.0.0 Safari/537.36"
159.198.75.45 - - [06/Mar/2026:15:18:26 +0000] "POST /wp-cron.php?doing_wp_cron=1772810306.4846448898315429687500 HTTP/1.1" 200 - "-" "WordPress/6.9.1; https://petpaloozahub.com"
165.231.24.75 - - [06/Mar/2026:15:18:26 +0000] "POST /xmlrpc.php HTTP/1.1" 200 206 "https://petpaloozahub.com/xmlrpc.php" "Mozilla/5.0 (Windows NT 6.3; Win64; x64) AppleWebKit/537.36 (KHTML, like Gecko) Chrome/103.0.0.0 Safari/537.36"
165.231.24.75 - - [06/Mar/2026:15:18:27 +0000] "POST /xmlrpc.php HTTP/1.1" 200 206 "https://petpaloozahub.com/xmlrpc.php" "Mozilla/5.0 (Windows NT 6.3; Win64; x64) AppleWebKit/537.36 (KHTML, like Gecko) Chrome/103.0.0.0 Safari/537.36"
165.231.24.75 - - [06/Mar/2026:15:18:29 +0000] "GET /register/ HTTP/1.1" 200 57035 "https://petpaloozahub.com/xmlrpc.php" "Mozilla/5.0 (Windows NT 6.3; Win64; x64) AppleWebKit/537.36 (KHTML, like Gecko) Chrome/103.0.0.0 Safari/537.36"
165.231.24.75 - - [06/Mar/2026:15:18:31 +0000] "GET /my-dashboard/ HTTP/1.1" 302 55058 "https://petpaloozahub.com/register/" "Mozilla/5.0 (Windows NT 6.3; Win64; x64) AppleWebKit/537.36 (KHTML, like Gecko) Chrome/103.0.0.0 Safari/537.36"
165.231.24.75 - - [06/Mar/2026:15:18:33 +0000] "GET /login/?redirect_to=https%3A%2F%2Fpetpaloozahub.com%2Fmy-dashboard%2F HTTP/1.1" 200 57197 "https://petpaloozahub.com/my-dashboard/" "Mozilla/5.0 (Windows NT 6.3; Win64; x64) AppleWebKit/537.36 (KHTML, like Gecko) Chrome/103.0.0.0 Safari/537.36"
165.231.24.75 - - [06/Mar/2026:15:18:35 +0000] "GET /categories/ HTTP/1.1" 200 55784 "https://petpaloozahub.com/login/?redirect_to=https%3A%2F%2Fpetpaloozahub.com%2Fmy-dashboard%2F" "Mozilla/5.0 (Windows NT 6.3; Win64; x64) AppleWebKit/537.36 (KHTML, like Gecko) Chrome/103.0.0.0 Safari/537.36"
185.191.171.5 - - [06/Mar/2026:15:18:39 +0000] "GET /98970145800.htm HTTP/1.1" 404 55226 "-" "Mozilla/5.0 (compatible; SemrushBot/7~bl; +http://www.semrush.com/bot.html)"
191.102.166.158 - - [06/Mar/2026:15:18:41 +0000] "GET /wp-content/uploads/elementor/css/post-638.css HTTP/1.1" 200 253 "https://petpaloozahub.com/categories/" "Mozilla/5.0 (Windows NT 10.0; Win64; x64) AppleWebKit/537.36 (KHTML, like Gecko) Chrome/143.0.0.0 Safari/537.36"
191.102.166.158 - - [06/Mar/2026:15:18:42 +0000] "GET /wp-content/uploads/redux/custom-fonts/fonts.css HTTP/1.1" 200 - "https://petpaloozahub.com/categories/" "Mozilla/5.0 (Windows NT 10.0; Win64; x64) AppleWebKit/537.36 (KHTML, like Gecko) Chrome/143.0.0.0 Safari/537.36"
165.231.24.75 - - [06/Mar/2026:15:18:43 +0000] "GET /categories/?close_user_account_request=215c67364d&_wp_http_referer=%2Fcategories%2F HTTP/1.1" 200 55793 "https://petpaloozahub.com/categories/" "Mozilla/5.0 (Windows NT 6.3; Win64; x64) AppleWebKit/537.36 (KHTML, like Gecko) Chrome/103.0.0.0 Safari/537.36"
85.208.96.207 - - [06/Mar/2026:15:18:43 +0000] "GET /9897068782.htm HTTP/1.1" 404 55226 "-" "Mozilla/5.0 (compatible; SemrushBot/7~bl; +http://www.semrush.com/bot.html)"
165.231.24.75 - - [06/Mar/2026:15:18:45 +0000] "GET /wp-admin/post-new.php HTTP/1.1" 302 - "https://petpaloozahub.com/categories/?close_user_account_request=215c67364d&_wp_http_referer=%2Fcategories%2F" "Mozilla/5.0 (Windows NT 6.3; Win64; x64) AppleWebKit/537.36 (KHTML, like Gecko) Chrome/103.0.0.0 Safari/537.36"
165.231.24.75 - - [06/Mar/2026:15:18:47 +0000] "GET /wp-login.php?redirect_to=https%3A%2F%2Fpetpaloozahub.com%2Fwp-admin%2Fpost-new.php&reauth=1 HTTP/1.1" 200 2095 "https://petpaloozahub.com/wp-admin/post-new.php" "Mozilla/5.0 (Windows NT 6.3; Win64; x64) AppleWebKit/537.36 (KHTML, like Gecko) Chrome/103.0.0.0 Safari/537.36"
185.191.171.7 - - [06/Mar/2026:15:18:47 +0000] "GET /9897042878.htm HTTP/1.1" 404 55226 "-" "Mozilla/5.0 (compatible; SemrushBot/7~bl; +http://www.semrush.com/bot.html)"
185.191.171.12 - - [06/Mar/2026:15:18:57 +0000] "GET /3594567696.htm HTTP/1.1" 404 55226 "-" "Mozilla/5.0 (compatible; SemrushBot/7~bl; +http://www.semrush.com/bot.html)"
136.243.228.181 - - [06/Mar/2026:15:19:18 +0000] "GET /author/desk-walking-pad8238/?profile=true HTTP/1.1" 200 56507 "-" "Mozilla/5.0 (compatible; DataForSeoBot/1.0; +https://dataforseo.com/dataforseo-bot)"
85.208.96.206 - - [06/Mar/2026:15:19:20 +0000] "GET /3594555589.htm HTTP/1.1" 404 55223 "-" "Mozilla/5.0 (compatible; SemrushBot/7~bl; +http://www.semrush.com/bot.html)"
159.198.75.45 - - [06/Mar/2026:15:19:37 +0000] "POST /wp-cron.php?doing_wp_cron=1772810377.0435020923614501953125 HTTP/1.1" 200 - "-" "WordPress/6.9.1; https://petpaloozahub.com"
185.191.171.15 - - [06/Mar/2026:15:19:36 +0000] "GET /2686095093.htm HTTP/1.1" 404 55226 "-" "Mozilla/5.0 (compatible; SemrushBot/7~bl; +http://www.semrush.com/bot.html)"
85.208.96.207 - - [06/Mar/2026:15:19:39 +0000] "GET /9897018005.htm HTTP/1.1" 404 55226 "-" "Mozilla/5.0 (compatible; SemrushBot/7~bl; +http://www.semrush.com/bot.html)"
185.191.171.10 - - [06/Mar/2026:15:19:45 +0000] "GET /9897086620.htm HTTP/1.1" 404 55225 "-" "Mozilla/5.0 (compatible; SemrushBot/7~bl; +http://www.semrush.com/bot.html)"
85.208.96.208 - - [06/Mar/2026:15:19:49 +0000] "GET /98970136778.htm HTTP/1.1" 404 55226 "-" "Mozilla/5.0 (compatible; SemrushBot/7~bl; +http://www.semrush.com/bot.html)"
50.32.196.36 - - [06/Mar/2026:15:19:52 +0000] "GET /wp-content/uploads/2023/03/ei_1729175304894-removebg-preview.png HTTP/1.1" 200 171412 "https://buyall.us/" "Mozilla/5.0 (Windows NT 10.0; Win64; x64) AppleWebKit/537.36 (KHTML, like Gecko) Chrome/143.0.0.0 Safari/537.36"
85.208.96.208 - - [06/Mar/2026:15:20:00 +0000] "GET /2686011419.htm HTTP/1.1" 404 55225 "-" "Mozilla/5.0 (compatible; SemrushBot/7~bl; +http://www.semrush.com/bot.html)"
159.198.75.45 - - [06/Mar/2026:15:20:26 +0000] "POST /wp-cron.php?doing_wp_cron=1772810426.4476571083068847656250 HTTP/1.1" 200 - "-" "WordPress/6.9.1; https://petpaloozahub.com"
87.250.224.52 - - [06/Mar/2026:15:20:25 +0000] "GET /robots.txt HTTP/1.1" 200 320 "-" "Mozilla/5.0 (compatible; YandexBot/3.0; +http://yandex.com/bots)"
213.180.203.82 - - [06/Mar/2026:15:20:27 +0000] "GET /how-to-socialize-a-puppy/ HTTP/1.1" 200 58266 "-" "Mozilla/5.0 (compatible; YandexBot/3.0; +http://yandex.com/bots)"
185.191.171.7 - - [06/Mar/2026:15:20:40 +0000] "GET /98970150088.htm HTTP/1.1" 404 55225 "-" "Mozilla/5.0 (compatible; SemrushBot/7~bl; +http://www.semrush.com/bot.html)"
185.191.171.13 - - [06/Mar/2026:15:21:00 +0000] "GET /8112542982.htm HTTP/1.1" 404 55225 "-" "Mozilla/5.0 (compatible; SemrushBot/7~bl; +http://www.semrush.com/bot.html)"
85.208.96.209 - - [06/Mar/2026:15:21:07 +0000] "GET /98970136444.htm HTTP/1.1" 404 55225 "-" "Mozilla/5.0 (compatible; SemrushBot/7~bl; +http://www.semrush.com/bot.html)"
218.152.33.179 - - [06/Mar/2026:15:21:14 +0000] "GET /register/ HTTP/1.1" 200 57029 "https://petpaloozahub.com/" "Mozilla/5.0 (Macintosh; Intel Mac OS X 12_5) AppleWebKit/537.36 (KHTML, like Gecko) Chrome/114.0.0.0 Safari/537.36"
185.191.171.7 - - [06/Mar/2026:15:21:20 +0000] "GET /3594550851.htm HTTP/1.1" 404 55224 "-" "Mozilla/5.0 (compatible; SemrushBot/7~bl; +http://www.semrush.com/bot.html)"
218.152.33.179 - - [06/Mar/2026:15:21:20 +0000] "GET /login/ HTTP/1.1" 200 57145 "https://petpaloozahub.com/register/" "Mozilla/5.0 (Macintosh; Intel Mac OS X 12_5) AppleWebKit/537.36 (KHTML, like Gecko) Chrome/114.0.0.0 Safari/537.36"
218.152.33.179 - - [06/Mar/2026:15:21:23 +0000] "GET /wp-content/plugins/designinvento-elementor-widgets/assets/css/user-menu.css HTTP/1.1" 200 904 "https://petpaloozahub.com/login/" "Mozilla/5.0 (Windows NT 10.0; Win64; x64) AppleWebKit/537.36 (KHTML, like Gecko) Chrome/143.0.0.0 Safari/537.36"
185.191.171.11 - - [06/Mar/2026:15:21:23 +0000] "GET /2686076322.htm HTTP/1.1" 404 55225 "-" "Mozilla/5.0 (compatible; SemrushBot/7~bl; +http://www.semrush.com/bot.html)"
218.152.33.179 - - [06/Mar/2026:15:21:26 +0000] "GET /wp-content/plugins/designinvento-elementor-widgets/assets/css/nav-menu.css HTTP/1.1" 200 239 "https://petpaloozahub.com/login/" "Mozilla/5.0 (Windows NT 10.0; Win64; x64) AppleWebKit/537.36 (KHTML, like Gecko) Chrome/143.0.0.0 Safari/537.36"
218.152.33.179 - - [06/Mar/2026:15:21:28 +0000] "GET /wp-content/plugins/header-footer-builder/assets/public/css/frontend.css HTTP/1.1" 200 7681 "https://petpaloozahub.com/login/" "Mozilla/5.0 (Windows NT 10.0; Win64; x64) AppleWebKit/537.36 (KHTML, like Gecko) Chrome/143.0.0.0 Safari/537.36"
218.152.33.179 - - [06/Mar/2026:15:21:31 +0000] "GET /wp-includes/css/dashicons.min.css HTTP/1.1" 200 35721 "https://petpaloozahub.com/login/" "Mozilla/5.0 (Windows NT 10.0; Win64; x64) AppleWebKit/537.36 (KHTML, like Gecko) Chrome/143.0.0.0 Safari/537.36"
218.152.33.179 - - [06/Mar/2026:15:21:33 +0000] "GET /wp-content/plugins/bp-verified-member/assets/css/style.css HTTP/1.1" 200 2004 "https://petpaloozahub.com/login/" "Mozilla/5.0 (Windows NT 10.0; Win64; x64) AppleWebKit/537.36 (KHTML, like Gecko) Chrome/143.0.0.0 Safari/537.36"
218.152.33.179 - - [06/Mar/2026:15:21:35 +0000] "GET /wp-content/themes/classiadspro/styles/css/bootstrap.min.css HTTP/1.1" 200 33777 "https://petpaloozahub.com/login/" "Mozilla/5.0 (Windows NT 10.0; Win64; x64) AppleWebKit/537.36 (KHTML, like Gecko) Chrome/143.0.0.0 Safari/537.36"
218.152.33.179 - - [06/Mar/2026:15:21:38 +0000] "GET /wp-content/themes/classiadspro/styles/css/slick/slick.css HTTP/1.1" 200 569 "https://petpaloozahub.com/login/" "Mozilla/5.0 (Windows NT 10.0; Win64; x64) AppleWebKit/537.36 (KHTML, like Gecko) Chrome/143.0.0.0 Safari/537.36"
218.152.33.179 - - [06/Mar/2026:15:21:40 +0000] "GET /wp-content/themes/classiadspro/styles/css/slick/slick-theme.css HTTP/1.1" 200 866 "https://petpaloozahub.com/login/" "Mozilla/5.0 (Windows NT 10.0; Win64; x64) AppleWebKit/537.36 (KHTML, like Gecko) Chrome/143.0.0.0 Safari/537.36"
218.152.33.179 - - [06/Mar/2026:15:21:41 +0000] "GET /wp-content/themes/classiadspro/styles/material-icons/material-icons.min.css HTTP/1.1" 200 43656 "https://petpaloozahub.com/login/" "Mozilla/5.0 (Windows NT 10.0; Win64; x64) AppleWebKit/537.36 (KHTML, like Gecko) Chrome/143.0.0.0 Safari/537.36"
218.152.33.179 - - [06/Mar/2026:15:21:44 +0000] "GET /wp-content/themes/classiadspro/styles/css/select2.css HTTP/1.1" 200 2707 "https://petpaloozahub.com/login/" "Mozilla/5.0 (Windows NT 10.0; Win64; x64) AppleWebKit/537.36 (KHTML, like Gecko) Chrome/143.0.0.0 Safari/537.36"
218.152.33.179 - - [06/Mar/2026:15:21:45 +0000] "GET /wp-content/themes/classiadspro/styles/css/pacz-styles.css HTTP/1.1" 200 25759 "https://petpaloozahub.com/login/" "Mozilla/5.0 (Windows NT 10.0; Win64; x64) AppleWebKit/537.36 (KHTML, like Gecko) Chrome/143.0.0.0 Safari/537.36"
218.152.33.179 - - [06/Mar/2026:15:21:47 +0000] "GET /wp-content/themes/classiadspro/styles/css/post.css HTTP/1.1" 200 7353 "https://petpaloozahub.com/login/" "Mozilla/5.0 (Windows NT 10.0; Win64; x64) AppleWebKit/537.36 (KHTML, like Gecko) Chrome/143.0.0.0 Safari/537.36"
159.198.75.45 - - [06/Mar/2026:15:21:48 +0000] "POST /wp-cron.php?doing_wp_cron=1772810508.0405330657958984375000 HTTP/1.1" 200 - "-" "WordPress/6.9.1; https://petpaloozahub.com"
74.7.227.49 - - [06/Mar/2026:15:21:47 +0000] "GET /author/cheap-fridges-online2700/?prof HTTP/1.1" 200 55170 "https://www.damp.tottori-u.ac.jp" "Mozilla/5.0 AppleWebKit/537.36 (KHTML, like Gecko; compatible; GPTBot/1.3; +https://openai.com/gptbot)"
218.152.33.179 - - [06/Mar/2026:15:21:48 +0000] "GET /wp-content/themes/classiadspro/styles/css/shortcode/common-shortcode.css HTTP/1.1" 200 1190 "https://petpaloozahub.com/login/" "Mozilla/5.0 (Windows NT 10.0; Win64; x64) AppleWebKit/537.36 (KHTML, like Gecko) Chrome/143.0.0.0 Safari/537.36"
218.152.33.179 - - [06/Mar/2026:15:21:50 +0000] "GET /wp-content/themes/classiadspro/styles/css/fonticon-custom.min.css HTTP/1.1" 200 17773 "https://petpaloozahub.com/login/" "Mozilla/5.0 (Windows NT 10.0; Win64; x64) AppleWebKit/537.36 (KHTML, like Gecko) Chrome/143.0.0.0 Safari/537.36"
74.7.227.49 - - [06/Mar/2026:15:21:50 +0000] "GET /wp-json/wp/v2/users/4283 HTTP/1.1" 401 110 "https://petpaloozahub.com/author/cheap-fridges-online2700/?prof" "Mozilla/5.0 AppleWebKit/537.36 (KHTML, like Gecko; compatible; GPTBot/1.3; +https://openai.com/gptbot)"
218.152.33.179 - - [06/Mar/2026:15:21:52 +0000] "GET /wp-content/themes/classiadspro/directorypress/assets/css/common.css HTTP/1.1" 200 14557 "https://petpaloozahub.com/login/" "Mozilla/5.0 (Windows NT 10.0; Win64; x64) AppleWebKit/537.36 (KHTML, like Gecko) Chrome/143.0.0.0 Safari/537.36"
74.7.227.49 - - [06/Mar/2026:15:21:53 +0000] "GET /author/cheap-fridges-online2700/feed/ HTTP/1.1" 200 587 "https://petpaloozahub.com/author/cheap-fridges-online2700/?prof" "Mozilla/5.0 AppleWebKit/537.36 (KHTML, like Gecko; compatible; GPTBot/1.3; +https://openai.com/gptbot)"
218.152.33.179 - - [06/Mar/2026:15:21:54 +0000] "GET /wp-includes/css/buttons.min.css HTTP/1.1" 200 1470 "https://petpaloozahub.com/login/" "Mozilla/5.0 (Windows NT 10.0; Win64; x64) AppleWebKit/537.36 (KHTML, like Gecko) Chrome/143.0.0.0 Safari/537.36"
218.152.33.179 - - [06/Mar/2026:15:21:55 +0000] "GET /wp-includes/js/mediaelement/mediaelementplayer-legacy.min.css HTTP/1.1" 200 2592 "https://petpaloozahub.com/login/" "Mozilla/5.0 (Windows NT 10.0; Win64; x64) AppleWebKit/537.36 (KHTML, like Gecko) Chrome/143.0.0.0 Safari/537.36"
218.152.33.179 - - [06/Mar/2026:15:21:57 +0000] "GET /wp-includes/js/mediaelement/wp-mediaelement.min.css HTTP/1.1" 200 1156 "https://petpaloozahub.com/login/" "Mozilla/5.0 (Windows NT 10.0; Win64; x64) AppleWebKit/537.36 (KHTML, like Gecko) Chrome/143.0.0.0 Safari/537.36"
218.152.33.179 - - [06/Mar/2026:15:21:59 +0000] "GET /wp-includes/css/media-views.min.css HTTP/1.1" 200 8721 "https://petpaloozahub.com/login/" "Mozilla/5.0 (Windows NT 10.0; Win64; x64) AppleWebKit/537.36 (KHTML, like Gecko) Chrome/143.0.0.0 Safari/537.36"
218.152.33.179 - - [06/Mar/2026:15:22:00 +0000] "GET /wp-includes/js/imgareaselect/imgareaselect.css HTTP/1.1" 200 265 "https://petpaloozahub.com/login/" "Mozilla/5.0 (Windows NT 10.0; Win64; x64) AppleWebKit/537.36 (KHTML, like Gecko) Chrome/143.0.0.0 Safari/537.36"
218.152.33.179 - - [06/Mar/2026:15:22:02 +0000] "GET /wp-content/plugins/dicode-icons-pack/assets/elegant/elegant-icons.min.css HTTP/1.1" 200 3995 "https://petpaloozahub.com/login/" "Mozilla/5.0 (Windows NT 10.0; Win64; x64) AppleWebKit/537.36 (KHTML, like Gecko) Chrome/143.0.0.0 Safari/537.36"
