37.139.53.179 - - [06/Mar/2026:16:40:38 +0000] "GET /wp-content/plugins/elementor/assets/lib/eicons/css/elementor-icons.min.css HTTP/1.1" 200 4429 "https://petpaloozahub.com/author/ajanowland1721/?profile=true" "Mozilla/5.0 (Windows NT 10.0; Win64; x64) AppleWebKit/537.36 (KHTML, like Gecko) Chrome/143.0.0.0 Safari/537.36"
185.176.207.8 - - [06/Mar/2026:16:40:38 +0000] "GET /wp-includes/css/buttons.min.css HTTP/1.1" 200 1470 "https://petpaloozahub.com/register/" "Mozilla/5.0 (Windows NT 10.0; Win64; x64) AppleWebKit/537.36 (KHTML, like Gecko) Chrome/143.0.0.0 Safari/537.36"
185.176.207.8 - - [06/Mar/2026:16:40:39 +0000] "GET /wp-includes/js/mediaelement/mediaelementplayer-legacy.min.css HTTP/1.1" 200 2592 "https://petpaloozahub.com/register/" "Mozilla/5.0 (Windows NT 10.0; Win64; x64) AppleWebKit/537.36 (KHTML, like Gecko) Chrome/143.0.0.0 Safari/537.36"
37.139.53.179 - - [06/Mar/2026:16:40:39 +0000] "GET /wp-content/plugins/elementor/assets/css/frontend.min.css HTTP/1.1" 200 7271 "https://petpaloozahub.com/author/ajanowland1721/?profile=true" "Mozilla/5.0 (Windows NT 10.0; Win64; x64) AppleWebKit/537.36 (KHTML, like Gecko) Chrome/143.0.0.0 Safari/537.36"
185.176.207.8 - - [06/Mar/2026:16:40:39 +0000] "GET /wp-includes/js/mediaelement/wp-mediaelement.min.css HTTP/1.1" 200 1156 "https://petpaloozahub.com/register/" "Mozilla/5.0 (Windows NT 10.0; Win64; x64) AppleWebKit/537.36 (KHTML, like Gecko) Chrome/143.0.0.0 Safari/537.36"
37.139.53.179 - - [06/Mar/2026:16:40:40 +0000] "GET /wp-content/uploads/elementor/css/post-7.css HTTP/1.1" 200 376 "https://petpaloozahub.com/author/ajanowland1721/?profile=true" "Mozilla/5.0 (Windows NT 10.0; Win64; x64) AppleWebKit/537.36 (KHTML, like Gecko) Chrome/143.0.0.0 Safari/537.36"
185.176.207.8 - - [06/Mar/2026:16:40:40 +0000] "GET /wp-includes/css/media-views.min.css HTTP/1.1" 200 8721 "https://petpaloozahub.com/register/" "Mozilla/5.0 (Windows NT 10.0; Win64; x64) AppleWebKit/537.36 (KHTML, like Gecko) Chrome/143.0.0.0 Safari/537.36"
185.176.207.8 - - [06/Mar/2026:16:40:40 +0000] "GET /wp-includes/js/imgareaselect/imgareaselect.css HTTP/1.1" 200 265 "https://petpaloozahub.com/register/" "Mozilla/5.0 (Windows NT 10.0; Win64; x64) AppleWebKit/537.36 (KHTML, like Gecko) Chrome/143.0.0.0 Safari/537.36"
37.139.53.179 - - [06/Mar/2026:16:40:40 +0000] "GET /wp-content/uploads/elementor/css/post-10242.css HTTP/1.1" 200 1873 "https://petpaloozahub.com/author/ajanowland1721/?profile=true" "Mozilla/5.0 (Windows NT 10.0; Win64; x64) AppleWebKit/537.36 (KHTML, like Gecko) Chrome/143.0.0.0 Safari/537.36"
185.176.207.8 - - [06/Mar/2026:16:40:41 +0000] "GET /wp-content/plugins/dicode-icons-pack/assets/elegant/elegant-icons.min.css HTTP/1.1" 200 3995 "https://petpaloozahub.com/register/" "Mozilla/5.0 (Windows NT 10.0; Win64; x64) AppleWebKit/537.36 (KHTML, like Gecko) Chrome/143.0.0.0 Safari/537.36"
37.139.53.179 - - [06/Mar/2026:16:40:41 +0000] "GET /wp-content/uploads/elementor/css/post-9685.css HTTP/1.1" 200 1707 "https://petpaloozahub.com/author/ajanowland1721/?profile=true" "Mozilla/5.0 (Windows NT 10.0; Win64; x64) AppleWebKit/537.36 (KHTML, like Gecko) Chrome/143.0.0.0 Safari/537.36"
185.176.207.8 - - [06/Mar/2026:16:40:41 +0000] "GET /wp-content/plugins/dicode-icons-pack/assets/linearicons/linearicons.min.css HTTP/1.1" 200 1577 "https://petpaloozahub.com/register/" "Mozilla/5.0 (Windows NT 10.0; Win64; x64) AppleWebKit/537.36 (KHTML, like Gecko) Chrome/143.0.0.0 Safari/537.36"
185.176.207.8 - - [06/Mar/2026:16:40:42 +0000] "GET /wp-content/plugins/dicode-icons-pack/assets/themify/themify.min.css HTTP/1.1" 200 2824 "https://petpaloozahub.com/register/" "Mozilla/5.0 (Windows NT 10.0; Win64; x64) AppleWebKit/537.36 (KHTML, like Gecko) Chrome/143.0.0.0 Safari/537.36"
37.139.53.179 - - [06/Mar/2026:16:40:42 +0000] "GET /wp-content/plugins/header-footer-builder/assets/public/css/menu.css HTTP/1.1" 200 7534 "https://petpaloozahub.com/author/ajanowland1721/?profile=true" "Mozilla/5.0 (Windows NT 10.0; Win64; x64) AppleWebKit/537.36 (KHTML, like Gecko) Chrome/143.0.0.0 Safari/537.36"
185.176.207.8 - - [06/Mar/2026:16:40:42 +0000] "GET /wp-content/plugins/directorypress-frontend-messages/assets/css/style.css HTTP/1.1" 200 4380 "https://petpaloozahub.com/register/" "Mozilla/5.0 (Windows NT 10.0; Win64; x64) AppleWebKit/537.36 (KHTML, like Gecko) Chrome/143.0.0.0 Safari/537.36"
185.176.207.8 - - [06/Mar/2026:16:40:43 +0000] "GET /wp-content/plugins/directorypress-frontend-messages/assets/css/common-style.css HTTP/1.1" 200 471 "https://petpaloozahub.com/register/" "Mozilla/5.0 (Windows NT 10.0; Win64; x64) AppleWebKit/537.36 (KHTML, like Gecko) Chrome/143.0.0.0 Safari/537.36"
185.176.207.8 - - [06/Mar/2026:16:40:43 +0000] "GET /wp-content/plugins/directorypress-frontend-messages/public/css/directorypress-frontend-messages-public.css HTTP/1.1" 200 106 "https://petpaloozahub.com/register/" "Mozilla/5.0 (Windows NT 10.0; Win64; x64) AppleWebKit/537.36 (KHTML, like Gecko) Chrome/143.0.0.0 Safari/537.36"
185.176.207.8 - - [06/Mar/2026:16:40:44 +0000] "GET /wp-content/plugins/directorypress-maps/assets/css/map.css HTTP/1.1" 200 1667 "https://petpaloozahub.com/register/" "Mozilla/5.0 (Windows NT 10.0; Win64; x64) AppleWebKit/537.36 (KHTML, like Gecko) Chrome/143.0.0.0 Safari/537.36"
37.139.53.179 - - [06/Mar/2026:16:40:44 +0000] "GET /wp-content/themes/classiadspro/style.css HTTP/1.1" 200 636 "https://petpaloozahub.com/author/ajanowland1721/?profile=true" "Mozilla/5.0 (Windows NT 10.0; Win64; x64) AppleWebKit/537.36 (KHTML, like Gecko) Chrome/143.0.0.0 Safari/537.36"
185.176.207.8 - - [06/Mar/2026:16:40:44 +0000] "GET /wp-content/plugins/directorypress-claim-listing/assets/css/style.css HTTP/1.1" 200 106 "https://petpaloozahub.com/register/" "Mozilla/5.0 (Windows NT 10.0; Win64; x64) AppleWebKit/537.36 (KHTML, like Gecko) Chrome/143.0.0.0 Safari/537.36"
85.208.96.205 - - [06/Mar/2026:16:40:44 +0000] "GET /8112528575.htm HTTP/1.1" 404 55225 "-" "Mozilla/5.0 (compatible; SemrushBot/7~bl; +http://www.semrush.com/bot.html)"
185.176.207.8 - - [06/Mar/2026:16:40:44 +0000] "GET /wp-content/plugins/directorypress-frontend/assets/css/directorypress-frontend-public.css HTTP/1.1" 200 13698 "https://petpaloozahub.com/register/" "Mozilla/5.0 (Windows NT 10.0; Win64; x64) AppleWebKit/537.36 (KHTML, like Gecko) Chrome/143.0.0.0 Safari/537.36"
37.139.53.179 - - [06/Mar/2026:16:40:45 +0000] "GET /wp-content/themes/classiadspro/custom.css HTTP/1.1" 200 27 "https://petpaloozahub.com/author/ajanowland1721/?profile=true" "Mozilla/5.0 (Windows NT 10.0; Win64; x64) AppleWebKit/537.36 (KHTML, like Gecko) Chrome/143.0.0.0 Safari/537.36"
185.176.207.8 - - [06/Mar/2026:16:40:45 +0000] "GET /wp-content/plugins/directorypress/assets/css/jqueryui/themes/smoothness/jquery-ui.min.css HTTP/1.1" 200 7688 "https://petpaloozahub.com/register/" "Mozilla/5.0 (Windows NT 10.0; Win64; x64) AppleWebKit/537.36 (KHTML, like Gecko) Chrome/143.0.0.0 Safari/537.36"
37.139.53.179 - - [06/Mar/2026:16:40:45 +0000] "GET /wp-content/uploads/classiadspro_assets/classiadspro-dynamic.css HTTP/1.1" 200 8224 "https://petpaloozahub.com/author/ajanowland1721/?profile=true" "Mozilla/5.0 (Windows NT 10.0; Win64; x64) AppleWebKit/537.36 (KHTML, like Gecko) Chrome/143.0.0.0 Safari/537.36"
185.176.207.8 - - [06/Mar/2026:16:40:46 +0000] "GET /wp-content/plugins/directorypress/assets/lib/fontawesome/css/all.min.css HTTP/1.1" 200 12355 "https://petpaloozahub.com/register/" "Mozilla/5.0 (Windows NT 10.0; Win64; x64) AppleWebKit/537.36 (KHTML, like Gecko) Chrome/143.0.0.0 Safari/537.36"
37.139.53.179 - - [06/Mar/2026:16:40:46 +0000] "GET /wp-content/plugins/directorypress/assets/css/custom.css HTTP/1.1" 200 27 "https://petpaloozahub.com/author/ajanowland1721/?profile=true" "Mozilla/5.0 (Windows NT 10.0; Win64; x64) AppleWebKit/537.36 (KHTML, like Gecko) Chrome/143.0.0.0 Safari/537.36"
185.176.207.8 - - [06/Mar/2026:16:40:46 +0000] "GET /wp-content/plugins/directorypress/assets/lib/slick-carousel/css/slick.css HTTP/1.1" 200 569 "https://petpaloozahub.com/register/" "Mozilla/5.0 (Windows NT 10.0; Win64; x64) AppleWebKit/537.36 (KHTML, like Gecko) Chrome/143.0.0.0 Safari/537.36"
185.176.207.8 - - [06/Mar/2026:16:40:47 +0000] "GET /wp-content/plugins/directorypress/assets/lib/slick-carousel/css/slick-theme.css HTTP/1.1" 200 866 "https://petpaloozahub.com/register/" "Mozilla/5.0 (Windows NT 10.0; Win64; x64) AppleWebKit/537.36 (KHTML, like Gecko) Chrome/143.0.0.0 Safari/537.36"
37.139.53.179 - - [06/Mar/2026:16:40:47 +0000] "GET /wp-content/uploads/elementor/google-fonts/css/roboto.css HTTP/1.1" 200 2869 "https://petpaloozahub.com/author/ajanowland1721/?profile=true" "Mozilla/5.0 (Windows NT 10.0; Win64; x64) AppleWebKit/537.36 (KHTML, like Gecko) Chrome/143.0.0.0 Safari/537.36"
185.176.207.8 - - [06/Mar/2026:16:40:47 +0000] "GET /wp-content/plugins/directorypress/assets/css/directorypress-search.css HTTP/1.1" 200 4472 "https://petpaloozahub.com/register/" "Mozilla/5.0 (Windows NT 10.0; Win64; x64) AppleWebKit/537.36 (KHTML, like Gecko) Chrome/143.0.0.0 Safari/537.36"
37.139.53.179 - - [06/Mar/2026:16:40:47 +0000] "GET /wp-content/uploads/elementor/google-fonts/css/robotoslab.css HTTP/1.1" 200 961 "https://petpaloozahub.com/author/ajanowland1721/?profile=true" "Mozilla/5.0 (Windows NT 10.0; Win64; x64) AppleWebKit/537.36 (KHTML, like Gecko) Chrome/143.0.0.0 Safari/537.36"
185.176.207.8 - - [06/Mar/2026:16:40:48 +0000] "GET /wp-content/plugins/directorypress/assets/css/style.css HTTP/1.1" 200 14221 "https://petpaloozahub.com/register/" "Mozilla/5.0 (Windows NT 10.0; Win64; x64) AppleWebKit/537.36 (KHTML, like Gecko) Chrome/143.0.0.0 Safari/537.36"
37.139.53.179 - - [06/Mar/2026:16:40:48 +0000] "GET /wp-content/uploads/elementor/google-fonts/css/poppins.css HTTP/1.1" 200 730 "https://petpaloozahub.com/author/ajanowland1721/?profile=true" "Mozilla/5.0 (Windows NT 10.0; Win64; x64) AppleWebKit/537.36 (KHTML, like Gecko) Chrome/143.0.0.0 Safari/537.36"
85.208.96.200 - - [06/Mar/2026:16:40:48 +0000] "GET /3594564678.htm HTTP/1.1" 404 55226 "-" "Mozilla/5.0 (compatible; SemrushBot/7~bl; +http://www.semrush.com/bot.html)"
185.176.207.8 - - [06/Mar/2026:16:40:49 +0000] "GET /wp-content/plugins/revslider/public/css/sr7.css HTTP/1.1" 200 1569 "https://petpaloozahub.com/register/" "Mozilla/5.0 (Windows NT 10.0; Win64; x64) AppleWebKit/537.36 (KHTML, like Gecko) Chrome/143.0.0.0 Safari/537.36"
37.139.53.179 - - [06/Mar/2026:16:40:49 +0000] "GET /wp-content/plugins/elementor/assets/lib/font-awesome/css/fontawesome.min.css HTTP/1.1" 200 12617 "https://petpaloozahub.com/author/ajanowland1721/?profile=true" "Mozilla/5.0 (Windows NT 10.0; Win64; x64) AppleWebKit/537.36 (KHTML, like Gecko) Chrome/143.0.0.0 Safari/537.36"
185.176.207.8 - - [06/Mar/2026:16:40:50 +0000] "GET /wp-content/themes/classiadspro/styles/css/pacz-woocommerce.css HTTP/1.1" 200 9762 "https://petpaloozahub.com/register/" "Mozilla/5.0 (Windows NT 10.0; Win64; x64) AppleWebKit/537.36 (KHTML, like Gecko) Chrome/143.0.0.0 Safari/537.36"
185.176.207.8 - - [06/Mar/2026:16:40:50 +0000] "GET /wp-content/plugins/form-builder-wp/assets/css/style.css HTTP/1.1" 200 4028 "https://petpaloozahub.com/register/" "Mozilla/5.0 (Windows NT 10.0; Win64; x64) AppleWebKit/537.36 (KHTML, like Gecko) Chrome/143.0.0.0 Safari/537.36"
37.139.53.179 - - [06/Mar/2026:16:40:50 +0000] "GET /wp-content/plugins/elementor/assets/lib/font-awesome/css/solid.min.css HTTP/1.1" 200 309 "https://petpaloozahub.com/author/ajanowland1721/?profile=true" "Mozilla/5.0 (Windows NT 10.0; Win64; x64) AppleWebKit/537.36 (KHTML, like Gecko) Chrome/143.0.0.0 Safari/537.36"
185.176.207.8 - - [06/Mar/2026:16:40:50 +0000] "GET /wp-content/plugins/header-footer-builder/assets/public/css/header-footer-builder.css HTTP/1.1" 200 425 "https://petpaloozahub.com/register/" "Mozilla/5.0 (Windows NT 10.0; Win64; x64) AppleWebKit/537.36 (KHTML, like Gecko) Chrome/143.0.0.0 Safari/537.36"
37.139.53.179 - - [06/Mar/2026:16:40:51 +0000] "GET /wp-content/plugins/elementor/assets/lib/font-awesome/css/brands.min.css HTTP/1.1" 200 308 "https://petpaloozahub.com/author/ajanowland1721/?profile=true" "Mozilla/5.0 (Windows NT 10.0; Win64; x64) AppleWebKit/537.36 (KHTML, like Gecko) Chrome/143.0.0.0 Safari/537.36"
185.176.207.8 - - [06/Mar/2026:16:40:51 +0000] "GET /wp-content/plugins/elementor/assets/lib/eicons/css/elementor-icons.min.css HTTP/1.1" 200 4429 "https://petpaloozahub.com/register/" "Mozilla/5.0 (Windows NT 10.0; Win64; x64) AppleWebKit/537.36 (KHTML, like Gecko) Chrome/143.0.0.0 Safari/537.36"
185.176.207.8 - - [06/Mar/2026:16:40:51 +0000] "GET /wp-content/plugins/elementor/assets/css/frontend.min.css HTTP/1.1" 200 7271 "https://petpaloozahub.com/register/" "Mozilla/5.0 (Windows NT 10.0; Win64; x64) AppleWebKit/537.36 (KHTML, like Gecko) Chrome/143.0.0.0 Safari/537.36"
37.139.53.179 - - [06/Mar/2026:16:40:52 +0000] "GET /wp-content/plugins/woocommerce/assets/client/blocks/wc-blocks.css HTTP/1.1" 200 2618 "https://petpaloozahub.com/author/ajanowland1721/?profile=true" "Mozilla/5.0 (Windows NT 10.0; Win64; x64) AppleWebKit/537.36 (KHTML, like Gecko) Chrome/143.0.0.0 Safari/537.36"
185.176.207.8 - - [06/Mar/2026:16:40:52 +0000] "GET /wp-content/uploads/elementor/css/post-7.css HTTP/1.1" 200 376 "https://petpaloozahub.com/register/" "Mozilla/5.0 (Windows NT 10.0; Win64; x64) AppleWebKit/537.36 (KHTML, like Gecko) Chrome/143.0.0.0 Safari/537.36"
37.139.53.179 - - [06/Mar/2026:16:40:52 +0000] "GET /wp-content/uploads/redux/custom-fonts/fonts.css HTTP/1.1" 200 - "https://petpaloozahub.com/author/ajanowland1721/?profile=true" "Mozilla/5.0 (Windows NT 10.0; Win64; x64) AppleWebKit/537.36 (KHTML, like Gecko) Chrome/143.0.0.0 Safari/537.36"
185.176.207.8 - - [06/Mar/2026:16:40:52 +0000] "GET /wp-content/plugins/elementor/assets/css/widget-spacer.min.css HTTP/1.1" 200 338 "https://petpaloozahub.com/register/" "Mozilla/5.0 (Windows NT 10.0; Win64; x64) AppleWebKit/537.36 (KHTML, like Gecko) Chrome/143.0.0.0 Safari/537.36"
185.191.171.11 - - [06/Mar/2026:16:40:52 +0000] "GET /94746115837.htm HTTP/1.1" 404 55227 "-" "Mozilla/5.0 (compatible; SemrushBot/7~bl; +http://www.semrush.com/bot.html)"
185.176.207.8 - - [06/Mar/2026:16:40:53 +0000] "GET /wp-content/plugins/elementor/assets/css/widget-image.min.css HTTP/1.1" 200 135 "https://petpaloozahub.com/register/" "Mozilla/5.0 (Windows NT 10.0; Win64; x64) AppleWebKit/537.36 (KHTML, like Gecko) Chrome/143.0.0.0 Safari/537.36"
37.139.53.179 - - [06/Mar/2026:16:40:53 +0000] "GET /wp-content/themes/classiadspro/directorypress/assets/css/listing/listing-style-10.css HTTP/1.1" 200 2208 "https://petpaloozahub.com/author/ajanowland1721/?profile=true" "Mozilla/5.0 (Windows NT 10.0; Win64; x64) AppleWebKit/537.36 (KHTML, like Gecko) Chrome/143.0.0.0 Safari/537.36"
185.176.207.8 - - [06/Mar/2026:16:40:53 +0000] "GET /wp-content/plugins/elementor/assets/css/widget-heading.min.css HTTP/1.1" 200 160 "https://petpaloozahub.com/register/" "Mozilla/5.0 (Windows NT 10.0; Win64; x64) AppleWebKit/537.36 (KHTML, like Gecko) Chrome/143.0.0.0 Safari/537.36"
37.139.53.179 - - [06/Mar/2026:16:40:54 +0000] "GET /wp-content/uploads/directorypress_assets/directorypress-dynamic.css HTTP/1.1" 200 6302 "https://petpaloozahub.com/author/ajanowland1721/?profile=true" "Mozilla/5.0 (Windows NT 10.0; Win64; x64) AppleWebKit/537.36 (KHTML, like Gecko) Chrome/143.0.0.0 Safari/537.36"
185.176.207.8 - - [06/Mar/2026:16:40:54 +0000] "GET /wp-content/uploads/elementor/css/post-230.css HTTP/1.1" 200 793 "https://petpaloozahub.com/register/" "Mozilla/5.0 (Windows NT 10.0; Win64; x64) AppleWebKit/537.36 (KHTML, like Gecko) Chrome/143.0.0.0 Safari/537.36"
185.176.207.8 - - [06/Mar/2026:16:40:54 +0000] "GET /wp-content/uploads/elementor/css/post-10242.css HTTP/1.1" 200 1873 "https://petpaloozahub.com/register/" "Mozilla/5.0 (Windows NT 10.0; Win64; x64) AppleWebKit/537.36 (KHTML, like Gecko) Chrome/143.0.0.0 Safari/537.36"
37.139.53.179 - - [06/Mar/2026:16:40:54 +0000] "GET /wp-content/plugins/elementor/assets/css/widget-divider.min.css HTTP/1.1" 200 741 "https://petpaloozahub.com/author/ajanowland1721/?profile=true" "Mozilla/5.0 (Windows NT 10.0; Win64; x64) AppleWebKit/537.36 (KHTML, like Gecko) Chrome/143.0.0.0 Safari/537.36"
185.176.207.8 - - [06/Mar/2026:16:40:55 +0000] "GET /wp-content/uploads/elementor/css/post-9685.css HTTP/1.1" 200 1707 "https://petpaloozahub.com/register/" "Mozilla/5.0 (Windows NT 10.0; Win64; x64) AppleWebKit/537.36 (KHTML, like Gecko) Chrome/143.0.0.0 Safari/537.36"
37.139.53.179 - - [06/Mar/2026:16:40:55 +0000] "GET /wp-content/plugins/elementor/assets/css/widget-social-icons.min.css HTTP/1.1" 200 1142 "https://petpaloozahub.com/author/ajanowland1721/?profile=true" "Mozilla/5.0 (Windows NT 10.0; Win64; x64) AppleWebKit/537.36 (KHTML, like Gecko) Chrome/143.0.0.0 Safari/537.36"
185.176.207.8 - - [06/Mar/2026:16:40:55 +0000] "GET /wp-content/plugins/header-footer-builder/assets/public/css/menu.css HTTP/1.1" 200 7534 "https://petpaloozahub.com/register/" "Mozilla/5.0 (Windows NT 10.0; Win64; x64) AppleWebKit/537.36 (KHTML, like Gecko) Chrome/143.0.0.0 Safari/537.36"
185.176.207.8 - - [06/Mar/2026:16:40:56 +0000] "GET /wp-content/plugins/directorypress/reviews/css/jquery.raty.css HTTP/1.1" 200 756 "https://petpaloozahub.com/register/" "Mozilla/5.0 (Windows NT 10.0; Win64; x64) AppleWebKit/537.36 (KHTML, like Gecko) Chrome/143.0.0.0 Safari/537.36"
37.139.53.179 - - [06/Mar/2026:16:40:56 +0000] "GET /wp-content/plugins/elementor/assets/css/conditionals/apple-webkit.min.css HTTP/1.1" 200 547 "https://petpaloozahub.com/author/ajanowland1721/?profile=true" "Mozilla/5.0 (Windows NT 10.0; Win64; x64) AppleWebKit/537.36 (KHTML, like Gecko) Chrome/143.0.0.0 Safari/537.36"
185.176.207.8 - - [06/Mar/2026:16:40:56 +0000] "GET /wp-content/themes/classiadspro/style.css HTTP/1.1" 200 636 "https://petpaloozahub.com/register/" "Mozilla/5.0 (Windows NT 10.0; Win64; x64) AppleWebKit/537.36 (KHTML, like Gecko) Chrome/143.0.0.0 Safari/537.36"
185.176.207.8 - - [06/Mar/2026:16:40:56 +0000] "GET /wp-content/themes/classiadspro/custom.css HTTP/1.1" 200 27 "https://petpaloozahub.com/register/" "Mozilla/5.0 (Windows NT 10.0; Win64; x64) AppleWebKit/537.36 (KHTML, like Gecko) Chrome/143.0.0.0 Safari/537.36"
185.176.207.8 - - [06/Mar/2026:16:40:57 +0000] "GET /wp-content/uploads/classiadspro_assets/classiadspro-dynamic.css HTTP/1.1" 200 8224 "https://petpaloozahub.com/register/" "Mozilla/5.0 (Windows NT 10.0; Win64; x64) AppleWebKit/537.36 (KHTML, like Gecko) Chrome/143.0.0.0 Safari/537.36"
37.139.53.179 - - [06/Mar/2026:16:40:57 +0000] "GET /author/ajanowland1721/{{%20data.uploadedToLink%20}} HTTP/1.1" 301 - "https://petpaloozahub.com/author/ajanowland1721/{{%20data.uploadedToLink%20}}" "Mozilla/5.0 (Macintosh; Intel Mac OS X 12_5) AppleWebKit/537.36 (KHTML, like Gecko) Chrome/114.0.0.0 Safari/537.36 Edg/114.0.1264.71"
185.176.207.8 - - [06/Mar/2026:16:40:57 +0000] "GET /wp-content/plugins/directorypress/assets/css/custom.css HTTP/1.1" 200 27 "https://petpaloozahub.com/register/" "Mozilla/5.0 (Windows NT 10.0; Win64; x64) AppleWebKit/537.36 (KHTML, like Gecko) Chrome/143.0.0.0 Safari/537.36"
185.191.171.1 - - [06/Mar/2026:16:40:57 +0000] "GET /2686068350.htm HTTP/1.1" 404 55226 "-" "Mozilla/5.0 (compatible; SemrushBot/7~bl; +http://www.semrush.com/bot.html)"
185.176.207.8 - - [06/Mar/2026:16:40:58 +0000] "GET /wp-content/uploads/elementor/google-fonts/css/roboto.css HTTP/1.1" 200 2869 "https://petpaloozahub.com/register/" "Mozilla/5.0 (Windows NT 10.0; Win64; x64) AppleWebKit/537.36 (KHTML, like Gecko) Chrome/143.0.0.0 Safari/537.36"
185.176.207.8 - - [06/Mar/2026:16:40:58 +0000] "GET /wp-content/uploads/elementor/google-fonts/css/robotoslab.css HTTP/1.1" 200 961 "https://petpaloozahub.com/register/" "Mozilla/5.0 (Windows NT 10.0; Win64; x64) AppleWebKit/537.36 (KHTML, like Gecko) Chrome/143.0.0.0 Safari/537.36"
37.139.53.179 - - [06/Mar/2026:16:40:58 +0000] "GET /author/ajanowland1721/%20data.uploadedToLink HTTP/1.1" 404 55241 "https://petpaloozahub.com/author/ajanowland1721/{{%20data.uploadedToLink%20}}" "Mozilla/5.0 (Macintosh; Intel Mac OS X 12_5) AppleWebKit/537.36 (KHTML, like Gecko) Chrome/114.0.0.0 Safari/537.36 Edg/114.0.1264.71"
185.176.207.8 - - [06/Mar/2026:16:40:59 +0000] "GET /wp-content/uploads/elementor/google-fonts/css/lexenddeca.css HTTP/1.1" 200 629 "https://petpaloozahub.com/register/" "Mozilla/5.0 (Windows NT 10.0; Win64; x64) AppleWebKit/537.36 (KHTML, like Gecko) Chrome/143.0.0.0 Safari/537.36"
185.176.207.8 - - [06/Mar/2026:16:40:59 +0000] "GET /wp-content/uploads/elementor/google-fonts/css/poppins.css HTTP/1.1" 200 730 "https://petpaloozahub.com/register/" "Mozilla/5.0 (Windows NT 10.0; Win64; x64) AppleWebKit/537.36 (KHTML, like Gecko) Chrome/143.0.0.0 Safari/537.36"
185.176.207.8 - - [06/Mar/2026:16:41:00 +0000] "GET /wp-content/plugins/elementor/assets/lib/font-awesome/css/fontawesome.min.css HTTP/1.1" 200 12617 "https://petpaloozahub.com/register/" "Mozilla/5.0 (Windows NT 10.0; Win64; x64) AppleWebKit/537.36 (KHTML, like Gecko) Chrome/143.0.0.0 Safari/537.36"
185.176.207.8 - - [06/Mar/2026:16:41:00 +0000] "GET /wp-content/plugins/elementor/assets/lib/font-awesome/css/solid.min.css HTTP/1.1" 200 309 "https://petpaloozahub.com/register/" "Mozilla/5.0 (Windows NT 10.0; Win64; x64) AppleWebKit/537.36 (KHTML, like Gecko) Chrome/143.0.0.0 Safari/537.36"
37.139.53.179 - - [06/Mar/2026:16:41:00 +0000] "GET / HTTP/1.1" 200 62009 "https://petpaloozahub.com/author/ajanowland1721/{{%20data.uploadedToLink%20}}" "Mozilla/5.0 (Macintosh; Intel Mac OS X 12_5) AppleWebKit/537.36 (KHTML, like Gecko) Chrome/114.0.0.0 Safari/537.36 Edg/114.0.1264.71"
185.176.207.8 - - [06/Mar/2026:16:41:01 +0000] "GET /wp-content/plugins/elementor/assets/lib/font-awesome/css/brands.min.css HTTP/1.1" 200 308 "https://petpaloozahub.com/register/" "Mozilla/5.0 (Windows NT 10.0; Win64; x64) AppleWebKit/537.36 (KHTML, like Gecko) Chrome/143.0.0.0 Safari/537.36"
185.176.207.8 - - [06/Mar/2026:16:41:01 +0000] "GET /wp-content/plugins/woocommerce/assets/client/blocks/wc-blocks.css HTTP/1.1" 200 2618 "https://petpaloozahub.com/register/" "Mozilla/5.0 (Windows NT 10.0; Win64; x64) AppleWebKit/537.36 (KHTML, like Gecko) Chrome/143.0.0.0 Safari/537.36"
185.176.207.8 - - [06/Mar/2026:16:41:02 +0000] "GET /wp-content/uploads/redux/custom-fonts/fonts.css HTTP/1.1" 200 - "https://petpaloozahub.com/register/" "Mozilla/5.0 (Windows NT 10.0; Win64; x64) AppleWebKit/537.36 (KHTML, like Gecko) Chrome/143.0.0.0 Safari/537.36"
102.165.1.245 - - [06/Mar/2026:16:41:02 +0000] "GET /wp-content/uploads/elementor/css/post-5422.css HTTP/1.1" 200 826 "https://petpaloozahub.com/register/" "Mozilla/5.0 (Windows NT 10.0; Win64; x64) AppleWebKit/537.36 (KHTML, like Gecko) Chrome/143.0.0.0 Safari/537.36"
37.139.53.179 - - [06/Mar/2026:16:41:02 +0000] "GET /wp-content/plugins/elementor/assets/css/widget-heading.min.css HTTP/1.1" 200 160 "https://petpaloozahub.com" "Mozilla/5.0 (Windows NT 10.0; Win64; x64) AppleWebKit/537.36 (KHTML, like Gecko) Chrome/143.0.0.0 Safari/537.36"
102.165.1.245 - - [06/Mar/2026:16:41:03 +0000] "GET /wp-content/uploads/directorypress_assets/directorypress-dynamic.css HTTP/1.1" 200 6302 "https://petpaloozahub.com/register/" "Mozilla/5.0 (Windows NT 10.0; Win64; x64) AppleWebKit/537.36 (KHTML, like Gecko) Chrome/143.0.0.0 Safari/537.36"
37.139.53.179 - - [06/Mar/2026:16:41:03 +0000] "GET /wp-content/plugins/elementor/assets/lib/animations/styles/rollIn.min.css HTTP/1.1" 200 133 "https://petpaloozahub.com" "Mozilla/5.0 (Windows NT 10.0; Win64; x64) AppleWebKit/537.36 (KHTML, like Gecko) Chrome/143.0.0.0 Safari/537.36"
102.165.1.245 - - [06/Mar/2026:16:41:03 +0000] "GET /wp-content/plugins/elementor/assets/css/widget-divider.min.css HTTP/1.1" 200 741 "https://petpaloozahub.com/register/" "Mozilla/5.0 (Windows NT 10.0; Win64; x64) AppleWebKit/537.36 (KHTML, like Gecko) Chrome/143.0.0.0 Safari/537.36"
102.165.1.245 - - [06/Mar/2026:16:41:04 +0000] "GET /wp-content/plugins/elementor/assets/css/widget-social-icons.min.css HTTP/1.1" 200 1142 "https://petpaloozahub.com/register/" "Mozilla/5.0 (Windows NT 10.0; Win64; x64) AppleWebKit/537.36 (KHTML, like Gecko) Chrome/143.0.0.0 Safari/537.36"
37.139.53.179 - - [06/Mar/2026:16:41:04 +0000] "GET /wp-content/plugins/elementor/assets/css/widget-image.min.css HTTP/1.1" 200 135 "https://petpaloozahub.com" "Mozilla/5.0 (Windows NT 10.0; Win64; x64) AppleWebKit/537.36 (KHTML, like Gecko) Chrome/143.0.0.0 Safari/537.36"
102.165.1.245 - - [06/Mar/2026:16:41:04 +0000] "GET /wp-content/plugins/elementor/assets/css/conditionals/apple-webkit.min.css HTTP/1.1" 200 547 "https://petpaloozahub.com/register/" "Mozilla/5.0 (Windows NT 10.0; Win64; x64) AppleWebKit/537.36 (KHTML, like Gecko) Chrome/143.0.0.0 Safari/537.36"
37.139.53.179 - - [06/Mar/2026:16:41:04 +0000] "GET /wp-content/uploads/elementor/css/post-12676.css HTTP/1.1" 200 2155 "https://petpaloozahub.com" "Mozilla/5.0 (Windows NT 10.0; Win64; x64) AppleWebKit/537.36 (KHTML, like Gecko) Chrome/143.0.0.0 Safari/537.36"
102.165.1.245 - - [06/Mar/2026:16:41:05 +0000] "GET /wp-content/uploads/elementor/google-fonts/css/lato.css HTTP/1.1" 200 598 "https://petpaloozahub.com/register/" "Mozilla/5.0 (Windows NT 10.0; Win64; x64) AppleWebKit/537.36 (KHTML, like Gecko) Chrome/143.0.0.0 Safari/537.36"
37.139.53.179 - - [06/Mar/2026:16:41:05 +0000] "GET /wp-content/uploads/redux/custom-fonts/fonts.css HTTP/1.1" 200 - "https://petpaloozahub.com" "Mozilla/5.0 (Windows NT 10.0; Win64; x64) AppleWebKit/537.36 (KHTML, like Gecko) Chrome/143.0.0.0 Safari/537.36"
185.176.207.8 - - [06/Mar/2026:16:41:05 +0000] "POST /?wpfb-form-ajax=submit HTTP/1.1" 200 129 "https://petpaloozahub.com/register/" "Mozilla/5.0 (X11; Linux x86_64) AppleWebKit/537.36 (KHTML, like Gecko) Chrome/114.0.0.0 Safari/537.36 Vivaldi/5.3.2679.68"
37.139.53.179 - - [06/Mar/2026:16:41:06 +0000] "GET /wp-content/themes/classiadspro/directorypress/assets/css/listing/listing-style-11.css HTTP/1.1" 200 760 "https://petpaloozahub.com" "Mozilla/5.0 (Windows NT 10.0; Win64; x64) AppleWebKit/537.36 (KHTML, like Gecko) Chrome/143.0.0.0 Safari/537.36"
185.176.207.8 - - [06/Mar/2026:16:41:06 +0000] "GET /my-dashboard/ HTTP/1.1" 200 55879 "https://petpaloozahub.com/register/" "Mozilla/5.0 (X11; Linux x86_64) AppleWebKit/537.36 (KHTML, like Gecko) Chrome/114.0.0.0 Safari/537.36 Vivaldi/5.3.2679.68"
185.176.207.8 - - [06/Mar/2026:16:41:08 +0000] "GET /my-dashboard/?directory_action=profile HTTP/1.1" 200 57166 "https://petpaloozahub.com/my-dashboard/" "Mozilla/5.0 (X11; Linux x86_64) AppleWebKit/537.36 (KHTML, like Gecko) Chrome/114.0.0.0 Safari/537.36 Vivaldi/5.3.2679.68"
102.165.1.245 - - [06/Mar/2026:16:41:09 +0000] "GET /wp-includes/css/dist/block-library/style.min.css HTTP/1.1" 200 15916 "https://petpaloozahub.com/my-dashboard/?directory_action=profile" "Mozilla/5.0 (Windows NT 10.0; Win64; x64) AppleWebKit/537.36 (KHTML, like Gecko) Chrome/143.0.0.0 Safari/537.36"
102.165.1.245 - - [06/Mar/2026:16:41:10 +0000] "GET /wp-content/uploads/redux/custom-fonts/fonts.css HTTP/1.1" 200 - "https://petpaloozahub.com/my-dashboard/?directory_action=profile" "Mozilla/5.0 (Windows NT 10.0; Win64; x64) AppleWebKit/537.36 (KHTML, like Gecko) Chrome/143.0.0.0 Safari/537.36"
185.176.207.8 - - [06/Mar/2026:16:41:10 +0000] "POST /wp-admin/admin-ajax.php HTTP/1.1" 200 63 "https://petpaloozahub.com/my-dashboard/?directory_action=profile" "Mozilla/5.0 (X11; Linux x86_64) AppleWebKit/537.36 (KHTML, like Gecko) Chrome/114.0.0.0 Safari/537.36 Vivaldi/5.3.2679.68"
185.176.207.8 - - [06/Mar/2026:16:41:11 +0000] "GET /author/buy-testosterone-cypionate-uk0393/?profile=true HTTP/1.1" 200 56583 "https://petpaloozahub.com/my-dashboard/?directory_action=profile" "Mozilla/5.0 (X11; Linux x86_64) AppleWebKit/537.36 (KHTML, like Gecko) Chrome/114.0.0.0 Safari/537.36 Vivaldi/5.3.2679.68"
45.8.255.207 - - [06/Mar/2026:16:41:13 +0000] "GET /author/buy-testosterone-cypionate-uk0393/?profile=true HTTP/1.1" 200 56568 "-" "Mozilla/5.0 (X11; Linux x86_64) AppleWebKit/537.36 (KHTML, like Gecko) Chrome/114.0.0.0 Safari/537.36 Vivaldi/5.3.2679.68"
66.97.179.25 - - [06/Mar/2026:16:41:16 +0000] "GET /author/monabevins6024/?profile=true HTTP/1.1" 200 56654 "https://petpaloozahub.com/" "Mozilla/5.0 (Macintosh; Intel Mac OS X 12.5; rv:114.0) Gecko/20100101 Firefox/114.0"
66.97.179.25 - - [06/Mar/2026:16:41:18 +0000] "GET /register/ HTTP/1.1" 200 57055 "https://petpaloozahub.com/author/monabevins6024/?profile=true" "Mozilla/5.0 (Macintosh; Intel Mac OS X 12.5; rv:114.0) Gecko/20100101 Firefox/114.0"
66.97.179.25 - - [06/Mar/2026:16:41:20 +0000] "GET /wp-content/plugins/designinvento-elementor-widgets/assets/css/user-menu.css HTTP/1.1" 200 904 "https://petpaloozahub.com/register/" "Mozilla/5.0 (Windows NT 10.0; Win64; x64) AppleWebKit/537.36 (KHTML, like Gecko) Chrome/143.0.0.0 Safari/537.36"
66.97.179.25 - - [06/Mar/2026:16:41:21 +0000] "GET /wp-content/plugins/designinvento-elementor-widgets/assets/css/nav-menu.css HTTP/1.1" 200 239 "https://petpaloozahub.com/register/" "Mozilla/5.0 (Windows NT 10.0; Win64; x64) AppleWebKit/537.36 (KHTML, like Gecko) Chrome/143.0.0.0 Safari/537.36"
66.97.179.25 - - [06/Mar/2026:16:41:22 +0000] "GET /wp-content/plugins/header-footer-builder/assets/public/css/frontend.css HTTP/1.1" 200 7681 "https://petpaloozahub.com/register/" "Mozilla/5.0 (Windows NT 10.0; Win64; x64) AppleWebKit/537.36 (KHTML, like Gecko) Chrome/143.0.0.0 Safari/537.36"
66.97.179.25 - - [06/Mar/2026:16:41:23 +0000] "GET /wp-includes/css/dashicons.min.css HTTP/1.1" 200 35721 "https://petpaloozahub.com/register/" "Mozilla/5.0 (Windows NT 10.0; Win64; x64) AppleWebKit/537.36 (KHTML, like Gecko) Chrome/143.0.0.0 Safari/537.36"
66.97.179.25 - - [06/Mar/2026:16:41:24 +0000] "GET /wp-content/plugins/bp-verified-member/assets/css/style.css HTTP/1.1" 200 2004 "https://petpaloozahub.com/register/" "Mozilla/5.0 (Windows NT 10.0; Win64; x64) AppleWebKit/537.36 (KHTML, like Gecko) Chrome/143.0.0.0 Safari/537.36"
66.97.179.25 - - [06/Mar/2026:16:41:25 +0000] "GET /wp-content/themes/classiadspro/styles/css/bootstrap.min.css HTTP/1.1" 200 33777 "https://petpaloozahub.com/register/" "Mozilla/5.0 (Windows NT 10.0; Win64; x64) AppleWebKit/537.36 (KHTML, like Gecko) Chrome/143.0.0.0 Safari/537.36"
66.97.179.25 - - [06/Mar/2026:16:41:26 +0000] "GET /wp-content/themes/classiadspro/styles/css/slick/slick.css HTTP/1.1" 200 569 "https://petpaloozahub.com/register/" "Mozilla/5.0 (Windows NT 10.0; Win64; x64) AppleWebKit/537.36 (KHTML, like Gecko) Chrome/143.0.0.0 Safari/537.36"
66.97.179.25 - - [06/Mar/2026:16:41:26 +0000] "GET /wp-content/themes/classiadspro/styles/css/slick/slick-theme.css HTTP/1.1" 200 866 "https://petpaloozahub.com/register/" "Mozilla/5.0 (Windows NT 10.0; Win64; x64) AppleWebKit/537.36 (KHTML, like Gecko) Chrome/143.0.0.0 Safari/537.36"
66.97.179.25 - - [06/Mar/2026:16:41:27 +0000] "GET /wp-content/themes/classiadspro/styles/material-icons/material-icons.min.css HTTP/1.1" 200 43656 "https://petpaloozahub.com/register/" "Mozilla/5.0 (Windows NT 10.0; Win64; x64) AppleWebKit/537.36 (KHTML, like Gecko) Chrome/143.0.0.0 Safari/537.36"
66.97.179.25 - - [06/Mar/2026:16:41:28 +0000] "GET /wp-content/themes/classiadspro/styles/css/select2.css HTTP/1.1" 200 2707 "https://petpaloozahub.com/register/" "Mozilla/5.0 (Windows NT 10.0; Win64; x64) AppleWebKit/537.36 (KHTML, like Gecko) Chrome/143.0.0.0 Safari/537.36"
66.97.179.25 - - [06/Mar/2026:16:41:29 +0000] "GET /wp-content/themes/classiadspro/styles/css/pacz-styles.css HTTP/1.1" 200 25759 "https://petpaloozahub.com/register/" "Mozilla/5.0 (Windows NT 10.0; Win64; x64) AppleWebKit/537.36 (KHTML, like Gecko) Chrome/143.0.0.0 Safari/537.36"
66.97.179.25 - - [06/Mar/2026:16:41:30 +0000] "GET /wp-content/themes/classiadspro/styles/css/post.css HTTP/1.1" 200 7353 "https://petpaloozahub.com/register/" "Mozilla/5.0 (Windows NT 10.0; Win64; x64) AppleWebKit/537.36 (KHTML, like Gecko) Chrome/143.0.0.0 Safari/537.36"
66.97.179.25 - - [06/Mar/2026:16:41:31 +0000] "GET /wp-content/themes/classiadspro/styles/css/shortcode/common-shortcode.css HTTP/1.1" 200 1190 "https://petpaloozahub.com/register/" "Mozilla/5.0 (Windows NT 10.0; Win64; x64) AppleWebKit/537.36 (KHTML, like Gecko) Chrome/143.0.0.0 Safari/537.36"
66.97.179.25 - - [06/Mar/2026:16:41:32 +0000] "GET /wp-content/themes/classiadspro/styles/css/fonticon-custom.min.css HTTP/1.1" 200 17773 "https://petpaloozahub.com/register/" "Mozilla/5.0 (Windows NT 10.0; Win64; x64) AppleWebKit/537.36 (KHTML, like Gecko) Chrome/143.0.0.0 Safari/537.36"
66.97.179.25 - - [06/Mar/2026:16:41:33 +0000] "GET /wp-content/themes/classiadspro/directorypress/assets/css/common.css HTTP/1.1" 200 14557 "https://petpaloozahub.com/register/" "Mozilla/5.0 (Windows NT 10.0; Win64; x64) AppleWebKit/537.36 (KHTML, like Gecko) Chrome/143.0.0.0 Safari/537.36"
66.97.179.25 - - [06/Mar/2026:16:41:34 +0000] "GET /wp-includes/css/buttons.min.css HTTP/1.1" 200 1470 "https://petpaloozahub.com/register/" "Mozilla/5.0 (Windows NT 10.0; Win64; x64) AppleWebKit/537.36 (KHTML, like Gecko) Chrome/143.0.0.0 Safari/537.36"
66.97.179.25 - - [06/Mar/2026:16:41:34 +0000] "GET /wp-includes/js/mediaelement/mediaelementplayer-legacy.min.css HTTP/1.1" 200 2592 "https://petpaloozahub.com/register/" "Mozilla/5.0 (Windows NT 10.0; Win64; x64) AppleWebKit/537.36 (KHTML, like Gecko) Chrome/143.0.0.0 Safari/537.36"
66.97.179.25 - - [06/Mar/2026:16:41:35 +0000] "GET /wp-includes/js/mediaelement/wp-mediaelement.min.css HTTP/1.1" 200 1156 "https://petpaloozahub.com/register/" "Mozilla/5.0 (Windows NT 10.0; Win64; x64) AppleWebKit/537.36 (KHTML, like Gecko) Chrome/143.0.0.0 Safari/537.36"
66.97.179.25 - - [06/Mar/2026:16:41:36 +0000] "GET /wp-includes/css/media-views.min.css HTTP/1.1" 200 8721 "https://petpaloozahub.com/register/" "Mozilla/5.0 (Windows NT 10.0; Win64; x64) AppleWebKit/537.36 (KHTML, like Gecko) Chrome/143.0.0.0 Safari/537.36"
66.97.179.25 - - [06/Mar/2026:16:41:37 +0000] "GET /wp-includes/js/imgareaselect/imgareaselect.css HTTP/1.1" 200 265 "https://petpaloozahub.com/register/" "Mozilla/5.0 (Windows NT 10.0; Win64; x64) AppleWebKit/537.36 (KHTML, like Gecko) Chrome/143.0.0.0 Safari/537.36"
66.97.179.25 - - [06/Mar/2026:16:41:37 +0000] "GET /wp-content/plugins/dicode-icons-pack/assets/elegant/elegant-icons.min.css HTTP/1.1" 200 3995 "https://petpaloozahub.com/register/" "Mozilla/5.0 (Windows NT 10.0; Win64; x64) AppleWebKit/537.36 (KHTML, like Gecko) Chrome/143.0.0.0 Safari/537.36"
159.198.75.45 - - [06/Mar/2026:16:41:38 +0000] "POST /wp-cron.php?doing_wp_cron=1772815298.1811900138854980468750 HTTP/1.1" 200 - "-" "WordPress/6.9.1; https://petpaloozahub.com"
185.191.171.2 - - [06/Mar/2026:16:41:37 +0000] "GET /35945132225.htm HTTP/1.1" 404 55226 "-" "Mozilla/5.0 (compatible; SemrushBot/7~bl; +http://www.semrush.com/bot.html)"
66.97.179.25 - - [06/Mar/2026:16:41:38 +0000] "GET /wp-content/plugins/dicode-icons-pack/assets/linearicons/linearicons.min.css HTTP/1.1" 200 1577 "https://petpaloozahub.com/register/" "Mozilla/5.0 (Windows NT 10.0; Win64; x64) AppleWebKit/537.36 (KHTML, like Gecko) Chrome/143.0.0.0 Safari/537.36"
66.97.179.25 - - [06/Mar/2026:16:41:39 +0000] "GET /wp-content/plugins/dicode-icons-pack/assets/themify/themify.min.css HTTP/1.1" 200 2824 "https://petpaloozahub.com/register/" "Mozilla/5.0 (Windows NT 10.0; Win64; x64) AppleWebKit/537.36 (KHTML, like Gecko) Chrome/143.0.0.0 Safari/537.36"
66.97.179.25 - - [06/Mar/2026:16:41:39 +0000] "GET /wp-content/plugins/directorypress-frontend-messages/assets/css/style.css HTTP/1.1" 200 4380 "https://petpaloozahub.com/register/" "Mozilla/5.0 (Windows NT 10.0; Win64; x64) AppleWebKit/537.36 (KHTML, like Gecko) Chrome/143.0.0.0 Safari/537.36"
66.97.179.25 - - [06/Mar/2026:16:41:40 +0000] "GET /wp-content/plugins/directorypress-frontend-messages/assets/css/common-style.css HTTP/1.1" 200 471 "https://petpaloozahub.com/register/" "Mozilla/5.0 (Windows NT 10.0; Win64; x64) AppleWebKit/537.36 (KHTML, like Gecko) Chrome/143.0.0.0 Safari/537.36"
66.97.179.25 - - [06/Mar/2026:16:41:41 +0000] "GET /wp-content/plugins/directorypress-frontend-messages/public/css/directorypress-frontend-messages-public.css HTTP/1.1" 200 106 "https://petpaloozahub.com/register/" "Mozilla/5.0 (Windows NT 10.0; Win64; x64) AppleWebKit/537.36 (KHTML, like Gecko) Chrome/143.0.0.0 Safari/537.36"
66.97.179.25 - - [06/Mar/2026:16:41:42 +0000] "GET /wp-content/plugins/directorypress-maps/assets/css/map.css HTTP/1.1" 200 1667 "https://petpaloozahub.com/register/" "Mozilla/5.0 (Windows NT 10.0; Win64; x64) AppleWebKit/537.36 (KHTML, like Gecko) Chrome/143.0.0.0 Safari/537.36"
185.191.171.16 - - [06/Mar/2026:16:41:41 +0000] "GET /94746151443.htm HTTP/1.1" 404 55226 "-" "Mozilla/5.0 (compatible; SemrushBot/7~bl; +http://www.semrush.com/bot.html)"
66.97.179.25 - - [06/Mar/2026:16:41:43 +0000] "GET /wp-content/plugins/directorypress-claim-listing/assets/css/style.css HTTP/1.1" 200 106 "https://petpaloozahub.com/register/" "Mozilla/5.0 (Windows NT 10.0; Win64; x64) AppleWebKit/537.36 (KHTML, like Gecko) Chrome/143.0.0.0 Safari/537.36"
66.97.179.25 - - [06/Mar/2026:16:41:43 +0000] "GET /wp-content/plugins/directorypress-frontend/assets/css/directorypress-frontend-public.css HTTP/1.1" 200 13698 "https://petpaloozahub.com/register/" "Mozilla/5.0 (Windows NT 10.0; Win64; x64) AppleWebKit/537.36 (KHTML, like Gecko) Chrome/143.0.0.0 Safari/537.36"
66.97.179.25 - - [06/Mar/2026:16:41:44 +0000] "GET /wp-content/plugins/directorypress/assets/css/jqueryui/themes/smoothness/jquery-ui.min.css HTTP/1.1" 200 7688 "https://petpaloozahub.com/register/" "Mozilla/5.0 (Windows NT 10.0; Win64; x64) AppleWebKit/537.36 (KHTML, like Gecko) Chrome/143.0.0.0 Safari/537.36"
66.97.179.25 - - [06/Mar/2026:16:41:45 +0000] "GET /wp-content/plugins/directorypress/assets/lib/fontawesome/css/all.min.css HTTP/1.1" 200 12355 "https://petpaloozahub.com/register/" "Mozilla/5.0 (Windows NT 10.0; Win64; x64) AppleWebKit/537.36 (KHTML, like Gecko) Chrome/143.0.0.0 Safari/537.36"
66.97.179.25 - - [06/Mar/2026:16:41:46 +0000] "GET /wp-content/plugins/directorypress/assets/lib/slick-carousel/css/slick.css HTTP/1.1" 200 569 "https://petpaloozahub.com/register/" "Mozilla/5.0 (Windows NT 10.0; Win64; x64) AppleWebKit/537.36 (KHTML, like Gecko) Chrome/143.0.0.0 Safari/537.36"
66.97.179.25 - - [06/Mar/2026:16:41:47 +0000] "GET /wp-content/plugins/directorypress/assets/lib/slick-carousel/css/slick-theme.css HTTP/1.1" 200 866 "https://petpaloozahub.com/register/" "Mozilla/5.0 (Windows NT 10.0; Win64; x64) AppleWebKit/537.36 (KHTML, like Gecko) Chrome/143.0.0.0 Safari/537.36"
66.97.179.25 - - [06/Mar/2026:16:41:47 +0000] "GET /wp-content/plugins/directorypress/assets/css/directorypress-search.css HTTP/1.1" 200 4472 "https://petpaloozahub.com/register/" "Mozilla/5.0 (Windows NT 10.0; Win64; x64) AppleWebKit/537.36 (KHTML, like Gecko) Chrome/143.0.0.0 Safari/537.36"
66.97.179.25 - - [06/Mar/2026:16:41:48 +0000] "GET /wp-content/plugins/directorypress/assets/css/style.css HTTP/1.1" 200 14221 "https://petpaloozahub.com/register/" "Mozilla/5.0 (Windows NT 10.0; Win64; x64) AppleWebKit/537.36 (KHTML, like Gecko) Chrome/143.0.0.0 Safari/537.36"
66.97.179.25 - - [06/Mar/2026:16:41:49 +0000] "GET /wp-content/plugins/revslider/public/css/sr7.css HTTP/1.1" 200 1569 "https://petpaloozahub.com/register/" "Mozilla/5.0 (Windows NT 10.0; Win64; x64) AppleWebKit/537.36 (KHTML, like Gecko) Chrome/143.0.0.0 Safari/537.36"
96.9.211.215 - - [06/Mar/2026:16:41:49 +0000] "GET /author/margaritoslate/?profile=true HTTP/1.1" 200 56481 "-" "Mozilla/5.0 (X11; Linux x86_64) AppleWebKit/537.36 (KHTML, like Gecko) Chrome/114.0.0.0 Safari/537.36 OPR/89.0.4447.51"
66.97.179.25 - - [06/Mar/2026:16:41:50 +0000] "GET /wp-content/themes/classiadspro/styles/css/pacz-woocommerce.css HTTP/1.1" 200 9762 "https://petpaloozahub.com/register/" "Mozilla/5.0 (Windows NT 10.0; Win64; x64) AppleWebKit/537.36 (KHTML, like Gecko) Chrome/143.0.0.0 Safari/537.36"
66.97.179.25 - - [06/Mar/2026:16:41:51 +0000] "GET /wp-content/plugins/form-builder-wp/assets/css/style.css HTTP/1.1" 200 4028 "https://petpaloozahub.com/register/" "Mozilla/5.0 (Windows NT 10.0; Win64; x64) AppleWebKit/537.36 (KHTML, like Gecko) Chrome/143.0.0.0 Safari/537.36"
66.97.179.25 - - [06/Mar/2026:16:41:51 +0000] "GET /wp-content/plugins/header-footer-builder/assets/public/css/header-footer-builder.css HTTP/1.1" 200 425 "https://petpaloozahub.com/register/" "Mozilla/5.0 (Windows NT 10.0; Win64; x64) AppleWebKit/537.36 (KHTML, like Gecko) Chrome/143.0.0.0 Safari/537.36"
185.191.171.10 - - [06/Mar/2026:16:41:51 +0000] "GET /35945105375.htm HTTP/1.1" 404 55227 "-" "Mozilla/5.0 (compatible; SemrushBot/7~bl; +http://www.semrush.com/bot.html)"
66.97.179.25 - - [06/Mar/2026:16:41:52 +0000] "GET /wp-content/plugins/elementor/assets/lib/eicons/css/elementor-icons.min.css HTTP/1.1" 200 4429 "https://petpaloozahub.com/register/" "Mozilla/5.0 (Windows NT 10.0; Win64; x64) AppleWebKit/537.36 (KHTML, like Gecko) Chrome/143.0.0.0 Safari/537.36"
66.97.179.25 - - [06/Mar/2026:16:41:53 +0000] "GET /wp-content/plugins/elementor/assets/css/frontend.min.css HTTP/1.1" 200 7271 "https://petpaloozahub.com/register/" "Mozilla/5.0 (Windows NT 10.0; Win64; x64) AppleWebKit/537.36 (KHTML, like Gecko) Chrome/143.0.0.0 Safari/537.36"
66.97.179.25 - - [06/Mar/2026:16:41:53 +0000] "GET /wp-content/uploads/elementor/css/post-7.css HTTP/1.1" 200 376 "https://petpaloozahub.com/register/" "Mozilla/5.0 (Windows NT 10.0; Win64; x64) AppleWebKit/537.36 (KHTML, like Gecko) Chrome/143.0.0.0 Safari/537.36"
66.97.179.25 - - [06/Mar/2026:16:41:54 +0000] "GET /wp-content/plugins/elementor/assets/css/widget-spacer.min.css HTTP/1.1" 200 338 "https://petpaloozahub.com/register/" "Mozilla/5.0 (Windows NT 10.0; Win64; x64) AppleWebKit/537.36 (KHTML, like Gecko) Chrome/143.0.0.0 Safari/537.36"
66.97.179.25 - - [06/Mar/2026:16:41:55 +0000] "GET /wp-content/plugins/elementor/assets/css/widget-image.min.css HTTP/1.1" 200 135 "https://petpaloozahub.com/register/" "Mozilla/5.0 (Windows NT 10.0; Win64; x64) AppleWebKit/537.36 (KHTML, like Gecko) Chrome/143.0.0.0 Safari/537.36"
66.97.179.25 - - [06/Mar/2026:16:41:56 +0000] "GET /wp-content/plugins/elementor/assets/css/widget-heading.min.css HTTP/1.1" 200 160 "https://petpaloozahub.com/register/" "Mozilla/5.0 (Windows NT 10.0; Win64; x64) AppleWebKit/537.36 (KHTML, like Gecko) Chrome/143.0.0.0 Safari/537.36"
66.97.179.25 - - [06/Mar/2026:16:41:56 +0000] "GET /wp-content/uploads/elementor/css/post-230.css HTTP/1.1" 200 793 "https://petpaloozahub.com/register/" "Mozilla/5.0 (Windows NT 10.0; Win64; x64) AppleWebKit/537.36 (KHTML, like Gecko) Chrome/143.0.0.0 Safari/537.36"
66.97.179.25 - - [06/Mar/2026:16:41:57 +0000] "GET /wp-content/uploads/elementor/css/post-10242.css HTTP/1.1" 200 1873 "https://petpaloozahub.com/register/" "Mozilla/5.0 (Windows NT 10.0; Win64; x64) AppleWebKit/537.36 (KHTML, like Gecko) Chrome/143.0.0.0 Safari/537.36"
66.97.179.25 - - [06/Mar/2026:16:41:58 +0000] "GET /wp-content/uploads/elementor/css/post-9685.css HTTP/1.1" 200 1707 "https://petpaloozahub.com/register/" "Mozilla/5.0 (Windows NT 10.0; Win64; x64) AppleWebKit/537.36 (KHTML, like Gecko) Chrome/143.0.0.0 Safari/537.36"
66.97.179.25 - - [06/Mar/2026:16:41:59 +0000] "GET /wp-content/plugins/header-footer-builder/assets/public/css/menu.css HTTP/1.1" 200 7534 "https://petpaloozahub.com/register/" "Mozilla/5.0 (Windows NT 10.0; Win64; x64) AppleWebKit/537.36 (KHTML, like Gecko) Chrome/143.0.0.0 Safari/537.36"
66.97.179.25 - - [06/Mar/2026:16:41:59 +0000] "GET /wp-content/plugins/directorypress/reviews/css/jquery.raty.css HTTP/1.1" 200 756 "https://petpaloozahub.com/register/" "Mozilla/5.0 (Windows NT 10.0; Win64; x64) AppleWebKit/537.36 (KHTML, like Gecko) Chrome/143.0.0.0 Safari/537.36"
66.97.179.25 - - [06/Mar/2026:16:42:00 +0000] "GET /wp-content/themes/classiadspro/style.css HTTP/1.1" 200 636 "https://petpaloozahub.com/register/" "Mozilla/5.0 (Windows NT 10.0; Win64; x64) AppleWebKit/537.36 (KHTML, like Gecko) Chrome/143.0.0.0 Safari/537.36"
66.97.179.25 - - [06/Mar/2026:16:42:01 +0000] "GET /wp-content/themes/classiadspro/custom.css HTTP/1.1" 200 27 "https://petpaloozahub.com/register/" "Mozilla/5.0 (Windows NT 10.0; Win64; x64) AppleWebKit/537.36 (KHTML, like Gecko) Chrome/143.0.0.0 Safari/537.36"
66.97.179.25 - - [06/Mar/2026:16:42:02 +0000] "GET /wp-content/uploads/classiadspro_assets/classiadspro-dynamic.css HTTP/1.1" 200 8224 "https://petpaloozahub.com/register/" "Mozilla/5.0 (Windows NT 10.0; Win64; x64) AppleWebKit/537.36 (KHTML, like Gecko) Chrome/143.0.0.0 Safari/537.36"
66.97.179.25 - - [06/Mar/2026:16:42:02 +0000] "GET /wp-content/plugins/directorypress/assets/css/custom.css HTTP/1.1" 200 27 "https://petpaloozahub.com/register/" "Mozilla/5.0 (Windows NT 10.0; Win64; x64) AppleWebKit/537.36 (KHTML, like Gecko) Chrome/143.0.0.0 Safari/537.36"
66.97.179.25 - - [06/Mar/2026:16:42:03 +0000] "GET /wp-content/uploads/elementor/google-fonts/css/roboto.css HTTP/1.1" 200 2869 "https://petpaloozahub.com/register/" "Mozilla/5.0 (Windows NT 10.0; Win64; x64) AppleWebKit/537.36 (KHTML, like Gecko) Chrome/143.0.0.0 Safari/537.36"
66.97.179.25 - - [06/Mar/2026:16:42:04 +0000] "GET /wp-content/uploads/elementor/google-fonts/css/robotoslab.css HTTP/1.1" 200 961 "https://petpaloozahub.com/register/" "Mozilla/5.0 (Windows NT 10.0; Win64; x64) AppleWebKit/537.36 (KHTML, like Gecko) Chrome/143.0.0.0 Safari/537.36"
66.97.179.25 - - [06/Mar/2026:16:42:05 +0000] "GET /wp-content/uploads/elementor/google-fonts/css/lexenddeca.css HTTP/1.1" 200 629 "https://petpaloozahub.com/register/" "Mozilla/5.0 (Windows NT 10.0; Win64; x64) AppleWebKit/537.36 (KHTML, like Gecko) Chrome/143.0.0.0 Safari/537.36"
66.97.179.25 - - [06/Mar/2026:16:42:05 +0000] "GET /wp-content/uploads/elementor/google-fonts/css/poppins.css HTTP/1.1" 200 730 "https://petpaloozahub.com/register/" "Mozilla/5.0 (Windows NT 10.0; Win64; x64) AppleWebKit/537.36 (KHTML, like Gecko) Chrome/143.0.0.0 Safari/537.36"
66.97.179.25 - - [06/Mar/2026:16:42:06 +0000] "GET /wp-content/plugins/elementor/assets/lib/font-awesome/css/fontawesome.min.css HTTP/1.1" 200 12617 "https://petpaloozahub.com/register/" "Mozilla/5.0 (Windows NT 10.0; Win64; x64) AppleWebKit/537.36 (KHTML, like Gecko) Chrome/143.0.0.0 Safari/537.36"
185.191.171.2 - - [06/Mar/2026:16:42:06 +0000] "GET /3594554929.htm HTTP/1.1" 404 55226 "-" "Mozilla/5.0 (compatible; SemrushBot/7~bl; +http://www.semrush.com/bot.html)"
66.97.179.25 - - [06/Mar/2026:16:42:07 +0000] "GET /wp-content/plugins/elementor/assets/lib/font-awesome/css/solid.min.css HTTP/1.1" 200 309 "https://petpaloozahub.com/register/" "Mozilla/5.0 (Windows NT 10.0; Win64; x64) AppleWebKit/537.36 (KHTML, like Gecko) Chrome/143.0.0.0 Safari/537.36"
66.97.179.25 - - [06/Mar/2026:16:42:08 +0000] "GET /wp-content/plugins/elementor/assets/lib/font-awesome/css/brands.min.css HTTP/1.1" 200 308 "https://petpaloozahub.com/register/" "Mozilla/5.0 (Windows NT 10.0; Win64; x64) AppleWebKit/537.36 (KHTML, like Gecko) Chrome/143.0.0.0 Safari/537.36"
66.97.179.25 - - [06/Mar/2026:16:42:09 +0000] "GET /wp-content/plugins/woocommerce/assets/client/blocks/wc-blocks.css HTTP/1.1" 200 2618 "https://petpaloozahub.com/register/" "Mozilla/5.0 (Windows NT 10.0; Win64; x64) AppleWebKit/537.36 (KHTML, like Gecko) Chrome/143.0.0.0 Safari/537.36"
66.97.179.25 - - [06/Mar/2026:16:42:09 +0000] "GET /wp-content/uploads/redux/custom-fonts/fonts.css HTTP/1.1" 200 - "https://petpaloozahub.com/register/" "Mozilla/5.0 (Windows NT 10.0; Win64; x64) AppleWebKit/537.36 (KHTML, like Gecko) Chrome/143.0.0.0 Safari/537.36"
185.191.171.9 - - [06/Mar/2026:16:42:10 +0000] "GET /8112533223.htm HTTP/1.1" 404 55224 "-" "Mozilla/5.0 (compatible; SemrushBot/7~bl; +http://www.semrush.com/bot.html)"
148.59.146.32 - - [06/Mar/2026:16:42:11 +0000] "GET /wp-content/uploads/elementor/css/post-5422.css HTTP/1.1" 200 826 "https://petpaloozahub.com/register/" "Mozilla/5.0 (Windows NT 10.0; Win64; x64) AppleWebKit/537.36 (KHTML, like Gecko) Chrome/143.0.0.0 Safari/537.36"
148.59.146.32 - - [06/Mar/2026:16:42:11 +0000] "GET /wp-content/uploads/directorypress_assets/directorypress-dynamic.css HTTP/1.1" 200 6302 "https://petpaloozahub.com/register/" "Mozilla/5.0 (Windows NT 10.0; Win64; x64) AppleWebKit/537.36 (KHTML, like Gecko) Chrome/143.0.0.0 Safari/537.36"
148.59.146.32 - - [06/Mar/2026:16:42:12 +0000] "GET /wp-content/plugins/elementor/assets/css/widget-divider.min.css HTTP/1.1" 200 741 "https://petpaloozahub.com/register/" "Mozilla/5.0 (Windows NT 10.0; Win64; x64) AppleWebKit/537.36 (KHTML, like Gecko) Chrome/143.0.0.0 Safari/537.36"
148.59.146.32 - - [06/Mar/2026:16:42:13 +0000] "GET /wp-content/plugins/elementor/assets/css/widget-social-icons.min.css HTTP/1.1" 200 1142 "https://petpaloozahub.com/register/" "Mozilla/5.0 (Windows NT 10.0; Win64; x64) AppleWebKit/537.36 (KHTML, like Gecko) Chrome/143.0.0.0 Safari/537.36"
148.59.146.32 - - [06/Mar/2026:16:42:14 +0000] "GET /wp-content/plugins/elementor/assets/css/conditionals/apple-webkit.min.css HTTP/1.1" 200 547 "https://petpaloozahub.com/register/" "Mozilla/5.0 (Windows NT 10.0; Win64; x64) AppleWebKit/537.36 (KHTML, like Gecko) Chrome/143.0.0.0 Safari/537.36"
148.59.146.32 - - [06/Mar/2026:16:42:14 +0000] "GET /wp-content/uploads/elementor/google-fonts/css/lato.css HTTP/1.1" 200 598 "https://petpaloozahub.com/register/" "Mozilla/5.0 (Windows NT 10.0; Win64; x64) AppleWebKit/537.36 (KHTML, like Gecko) Chrome/143.0.0.0 Safari/537.36"
85.208.96.198 - - [06/Mar/2026:16:42:15 +0000] "GET /2686081730.htm HTTP/1.1" 404 55226 "-" "Mozilla/5.0 (compatible; SemrushBot/7~bl; +http://www.semrush.com/bot.html)"
66.97.179.25 - - [06/Mar/2026:16:42:15 +0000] "POST /register/ HTTP/1.1" 200 57026 "https://petpaloozahub.com/register/" "Mozilla/5.0 (Macintosh; Intel Mac OS X 12.5; rv:114.0) Gecko/20100101 Firefox/114.0"
