86.105.185.48 - - [06/Mar/2026:14:49:17 +0000] "GET /wp-content/themes/classiadspro/style.css HTTP/1.1" 200 636 "https://petpaloozahub.com/register/" "Mozilla/5.0 (Windows NT 10.0; Win64; x64) AppleWebKit/537.36 (KHTML, like Gecko) Chrome/143.0.0.0 Safari/537.36"
86.105.185.48 - - [06/Mar/2026:14:49:18 +0000] "GET /wp-content/themes/classiadspro/custom.css HTTP/1.1" 200 27 "https://petpaloozahub.com/register/" "Mozilla/5.0 (Windows NT 10.0; Win64; x64) AppleWebKit/537.36 (KHTML, like Gecko) Chrome/143.0.0.0 Safari/537.36"
86.105.185.48 - - [06/Mar/2026:14:49:18 +0000] "GET /wp-content/uploads/classiadspro_assets/classiadspro-dynamic.css HTTP/1.1" 200 8224 "https://petpaloozahub.com/register/" "Mozilla/5.0 (Windows NT 10.0; Win64; x64) AppleWebKit/537.36 (KHTML, like Gecko) Chrome/143.0.0.0 Safari/537.36"
86.105.185.48 - - [06/Mar/2026:14:49:19 +0000] "GET /wp-content/plugins/directorypress/assets/css/custom.css HTTP/1.1" 200 27 "https://petpaloozahub.com/register/" "Mozilla/5.0 (Windows NT 10.0; Win64; x64) AppleWebKit/537.36 (KHTML, like Gecko) Chrome/143.0.0.0 Safari/537.36"
86.105.185.48 - - [06/Mar/2026:14:49:19 +0000] "GET /wp-content/uploads/elementor/google-fonts/css/roboto.css HTTP/1.1" 200 2869 "https://petpaloozahub.com/register/" "Mozilla/5.0 (Windows NT 10.0; Win64; x64) AppleWebKit/537.36 (KHTML, like Gecko) Chrome/143.0.0.0 Safari/537.36"
86.105.185.48 - - [06/Mar/2026:14:49:19 +0000] "GET /wp-content/uploads/elementor/google-fonts/css/robotoslab.css HTTP/1.1" 200 961 "https://petpaloozahub.com/register/" "Mozilla/5.0 (Windows NT 10.0; Win64; x64) AppleWebKit/537.36 (KHTML, like Gecko) Chrome/143.0.0.0 Safari/537.36"
86.105.185.48 - - [06/Mar/2026:14:49:20 +0000] "GET /wp-content/uploads/elementor/google-fonts/css/lexenddeca.css HTTP/1.1" 200 629 "https://petpaloozahub.com/register/" "Mozilla/5.0 (Windows NT 10.0; Win64; x64) AppleWebKit/537.36 (KHTML, like Gecko) Chrome/143.0.0.0 Safari/537.36"
86.105.185.48 - - [06/Mar/2026:14:49:20 +0000] "GET /wp-content/uploads/elementor/google-fonts/css/poppins.css HTTP/1.1" 200 730 "https://petpaloozahub.com/register/" "Mozilla/5.0 (Windows NT 10.0; Win64; x64) AppleWebKit/537.36 (KHTML, like Gecko) Chrome/143.0.0.0 Safari/537.36"
86.105.185.48 - - [06/Mar/2026:14:49:21 +0000] "GET /wp-content/plugins/elementor/assets/lib/font-awesome/css/fontawesome.min.css HTTP/1.1" 200 12617 "https://petpaloozahub.com/register/" "Mozilla/5.0 (Windows NT 10.0; Win64; x64) AppleWebKit/537.36 (KHTML, like Gecko) Chrome/143.0.0.0 Safari/537.36"
86.105.185.48 - - [06/Mar/2026:14:49:23 +0000] "GET /wp-content/plugins/elementor/assets/lib/font-awesome/css/solid.min.css HTTP/1.1" 200 309 "https://petpaloozahub.com/register/" "Mozilla/5.0 (Windows NT 10.0; Win64; x64) AppleWebKit/537.36 (KHTML, like Gecko) Chrome/143.0.0.0 Safari/537.36"
86.105.185.48 - - [06/Mar/2026:14:49:24 +0000] "GET /wp-content/plugins/elementor/assets/lib/font-awesome/css/brands.min.css HTTP/1.1" 200 308 "https://petpaloozahub.com/register/" "Mozilla/5.0 (Windows NT 10.0; Win64; x64) AppleWebKit/537.36 (KHTML, like Gecko) Chrome/143.0.0.0 Safari/537.36"
86.105.185.48 - - [06/Mar/2026:14:49:24 +0000] "GET /wp-content/plugins/woocommerce/assets/client/blocks/wc-blocks.css HTTP/1.1" 200 2618 "https://petpaloozahub.com/register/" "Mozilla/5.0 (Windows NT 10.0; Win64; x64) AppleWebKit/537.36 (KHTML, like Gecko) Chrome/143.0.0.0 Safari/537.36"
159.198.75.45 - - [06/Mar/2026:14:49:25 +0000] "POST /wp-cron.php?doing_wp_cron=1772808565.1171939373016357421875 HTTP/1.1" 200 - "-" "WordPress/6.9.1; https://petpaloozahub.com"
185.191.171.14 - - [06/Mar/2026:14:49:24 +0000] "GET /3594568104.htm HTTP/1.1" 404 55226 "-" "Mozilla/5.0 (compatible; SemrushBot/7~bl; +http://www.semrush.com/bot.html)"
86.105.185.48 - - [06/Mar/2026:14:49:25 +0000] "GET /wp-content/uploads/redux/custom-fonts/fonts.css HTTP/1.1" 200 - "https://petpaloozahub.com/register/" "Mozilla/5.0 (Windows NT 10.0; Win64; x64) AppleWebKit/537.36 (KHTML, like Gecko) Chrome/143.0.0.0 Safari/537.36"
34.239.85.139 - - [06/Mar/2026:14:49:24 +0000] "GET /puppy-feeding-schedule-chart-amount/ HTTP/1.1" 200 58285 "-" "Mozilla/5.0 AppleWebKit/537.36 (KHTML, like Gecko; compatible; Amazonbot/0.1; +https://developer.amazon.com/support/amazonbot) Chrome/119.0.6045.214 Safari/537.36"
185.213.245.121 - - [06/Mar/2026:14:49:25 +0000] "GET /wp-content/uploads/directorypress_assets/directorypress-dynamic.css HTTP/1.1" 200 6302 "https://petpaloozahub.com/register/" "Mozilla/5.0 (Windows NT 10.0; Win64; x64) AppleWebKit/537.36 (KHTML, like Gecko) Chrome/143.0.0.0 Safari/537.36"
185.213.245.121 - - [06/Mar/2026:14:49:26 +0000] "GET /wp-content/plugins/elementor/assets/css/widget-divider.min.css HTTP/1.1" 200 741 "https://petpaloozahub.com/register/" "Mozilla/5.0 (Windows NT 10.0; Win64; x64) AppleWebKit/537.36 (KHTML, like Gecko) Chrome/143.0.0.0 Safari/537.36"
185.213.245.121 - - [06/Mar/2026:14:49:26 +0000] "GET /wp-content/plugins/elementor/assets/css/widget-social-icons.min.css HTTP/1.1" 200 1142 "https://petpaloozahub.com/register/" "Mozilla/5.0 (Windows NT 10.0; Win64; x64) AppleWebKit/537.36 (KHTML, like Gecko) Chrome/143.0.0.0 Safari/537.36"
185.213.245.121 - - [06/Mar/2026:14:49:27 +0000] "GET /wp-content/plugins/elementor/assets/css/conditionals/apple-webkit.min.css HTTP/1.1" 200 547 "https://petpaloozahub.com/register/" "Mozilla/5.0 (Windows NT 10.0; Win64; x64) AppleWebKit/537.36 (KHTML, like Gecko) Chrome/143.0.0.0 Safari/537.36"
185.213.245.121 - - [06/Mar/2026:14:49:27 +0000] "GET /wp-content/uploads/elementor/google-fonts/css/lato.css HTTP/1.1" 200 598 "https://petpaloozahub.com/register/" "Mozilla/5.0 (Windows NT 10.0; Win64; x64) AppleWebKit/537.36 (KHTML, like Gecko) Chrome/143.0.0.0 Safari/537.36"
185.191.171.19 - - [06/Mar/2026:14:49:28 +0000] "GET /35945138703.htm HTTP/1.1" 404 55227 "-" "Mozilla/5.0 (compatible; SemrushBot/7~bl; +http://www.semrush.com/bot.html)"
86.105.185.48 - - [06/Mar/2026:14:49:28 +0000] "POST /?wpfb-form-ajax=submit HTTP/1.1" 200 129 "https://petpaloozahub.com/register/" "Mozilla/5.0 (X11; Linux x86_64) AppleWebKit/537.36 (KHTML, like Gecko) Chrome/114.0.0.0 Safari/537.36"
12.36.192.146 - - [06/Mar/2026:14:49:30 +0000] "GET /wp-content/uploads/2023/03/ei_1729175304894-removebg-preview.png HTTP/1.1" 200 171412 "https://buyall.us/" "Mozilla/5.0 (Windows NT 10.0; Win64; x64) AppleWebKit/537.36 (KHTML, like Gecko) Chrome/145.0.0.0 Safari/537.36"
86.105.185.48 - - [06/Mar/2026:14:49:29 +0000] "GET /my-dashboard/ HTTP/1.1" 200 55874 "https://petpaloozahub.com/register/" "Mozilla/5.0 (X11; Linux x86_64) AppleWebKit/537.36 (KHTML, like Gecko) Chrome/114.0.0.0 Safari/537.36"
185.191.171.1 - - [06/Mar/2026:14:49:30 +0000] "GET /8112594634.htm HTTP/1.1" 404 55226 "-" "Mozilla/5.0 (compatible; SemrushBot/7~bl; +http://www.semrush.com/bot.html)"
86.105.185.48 - - [06/Mar/2026:14:49:31 +0000] "GET /my-dashboard/?directory_action=profile HTTP/1.1" 200 57161 "https://petpaloozahub.com/my-dashboard/" "Mozilla/5.0 (X11; Linux x86_64) AppleWebKit/537.36 (KHTML, like Gecko) Chrome/114.0.0.0 Safari/537.36"
185.213.245.121 - - [06/Mar/2026:14:49:32 +0000] "GET /wp-content/uploads/redux/custom-fonts/fonts.css HTTP/1.1" 200 - "https://petpaloozahub.com/my-dashboard/?directory_action=profile" "Mozilla/5.0 (Windows NT 10.0; Win64; x64) AppleWebKit/537.36 (KHTML, like Gecko) Chrome/143.0.0.0 Safari/537.36"
86.105.185.48 - - [06/Mar/2026:14:49:32 +0000] "POST /wp-admin/admin-ajax.php HTTP/1.1" 200 63 "https://petpaloozahub.com/my-dashboard/?directory_action=profile" "Mozilla/5.0 (X11; Linux x86_64) AppleWebKit/537.36 (KHTML, like Gecko) Chrome/114.0.0.0 Safari/537.36"
86.105.185.48 - - [06/Mar/2026:14:49:34 +0000] "GET /author/milton-keynes-car-locksmith1132/?profile=true HTTP/1.1" 200 56381 "https://petpaloozahub.com/my-dashboard/?directory_action=profile" "Mozilla/5.0 (X11; Linux x86_64) AppleWebKit/537.36 (KHTML, like Gecko) Chrome/114.0.0.0 Safari/537.36"
85.208.96.196 - - [06/Mar/2026:14:49:46 +0000] "GET /3594531837.htm HTTP/1.1" 404 55226 "-" "Mozilla/5.0 (compatible; SemrushBot/7~bl; +http://www.semrush.com/bot.html)"
85.208.96.205 - - [06/Mar/2026:14:49:49 +0000] "GET /3594540148.htm HTTP/1.1" 404 55226 "-" "Mozilla/5.0 (compatible; SemrushBot/7~bl; +http://www.semrush.com/bot.html)"
85.208.96.199 - - [06/Mar/2026:14:50:05 +0000] "GET /3594543611.htm HTTP/1.1" 404 55226 "-" "Mozilla/5.0 (compatible; SemrushBot/7~bl; +http://www.semrush.com/bot.html)"
130.51.20.151 - - [06/Mar/2026:14:50:10 +0000] "GET /author/nexmeredith664/?profile=true HTTP/1.1" 200 57192 "https://petpaloozahub.com/" "Mozilla/5.0 (Windows NT 10.0; WOW64) AppleWebKit/537.36 (KHTML, like Gecko) Chrome/114.0.0.0 Safari/537.36"
130.51.20.151 - - [06/Mar/2026:14:50:11 +0000] "GET /author/nexmeredith664/{{%20data.uploadedToLink%20}} HTTP/1.1" 301 - "https://petpaloozahub.com/author/nexmeredith664/{{%20data.uploadedToLink%20}}" "Mozilla/5.0 (Windows NT 10.0; WOW64) AppleWebKit/537.36 (KHTML, like Gecko) Chrome/114.0.0.0 Safari/537.36"
130.51.20.151 - - [06/Mar/2026:14:50:11 +0000] "GET /author/nexmeredith664/%20data.uploadedToLink HTTP/1.1" 404 55241 "https://petpaloozahub.com/author/nexmeredith664/{{%20data.uploadedToLink%20}}" "Mozilla/5.0 (Windows NT 10.0; WOW64) AppleWebKit/537.36 (KHTML, like Gecko) Chrome/114.0.0.0 Safari/537.36"
130.51.20.151 - - [06/Mar/2026:14:50:12 +0000] "GET / HTTP/1.1" 200 62013 "https://petpaloozahub.com/author/nexmeredith664/{{%20data.uploadedToLink%20}}" "Mozilla/5.0 (Windows NT 10.0; WOW64) AppleWebKit/537.36 (KHTML, like Gecko) Chrome/114.0.0.0 Safari/537.36"
85.208.96.207 - - [06/Mar/2026:14:50:13 +0000] "GET /9897098405.htm HTTP/1.1" 404 55226 "-" "Mozilla/5.0 (compatible; SemrushBot/7~bl; +http://www.semrush.com/bot.html)"
85.208.96.209 - - [06/Mar/2026:14:50:16 +0000] "GET /9474644414.htm HTTP/1.1" 404 55224 "-" "Mozilla/5.0 (compatible; SemrushBot/7~bl; +http://www.semrush.com/bot.html)"
85.208.96.203 - - [06/Mar/2026:14:50:22 +0000] "GET /9474640313.htm HTTP/1.1" 404 55225 "-" "Mozilla/5.0 (compatible; SemrushBot/7~bl; +http://www.semrush.com/bot.html)"
159.198.75.45 - - [06/Mar/2026:14:50:42 +0000] "POST /wp-cron.php?doing_wp_cron=1772808642.8619511127471923828125 HTTP/1.1" 200 - "-" "WordPress/6.9.1; https://petpaloozahub.com"
185.191.171.8 - - [06/Mar/2026:14:50:42 +0000] "GET /3594531753.htm HTTP/1.1" 404 55226 "-" "Mozilla/5.0 (compatible; SemrushBot/7~bl; +http://www.semrush.com/bot.html)"
173.234.48.113 - - [06/Mar/2026:14:50:47 +0000] "GET /author/jarredx036943/?profile=true HTTP/1.1" 200 56554 "-" "Mozilla/5.0 (X11; Linux x86_64) AppleWebKit/537.36 (KHTML, like Gecko) Chrome/114.0.0.0 Safari/537.36 OPR/89.0.4447.51"
102.165.0.46 - - [06/Mar/2026:14:50:48 +0000] "GET /listings/adorable-20-week-old-poodle-puppies-double-the-love-double-the-fun/ HTTP/1.1" 200 65535 "https://petpaloozahub.com/" "Mozilla/5.0 (Windows NT 10.0; WOW64) AppleWebKit/537.36 (KHTML, like Gecko) Chrome/114.0.0.0 Safari/537.36"
102.165.0.46 - - [06/Mar/2026:14:50:52 +0000] "GET /register/ HTTP/1.1" 200 57069 "https://petpaloozahub.com/listings/adorable-20-week-old-poodle-puppies-double-the-love-double-the-fun/" "Mozilla/5.0 (Windows NT 10.0; WOW64) AppleWebKit/537.36 (KHTML, like Gecko) Chrome/114.0.0.0 Safari/537.36"
102.165.0.46 - - [06/Mar/2026:14:50:54 +0000] "GET /wp-content/uploads/redux/custom-fonts/fonts.css HTTP/1.1" 200 - "https://petpaloozahub.com/register/" "Mozilla/5.0 (Windows NT 10.0; Win64; x64) AppleWebKit/537.36 (KHTML, like Gecko) Chrome/143.0.0.0 Safari/537.36"
102.165.0.46 - - [06/Mar/2026:14:50:54 +0000] "POST /?wpfb-form-ajax=submit HTTP/1.1" 200 129 "https://petpaloozahub.com/register/" "Mozilla/5.0 (Windows NT 10.0; WOW64) AppleWebKit/537.36 (KHTML, like Gecko) Chrome/114.0.0.0 Safari/537.36"
102.165.0.46 - - [06/Mar/2026:14:50:55 +0000] "GET /my-dashboard/ HTTP/1.1" 200 55861 "https://petpaloozahub.com/register/" "Mozilla/5.0 (Windows NT 10.0; WOW64) AppleWebKit/537.36 (KHTML, like Gecko) Chrome/114.0.0.0 Safari/537.36"
102.165.0.46 - - [06/Mar/2026:14:50:57 +0000] "GET /my-dashboard/?directory_action=profile HTTP/1.1" 200 57146 "https://petpaloozahub.com/my-dashboard/" "Mozilla/5.0 (Windows NT 10.0; WOW64) AppleWebKit/537.36 (KHTML, like Gecko) Chrome/114.0.0.0 Safari/537.36"
185.213.246.57 - - [06/Mar/2026:14:50:58 +0000] "GET /wp-content/uploads/redux/custom-fonts/fonts.css HTTP/1.1" 200 - "https://petpaloozahub.com/my-dashboard/?directory_action=profile" "Mozilla/5.0 (Windows NT 10.0; Win64; x64) AppleWebKit/537.36 (KHTML, like Gecko) Chrome/143.0.0.0 Safari/537.36"
102.165.0.46 - - [06/Mar/2026:14:50:58 +0000] "POST /wp-admin/admin-ajax.php HTTP/1.1" 200 63 "https://petpaloozahub.com/my-dashboard/?directory_action=profile" "Mozilla/5.0 (Windows NT 10.0; WOW64) AppleWebKit/537.36 (KHTML, like Gecko) Chrome/114.0.0.0 Safari/537.36"
102.165.0.46 - - [06/Mar/2026:14:50:59 +0000] "GET /author/cheap-cots6666/?profile=true HTTP/1.1" 200 56475 "https://petpaloozahub.com/my-dashboard/?directory_action=profile" "Mozilla/5.0 (Windows NT 10.0; WOW64) AppleWebKit/537.36 (KHTML, like Gecko) Chrome/114.0.0.0 Safari/537.36"
102.165.0.222 - - [06/Mar/2026:14:51:01 +0000] "GET /author/cheap-cots6666/?profile=true HTTP/1.1" 200 56463 "-" "Mozilla/5.0 (Windows NT 10.0; WOW64) AppleWebKit/537.36 (KHTML, like Gecko) Chrome/114.0.0.0 Safari/537.36"
85.208.96.193 - - [06/Mar/2026:14:51:06 +0000] "GET /3594547026.htm HTTP/1.1" 404 55226 "-" "Mozilla/5.0 (compatible; SemrushBot/7~bl; +http://www.semrush.com/bot.html)"
85.208.96.200 - - [06/Mar/2026:14:51:11 +0000] "GET /3594547347.htm HTTP/1.1" 404 55226 "-" "Mozilla/5.0 (compatible; SemrushBot/7~bl; +http://www.semrush.com/bot.html)"
159.198.75.45 - - [06/Mar/2026:14:51:25 +0000] "POST /wp-cron.php?doing_wp_cron=1772808685.4070830345153808593750 HTTP/1.1" 200 - "-" "WordPress/6.9.1; https://petpaloozahub.com"
185.191.171.8 - - [06/Mar/2026:14:51:24 +0000] "GET /98970142730.htm HTTP/1.1" 404 55227 "-" "Mozilla/5.0 (compatible; SemrushBot/7~bl; +http://www.semrush.com/bot.html)"
173.234.48.113 - - [06/Mar/2026:14:51:36 +0000] "GET /author/marco22640848/?profile=true HTTP/1.1" 200 56587 "-" "Mozilla/5.0 (X11; Linux x86_64) AppleWebKit/537.36 (KHTML, like Gecko) Chrome/114.0.0.0 Safari/537.36 OPR/89.0.4447.51"
185.191.171.5 - - [06/Mar/2026:14:51:43 +0000] "GET /2300972354.htm HTTP/1.1" 404 55225 "-" "Mozilla/5.0 (compatible; SemrushBot/7~bl; +http://www.semrush.com/bot.html)"
109.172.84.96 - - [06/Mar/2026:14:51:46 +0000] "GET /author/feliciau833248/?profile=true HTTP/1.1" 200 56738 "https://petpaloozahub.com/" "Mozilla/5.0 (Windows NT 10.0; Win64; x64) AppleWebKit/537.36 (KHTML, like Gecko) Chrome/114.0.0.0 Safari/537.36 OPR/89.0.4447.51"
85.208.96.204 - - [06/Mar/2026:14:51:48 +0000] "GET /2300946521.htm HTTP/1.1" 404 55225 "-" "Mozilla/5.0 (compatible; SemrushBot/7~bl; +http://www.semrush.com/bot.html)"
109.172.84.96 - - [06/Mar/2026:14:51:50 +0000] "GET /wp-content/plugins/designinvento-elementor-widgets/assets/css/user-menu.css HTTP/1.1" 200 904 "https://petpaloozahub.com/author/feliciau833248/?profile=true" "Mozilla/5.0 (Windows NT 10.0; Win64; x64) AppleWebKit/537.36 (KHTML, like Gecko) Chrome/143.0.0.0 Safari/537.36"
109.172.84.96 - - [06/Mar/2026:14:51:51 +0000] "GET /wp-content/plugins/designinvento-elementor-widgets/assets/css/nav-menu.css HTTP/1.1" 200 239 "https://petpaloozahub.com/author/feliciau833248/?profile=true" "Mozilla/5.0 (Windows NT 10.0; Win64; x64) AppleWebKit/537.36 (KHTML, like Gecko) Chrome/143.0.0.0 Safari/537.36"
109.172.84.96 - - [06/Mar/2026:14:51:51 +0000] "GET /wp-content/plugins/header-footer-builder/assets/public/css/frontend.css HTTP/1.1" 200 7681 "https://petpaloozahub.com/author/feliciau833248/?profile=true" "Mozilla/5.0 (Windows NT 10.0; Win64; x64) AppleWebKit/537.36 (KHTML, like Gecko) Chrome/143.0.0.0 Safari/537.36"
109.172.84.96 - - [06/Mar/2026:14:51:52 +0000] "GET /wp-includes/css/dashicons.min.css HTTP/1.1" 200 35721 "https://petpaloozahub.com/author/feliciau833248/?profile=true" "Mozilla/5.0 (Windows NT 10.0; Win64; x64) AppleWebKit/537.36 (KHTML, like Gecko) Chrome/143.0.0.0 Safari/537.36"
109.172.84.96 - - [06/Mar/2026:14:51:52 +0000] "GET /wp-content/plugins/bp-verified-member/assets/css/style.css HTTP/1.1" 200 2004 "https://petpaloozahub.com/author/feliciau833248/?profile=true" "Mozilla/5.0 (Windows NT 10.0; Win64; x64) AppleWebKit/537.36 (KHTML, like Gecko) Chrome/143.0.0.0 Safari/537.36"
109.172.84.96 - - [06/Mar/2026:14:51:53 +0000] "GET /wp-content/themes/classiadspro/styles/css/bootstrap.min.css HTTP/1.1" 200 33777 "https://petpaloozahub.com/author/feliciau833248/?profile=true" "Mozilla/5.0 (Windows NT 10.0; Win64; x64) AppleWebKit/537.36 (KHTML, like Gecko) Chrome/143.0.0.0 Safari/537.36"
109.172.84.96 - - [06/Mar/2026:14:51:54 +0000] "GET /wp-content/themes/classiadspro/styles/css/slick/slick.css HTTP/1.1" 200 569 "https://petpaloozahub.com/author/feliciau833248/?profile=true" "Mozilla/5.0 (Windows NT 10.0; Win64; x64) AppleWebKit/537.36 (KHTML, like Gecko) Chrome/143.0.0.0 Safari/537.36"
109.172.84.96 - - [06/Mar/2026:14:51:54 +0000] "GET /wp-content/themes/classiadspro/styles/css/slick/slick-theme.css HTTP/1.1" 200 866 "https://petpaloozahub.com/author/feliciau833248/?profile=true" "Mozilla/5.0 (Windows NT 10.0; Win64; x64) AppleWebKit/537.36 (KHTML, like Gecko) Chrome/143.0.0.0 Safari/537.36"
109.172.84.96 - - [06/Mar/2026:14:51:55 +0000] "GET /wp-content/themes/classiadspro/styles/material-icons/material-icons.min.css HTTP/1.1" 200 43656 "https://petpaloozahub.com/author/feliciau833248/?profile=true" "Mozilla/5.0 (Windows NT 10.0; Win64; x64) AppleWebKit/537.36 (KHTML, like Gecko) Chrome/143.0.0.0 Safari/537.36"
109.172.84.96 - - [06/Mar/2026:14:51:56 +0000] "GET /wp-content/themes/classiadspro/styles/css/select2.css HTTP/1.1" 200 2707 "https://petpaloozahub.com/author/feliciau833248/?profile=true" "Mozilla/5.0 (Windows NT 10.0; Win64; x64) AppleWebKit/537.36 (KHTML, like Gecko) Chrome/143.0.0.0 Safari/537.36"
109.172.84.96 - - [06/Mar/2026:14:51:56 +0000] "GET /wp-content/themes/classiadspro/styles/css/pacz-styles.css HTTP/1.1" 200 25759 "https://petpaloozahub.com/author/feliciau833248/?profile=true" "Mozilla/5.0 (Windows NT 10.0; Win64; x64) AppleWebKit/537.36 (KHTML, like Gecko) Chrome/143.0.0.0 Safari/537.36"
109.172.84.96 - - [06/Mar/2026:14:51:57 +0000] "GET /wp-content/themes/classiadspro/styles/css/post.css HTTP/1.1" 200 7353 "https://petpaloozahub.com/author/feliciau833248/?profile=true" "Mozilla/5.0 (Windows NT 10.0; Win64; x64) AppleWebKit/537.36 (KHTML, like Gecko) Chrome/143.0.0.0 Safari/537.36"
109.172.84.96 - - [06/Mar/2026:14:51:58 +0000] "GET /wp-content/themes/classiadspro/styles/css/shortcode/common-shortcode.css HTTP/1.1" 200 1190 "https://petpaloozahub.com/author/feliciau833248/?profile=true" "Mozilla/5.0 (Windows NT 10.0; Win64; x64) AppleWebKit/537.36 (KHTML, like Gecko) Chrome/143.0.0.0 Safari/537.36"
109.172.84.96 - - [06/Mar/2026:14:51:59 +0000] "GET /wp-content/themes/classiadspro/styles/css/fonticon-custom.min.css HTTP/1.1" 200 17773 "https://petpaloozahub.com/author/feliciau833248/?profile=true" "Mozilla/5.0 (Windows NT 10.0; Win64; x64) AppleWebKit/537.36 (KHTML, like Gecko) Chrome/143.0.0.0 Safari/537.36"
109.172.84.96 - - [06/Mar/2026:14:51:59 +0000] "GET /wp-content/themes/classiadspro/directorypress/assets/css/common.css HTTP/1.1" 200 14557 "https://petpaloozahub.com/author/feliciau833248/?profile=true" "Mozilla/5.0 (Windows NT 10.0; Win64; x64) AppleWebKit/537.36 (KHTML, like Gecko) Chrome/143.0.0.0 Safari/537.36"
109.172.84.96 - - [06/Mar/2026:14:52:00 +0000] "GET /wp-includes/css/dist/block-library/style.min.css HTTP/1.1" 200 15916 "https://petpaloozahub.com/author/feliciau833248/?profile=true" "Mozilla/5.0 (Windows NT 10.0; Win64; x64) AppleWebKit/537.36 (KHTML, like Gecko) Chrome/143.0.0.0 Safari/537.36"
173.234.48.113 - - [06/Mar/2026:14:51:59 +0000] "GET /author/terishipley365/?profile=true HTTP/1.1" 200 56503 "-" "Mozilla/5.0 (X11; Linux x86_64) AppleWebKit/537.36 (KHTML, like Gecko) Chrome/114.0.0.0 Safari/537.36 OPR/89.0.4447.51"
109.172.84.96 - - [06/Mar/2026:14:52:01 +0000] "GET /wp-includes/css/buttons.min.css HTTP/1.1" 200 1470 "https://petpaloozahub.com/author/feliciau833248/?profile=true" "Mozilla/5.0 (Windows NT 10.0; Win64; x64) AppleWebKit/537.36 (KHTML, like Gecko) Chrome/143.0.0.0 Safari/537.36"
109.172.84.96 - - [06/Mar/2026:14:52:01 +0000] "GET /wp-includes/js/mediaelement/mediaelementplayer-legacy.min.css HTTP/1.1" 200 2592 "https://petpaloozahub.com/author/feliciau833248/?profile=true" "Mozilla/5.0 (Windows NT 10.0; Win64; x64) AppleWebKit/537.36 (KHTML, like Gecko) Chrome/143.0.0.0 Safari/537.36"
109.172.84.96 - - [06/Mar/2026:14:52:02 +0000] "GET /wp-includes/js/mediaelement/wp-mediaelement.min.css HTTP/1.1" 200 1156 "https://petpaloozahub.com/author/feliciau833248/?profile=true" "Mozilla/5.0 (Windows NT 10.0; Win64; x64) AppleWebKit/537.36 (KHTML, like Gecko) Chrome/143.0.0.0 Safari/537.36"
109.172.84.96 - - [06/Mar/2026:14:52:02 +0000] "GET /wp-includes/css/media-views.min.css HTTP/1.1" 200 8721 "https://petpaloozahub.com/author/feliciau833248/?profile=true" "Mozilla/5.0 (Windows NT 10.0; Win64; x64) AppleWebKit/537.36 (KHTML, like Gecko) Chrome/143.0.0.0 Safari/537.36"
109.172.84.96 - - [06/Mar/2026:14:52:03 +0000] "GET /wp-includes/js/imgareaselect/imgareaselect.css HTTP/1.1" 200 265 "https://petpaloozahub.com/author/feliciau833248/?profile=true" "Mozilla/5.0 (Windows NT 10.0; Win64; x64) AppleWebKit/537.36 (KHTML, like Gecko) Chrome/143.0.0.0 Safari/537.36"
109.172.84.96 - - [06/Mar/2026:14:52:03 +0000] "GET /wp-content/plugins/dicode-icons-pack/assets/elegant/elegant-icons.min.css HTTP/1.1" 200 3995 "https://petpaloozahub.com/author/feliciau833248/?profile=true" "Mozilla/5.0 (Windows NT 10.0; Win64; x64) AppleWebKit/537.36 (KHTML, like Gecko) Chrome/143.0.0.0 Safari/537.36"
109.172.84.96 - - [06/Mar/2026:14:52:04 +0000] "GET /wp-content/plugins/dicode-icons-pack/assets/linearicons/linearicons.min.css HTTP/1.1" 200 1577 "https://petpaloozahub.com/author/feliciau833248/?profile=true" "Mozilla/5.0 (Windows NT 10.0; Win64; x64) AppleWebKit/537.36 (KHTML, like Gecko) Chrome/143.0.0.0 Safari/537.36"
109.172.84.96 - - [06/Mar/2026:14:52:05 +0000] "GET /wp-content/plugins/dicode-icons-pack/assets/themify/themify.min.css HTTP/1.1" 200 2824 "https://petpaloozahub.com/author/feliciau833248/?profile=true" "Mozilla/5.0 (Windows NT 10.0; Win64; x64) AppleWebKit/537.36 (KHTML, like Gecko) Chrome/143.0.0.0 Safari/537.36"
109.172.84.96 - - [06/Mar/2026:14:52:05 +0000] "GET /wp-content/plugins/directorypress-frontend-messages/assets/css/style.css HTTP/1.1" 200 4380 "https://petpaloozahub.com/author/feliciau833248/?profile=true" "Mozilla/5.0 (Windows NT 10.0; Win64; x64) AppleWebKit/537.36 (KHTML, like Gecko) Chrome/143.0.0.0 Safari/537.36"
109.172.84.96 - - [06/Mar/2026:14:52:06 +0000] "GET /wp-content/plugins/directorypress-frontend-messages/assets/css/common-style.css HTTP/1.1" 200 471 "https://petpaloozahub.com/author/feliciau833248/?profile=true" "Mozilla/5.0 (Windows NT 10.0; Win64; x64) AppleWebKit/537.36 (KHTML, like Gecko) Chrome/143.0.0.0 Safari/537.36"
109.172.84.96 - - [06/Mar/2026:14:52:06 +0000] "GET /wp-content/plugins/directorypress-frontend-messages/public/css/directorypress-frontend-messages-public.css HTTP/1.1" 200 106 "https://petpaloozahub.com/author/feliciau833248/?profile=true" "Mozilla/5.0 (Windows NT 10.0; Win64; x64) AppleWebKit/537.36 (KHTML, like Gecko) Chrome/143.0.0.0 Safari/537.36"
109.172.84.96 - - [06/Mar/2026:14:52:07 +0000] "GET /wp-content/plugins/directorypress-maps/assets/css/map.css HTTP/1.1" 200 1667 "https://petpaloozahub.com/author/feliciau833248/?profile=true" "Mozilla/5.0 (Windows NT 10.0; Win64; x64) AppleWebKit/537.36 (KHTML, like Gecko) Chrome/143.0.0.0 Safari/537.36"
109.172.84.96 - - [06/Mar/2026:14:52:07 +0000] "GET /wp-content/plugins/directorypress-claim-listing/assets/css/style.css HTTP/1.1" 200 106 "https://petpaloozahub.com/author/feliciau833248/?profile=true" "Mozilla/5.0 (Windows NT 10.0; Win64; x64) AppleWebKit/537.36 (KHTML, like Gecko) Chrome/143.0.0.0 Safari/537.36"
109.172.84.96 - - [06/Mar/2026:14:52:08 +0000] "GET /wp-content/plugins/directorypress-frontend/assets/css/directorypress-frontend-public.css HTTP/1.1" 200 13698 "https://petpaloozahub.com/author/feliciau833248/?profile=true" "Mozilla/5.0 (Windows NT 10.0; Win64; x64) AppleWebKit/537.36 (KHTML, like Gecko) Chrome/143.0.0.0 Safari/537.36"
109.172.84.96 - - [06/Mar/2026:14:52:09 +0000] "GET /wp-content/plugins/directorypress/assets/css/jqueryui/themes/smoothness/jquery-ui.min.css HTTP/1.1" 200 7688 "https://petpaloozahub.com/author/feliciau833248/?profile=true" "Mozilla/5.0 (Windows NT 10.0; Win64; x64) AppleWebKit/537.36 (KHTML, like Gecko) Chrome/143.0.0.0 Safari/537.36"
109.172.84.96 - - [06/Mar/2026:14:52:09 +0000] "GET /wp-content/plugins/directorypress/assets/lib/fontawesome/css/all.min.css HTTP/1.1" 200 12355 "https://petpaloozahub.com/author/feliciau833248/?profile=true" "Mozilla/5.0 (Windows NT 10.0; Win64; x64) AppleWebKit/537.36 (KHTML, like Gecko) Chrome/143.0.0.0 Safari/537.36"
109.172.84.96 - - [06/Mar/2026:14:52:10 +0000] "GET /wp-content/plugins/directorypress/assets/lib/slick-carousel/css/slick.css HTTP/1.1" 200 569 "https://petpaloozahub.com/author/feliciau833248/?profile=true" "Mozilla/5.0 (Windows NT 10.0; Win64; x64) AppleWebKit/537.36 (KHTML, like Gecko) Chrome/143.0.0.0 Safari/537.36"
109.172.84.96 - - [06/Mar/2026:14:52:10 +0000] "GET /wp-content/plugins/directorypress/assets/lib/slick-carousel/css/slick-theme.css HTTP/1.1" 200 866 "https://petpaloozahub.com/author/feliciau833248/?profile=true" "Mozilla/5.0 (Windows NT 10.0; Win64; x64) AppleWebKit/537.36 (KHTML, like Gecko) Chrome/143.0.0.0 Safari/537.36"
109.172.84.96 - - [06/Mar/2026:14:52:11 +0000] "GET /wp-content/plugins/directorypress/assets/css/directorypress-search.css HTTP/1.1" 200 4472 "https://petpaloozahub.com/author/feliciau833248/?profile=true" "Mozilla/5.0 (Windows NT 10.0; Win64; x64) AppleWebKit/537.36 (KHTML, like Gecko) Chrome/143.0.0.0 Safari/537.36"
109.172.84.96 - - [06/Mar/2026:14:52:11 +0000] "GET /wp-content/plugins/directorypress/assets/css/directorypress-listings.css HTTP/1.1" 200 8491 "https://petpaloozahub.com/author/feliciau833248/?profile=true" "Mozilla/5.0 (Windows NT 10.0; Win64; x64) AppleWebKit/537.36 (KHTML, like Gecko) Chrome/143.0.0.0 Safari/537.36"
109.172.84.96 - - [06/Mar/2026:14:52:12 +0000] "GET /wp-content/plugins/directorypress/assets/css/single-listing.css HTTP/1.1" 200 12299 "https://petpaloozahub.com/author/feliciau833248/?profile=true" "Mozilla/5.0 (Windows NT 10.0; Win64; x64) AppleWebKit/537.36 (KHTML, like Gecko) Chrome/143.0.0.0 Safari/537.36"
109.172.84.96 - - [06/Mar/2026:14:52:13 +0000] "GET /wp-content/plugins/directorypress/assets/lib/lightbox/css/lightbox.min.css HTTP/1.1" 200 938 "https://petpaloozahub.com/author/feliciau833248/?profile=true" "Mozilla/5.0 (Windows NT 10.0; Win64; x64) AppleWebKit/537.36 (KHTML, like Gecko) Chrome/143.0.0.0 Safari/537.36"
109.172.84.96 - - [06/Mar/2026:14:52:13 +0000] "GET /wp-content/plugins/directorypress/assets/css/style.css HTTP/1.1" 200 14221 "https://petpaloozahub.com/author/feliciau833248/?profile=true" "Mozilla/5.0 (Windows NT 10.0; Win64; x64) AppleWebKit/537.36 (KHTML, like Gecko) Chrome/143.0.0.0 Safari/537.36"
109.172.84.96 - - [06/Mar/2026:14:52:14 +0000] "GET /wp-content/plugins/directorypress/reviews/css/jquery.raty.css HTTP/1.1" 200 756 "https://petpaloozahub.com/author/feliciau833248/?profile=true" "Mozilla/5.0 (Windows NT 10.0; Win64; x64) AppleWebKit/537.36 (KHTML, like Gecko) Chrome/143.0.0.0 Safari/537.36"
109.172.84.96 - - [06/Mar/2026:14:52:14 +0000] "GET /wp-content/plugins/revslider/public/css/sr7.css HTTP/1.1" 200 1569 "https://petpaloozahub.com/author/feliciau833248/?profile=true" "Mozilla/5.0 (Windows NT 10.0; Win64; x64) AppleWebKit/537.36 (KHTML, like Gecko) Chrome/143.0.0.0 Safari/537.36"
109.172.84.96 - - [06/Mar/2026:14:52:15 +0000] "GET /wp-content/themes/classiadspro/styles/css/pacz-woocommerce.css HTTP/1.1" 200 9762 "https://petpaloozahub.com/author/feliciau833248/?profile=true" "Mozilla/5.0 (Windows NT 10.0; Win64; x64) AppleWebKit/537.36 (KHTML, like Gecko) Chrome/143.0.0.0 Safari/537.36"
185.191.171.1 - - [06/Mar/2026:14:52:15 +0000] "GET /3594556372.htm HTTP/1.1" 404 55224 "-" "Mozilla/5.0 (compatible; SemrushBot/7~bl; +http://www.semrush.com/bot.html)"
109.172.84.96 - - [06/Mar/2026:14:52:16 +0000] "GET /wp-content/plugins/form-builder-wp/assets/css/style.css HTTP/1.1" 200 4028 "https://petpaloozahub.com/author/feliciau833248/?profile=true" "Mozilla/5.0 (Windows NT 10.0; Win64; x64) AppleWebKit/537.36 (KHTML, like Gecko) Chrome/143.0.0.0 Safari/537.36"
109.172.84.96 - - [06/Mar/2026:14:52:16 +0000] "GET /wp-content/plugins/header-footer-builder/assets/public/css/header-footer-builder.css HTTP/1.1" 200 425 "https://petpaloozahub.com/author/feliciau833248/?profile=true" "Mozilla/5.0 (Windows NT 10.0; Win64; x64) AppleWebKit/537.36 (KHTML, like Gecko) Chrome/143.0.0.0 Safari/537.36"
109.172.84.96 - - [06/Mar/2026:14:52:17 +0000] "GET /wp-content/plugins/elementor/assets/lib/eicons/css/elementor-icons.min.css HTTP/1.1" 200 4429 "https://petpaloozahub.com/author/feliciau833248/?profile=true" "Mozilla/5.0 (Windows NT 10.0; Win64; x64) AppleWebKit/537.36 (KHTML, like Gecko) Chrome/143.0.0.0 Safari/537.36"
109.172.84.96 - - [06/Mar/2026:14:52:17 +0000] "GET /wp-content/plugins/elementor/assets/css/frontend.min.css HTTP/1.1" 200 7271 "https://petpaloozahub.com/author/feliciau833248/?profile=true" "Mozilla/5.0 (Windows NT 10.0; Win64; x64) AppleWebKit/537.36 (KHTML, like Gecko) Chrome/143.0.0.0 Safari/537.36"
109.172.84.96 - - [06/Mar/2026:14:52:18 +0000] "GET /wp-content/uploads/elementor/css/post-7.css HTTP/1.1" 200 376 "https://petpaloozahub.com/author/feliciau833248/?profile=true" "Mozilla/5.0 (Windows NT 10.0; Win64; x64) AppleWebKit/537.36 (KHTML, like Gecko) Chrome/143.0.0.0 Safari/537.36"
109.172.84.96 - - [06/Mar/2026:14:52:18 +0000] "GET /wp-content/uploads/elementor/css/post-10242.css HTTP/1.1" 200 1873 "https://petpaloozahub.com/author/feliciau833248/?profile=true" "Mozilla/5.0 (Windows NT 10.0; Win64; x64) AppleWebKit/537.36 (KHTML, like Gecko) Chrome/143.0.0.0 Safari/537.36"
109.172.84.96 - - [06/Mar/2026:14:52:19 +0000] "GET /wp-content/uploads/elementor/css/post-9685.css HTTP/1.1" 200 1707 "https://petpaloozahub.com/author/feliciau833248/?profile=true" "Mozilla/5.0 (Windows NT 10.0; Win64; x64) AppleWebKit/537.36 (KHTML, like Gecko) Chrome/143.0.0.0 Safari/537.36"
109.172.84.96 - - [06/Mar/2026:14:52:19 +0000] "GET /wp-content/plugins/header-footer-builder/assets/public/css/menu.css HTTP/1.1" 200 7534 "https://petpaloozahub.com/author/feliciau833248/?profile=true" "Mozilla/5.0 (Windows NT 10.0; Win64; x64) AppleWebKit/537.36 (KHTML, like Gecko) Chrome/143.0.0.0 Safari/537.36"
109.172.84.96 - - [06/Mar/2026:14:52:20 +0000] "GET /wp-content/themes/classiadspro/style.css HTTP/1.1" 200 636 "https://petpaloozahub.com/author/feliciau833248/?profile=true" "Mozilla/5.0 (Windows NT 10.0; Win64; x64) AppleWebKit/537.36 (KHTML, like Gecko) Chrome/143.0.0.0 Safari/537.36"
109.172.84.96 - - [06/Mar/2026:14:52:21 +0000] "GET /wp-content/themes/classiadspro/custom.css HTTP/1.1" 200 27 "https://petpaloozahub.com/author/feliciau833248/?profile=true" "Mozilla/5.0 (Windows NT 10.0; Win64; x64) AppleWebKit/537.36 (KHTML, like Gecko) Chrome/143.0.0.0 Safari/537.36"
109.172.84.96 - - [06/Mar/2026:14:52:21 +0000] "GET /wp-content/uploads/classiadspro_assets/classiadspro-dynamic.css HTTP/1.1" 200 8224 "https://petpaloozahub.com/author/feliciau833248/?profile=true" "Mozilla/5.0 (Windows NT 10.0; Win64; x64) AppleWebKit/537.36 (KHTML, like Gecko) Chrome/143.0.0.0 Safari/537.36"
109.172.84.96 - - [06/Mar/2026:14:52:22 +0000] "GET /wp-content/plugins/directorypress/assets/css/custom.css HTTP/1.1" 200 27 "https://petpaloozahub.com/author/feliciau833248/?profile=true" "Mozilla/5.0 (Windows NT 10.0; Win64; x64) AppleWebKit/537.36 (KHTML, like Gecko) Chrome/143.0.0.0 Safari/537.36"
109.172.84.96 - - [06/Mar/2026:14:52:22 +0000] "GET /wp-content/uploads/elementor/google-fonts/css/roboto.css HTTP/1.1" 200 2869 "https://petpaloozahub.com/author/feliciau833248/?profile=true" "Mozilla/5.0 (Windows NT 10.0; Win64; x64) AppleWebKit/537.36 (KHTML, like Gecko) Chrome/143.0.0.0 Safari/537.36"
109.172.84.96 - - [06/Mar/2026:14:52:23 +0000] "GET /wp-content/uploads/elementor/google-fonts/css/robotoslab.css HTTP/1.1" 200 961 "https://petpaloozahub.com/author/feliciau833248/?profile=true" "Mozilla/5.0 (Windows NT 10.0; Win64; x64) AppleWebKit/537.36 (KHTML, like Gecko) Chrome/143.0.0.0 Safari/537.36"
109.172.84.96 - - [06/Mar/2026:14:52:23 +0000] "GET /wp-content/uploads/elementor/google-fonts/css/poppins.css HTTP/1.1" 200 730 "https://petpaloozahub.com/author/feliciau833248/?profile=true" "Mozilla/5.0 (Windows NT 10.0; Win64; x64) AppleWebKit/537.36 (KHTML, like Gecko) Chrome/143.0.0.0 Safari/537.36"
185.191.171.10 - - [06/Mar/2026:14:52:23 +0000] "GET /3594560474.htm HTTP/1.1" 404 55226 "-" "Mozilla/5.0 (compatible; SemrushBot/7~bl; +http://www.semrush.com/bot.html)"
109.172.84.96 - - [06/Mar/2026:14:52:24 +0000] "GET /wp-content/plugins/elementor/assets/lib/font-awesome/css/fontawesome.min.css HTTP/1.1" 200 12617 "https://petpaloozahub.com/author/feliciau833248/?profile=true" "Mozilla/5.0 (Windows NT 10.0; Win64; x64) AppleWebKit/537.36 (KHTML, like Gecko) Chrome/143.0.0.0 Safari/537.36"
109.172.84.96 - - [06/Mar/2026:14:52:24 +0000] "GET /wp-content/plugins/elementor/assets/lib/font-awesome/css/solid.min.css HTTP/1.1" 200 309 "https://petpaloozahub.com/author/feliciau833248/?profile=true" "Mozilla/5.0 (Windows NT 10.0; Win64; x64) AppleWebKit/537.36 (KHTML, like Gecko) Chrome/143.0.0.0 Safari/537.36"
109.172.84.96 - - [06/Mar/2026:14:52:25 +0000] "GET /wp-content/plugins/elementor/assets/lib/font-awesome/css/brands.min.css HTTP/1.1" 200 308 "https://petpaloozahub.com/author/feliciau833248/?profile=true" "Mozilla/5.0 (Windows NT 10.0; Win64; x64) AppleWebKit/537.36 (KHTML, like Gecko) Chrome/143.0.0.0 Safari/537.36"
109.172.84.96 - - [06/Mar/2026:14:52:26 +0000] "GET /wp-content/plugins/woocommerce/assets/client/blocks/wc-blocks.css HTTP/1.1" 200 2618 "https://petpaloozahub.com/author/feliciau833248/?profile=true" "Mozilla/5.0 (Windows NT 10.0; Win64; x64) AppleWebKit/537.36 (KHTML, like Gecko) Chrome/143.0.0.0 Safari/537.36"
109.172.84.96 - - [06/Mar/2026:14:52:26 +0000] "GET /wp-content/uploads/redux/custom-fonts/fonts.css HTTP/1.1" 200 - "https://petpaloozahub.com/author/feliciau833248/?profile=true" "Mozilla/5.0 (Windows NT 10.0; Win64; x64) AppleWebKit/537.36 (KHTML, like Gecko) Chrome/143.0.0.0 Safari/537.36"
109.172.84.96 - - [06/Mar/2026:14:52:27 +0000] "GET /wp-content/themes/classiadspro/directorypress/assets/css/listing/listing-style-10.css HTTP/1.1" 200 2208 "https://petpaloozahub.com/author/feliciau833248/?profile=true" "Mozilla/5.0 (Windows NT 10.0; Win64; x64) AppleWebKit/537.36 (KHTML, like Gecko) Chrome/143.0.0.0 Safari/537.36"
109.172.84.96 - - [06/Mar/2026:14:52:27 +0000] "GET /wp-content/uploads/directorypress_assets/directorypress-dynamic.css HTTP/1.1" 200 6302 "https://petpaloozahub.com/author/feliciau833248/?profile=true" "Mozilla/5.0 (Windows NT 10.0; Win64; x64) AppleWebKit/537.36 (KHTML, like Gecko) Chrome/143.0.0.0 Safari/537.36"
109.172.84.96 - - [06/Mar/2026:14:52:28 +0000] "GET /wp-content/plugins/elementor/assets/css/widget-divider.min.css HTTP/1.1" 200 741 "https://petpaloozahub.com/author/feliciau833248/?profile=true" "Mozilla/5.0 (Windows NT 10.0; Win64; x64) AppleWebKit/537.36 (KHTML, like Gecko) Chrome/143.0.0.0 Safari/537.36"
109.172.84.96 - - [06/Mar/2026:14:52:28 +0000] "GET /wp-content/plugins/elementor/assets/css/widget-social-icons.min.css HTTP/1.1" 200 1142 "https://petpaloozahub.com/author/feliciau833248/?profile=true" "Mozilla/5.0 (Windows NT 10.0; Win64; x64) AppleWebKit/537.36 (KHTML, like Gecko) Chrome/143.0.0.0 Safari/537.36"
109.172.84.96 - - [06/Mar/2026:14:52:29 +0000] "GET /wp-content/plugins/elementor/assets/css/conditionals/apple-webkit.min.css HTTP/1.1" 200 547 "https://petpaloozahub.com/author/feliciau833248/?profile=true" "Mozilla/5.0 (Windows NT 10.0; Win64; x64) AppleWebKit/537.36 (KHTML, like Gecko) Chrome/143.0.0.0 Safari/537.36"
159.198.75.45 - - [06/Mar/2026:14:52:30 +0000] "POST /wp-cron.php?doing_wp_cron=1772808750.5722129344940185546875 HTTP/1.1" 200 - "-" "WordPress/6.9.1; https://petpaloozahub.com"
109.172.84.96 - - [06/Mar/2026:14:52:30 +0000] "GET /author/feliciau833248/{{%20data.uploadedToLink%20}} HTTP/1.1" 301 - "https://petpaloozahub.com/author/feliciau833248/{{%20data.uploadedToLink%20}}" "Mozilla/5.0 (Windows NT 10.0; Win64; x64) AppleWebKit/537.36 (KHTML, like Gecko) Chrome/114.0.0.0 Safari/537.36 OPR/89.0.4447.51"
109.172.84.96 - - [06/Mar/2026:14:52:31 +0000] "GET /author/feliciau833248/%20data.uploadedToLink HTTP/1.1" 404 55242 "https://petpaloozahub.com/author/feliciau833248/{{%20data.uploadedToLink%20}}" "Mozilla/5.0 (Windows NT 10.0; Win64; x64) AppleWebKit/537.36 (KHTML, like Gecko) Chrome/114.0.0.0 Safari/537.36 OPR/89.0.4447.51"
109.172.84.96 - - [06/Mar/2026:14:52:32 +0000] "GET / HTTP/1.1" 200 62003 "https://petpaloozahub.com/author/feliciau833248/{{%20data.uploadedToLink%20}}" "Mozilla/5.0 (Windows NT 10.0; Win64; x64) AppleWebKit/537.36 (KHTML, like Gecko) Chrome/114.0.0.0 Safari/537.36 OPR/89.0.4447.51"
109.172.84.96 - - [06/Mar/2026:14:52:34 +0000] "GET /wp-content/plugins/elementor/assets/css/widget-heading.min.css HTTP/1.1" 200 160 "https://petpaloozahub.com" "Mozilla/5.0 (Windows NT 10.0; Win64; x64) AppleWebKit/537.36 (KHTML, like Gecko) Chrome/143.0.0.0 Safari/537.36"
109.172.84.96 - - [06/Mar/2026:14:52:35 +0000] "GET /wp-content/plugins/elementor/assets/lib/animations/styles/rollIn.min.css HTTP/1.1" 200 133 "https://petpaloozahub.com" "Mozilla/5.0 (Windows NT 10.0; Win64; x64) AppleWebKit/537.36 (KHTML, like Gecko) Chrome/143.0.0.0 Safari/537.36"
109.172.84.96 - - [06/Mar/2026:14:52:35 +0000] "GET /wp-content/plugins/elementor/assets/css/widget-image.min.css HTTP/1.1" 200 135 "https://petpaloozahub.com" "Mozilla/5.0 (Windows NT 10.0; Win64; x64) AppleWebKit/537.36 (KHTML, like Gecko) Chrome/143.0.0.0 Safari/537.36"
109.172.84.96 - - [06/Mar/2026:14:52:36 +0000] "GET /wp-content/uploads/elementor/css/post-12676.css HTTP/1.1" 200 2155 "https://petpaloozahub.com" "Mozilla/5.0 (Windows NT 10.0; Win64; x64) AppleWebKit/537.36 (KHTML, like Gecko) Chrome/143.0.0.0 Safari/537.36"
109.172.84.96 - - [06/Mar/2026:14:52:36 +0000] "GET /wp-content/uploads/redux/custom-fonts/fonts.css HTTP/1.1" 200 - "https://petpaloozahub.com" "Mozilla/5.0 (Windows NT 10.0; Win64; x64) AppleWebKit/537.36 (KHTML, like Gecko) Chrome/143.0.0.0 Safari/537.36"
85.208.96.210 - - [06/Mar/2026:14:52:36 +0000] "GET /35945120837.htm HTTP/1.1" 404 55227 "-" "Mozilla/5.0 (compatible; SemrushBot/7~bl; +http://www.semrush.com/bot.html)"
109.172.84.96 - - [06/Mar/2026:14:52:37 +0000] "GET /wp-content/themes/classiadspro/directorypress/assets/css/listing/listing-style-11.css HTTP/1.1" 200 760 "https://petpaloozahub.com" "Mozilla/5.0 (Windows NT 10.0; Win64; x64) AppleWebKit/537.36 (KHTML, like Gecko) Chrome/143.0.0.0 Safari/537.36"
85.208.96.200 - - [06/Mar/2026:14:52:44 +0000] "GET /9474692806.htm HTTP/1.1" 404 55226 "-" "Mozilla/5.0 (compatible; SemrushBot/7~bl; +http://www.semrush.com/bot.html)"
85.208.96.205 - - [06/Mar/2026:14:52:57 +0000] "GET /94746115241.htm HTTP/1.1" 404 55226 "-" "Mozilla/5.0 (compatible; SemrushBot/7~bl; +http://www.semrush.com/bot.html)"
54.169.210.208 - - [06/Mar/2026:14:53:14 +0000] "GET /.env HTTP/1.1" 404 337271 "-" "Mozilla/5.0 (Windows NT 10.0; Win64; x64) AppleWebKit/537.36"
54.169.210.208 - - [06/Mar/2026:14:53:17 +0000] "GET /api/.env HTTP/1.1" 404 337275 "-" "Mozilla/5.0 (Windows NT 10.0; Win64; x64) AppleWebKit/537.36"
185.191.171.18 - - [06/Mar/2026:14:53:24 +0000] "GET /3594566566.htm HTTP/1.1" 404 55224 "-" "Mozilla/5.0 (compatible; SemrushBot/7~bl; +http://www.semrush.com/bot.html)"
159.198.75.45 - - [06/Mar/2026:14:53:29 +0000] "POST /wp-cron.php?doing_wp_cron=1772808809.6326119899749755859375 HTTP/1.1" 200 - "-" "WordPress/6.9.1; https://petpaloozahub.com"
85.208.96.194 - - [06/Mar/2026:14:53:29 +0000] "GET /3594532620.htm HTTP/1.1" 404 55226 "-" "Mozilla/5.0 (compatible; SemrushBot/7~bl; +http://www.semrush.com/bot.html)"
85.208.96.208 - - [06/Mar/2026:14:53:34 +0000] "GET /3594521391.htm HTTP/1.1" 404 55226 "-" "Mozilla/5.0 (compatible; SemrushBot/7~bl; +http://www.semrush.com/bot.html)"
205.185.123.125 - - [06/Mar/2026:14:53:52 +0000] "GET /wp-login.php HTTP/1.1" 200 7314 "-" "Mozilla/5.0 (Windows NT 6.2; WOW64; rv:31.0) Gecko/20100101 Firefox/31.0"
205.185.123.125 - - [06/Mar/2026:14:53:53 +0000] "POST /wp-login.php HTTP/1.1" 200 7570 "-" "Mozilla/5.0 (Windows NT 6.2; WOW64; rv:31.0) Gecko/20100101 Firefox/31.0"
85.208.96.193 - - [06/Mar/2026:14:53:53 +0000] "GET /2686088754.htm HTTP/1.1" 404 55226 "-" "Mozilla/5.0 (compatible; SemrushBot/7~bl; +http://www.semrush.com/bot.html)"
185.191.171.9 - - [06/Mar/2026:14:54:06 +0000] "GET /2686082606.htm HTTP/1.1" 404 55226 "-" "Mozilla/5.0 (compatible; SemrushBot/7~bl; +http://www.semrush.com/bot.html)"
85.208.96.210 - - [06/Mar/2026:14:54:15 +0000] "GET /35945115238.htm HTTP/1.1" 404 55227 "-" "Mozilla/5.0 (compatible; SemrushBot/7~bl; +http://www.semrush.com/bot.html)"
185.191.171.1 - - [06/Mar/2026:14:54:19 +0000] "GET /9897070189.htm HTTP/1.1" 404 55225 "-" "Mozilla/5.0 (compatible; SemrushBot/7~bl; +http://www.semrush.com/bot.html)"
185.191.171.8 - - [06/Mar/2026:14:54:23 +0000] "GET /2300996596.htm HTTP/1.1" 404 55226 "-" "Mozilla/5.0 (compatible; SemrushBot/7~bl; +http://www.semrush.com/bot.html)"
159.198.75.45 - - [06/Mar/2026:14:54:30 +0000] "POST /wp-cron.php?doing_wp_cron=1772808870.0748720169067382812500 HTTP/1.1" 200 - "-" "WordPress/6.9.1; https://petpaloozahub.com"
185.191.171.3 - - [06/Mar/2026:14:54:29 +0000] "GET /3594573861.htm HTTP/1.1" 404 55226 "-" "Mozilla/5.0 (compatible; SemrushBot/7~bl; +http://www.semrush.com/bot.html)"
85.208.96.195 - - [06/Mar/2026:14:54:52 +0000] "GET /3594530754.htm HTTP/1.1" 404 55226 "-" "Mozilla/5.0 (compatible; SemrushBot/7~bl; +http://www.semrush.com/bot.html)"
85.208.96.206 - - [06/Mar/2026:14:55:14 +0000] "GET /3594534020.htm HTTP/1.1" 404 55225 "-" "Mozilla/5.0 (compatible; SemrushBot/7~bl; +http://www.semrush.com/bot.html)"
159.198.75.45 - - [06/Mar/2026:14:55:31 +0000] "POST /wp-cron.php?doing_wp_cron=1772808931.3482470512390136718750 HTTP/1.1" 200 - "-" "WordPress/6.9.1; https://petpaloozahub.com"
185.191.171.10 - - [06/Mar/2026:14:55:30 +0000] "GET /3594520717.htm HTTP/1.1" 404 55226 "-" "Mozilla/5.0 (compatible; SemrushBot/7~bl; +http://www.semrush.com/bot.html)"
185.191.171.10 - - [06/Mar/2026:14:55:40 +0000] "GET /94746127639.htm HTTP/1.1" 404 55226 "-" "Mozilla/5.0 (compatible; SemrushBot/7~bl; +http://www.semrush.com/bot.html)"
185.191.171.4 - - [06/Mar/2026:14:55:43 +0000] "GET /8112585651.htm HTTP/1.1" 404 55225 "-" "Mozilla/5.0 (compatible; SemrushBot/7~bl; +http://www.semrush.com/bot.html)"
185.191.171.14 - - [06/Mar/2026:14:56:08 +0000] "GET /98970110566.htm HTTP/1.1" 404 55227 "-" "Mozilla/5.0 (compatible; SemrushBot/7~bl; +http://www.semrush.com/bot.html)"
85.208.96.209 - - [06/Mar/2026:14:56:18 +0000] "GET /9897016589.htm HTTP/1.1" 404 55226 "-" "Mozilla/5.0 (compatible; SemrushBot/7~bl; +http://www.semrush.com/bot.html)"
159.198.75.45 - - [06/Mar/2026:14:56:29 +0000] "POST /wp-cron.php?doing_wp_cron=1772808989.5625729560852050781250 HTTP/1.1" 200 - "-" "WordPress/6.9.1; https://petpaloozahub.com"
85.208.96.193 - - [06/Mar/2026:14:56:28 +0000] "GET /98970111698.htm HTTP/1.1" 404 55227 "-" "Mozilla/5.0 (compatible; SemrushBot/7~bl; +http://www.semrush.com/bot.html)"
185.191.171.4 - - [06/Mar/2026:14:56:37 +0000] "GET /3594574323.htm HTTP/1.1" 404 55226 "-" "Mozilla/5.0 (compatible; SemrushBot/7~bl; +http://www.semrush.com/bot.html)"
185.191.171.18 - - [06/Mar/2026:14:56:58 +0000] "GET /3594532947.htm HTTP/1.1" 404 55226 "-" "Mozilla/5.0 (compatible; SemrushBot/7~bl; +http://www.semrush.com/bot.html)"
185.191.171.17 - - [06/Mar/2026:14:57:11 +0000] "GET /3594574641.htm HTTP/1.1" 404 55226 "-" "Mozilla/5.0 (compatible; SemrushBot/7~bl; +http://www.semrush.com/bot.html)"
159.198.75.45 - - [06/Mar/2026:14:57:25 +0000] "POST /wp-cron.php?doing_wp_cron=1772809045.4553658962249755859375 HTTP/1.1" 200 - "-" "WordPress/6.9.1; https://petpaloozahub.com"
185.191.171.18 - - [06/Mar/2026:14:57:24 +0000] "GET /9474664568.htm HTTP/1.1" 404 55226 "-" "Mozilla/5.0 (compatible; SemrushBot/7~bl; +http://www.semrush.com/bot.html)"
85.208.96.193 - - [06/Mar/2026:14:57:32 +0000] "GET /98970145636.htm HTTP/1.1" 404 55227 "-" "Mozilla/5.0 (compatible; SemrushBot/7~bl; +http://www.semrush.com/bot.html)"
85.208.96.209 - - [06/Mar/2026:14:57:38 +0000] "GET /98970118625.htm HTTP/1.1" 404 55227 "-" "Mozilla/5.0 (compatible; SemrushBot/7~bl; +http://www.semrush.com/bot.html)"
216.244.66.195 - - [06/Mar/2026:14:57:45 +0000] "GET /robots.txt HTTP/1.1" 200 320 "-" "Mozilla/5.0 (compatible; DotBot/1.2; +https://opensiteexplorer.org/dotbot; help@moz.com)"
85.208.96.205 - - [06/Mar/2026:14:58:03 +0000] "GET /35945137075.htm HTTP/1.1" 404 55227 "-" "Mozilla/5.0 (compatible; SemrushBot/7~bl; +http://www.semrush.com/bot.html)"
185.191.171.2 - - [06/Mar/2026:14:58:08 +0000] "GET /2686084065.htm HTTP/1.1" 404 55226 "-" "Mozilla/5.0 (compatible; SemrushBot/7~bl; +http://www.semrush.com/bot.html)"
85.208.96.204 - - [06/Mar/2026:14:58:16 +0000] "GET /98970143487.htm HTTP/1.1" 404 55227 "-" "Mozilla/5.0 (compatible; SemrushBot/7~bl; +http://www.semrush.com/bot.html)"
85.208.96.195 - - [06/Mar/2026:14:58:18 +0000] "GET /9474692999.htm HTTP/1.1" 404 55226 "-" "Mozilla/5.0 (compatible; SemrushBot/7~bl; +http://www.semrush.com/bot.html)"
15.235.27.200 - - [06/Mar/2026:14:58:18 +0000] "GET /listings/persian-8/ HTTP/1.1" 200 64976 "-" "Mozilla/5.0 (compatible; AhrefsBot/7.0; +http://ahrefs.com/robot/)"
159.198.75.45 - - [06/Mar/2026:14:58:27 +0000] "POST /wp-cron.php?doing_wp_cron=1772809107.9515519142150878906250 HTTP/1.1" 200 - "-" "WordPress/6.9.1; https://petpaloozahub.com"
185.191.171.9 - - [06/Mar/2026:14:58:27 +0000] "GET /98970128608.htm HTTP/1.1" 404 55226 "-" "Mozilla/5.0 (compatible; SemrushBot/7~bl; +http://www.semrush.com/bot.html)"
85.208.96.202 - - [06/Mar/2026:14:58:48 +0000] "GET /8112563253.htm HTTP/1.1" 404 55225 "-" "Mozilla/5.0 (compatible; SemrushBot/7~bl; +http://www.semrush.com/bot.html)"
185.191.171.3 - - [06/Mar/2026:14:58:53 +0000] "GET /3594563628.htm HTTP/1.1" 404 55226 "-" "Mozilla/5.0 (compatible; SemrushBot/7~bl; +http://www.semrush.com/bot.html)"
185.191.171.8 - - [06/Mar/2026:14:59:16 +0000] "GET /9897023683.htm HTTP/1.1" 404 55226 "-" "Mozilla/5.0 (compatible; SemrushBot/7~bl; +http://www.semrush.com/bot.html)"
85.208.96.204 - - [06/Mar/2026:14:59:24 +0000] "GET /3594577444.htm HTTP/1.1" 404 55225 "-" "Mozilla/5.0 (compatible; SemrushBot/7~bl; +http://www.semrush.com/bot.html)"
159.198.75.45 - - [06/Mar/2026:14:59:32 +0000] "POST /wp-cron.php?doing_wp_cron=1772809172.1984100341796875000000 HTTP/1.1" 200 - "-" "WordPress/6.9.1; https://petpaloozahub.com"
185.191.171.17 - - [06/Mar/2026:14:59:31 +0000] "GET /98970108719.htm HTTP/1.1" 404 55227 "-" "Mozilla/5.0 (compatible; SemrushBot/7~bl; +http://www.semrush.com/bot.html)"
85.208.96.200 - - [06/Mar/2026:15:00:02 +0000] "GET /3594525889.htm HTTP/1.1" 404 55226 "-" "Mozilla/5.0 (compatible; SemrushBot/7~bl; +http://www.semrush.com/bot.html)"
147.135.212.151 - - [06/Mar/2026:15:00:08 +0000] "GET /robots.txt HTTP/1.1" 200 320 "-" "Mozilla/5.0 (compatible; MJ12bot/v1.4.8; http://mj12bot.com/)"
85.208.96.200 - - [06/Mar/2026:15:00:09 +0000] "GET /9897041180.htm HTTP/1.1" 404 55225 "-" "Mozilla/5.0 (compatible; SemrushBot/7~bl; +http://www.semrush.com/bot.html)"
147.135.212.151 - - [06/Mar/2026:15:00:11 +0000] "GET /author/railroad-settlement-leukemia0719/?profile=true HTTP/1.1" 200 56526 "-" "Mozilla/5.0 (compatible; MJ12bot/v1.4.8; http://mj12bot.com/)"
147.135.212.151 - - [06/Mar/2026:15:00:13 +0000] "GET /author/sectional-sofas-u-shaped4085/feed/ HTTP/1.1" 200 589 "-" "Mozilla/5.0 (compatible; MJ12bot/v1.4.8; http://mj12bot.com/)"
159.198.75.45 - - [06/Mar/2026:15:00:38 +0000] "POST /wp-cron.php?doing_wp_cron=1772809238.3667340278625488281250 HTTP/1.1" 200 - "-" "WordPress/6.9.1; https://petpaloozahub.com"
185.191.171.10 - - [06/Mar/2026:15:00:37 +0000] "GET /3594567331.htm HTTP/1.1" 404 55224 "-" "Mozilla/5.0 (compatible; SemrushBot/7~bl; +http://www.semrush.com/bot.html)"
85.208.96.210 - - [06/Mar/2026:15:00:42 +0000] "GET /9897032837.htm HTTP/1.1" 404 55226 "-" "Mozilla/5.0 (compatible; SemrushBot/7~bl; +http://www.semrush.com/bot.html)"
185.191.171.9 - - [06/Mar/2026:15:00:52 +0000] "GET /2300934588.htm HTTP/1.1" 404 55225 "-" "Mozilla/5.0 (compatible; SemrushBot/7~bl; +http://www.semrush.com/bot.html)"
85.208.96.199 - - [06/Mar/2026:15:01:03 +0000] "GET /98970149982.htm HTTP/1.1" 404 55227 "-" "Mozilla/5.0 (compatible; SemrushBot/7~bl; +http://www.semrush.com/bot.html)"
216.73.216.86 - - [06/Mar/2026:15:01:15 +0000] "GET /author/treadmill-manual5481/?profile=true HTTP/1.1" 200 56476 "-" "Mozilla/5.0 AppleWebKit/537.36 (KHTML, like Gecko; compatible; ClaudeBot/1.0; +claudebot@anthropic.com)"
185.191.171.18 - - [06/Mar/2026:15:01:24 +0000] "GET /3594570162.htm HTTP/1.1" 404 55225 "-" "Mozilla/5.0 (compatible; SemrushBot/7~bl; +http://www.semrush.com/bot.html)"
159.198.75.45 - - [06/Mar/2026:15:01:27 +0000] "POST /wp-cron.php?doing_wp_cron=1772809287.8507049083709716796875 HTTP/1.1" 200 - "-" "WordPress/6.9.1; https://petpaloozahub.com"
