Sindbad~EG File Manager
| Current Path : /home/servydhq/access-logs/ |
| Current File : //home/servydhq/access-logs/petpaloozahub.com.serveredgehosting.com-ssl_log |
159.198.75.45 - - [06/Mar/2026:12:06:30 +0000] "POST /wp-cron.php?doing_wp_cron=1772798790.8029930591583251953125 HTTP/1.1" 200 - "-" "WordPress/6.9.1; https://petpaloozahub.com"
57.141.2.8 - - [06/Mar/2026:12:06:30 +0000] "GET /author/car-key-repairs-hertfordshire3756/feed/ HTTP/1.1" 200 1213 "-" "meta-externalagent/1.1 (+https://developers.facebook.com/docs/sharing/webmasters/crawler)"
185.191.171.15 - - [06/Mar/2026:12:06:31 +0000] "GET /35945145785.htm HTTP/1.1" 404 55227 "-" "Mozilla/5.0 (compatible; SemrushBot/7~bl; +http://www.semrush.com/bot.html)"
57.141.2.61 - - [06/Mar/2026:12:06:31 +0000] "GET /author/treadmill-at-home4432/?profile=true HTTP/1.1" 200 339093 "-" "meta-externalagent/1.1 (+https://developers.facebook.com/docs/sharing/webmasters/crawler)"
85.208.96.208 - - [06/Mar/2026:12:06:35 +0000] "GET /35945110010.htm HTTP/1.1" 404 55226 "-" "Mozilla/5.0 (compatible; SemrushBot/7~bl; +http://www.semrush.com/bot.html)"
185.191.171.10 - - [06/Mar/2026:12:06:39 +0000] "GET /3594555300.htm HTTP/1.1" 404 55224 "-" "Mozilla/5.0 (compatible; SemrushBot/7~bl; +http://www.semrush.com/bot.html)"
185.191.171.14 - - [06/Mar/2026:12:07:16 +0000] "GET /3594555609.htm HTTP/1.1" 404 55225 "-" "Mozilla/5.0 (compatible; SemrushBot/7~bl; +http://www.semrush.com/bot.html)"
85.208.96.198 - - [06/Mar/2026:12:07:21 +0000] "GET /2686024802.htm HTTP/1.1" 404 55226 "-" "Mozilla/5.0 (compatible; SemrushBot/7~bl; +http://www.semrush.com/bot.html)"
159.198.75.45 - - [06/Mar/2026:12:07:31 +0000] "POST /wp-cron.php?doing_wp_cron=1772798851.0654699802398681640625 HTTP/1.1" 200 - "-" "WordPress/6.9.1; https://petpaloozahub.com"
85.208.96.209 - - [06/Mar/2026:12:07:30 +0000] "GET /9897024285.htm HTTP/1.1" 404 55224 "-" "Mozilla/5.0 (compatible; SemrushBot/7~bl; +http://www.semrush.com/bot.html)"
185.191.171.13 - - [06/Mar/2026:12:07:49 +0000] "GET /98970126711.htm HTTP/1.1" 404 55226 "-" "Mozilla/5.0 (compatible; SemrushBot/7~bl; +http://www.semrush.com/bot.html)"
85.208.96.205 - - [06/Mar/2026:12:08:03 +0000] "GET /8112587074.htm HTTP/1.1" 404 55226 "-" "Mozilla/5.0 (compatible; SemrushBot/7~bl; +http://www.semrush.com/bot.html)"
185.191.171.4 - - [06/Mar/2026:12:08:15 +0000] "GET /98970108603.htm HTTP/1.1" 404 55227 "-" "Mozilla/5.0 (compatible; SemrushBot/7~bl; +http://www.semrush.com/bot.html)"
159.198.75.45 - - [06/Mar/2026:12:08:34 +0000] "POST /wp-cron.php?doing_wp_cron=1772798914.5109310150146484375000 HTTP/1.1" 200 - "-" "WordPress/6.9.1; https://petpaloozahub.com"
85.208.96.201 - - [06/Mar/2026:12:08:33 +0000] "GET /10217109106.htm HTTP/1.1" 404 55226 "-" "Mozilla/5.0 (compatible; SemrushBot/7~bl; +http://www.semrush.com/bot.html)"
185.191.171.19 - - [06/Mar/2026:12:08:37 +0000] "GET /2300973689.htm HTTP/1.1" 404 55224 "-" "Mozilla/5.0 (compatible; SemrushBot/7~bl; +http://www.semrush.com/bot.html)"
85.208.96.206 - - [06/Mar/2026:12:08:55 +0000] "GET /98970132406.htm HTTP/1.1" 404 55227 "-" "Mozilla/5.0 (compatible; SemrushBot/7~bl; +http://www.semrush.com/bot.html)"
185.191.171.1 - - [06/Mar/2026:12:08:58 +0000] "GET /8112585324.htm HTTP/1.1" 404 55226 "-" "Mozilla/5.0 (compatible; SemrushBot/7~bl; +http://www.semrush.com/bot.html)"
77.232.38.109 - - [06/Mar/2026:12:09:09 +0000] "GET /author/ajanowland1721/?profile=true HTTP/1.1" 200 56727 "https://petpaloozahub.com/" "Mozilla/5.0 (X11; Linux i686; rv:114.0) Gecko/20100101 Firefox/114.0"
77.232.38.109 - - [06/Mar/2026:12:09:11 +0000] "GET /author/ajanowland1721/{{%20data.uploadedToLink%20}} HTTP/1.1" 301 - "https://petpaloozahub.com/author/ajanowland1721/{{%20data.uploadedToLink%20}}" "Mozilla/5.0 (X11; Linux i686; rv:114.0) Gecko/20100101 Firefox/114.0"
85.208.96.212 - - [06/Mar/2026:12:09:11 +0000] "GET /3594572868.htm HTTP/1.1" 404 55226 "-" "Mozilla/5.0 (compatible; SemrushBot/7~bl; +http://www.semrush.com/bot.html)"
77.232.38.109 - - [06/Mar/2026:12:09:12 +0000] "GET /author/ajanowland1721/%20data.uploadedToLink HTTP/1.1" 404 55241 "https://petpaloozahub.com/author/ajanowland1721/{{%20data.uploadedToLink%20}}" "Mozilla/5.0 (X11; Linux i686; rv:114.0) Gecko/20100101 Firefox/114.0"
77.232.38.109 - - [06/Mar/2026:12:09:13 +0000] "GET / HTTP/1.1" 200 62005 "https://petpaloozahub.com/author/ajanowland1721/{{%20data.uploadedToLink%20}}" "Mozilla/5.0 (X11; Linux i686; rv:114.0) Gecko/20100101 Firefox/114.0"
185.191.171.2 - - [06/Mar/2026:12:09:19 +0000] "GET /9897044530.htm HTTP/1.1" 404 55225 "-" "Mozilla/5.0 (compatible; SemrushBot/7~bl; +http://www.semrush.com/bot.html)"
185.191.171.14 - - [06/Mar/2026:12:09:23 +0000] "GET /3594563892.htm HTTP/1.1" 404 55226 "-" "Mozilla/5.0 (compatible; SemrushBot/7~bl; +http://www.semrush.com/bot.html)"
159.198.75.45 - - [06/Mar/2026:12:09:32 +0000] "POST /wp-cron.php?doing_wp_cron=1772798972.4972310066223144531250 HTTP/1.1" 200 - "-" "WordPress/6.9.1; https://petpaloozahub.com"
85.208.96.212 - - [06/Mar/2026:12:09:32 +0000] "GET /3594566769.htm HTTP/1.1" 404 55226 "-" "Mozilla/5.0 (compatible; SemrushBot/7~bl; +http://www.semrush.com/bot.html)"
85.208.96.210 - - [06/Mar/2026:12:09:41 +0000] "GET /3594532852.htm HTTP/1.1" 404 55226 "-" "Mozilla/5.0 (compatible; SemrushBot/7~bl; +http://www.semrush.com/bot.html)"
85.208.96.202 - - [06/Mar/2026:12:09:57 +0000] "GET /98970146705.htm HTTP/1.1" 404 55227 "-" "Mozilla/5.0 (compatible; SemrushBot/7~bl; +http://www.semrush.com/bot.html)"
85.208.96.203 - - [06/Mar/2026:12:10:23 +0000] "GET /94746121131.htm HTTP/1.1" 404 55226 "-" "Mozilla/5.0 (compatible; SemrushBot/7~bl; +http://www.semrush.com/bot.html)"
35.145.21.139 - - [06/Mar/2026:12:10:29 +0000] "GET /wp-content/uploads/2023/03/ei_1729175304894-removebg-preview.png HTTP/1.1" 200 171412 "https://buyall.us/" "Mozilla/5.0 (Windows NT 10.0; Win64; x64) AppleWebKit/537.36 (KHTML, like Gecko) Chrome/143.0.0.0 Safari/537.36"
159.198.75.45 - - [06/Mar/2026:12:10:32 +0000] "POST /wp-cron.php?doing_wp_cron=1772799032.0194239616394042968750 HTTP/1.1" 200 - "-" "WordPress/6.9.1; https://petpaloozahub.com"
185.191.171.3 - - [06/Mar/2026:12:10:31 +0000] "GET /3594543775.htm HTTP/1.1" 404 55226 "-" "Mozilla/5.0 (compatible; SemrushBot/7~bl; +http://www.semrush.com/bot.html)"
185.191.171.9 - - [06/Mar/2026:12:10:36 +0000] "GET /9897055034.htm HTTP/1.1" 404 55226 "-" "Mozilla/5.0 (compatible; SemrushBot/7~bl; +http://www.semrush.com/bot.html)"
185.191.171.16 - - [06/Mar/2026:12:10:54 +0000] "GET /26860144909.htm HTTP/1.1" 404 55226 "-" "Mozilla/5.0 (compatible; SemrushBot/7~bl; +http://www.semrush.com/bot.html)"
24.116.95.113 - - [06/Mar/2026:12:10:59 +0000] "GET /wp-content/uploads/2023/03/ei_1729175304894-removebg-preview.png HTTP/1.1" 200 171412 "https://buyall.us/" "Mozilla/5.0 (Windows NT 10.0; Win64; x64) AppleWebKit/537.36 (KHTML, like Gecko) Chrome/144.0.0.0 Safari/537.36"
185.191.171.13 - - [06/Mar/2026:12:11:22 +0000] "GET /9897030415.htm HTTP/1.1" 404 55226 "-" "Mozilla/5.0 (compatible; SemrushBot/7~bl; +http://www.semrush.com/bot.html)"
159.198.75.45 - - [06/Mar/2026:12:11:30 +0000] "POST /wp-cron.php?doing_wp_cron=1772799090.5724170207977294921875 HTTP/1.1" 200 - "-" "WordPress/6.9.1; https://petpaloozahub.com"
85.208.96.194 - - [06/Mar/2026:12:11:30 +0000] "GET /3594543392.htm HTTP/1.1" 404 55225 "-" "Mozilla/5.0 (compatible; SemrushBot/7~bl; +http://www.semrush.com/bot.html)"
85.208.96.196 - - [06/Mar/2026:12:11:34 +0000] "GET /23009147367.htm HTTP/1.1" 404 55225 "-" "Mozilla/5.0 (compatible; SemrushBot/7~bl; +http://www.semrush.com/bot.html)"
185.191.171.7 - - [06/Mar/2026:12:11:52 +0000] "GET /2686085717.htm HTTP/1.1" 404 55226 "-" "Mozilla/5.0 (compatible; SemrushBot/7~bl; +http://www.semrush.com/bot.html)"
74.7.227.49 - - [06/Mar/2026:12:12:15 +0000] "GET /author/car-key-problems-hertfordshire7441/?profile=true HTTP/1.1" 200 56611 "http://sung119.com" "Mozilla/5.0 AppleWebKit/537.36 (KHTML, like Gecko; compatible; GPTBot/1.3; +https://openai.com/gptbot)"
74.7.227.49 - - [06/Mar/2026:12:12:18 +0000] "GET /wp-json/wp/v2/users/5388 HTTP/1.1" 401 110 "https://petpaloozahub.com/author/car-key-problems-hertfordshire7441/?profile=true" "Mozilla/5.0 AppleWebKit/537.36 (KHTML, like Gecko; compatible; GPTBot/1.3; +https://openai.com/gptbot)"
85.208.96.196 - - [06/Mar/2026:12:12:20 +0000] "GET /98970104127.htm HTTP/1.1" 404 55225 "-" "Mozilla/5.0 (compatible; SemrushBot/7~bl; +http://www.semrush.com/bot.html)"
74.7.227.49 - - [06/Mar/2026:12:12:20 +0000] "GET /author/car-key-problems-hertfordshire7441/feed/ HTTP/1.1" 200 596 "https://petpaloozahub.com/author/car-key-problems-hertfordshire7441/?profile=true" "Mozilla/5.0 AppleWebKit/537.36 (KHTML, like Gecko; compatible; GPTBot/1.3; +https://openai.com/gptbot)"
159.198.75.45 - - [06/Mar/2026:12:12:27 +0000] "POST /wp-cron.php?doing_wp_cron=1772799147.2226099967956542968750 HTTP/1.1" 200 - "-" "WordPress/6.9.1; https://petpaloozahub.com"
185.191.171.7 - - [06/Mar/2026:12:12:26 +0000] "GET /3594562335.htm HTTP/1.1" 404 55226 "-" "Mozilla/5.0 (compatible; SemrushBot/7~bl; +http://www.semrush.com/bot.html)"
57.141.2.62 - - [06/Mar/2026:12:12:27 +0000] "GET /author/three-wheel-travel-system1009/?profile=true HTTP/1.1" 200 339176 "-" "meta-externalagent/1.1 (+https://developers.facebook.com/docs/sharing/webmasters/crawler)"
185.191.171.11 - - [06/Mar/2026:12:12:36 +0000] "GET /9474695772.htm HTTP/1.1" 404 55226 "-" "Mozilla/5.0 (compatible; SemrushBot/7~bl; +http://www.semrush.com/bot.html)"
85.208.96.205 - - [06/Mar/2026:12:12:54 +0000] "GET /3594524624.htm HTTP/1.1" 404 55226 "-" "Mozilla/5.0 (compatible; SemrushBot/7~bl; +http://www.semrush.com/bot.html)"
185.191.171.14 - - [06/Mar/2026:12:12:58 +0000] "GET /2686034837.htm HTTP/1.1" 404 55226 "-" "Mozilla/5.0 (compatible; SemrushBot/7~bl; +http://www.semrush.com/bot.html)"
85.208.96.205 - - [06/Mar/2026:12:13:01 +0000] "GET /2300998192.htm HTTP/1.1" 404 55225 "-" "Mozilla/5.0 (compatible; SemrushBot/7~bl; +http://www.semrush.com/bot.html)"
152.89.128.213 - - [06/Mar/2026:12:13:10 +0000] "GET /author/ashleylassette/?profile=true HTTP/1.1" 200 56442 "https://petpaloozahub.com/" "Mozilla/5.0 (Windows NT 10.0; Win64; x64) AppleWebKit/537.36 (KHTML, like Gecko) Chrome/114.0.0.0 Safari/537.36 Edg/114.0.1264.71"
152.89.128.213 - - [06/Mar/2026:12:13:13 +0000] "GET /register/ HTTP/1.1" 200 57055 "https://petpaloozahub.com/author/ashleylassette/?profile=true" "Mozilla/5.0 (Windows NT 10.0; Win64; x64) AppleWebKit/537.36 (KHTML, like Gecko) Chrome/114.0.0.0 Safari/537.36 Edg/114.0.1264.71"
152.89.128.213 - - [06/Mar/2026:12:13:15 +0000] "GET /wp-content/uploads/redux/custom-fonts/fonts.css HTTP/1.1" 200 - "https://petpaloozahub.com/register/" "Mozilla/5.0 (Windows NT 10.0; Win64; x64) AppleWebKit/537.36 (KHTML, like Gecko) Chrome/143.0.0.0 Safari/537.36"
152.89.128.213 - - [06/Mar/2026:12:13:17 +0000] "POST /?wpfb-form-ajax=submit HTTP/1.1" 200 129 "https://petpaloozahub.com/register/" "Mozilla/5.0 (Windows NT 10.0; Win64; x64) AppleWebKit/537.36 (KHTML, like Gecko) Chrome/114.0.0.0 Safari/537.36 Edg/114.0.1264.71"
152.89.128.213 - - [06/Mar/2026:12:13:19 +0000] "GET /my-dashboard/ HTTP/1.1" 200 55862 "https://petpaloozahub.com/register/" "Mozilla/5.0 (Windows NT 10.0; Win64; x64) AppleWebKit/537.36 (KHTML, like Gecko) Chrome/114.0.0.0 Safari/537.36 Edg/114.0.1264.71"
57.141.2.64 - - [06/Mar/2026:12:13:20 +0000] "GET /author/treadmill-at-home4432/feed/ HTTP/1.1" 200 1177 "-" "meta-externalagent/1.1 (+https://developers.facebook.com/docs/sharing/webmasters/crawler)"
152.89.128.213 - - [06/Mar/2026:12:13:22 +0000] "GET /my-dashboard/?directory_action=profile HTTP/1.1" 200 57163 "https://petpaloozahub.com/my-dashboard/" "Mozilla/5.0 (Windows NT 10.0; Win64; x64) AppleWebKit/537.36 (KHTML, like Gecko) Chrome/114.0.0.0 Safari/537.36 Edg/114.0.1264.71"
185.191.171.12 - - [06/Mar/2026:12:13:24 +0000] "GET /9897010526.htm HTTP/1.1" 404 55225 "-" "Mozilla/5.0 (compatible; SemrushBot/7~bl; +http://www.semrush.com/bot.html)"
152.89.128.165 - - [06/Mar/2026:12:13:24 +0000] "GET /wp-content/uploads/redux/custom-fonts/fonts.css HTTP/1.1" 200 - "https://petpaloozahub.com/my-dashboard/?directory_action=profile" "Mozilla/5.0 (Windows NT 10.0; Win64; x64) AppleWebKit/537.36 (KHTML, like Gecko) Chrome/143.0.0.0 Safari/537.36"
159.198.75.45 - - [06/Mar/2026:12:13:25 +0000] "POST /wp-cron.php?doing_wp_cron=1772799205.1985359191894531250000 HTTP/1.1" 200 - "-" "WordPress/6.9.1; https://petpaloozahub.com"
91.84.101.201 - - [06/Mar/2026:12:13:24 +0000] "GET /register/ HTTP/1.0" 200 347220 "https://petpaloozahub.com/register/" "Mozilla/5.0 (Windows NT 10.0; Win64; x64) AppleWebKit/537.36 (KHTML, like Gecko) Chrome/129.0.0.0 Safari/537.36"
152.89.128.213 - - [06/Mar/2026:12:13:26 +0000] "POST /wp-admin/admin-ajax.php HTTP/1.1" 200 63 "https://petpaloozahub.com/my-dashboard/?directory_action=profile" "Mozilla/5.0 (Windows NT 10.0; Win64; x64) AppleWebKit/537.36 (KHTML, like Gecko) Chrome/114.0.0.0 Safari/537.36 Edg/114.0.1264.71"
91.84.101.201 - - [06/Mar/2026:12:13:26 +0000] "GET /blog/ HTTP/1.0" 200 348177 "https://petpaloozahub.com/blog/" "Mozilla/5.0 (Windows NT 10.0; Win64; x64) AppleWebKit/537.36 (KHTML, like Gecko) Chrome/129.0.0.0 Safari/537.36"
152.89.128.213 - - [06/Mar/2026:12:13:28 +0000] "GET /author/chongharless26/?profile=true HTTP/1.1" 200 56676 "https://petpaloozahub.com/my-dashboard/?directory_action=profile" "Mozilla/5.0 (Windows NT 10.0; Win64; x64) AppleWebKit/537.36 (KHTML, like Gecko) Chrome/114.0.0.0 Safari/537.36 Edg/114.0.1264.71"
185.191.171.1 - - [06/Mar/2026:12:13:28 +0000] "GET /3594551473.htm HTTP/1.1" 404 55226 "-" "Mozilla/5.0 (compatible; SemrushBot/7~bl; +http://www.semrush.com/bot.html)"
91.84.101.201 - - [06/Mar/2026:12:13:28 +0000] "GET /register/ HTTP/1.0" 200 347220 "https://petpaloozahub.com/register/" "Mozilla/5.0 (Windows NT 10.0; Win64; x64) AppleWebKit/537.36 (KHTML, like Gecko) Chrome/129.0.0.0 Safari/537.36"
96.9.211.215 - - [06/Mar/2026:12:13:30 +0000] "GET /author/chongharless26/?profile=true HTTP/1.1" 200 56665 "-" "Mozilla/5.0 (Windows NT 10.0; Win64; x64) AppleWebKit/537.36 (KHTML, like Gecko) Chrome/114.0.0.0 Safari/537.36 Edg/114.0.1264.71"
91.84.101.201 - - [06/Mar/2026:12:13:30 +0000] "POST /register/ HTTP/1.0" 200 347220 "https://petpaloozahub.com/register/" "Mozilla/5.0 (Windows NT 10.0; Win64; x64) AppleWebKit/537.36 (KHTML, like Gecko) Chrome/129.0.0.0 Safari/537.36"
85.208.96.193 - - [06/Mar/2026:12:13:31 +0000] "GET /94746124554.htm HTTP/1.1" 404 55226 "-" "Mozilla/5.0 (compatible; SemrushBot/7~bl; +http://www.semrush.com/bot.html)"
91.84.101.201 - - [06/Mar/2026:12:13:31 +0000] "GET /login HTTP/1.0" 301 - "https://petpaloozahub.com/login" "Mozilla/5.0 (Windows NT 10.0; Win64; x64) AppleWebKit/537.36 (KHTML, like Gecko) Chrome/129.0.0.0 Safari/537.36"
91.84.101.201 - - [06/Mar/2026:12:13:33 +0000] "GET /login/ HTTP/1.0" 200 347229 "https://petpaloozahub.com/login/" "Mozilla/5.0 (Windows NT 10.0; Win64; x64) AppleWebKit/537.36 (KHTML, like Gecko) Chrome/129.0.0.0 Safari/537.36"
91.84.101.201 - - [06/Mar/2026:12:13:34 +0000] "POST /login/ HTTP/1.0" 200 347229 "https://petpaloozahub.com/login/" "Mozilla/5.0 (Windows NT 10.0; Win64; x64) AppleWebKit/537.36 (KHTML, like Gecko) Chrome/129.0.0.0 Safari/537.36"
185.191.171.14 - - [06/Mar/2026:12:13:35 +0000] "GET /3594537267.htm HTTP/1.1" 404 55225 "-" "Mozilla/5.0 (compatible; SemrushBot/7~bl; +http://www.semrush.com/bot.html)"
91.84.101.201 - - [06/Mar/2026:12:13:36 +0000] "GET /register/ HTTP/1.0" 200 347220 "https://petpaloozahub.com/register/" "Mozilla/5.0 (Windows NT 10.0; Win64; x64) AppleWebKit/537.36 (KHTML, like Gecko) Chrome/129.0.0.0 Safari/537.36"
91.84.101.201 - - [06/Mar/2026:12:13:38 +0000] "GET /how-to-help-your-puppy-learn-its-name/ HTTP/1.0" 200 348507 "https://petpaloozahub.com/how-to-help-your-puppy-learn-its-name/" "Mozilla/5.0 (Windows NT 10.0; Win64; x64) AppleWebKit/537.36 (KHTML, like Gecko) Chrome/129.0.0.0 Safari/537.36"
91.84.101.201 - - [06/Mar/2026:12:13:40 +0000] "GET /forget-password/ HTTP/1.0" 200 344084 "https://petpaloozahub.com/forget-password/" "Mozilla/5.0 (Windows NT 10.0; Win64; x64) AppleWebKit/537.36 (KHTML, like Gecko) Chrome/129.0.0.0 Safari/537.36"
91.84.101.201 - - [06/Mar/2026:12:13:41 +0000] "GET /blog/ HTTP/1.0" 200 348177 "https://petpaloozahub.com/blog/" "Mozilla/5.0 (Windows NT 10.0; Win64; x64) AppleWebKit/537.36 (KHTML, like Gecko) Chrome/129.0.0.0 Safari/537.36"
91.84.101.201 - - [06/Mar/2026:12:13:43 +0000] "GET /how-to-stop-a-puppy-from-biting/ HTTP/1.0" 200 348623 "https://petpaloozahub.com/how-to-stop-a-puppy-from-biting/" "Mozilla/5.0 (Windows NT 10.0; Win64; x64) AppleWebKit/537.36 (KHTML, like Gecko) Chrome/129.0.0.0 Safari/537.36"
91.84.101.201 - - [06/Mar/2026:12:13:45 +0000] "GET /my-dashboard/ HTTP/1.0" 302 334232 "https://petpaloozahub.com/my-dashboard/" "Mozilla/5.0 (Windows NT 10.0; Win64; x64) AppleWebKit/537.36 (KHTML, like Gecko) Chrome/129.0.0.0 Safari/537.36"
185.191.171.18 - - [06/Mar/2026:12:13:46 +0000] "GET /35945104036.htm HTTP/1.1" 404 55226 "-" "Mozilla/5.0 (compatible; SemrushBot/7~bl; +http://www.semrush.com/bot.html)"
91.84.101.201 - - [06/Mar/2026:12:13:47 +0000] "GET /login/?redirect_to=https%3A%2F%2Fpetpaloozahub.com%2Fmy-dashboard%2F HTTP/1.0" 200 347415 "https://petpaloozahub.com/login/?redirect_to=https%3A%2F%2Fpetpaloozahub.com%2Fmy-dashboard%2F" "Mozilla/5.0 (Windows NT 10.0; Win64; x64) AppleWebKit/537.36 (KHTML, like Gecko) Chrome/129.0.0.0 Safari/537.36"
91.84.101.201 - - [06/Mar/2026:12:13:49 +0000] "GET /my-dashboard/ HTTP/1.0" 302 334232 "https://petpaloozahub.com/my-dashboard/" "Mozilla/5.0 (Windows NT 10.0; Win64; x64) AppleWebKit/537.36 (KHTML, like Gecko) Chrome/129.0.0.0 Safari/537.36"
85.208.96.209 - - [06/Mar/2026:12:14:16 +0000] "GET /2686052071.htm HTTP/1.1" 404 55226 "-" "Mozilla/5.0 (compatible; SemrushBot/7~bl; +http://www.semrush.com/bot.html)"
159.198.75.45 - - [06/Mar/2026:12:14:32 +0000] "POST /wp-cron.php?doing_wp_cron=1772799272.8820869922637939453125 HTTP/1.1" 200 - "-" "WordPress/6.9.1; https://petpaloozahub.com"
185.191.171.17 - - [06/Mar/2026:12:14:32 +0000] "GET /8112526598.htm HTTP/1.1" 404 55226 "-" "Mozilla/5.0 (compatible; SemrushBot/7~bl; +http://www.semrush.com/bot.html)"
185.191.171.12 - - [06/Mar/2026:12:14:39 +0000] "GET /9897017834.htm HTTP/1.1" 404 55225 "-" "Mozilla/5.0 (compatible; SemrushBot/7~bl; +http://www.semrush.com/bot.html)"
85.208.96.200 - - [06/Mar/2026:12:14:46 +0000] "GET /9474610924.htm HTTP/1.1" 404 55225 "-" "Mozilla/5.0 (compatible; SemrushBot/7~bl; +http://www.semrush.com/bot.html)"
85.208.96.209 - - [06/Mar/2026:12:15:09 +0000] "GET /98970122886.htm HTTP/1.1" 404 55227 "-" "Mozilla/5.0 (compatible; SemrushBot/7~bl; +http://www.semrush.com/bot.html)"
85.208.96.199 - - [06/Mar/2026:12:15:22 +0000] "GET /robots.txt HTTP/1.1" 200 175 "-" "Mozilla/5.0 (compatible; SemrushBot/7~bl; +http://www.semrush.com/bot.html)"
85.208.96.209 - - [06/Mar/2026:12:15:23 +0000] "GET /98970124584.htm HTTP/1.1" 404 55227 "-" "Mozilla/5.0 (compatible; SemrushBot/7~bl; +http://www.semrush.com/bot.html)"
159.198.75.45 - - [06/Mar/2026:12:15:32 +0000] "POST /wp-cron.php?doing_wp_cron=1772799332.8620250225067138671875 HTTP/1.1" 200 - "-" "WordPress/6.9.1; https://petpaloozahub.com"
85.208.96.209 - - [06/Mar/2026:12:15:32 +0000] "GET /3594570307.htm HTTP/1.1" 404 55226 "-" "Mozilla/5.0 (compatible; SemrushBot/7~bl; +http://www.semrush.com/bot.html)"
185.191.171.11 - - [06/Mar/2026:12:15:50 +0000] "GET /3594535304.htm HTTP/1.1" 404 55226 "-" "Mozilla/5.0 (compatible; SemrushBot/7~bl; +http://www.semrush.com/bot.html)"
102.165.5.90 - - [06/Mar/2026:12:15:57 +0000] "GET /listings/adorable-20-week-old-poodle-puppies-double-the-love-double-the-fun/ HTTP/1.1" 200 65542 "https://petpaloozahub.com/" "Mozilla/5.0 (Windows NT 10.0; WOW64) AppleWebKit/537.36 (KHTML, like Gecko) Chrome/114.0.0.0 Safari/537.36 Vivaldi/5.3.2679.68"
107.173.191.251 - - [06/Mar/2026:12:16:00 +0000] "GET /author/jarredx036943/?profile=true HTTP/1.1" 200 56553 "-" "Mozilla/5.0 (X11; Linux x86_64) AppleWebKit/537.36 (KHTML, like Gecko) Chrome/114.0.0.0 Safari/537.36 OPR/89.0.4447.51"
102.165.5.90 - - [06/Mar/2026:12:16:02 +0000] "GET /register/ HTTP/1.1" 200 57069 "https://petpaloozahub.com/listings/adorable-20-week-old-poodle-puppies-double-the-love-double-the-fun/" "Mozilla/5.0 (Windows NT 10.0; WOW64) AppleWebKit/537.36 (KHTML, like Gecko) Chrome/114.0.0.0 Safari/537.36 Vivaldi/5.3.2679.68"
102.165.5.90 - - [06/Mar/2026:12:16:03 +0000] "GET /wp-content/uploads/redux/custom-fonts/fonts.css HTTP/1.1" 200 - "https://petpaloozahub.com/register/" "Mozilla/5.0 (Windows NT 10.0; Win64; x64) AppleWebKit/537.36 (KHTML, like Gecko) Chrome/143.0.0.0 Safari/537.36"
102.165.5.90 - - [06/Mar/2026:12:16:03 +0000] "POST /?wpfb-form-ajax=submit HTTP/1.1" 200 129 "https://petpaloozahub.com/register/" "Mozilla/5.0 (Windows NT 10.0; WOW64) AppleWebKit/537.36 (KHTML, like Gecko) Chrome/114.0.0.0 Safari/537.36 Vivaldi/5.3.2679.68"
102.165.5.90 - - [06/Mar/2026:12:16:05 +0000] "GET /my-dashboard/ HTTP/1.1" 200 55878 "https://petpaloozahub.com/register/" "Mozilla/5.0 (Windows NT 10.0; WOW64) AppleWebKit/537.36 (KHTML, like Gecko) Chrome/114.0.0.0 Safari/537.36 Vivaldi/5.3.2679.68"
102.165.5.90 - - [06/Mar/2026:12:16:06 +0000] "GET /my-dashboard/?directory_action=profile HTTP/1.1" 200 57170 "https://petpaloozahub.com/my-dashboard/" "Mozilla/5.0 (Windows NT 10.0; WOW64) AppleWebKit/537.36 (KHTML, like Gecko) Chrome/114.0.0.0 Safari/537.36 Vivaldi/5.3.2679.68"
102.165.0.183 - - [06/Mar/2026:12:16:08 +0000] "GET /wp-content/uploads/redux/custom-fonts/fonts.css HTTP/1.1" 200 - "https://petpaloozahub.com/my-dashboard/?directory_action=profile" "Mozilla/5.0 (Windows NT 10.0; Win64; x64) AppleWebKit/537.36 (KHTML, like Gecko) Chrome/143.0.0.0 Safari/537.36"
102.165.5.90 - - [06/Mar/2026:12:16:08 +0000] "POST /wp-admin/admin-ajax.php HTTP/1.1" 200 63 "https://petpaloozahub.com/my-dashboard/?directory_action=profile" "Mozilla/5.0 (Windows NT 10.0; WOW64) AppleWebKit/537.36 (KHTML, like Gecko) Chrome/114.0.0.0 Safari/537.36 Vivaldi/5.3.2679.68"
102.165.5.90 - - [06/Mar/2026:12:16:09 +0000] "GET /author/car-key-repairs-hertfordshire7331/?profile=true HTTP/1.1" 200 56564 "https://petpaloozahub.com/my-dashboard/?directory_action=profile" "Mozilla/5.0 (Windows NT 10.0; WOW64) AppleWebKit/537.36 (KHTML, like Gecko) Chrome/114.0.0.0 Safari/537.36 Vivaldi/5.3.2679.68"
102.165.1.34 - - [06/Mar/2026:12:16:11 +0000] "GET /author/car-key-repairs-hertfordshire7331/?profile=true HTTP/1.1" 200 56547 "-" "Mozilla/5.0 (Windows NT 10.0; WOW64) AppleWebKit/537.36 (KHTML, like Gecko) Chrome/114.0.0.0 Safari/537.36 Vivaldi/5.3.2679.68"
85.208.96.209 - - [06/Mar/2026:12:16:13 +0000] "GET /3594549999.htm HTTP/1.1" 404 55224 "-" "Mozilla/5.0 (compatible; SemrushBot/7~bl; +http://www.semrush.com/bot.html)"
185.191.171.12 - - [06/Mar/2026:12:16:17 +0000] "GET /3594515874.htm HTTP/1.1" 404 55226 "-" "Mozilla/5.0 (compatible; SemrushBot/7~bl; +http://www.semrush.com/bot.html)"
159.198.75.45 - - [06/Mar/2026:12:16:27 +0000] "POST /wp-cron.php?doing_wp_cron=1772799387.6869449615478515625000 HTTP/1.1" 200 - "-" "WordPress/6.9.1; https://petpaloozahub.com"
185.191.171.7 - - [06/Mar/2026:12:16:27 +0000] "GET /98970134147.htm HTTP/1.1" 404 55227 "-" "Mozilla/5.0 (compatible; SemrushBot/7~bl; +http://www.semrush.com/bot.html)"
185.191.171.8 - - [06/Mar/2026:12:16:36 +0000] "GET /98970105541.htm HTTP/1.1" 404 55227 "-" "Mozilla/5.0 (compatible; SemrushBot/7~bl; +http://www.semrush.com/bot.html)"
185.191.171.7 - - [06/Mar/2026:12:16:57 +0000] "GET /8112560343.htm HTTP/1.1" 404 55225 "-" "Mozilla/5.0 (compatible; SemrushBot/7~bl; +http://www.semrush.com/bot.html)"
185.191.171.1 - - [06/Mar/2026:12:17:00 +0000] "GET /94746122917.htm HTTP/1.1" 404 55226 "-" "Mozilla/5.0 (compatible; SemrushBot/7~bl; +http://www.semrush.com/bot.html)"
185.191.171.11 - - [06/Mar/2026:12:17:18 +0000] "GET /98970143820.htm HTTP/1.1" 404 55227 "-" "Mozilla/5.0 (compatible; SemrushBot/7~bl; +http://www.semrush.com/bot.html)"
85.208.96.193 - - [06/Mar/2026:12:17:21 +0000] "GET /3594566668.htm HTTP/1.1" 404 55225 "-" "Mozilla/5.0 (compatible; SemrushBot/7~bl; +http://www.semrush.com/bot.html)"
185.191.171.7 - - [06/Mar/2026:12:17:24 +0000] "GET /3594530919.htm HTTP/1.1" 404 55226 "-" "Mozilla/5.0 (compatible; SemrushBot/7~bl; +http://www.semrush.com/bot.html)"
159.198.75.45 - - [06/Mar/2026:12:17:34 +0000] "POST /wp-cron.php?doing_wp_cron=1772799454.2782120704650878906250 HTTP/1.1" 200 - "-" "WordPress/6.9.1; https://petpaloozahub.com"
185.191.171.17 - - [06/Mar/2026:12:17:33 +0000] "GET /3594570638.htm HTTP/1.1" 404 55226 "-" "Mozilla/5.0 (compatible; SemrushBot/7~bl; +http://www.semrush.com/bot.html)"
85.208.96.209 - - [06/Mar/2026:12:17:36 +0000] "GET /98970103396.htm HTTP/1.1" 404 55227 "-" "Mozilla/5.0 (compatible; SemrushBot/7~bl; +http://www.semrush.com/bot.html)"
85.208.96.197 - - [06/Mar/2026:12:17:49 +0000] "GET /94746145472.htm HTTP/1.1" 404 55226 "-" "Mozilla/5.0 (compatible; SemrushBot/7~bl; +http://www.semrush.com/bot.html)"
216.73.216.86 - - [06/Mar/2026:12:18:11 +0000] "GET /robots.txt HTTP/1.1" 200 175 "-" "Mozilla/5.0 AppleWebKit/537.36 (KHTML, like Gecko; compatible; ClaudeBot/1.0; +claudebot@anthropic.com)"
216.73.216.86 - - [06/Mar/2026:12:18:12 +0000] "GET /author/car-locksmith-bedfordshire7011/?profile=true HTTP/1.1" 200 56534 "-" "Mozilla/5.0 AppleWebKit/537.36 (KHTML, like Gecko; compatible; ClaudeBot/1.0; +claudebot@anthropic.com)"
159.198.75.45 - - [06/Mar/2026:12:18:32 +0000] "POST /wp-cron.php?doing_wp_cron=1772799512.4333760738372802734375 HTTP/1.1" 200 - "-" "WordPress/6.9.1; https://petpaloozahub.com"
85.208.96.205 - - [06/Mar/2026:12:18:31 +0000] "GET /9897023245.htm HTTP/1.1" 404 55226 "-" "Mozilla/5.0 (compatible; SemrushBot/7~bl; +http://www.semrush.com/bot.html)"
185.191.171.18 - - [06/Mar/2026:12:18:35 +0000] "GET /3594573230.htm HTTP/1.1" 404 55226 "-" "Mozilla/5.0 (compatible; SemrushBot/7~bl; +http://www.semrush.com/bot.html)"
85.208.96.209 - - [06/Mar/2026:12:18:38 +0000] "GET /98970102658.htm HTTP/1.1" 404 55227 "-" "Mozilla/5.0 (compatible; SemrushBot/7~bl; +http://www.semrush.com/bot.html)"
185.191.171.19 - - [06/Mar/2026:12:18:44 +0000] "GET /94746134943.htm HTTP/1.1" 404 55226 "-" "Mozilla/5.0 (compatible; SemrushBot/7~bl; +http://www.semrush.com/bot.html)"
51.83.7.81 - - [06/Mar/2026:12:19:13 +0000] "GET /robots.txt HTTP/1.1" 200 320 "-" "Mozilla/5.0 (compatible; MJ12bot/v1.4.8; http://mj12bot.com/)"
51.83.7.81 - - [06/Mar/2026:12:19:15 +0000] "GET /author/kompressor-wartungsprodukte-kaufen3623/feed/ HTTP/1.1" 200 597 "-" "Mozilla/5.0 (compatible; MJ12bot/v1.4.8; http://mj12bot.com/)"
51.83.7.81 - - [06/Mar/2026:12:19:17 +0000] "GET /author/pushchair-with-big-wheels2418/?profile=true HTTP/1.1" 200 56500 "-" "Mozilla/5.0 (compatible; MJ12bot/v1.4.8; http://mj12bot.com/)"
185.191.171.16 - - [06/Mar/2026:12:19:18 +0000] "GET /9897028776.htm HTTP/1.1" 404 55226 "-" "Mozilla/5.0 (compatible; SemrushBot/7~bl; +http://www.semrush.com/bot.html)"
85.208.96.196 - - [06/Mar/2026:12:19:23 +0000] "GET /98970146337.htm HTTP/1.1" 404 55227 "-" "Mozilla/5.0 (compatible; SemrushBot/7~bl; +http://www.semrush.com/bot.html)"
159.198.75.45 - - [06/Mar/2026:12:19:36 +0000] "POST /wp-cron.php?doing_wp_cron=1772799576.5446379184722900390625 HTTP/1.1" 200 - "-" "WordPress/6.9.1; https://petpaloozahub.com"
185.191.171.14 - - [06/Mar/2026:12:19:35 +0000] "GET /9897011271.htm HTTP/1.1" 404 55226 "-" "Mozilla/5.0 (compatible; SemrushBot/7~bl; +http://www.semrush.com/bot.html)"
165.231.164.220 - - [06/Mar/2026:12:19:39 +0000] "GET /author/monabevins6024/?profile=true HTTP/1.1" 200 56654 "https://petpaloozahub.com/" "Mozilla/5.0 (Macintosh; Intel Mac OS X 12_5) AppleWebKit/605.1.15 (KHTML, like Gecko) Version/15.4 Safari/605.1.15"
185.191.171.1 - - [06/Mar/2026:12:19:39 +0000] "GET /2300993406.htm HTTP/1.1" 404 55225 "-" "Mozilla/5.0 (compatible; SemrushBot/7~bl; +http://www.semrush.com/bot.html)"
165.231.164.220 - - [06/Mar/2026:12:19:43 +0000] "GET /wp-content/plugins/designinvento-elementor-widgets/assets/css/user-menu.css HTTP/1.1" 200 904 "https://petpaloozahub.com/author/monabevins6024/?profile=true" "Mozilla/5.0 (Windows NT 10.0; Win64; x64) AppleWebKit/537.36 (KHTML, like Gecko) Chrome/143.0.0.0 Safari/537.36"
165.231.164.220 - - [06/Mar/2026:12:19:44 +0000] "GET /wp-content/plugins/designinvento-elementor-widgets/assets/css/nav-menu.css HTTP/1.1" 200 239 "https://petpaloozahub.com/author/monabevins6024/?profile=true" "Mozilla/5.0 (Windows NT 10.0; Win64; x64) AppleWebKit/537.36 (KHTML, like Gecko) Chrome/143.0.0.0 Safari/537.36"
165.231.164.220 - - [06/Mar/2026:12:19:45 +0000] "GET /wp-content/plugins/header-footer-builder/assets/public/css/frontend.css HTTP/1.1" 200 7681 "https://petpaloozahub.com/author/monabevins6024/?profile=true" "Mozilla/5.0 (Windows NT 10.0; Win64; x64) AppleWebKit/537.36 (KHTML, like Gecko) Chrome/143.0.0.0 Safari/537.36"
165.231.164.220 - - [06/Mar/2026:12:19:46 +0000] "GET /wp-includes/css/dashicons.min.css HTTP/1.1" 200 35721 "https://petpaloozahub.com/author/monabevins6024/?profile=true" "Mozilla/5.0 (Windows NT 10.0; Win64; x64) AppleWebKit/537.36 (KHTML, like Gecko) Chrome/143.0.0.0 Safari/537.36"
165.231.164.220 - - [06/Mar/2026:12:19:48 +0000] "GET /wp-content/plugins/bp-verified-member/assets/css/style.css HTTP/1.1" 200 2004 "https://petpaloozahub.com/author/monabevins6024/?profile=true" "Mozilla/5.0 (Windows NT 10.0; Win64; x64) AppleWebKit/537.36 (KHTML, like Gecko) Chrome/143.0.0.0 Safari/537.36"
165.231.164.220 - - [06/Mar/2026:12:19:49 +0000] "GET /wp-content/themes/classiadspro/styles/css/bootstrap.min.css HTTP/1.1" 200 33777 "https://petpaloozahub.com/author/monabevins6024/?profile=true" "Mozilla/5.0 (Windows NT 10.0; Win64; x64) AppleWebKit/537.36 (KHTML, like Gecko) Chrome/143.0.0.0 Safari/537.36"
85.208.96.210 - - [06/Mar/2026:12:19:50 +0000] "GET /3594550676.htm HTTP/1.1" 404 55225 "-" "Mozilla/5.0 (compatible; SemrushBot/7~bl; +http://www.semrush.com/bot.html)"
165.231.164.220 - - [06/Mar/2026:12:19:51 +0000] "GET /wp-content/themes/classiadspro/styles/css/slick/slick.css HTTP/1.1" 200 569 "https://petpaloozahub.com/author/monabevins6024/?profile=true" "Mozilla/5.0 (Windows NT 10.0; Win64; x64) AppleWebKit/537.36 (KHTML, like Gecko) Chrome/143.0.0.0 Safari/537.36"
165.231.164.220 - - [06/Mar/2026:12:19:52 +0000] "GET /wp-content/themes/classiadspro/styles/css/slick/slick-theme.css HTTP/1.1" 200 866 "https://petpaloozahub.com/author/monabevins6024/?profile=true" "Mozilla/5.0 (Windows NT 10.0; Win64; x64) AppleWebKit/537.36 (KHTML, like Gecko) Chrome/143.0.0.0 Safari/537.36"
165.231.164.220 - - [06/Mar/2026:12:19:53 +0000] "GET /wp-content/themes/classiadspro/styles/material-icons/material-icons.min.css HTTP/1.1" 200 43656 "https://petpaloozahub.com/author/monabevins6024/?profile=true" "Mozilla/5.0 (Windows NT 10.0; Win64; x64) AppleWebKit/537.36 (KHTML, like Gecko) Chrome/143.0.0.0 Safari/537.36"
165.231.164.220 - - [06/Mar/2026:12:19:55 +0000] "GET /wp-content/themes/classiadspro/styles/css/select2.css HTTP/1.1" 200 2707 "https://petpaloozahub.com/author/monabevins6024/?profile=true" "Mozilla/5.0 (Windows NT 10.0; Win64; x64) AppleWebKit/537.36 (KHTML, like Gecko) Chrome/143.0.0.0 Safari/537.36"
165.231.164.220 - - [06/Mar/2026:12:19:56 +0000] "GET /wp-content/themes/classiadspro/styles/css/pacz-styles.css HTTP/1.1" 200 25759 "https://petpaloozahub.com/author/monabevins6024/?profile=true" "Mozilla/5.0 (Windows NT 10.0; Win64; x64) AppleWebKit/537.36 (KHTML, like Gecko) Chrome/143.0.0.0 Safari/537.36"
165.231.164.220 - - [06/Mar/2026:12:19:58 +0000] "GET /wp-content/themes/classiadspro/styles/css/post.css HTTP/1.1" 200 7353 "https://petpaloozahub.com/author/monabevins6024/?profile=true" "Mozilla/5.0 (Windows NT 10.0; Win64; x64) AppleWebKit/537.36 (KHTML, like Gecko) Chrome/143.0.0.0 Safari/537.36"
165.231.164.220 - - [06/Mar/2026:12:19:59 +0000] "GET /wp-content/themes/classiadspro/styles/css/shortcode/common-shortcode.css HTTP/1.1" 200 1190 "https://petpaloozahub.com/author/monabevins6024/?profile=true" "Mozilla/5.0 (Windows NT 10.0; Win64; x64) AppleWebKit/537.36 (KHTML, like Gecko) Chrome/143.0.0.0 Safari/537.36"
165.231.164.220 - - [06/Mar/2026:12:20:00 +0000] "GET /wp-content/themes/classiadspro/styles/css/fonticon-custom.min.css HTTP/1.1" 200 17773 "https://petpaloozahub.com/author/monabevins6024/?profile=true" "Mozilla/5.0 (Windows NT 10.0; Win64; x64) AppleWebKit/537.36 (KHTML, like Gecko) Chrome/143.0.0.0 Safari/537.36"
165.231.164.220 - - [06/Mar/2026:12:20:02 +0000] "GET /wp-content/themes/classiadspro/directorypress/assets/css/common.css HTTP/1.1" 200 14557 "https://petpaloozahub.com/author/monabevins6024/?profile=true" "Mozilla/5.0 (Windows NT 10.0; Win64; x64) AppleWebKit/537.36 (KHTML, like Gecko) Chrome/143.0.0.0 Safari/537.36"
165.231.164.220 - - [06/Mar/2026:12:20:04 +0000] "GET /wp-includes/css/dist/block-library/style.min.css HTTP/1.1" 200 15916 "https://petpaloozahub.com/author/monabevins6024/?profile=true" "Mozilla/5.0 (Windows NT 10.0; Win64; x64) AppleWebKit/537.36 (KHTML, like Gecko) Chrome/143.0.0.0 Safari/537.36"
165.231.164.220 - - [06/Mar/2026:12:20:05 +0000] "GET /wp-includes/css/buttons.min.css HTTP/1.1" 200 1470 "https://petpaloozahub.com/author/monabevins6024/?profile=true" "Mozilla/5.0 (Windows NT 10.0; Win64; x64) AppleWebKit/537.36 (KHTML, like Gecko) Chrome/143.0.0.0 Safari/537.36"
165.231.164.220 - - [06/Mar/2026:12:20:06 +0000] "GET /wp-includes/js/mediaelement/mediaelementplayer-legacy.min.css HTTP/1.1" 200 2592 "https://petpaloozahub.com/author/monabevins6024/?profile=true" "Mozilla/5.0 (Windows NT 10.0; Win64; x64) AppleWebKit/537.36 (KHTML, like Gecko) Chrome/143.0.0.0 Safari/537.36"
165.231.164.220 - - [06/Mar/2026:12:20:07 +0000] "GET /wp-includes/js/mediaelement/wp-mediaelement.min.css HTTP/1.1" 200 1156 "https://petpaloozahub.com/author/monabevins6024/?profile=true" "Mozilla/5.0 (Windows NT 10.0; Win64; x64) AppleWebKit/537.36 (KHTML, like Gecko) Chrome/143.0.0.0 Safari/537.36"
165.231.164.220 - - [06/Mar/2026:12:20:08 +0000] "GET /wp-includes/css/media-views.min.css HTTP/1.1" 200 8721 "https://petpaloozahub.com/author/monabevins6024/?profile=true" "Mozilla/5.0 (Windows NT 10.0; Win64; x64) AppleWebKit/537.36 (KHTML, like Gecko) Chrome/143.0.0.0 Safari/537.36"
165.231.164.220 - - [06/Mar/2026:12:20:09 +0000] "GET /wp-includes/js/imgareaselect/imgareaselect.css HTTP/1.1" 200 265 "https://petpaloozahub.com/author/monabevins6024/?profile=true" "Mozilla/5.0 (Windows NT 10.0; Win64; x64) AppleWebKit/537.36 (KHTML, like Gecko) Chrome/143.0.0.0 Safari/537.36"
165.231.164.220 - - [06/Mar/2026:12:20:10 +0000] "GET /wp-content/plugins/dicode-icons-pack/assets/elegant/elegant-icons.min.css HTTP/1.1" 200 3995 "https://petpaloozahub.com/author/monabevins6024/?profile=true" "Mozilla/5.0 (Windows NT 10.0; Win64; x64) AppleWebKit/537.36 (KHTML, like Gecko) Chrome/143.0.0.0 Safari/537.36"
165.231.164.220 - - [06/Mar/2026:12:20:11 +0000] "GET /wp-content/plugins/dicode-icons-pack/assets/linearicons/linearicons.min.css HTTP/1.1" 200 1577 "https://petpaloozahub.com/author/monabevins6024/?profile=true" "Mozilla/5.0 (Windows NT 10.0; Win64; x64) AppleWebKit/537.36 (KHTML, like Gecko) Chrome/143.0.0.0 Safari/537.36"
165.231.164.220 - - [06/Mar/2026:12:20:12 +0000] "GET /wp-content/plugins/dicode-icons-pack/assets/themify/themify.min.css HTTP/1.1" 200 2824 "https://petpaloozahub.com/author/monabevins6024/?profile=true" "Mozilla/5.0 (Windows NT 10.0; Win64; x64) AppleWebKit/537.36 (KHTML, like Gecko) Chrome/143.0.0.0 Safari/537.36"
165.231.164.220 - - [06/Mar/2026:12:20:13 +0000] "GET /wp-content/plugins/directorypress-frontend-messages/assets/css/style.css HTTP/1.1" 200 4380 "https://petpaloozahub.com/author/monabevins6024/?profile=true" "Mozilla/5.0 (Windows NT 10.0; Win64; x64) AppleWebKit/537.36 (KHTML, like Gecko) Chrome/143.0.0.0 Safari/537.36"
165.231.164.220 - - [06/Mar/2026:12:20:14 +0000] "GET /wp-content/plugins/directorypress-frontend-messages/assets/css/common-style.css HTTP/1.1" 200 471 "https://petpaloozahub.com/author/monabevins6024/?profile=true" "Mozilla/5.0 (Windows NT 10.0; Win64; x64) AppleWebKit/537.36 (KHTML, like Gecko) Chrome/143.0.0.0 Safari/537.36"
165.231.164.220 - - [06/Mar/2026:12:20:15 +0000] "GET /wp-content/plugins/directorypress-frontend-messages/public/css/directorypress-frontend-messages-public.css HTTP/1.1" 200 106 "https://petpaloozahub.com/author/monabevins6024/?profile=true" "Mozilla/5.0 (Windows NT 10.0; Win64; x64) AppleWebKit/537.36 (KHTML, like Gecko) Chrome/143.0.0.0 Safari/537.36"
165.231.164.220 - - [06/Mar/2026:12:20:16 +0000] "GET /wp-content/plugins/directorypress-maps/assets/css/map.css HTTP/1.1" 200 1667 "https://petpaloozahub.com/author/monabevins6024/?profile=true" "Mozilla/5.0 (Windows NT 10.0; Win64; x64) AppleWebKit/537.36 (KHTML, like Gecko) Chrome/143.0.0.0 Safari/537.36"
165.231.164.220 - - [06/Mar/2026:12:20:17 +0000] "GET /wp-content/plugins/directorypress-claim-listing/assets/css/style.css HTTP/1.1" 200 106 "https://petpaloozahub.com/author/monabevins6024/?profile=true" "Mozilla/5.0 (Windows NT 10.0; Win64; x64) AppleWebKit/537.36 (KHTML, like Gecko) Chrome/143.0.0.0 Safari/537.36"
165.231.164.220 - - [06/Mar/2026:12:20:18 +0000] "GET /wp-content/plugins/directorypress-frontend/assets/css/directorypress-frontend-public.css HTTP/1.1" 200 13698 "https://petpaloozahub.com/author/monabevins6024/?profile=true" "Mozilla/5.0 (Windows NT 10.0; Win64; x64) AppleWebKit/537.36 (KHTML, like Gecko) Chrome/143.0.0.0 Safari/537.36"
165.231.164.220 - - [06/Mar/2026:12:20:19 +0000] "GET /wp-content/plugins/directorypress/assets/css/jqueryui/themes/smoothness/jquery-ui.min.css HTTP/1.1" 200 7688 "https://petpaloozahub.com/author/monabevins6024/?profile=true" "Mozilla/5.0 (Windows NT 10.0; Win64; x64) AppleWebKit/537.36 (KHTML, like Gecko) Chrome/143.0.0.0 Safari/537.36"
165.231.164.220 - - [06/Mar/2026:12:20:20 +0000] "GET /wp-content/plugins/directorypress/assets/lib/fontawesome/css/all.min.css HTTP/1.1" 200 12355 "https://petpaloozahub.com/author/monabevins6024/?profile=true" "Mozilla/5.0 (Windows NT 10.0; Win64; x64) AppleWebKit/537.36 (KHTML, like Gecko) Chrome/143.0.0.0 Safari/537.36"
165.231.164.220 - - [06/Mar/2026:12:20:22 +0000] "GET /wp-content/plugins/directorypress/assets/lib/slick-carousel/css/slick.css HTTP/1.1" 200 569 "https://petpaloozahub.com/author/monabevins6024/?profile=true" "Mozilla/5.0 (Windows NT 10.0; Win64; x64) AppleWebKit/537.36 (KHTML, like Gecko) Chrome/143.0.0.0 Safari/537.36"
165.231.164.220 - - [06/Mar/2026:12:20:23 +0000] "GET /wp-content/plugins/directorypress/assets/lib/slick-carousel/css/slick-theme.css HTTP/1.1" 200 866 "https://petpaloozahub.com/author/monabevins6024/?profile=true" "Mozilla/5.0 (Windows NT 10.0; Win64; x64) AppleWebKit/537.36 (KHTML, like Gecko) Chrome/143.0.0.0 Safari/537.36"
165.231.164.220 - - [06/Mar/2026:12:20:24 +0000] "GET /wp-content/plugins/directorypress/assets/css/directorypress-search.css HTTP/1.1" 200 4472 "https://petpaloozahub.com/author/monabevins6024/?profile=true" "Mozilla/5.0 (Windows NT 10.0; Win64; x64) AppleWebKit/537.36 (KHTML, like Gecko) Chrome/143.0.0.0 Safari/537.36"
159.198.75.45 - - [06/Mar/2026:12:20:25 +0000] "POST /wp-cron.php?doing_wp_cron=1772799625.3898029327392578125000 HTTP/1.1" 200 - "-" "WordPress/6.9.1; https://petpaloozahub.com"
185.191.171.10 - - [06/Mar/2026:12:20:24 +0000] "GET /98970103669.htm HTTP/1.1" 404 55227 "-" "Mozilla/5.0 (compatible; SemrushBot/7~bl; +http://www.semrush.com/bot.html)"
165.231.164.220 - - [06/Mar/2026:12:20:25 +0000] "GET /wp-content/plugins/directorypress/assets/css/directorypress-listings.css HTTP/1.1" 200 8491 "https://petpaloozahub.com/author/monabevins6024/?profile=true" "Mozilla/5.0 (Windows NT 10.0; Win64; x64) AppleWebKit/537.36 (KHTML, like Gecko) Chrome/143.0.0.0 Safari/537.36"
165.231.164.220 - - [06/Mar/2026:12:20:26 +0000] "GET /wp-content/plugins/directorypress/assets/css/single-listing.css HTTP/1.1" 200 12299 "https://petpaloozahub.com/author/monabevins6024/?profile=true" "Mozilla/5.0 (Windows NT 10.0; Win64; x64) AppleWebKit/537.36 (KHTML, like Gecko) Chrome/143.0.0.0 Safari/537.36"
165.231.164.220 - - [06/Mar/2026:12:20:28 +0000] "GET /wp-content/plugins/directorypress/assets/lib/lightbox/css/lightbox.min.css HTTP/1.1" 200 938 "https://petpaloozahub.com/author/monabevins6024/?profile=true" "Mozilla/5.0 (Windows NT 10.0; Win64; x64) AppleWebKit/537.36 (KHTML, like Gecko) Chrome/143.0.0.0 Safari/537.36"
165.231.164.220 - - [06/Mar/2026:12:20:29 +0000] "GET /wp-content/plugins/directorypress/assets/css/style.css HTTP/1.1" 200 14221 "https://petpaloozahub.com/author/monabevins6024/?profile=true" "Mozilla/5.0 (Windows NT 10.0; Win64; x64) AppleWebKit/537.36 (KHTML, like Gecko) Chrome/143.0.0.0 Safari/537.36"
165.231.164.220 - - [06/Mar/2026:12:20:31 +0000] "GET /wp-content/plugins/directorypress/reviews/css/jquery.raty.css HTTP/1.1" 200 756 "https://petpaloozahub.com/author/monabevins6024/?profile=true" "Mozilla/5.0 (Windows NT 10.0; Win64; x64) AppleWebKit/537.36 (KHTML, like Gecko) Chrome/143.0.0.0 Safari/537.36"
165.231.164.220 - - [06/Mar/2026:12:20:32 +0000] "GET /wp-content/plugins/revslider/public/css/sr7.css HTTP/1.1" 200 1569 "https://petpaloozahub.com/author/monabevins6024/?profile=true" "Mozilla/5.0 (Windows NT 10.0; Win64; x64) AppleWebKit/537.36 (KHTML, like Gecko) Chrome/143.0.0.0 Safari/537.36"
165.231.164.220 - - [06/Mar/2026:12:20:33 +0000] "GET /wp-content/themes/classiadspro/styles/css/pacz-woocommerce.css HTTP/1.1" 200 9762 "https://petpaloozahub.com/author/monabevins6024/?profile=true" "Mozilla/5.0 (Windows NT 10.0; Win64; x64) AppleWebKit/537.36 (KHTML, like Gecko) Chrome/143.0.0.0 Safari/537.36"
85.208.96.196 - - [06/Mar/2026:12:20:34 +0000] "GET /8112545399.htm HTTP/1.1" 404 55226 "-" "Mozilla/5.0 (compatible; SemrushBot/7~bl; +http://www.semrush.com/bot.html)"
165.231.164.220 - - [06/Mar/2026:12:20:35 +0000] "GET /wp-content/plugins/form-builder-wp/assets/css/style.css HTTP/1.1" 200 4028 "https://petpaloozahub.com/author/monabevins6024/?profile=true" "Mozilla/5.0 (Windows NT 10.0; Win64; x64) AppleWebKit/537.36 (KHTML, like Gecko) Chrome/143.0.0.0 Safari/537.36"
165.231.164.220 - - [06/Mar/2026:12:20:36 +0000] "GET /wp-content/plugins/header-footer-builder/assets/public/css/header-footer-builder.css HTTP/1.1" 200 425 "https://petpaloozahub.com/author/monabevins6024/?profile=true" "Mozilla/5.0 (Windows NT 10.0; Win64; x64) AppleWebKit/537.36 (KHTML, like Gecko) Chrome/143.0.0.0 Safari/537.36"
165.231.164.220 - - [06/Mar/2026:12:20:37 +0000] "GET /wp-content/plugins/elementor/assets/lib/eicons/css/elementor-icons.min.css HTTP/1.1" 200 4429 "https://petpaloozahub.com/author/monabevins6024/?profile=true" "Mozilla/5.0 (Windows NT 10.0; Win64; x64) AppleWebKit/537.36 (KHTML, like Gecko) Chrome/143.0.0.0 Safari/537.36"
165.231.164.220 - - [06/Mar/2026:12:20:37 +0000] "GET /wp-content/plugins/elementor/assets/css/frontend.min.css HTTP/1.1" 200 7271 "https://petpaloozahub.com/author/monabevins6024/?profile=true" "Mozilla/5.0 (Windows NT 10.0; Win64; x64) AppleWebKit/537.36 (KHTML, like Gecko) Chrome/143.0.0.0 Safari/537.36"
165.231.164.220 - - [06/Mar/2026:12:20:38 +0000] "GET /wp-content/uploads/elementor/css/post-7.css HTTP/1.1" 200 376 "https://petpaloozahub.com/author/monabevins6024/?profile=true" "Mozilla/5.0 (Windows NT 10.0; Win64; x64) AppleWebKit/537.36 (KHTML, like Gecko) Chrome/143.0.0.0 Safari/537.36"
165.231.164.220 - - [06/Mar/2026:12:20:39 +0000] "GET /wp-content/uploads/elementor/css/post-10242.css HTTP/1.1" 200 1873 "https://petpaloozahub.com/author/monabevins6024/?profile=true" "Mozilla/5.0 (Windows NT 10.0; Win64; x64) AppleWebKit/537.36 (KHTML, like Gecko) Chrome/143.0.0.0 Safari/537.36"
185.191.171.12 - - [06/Mar/2026:12:20:40 +0000] "GET /94746119826.htm HTTP/1.1" 404 55226 "-" "Mozilla/5.0 (compatible; SemrushBot/7~bl; +http://www.semrush.com/bot.html)"
165.231.164.220 - - [06/Mar/2026:12:20:40 +0000] "GET /wp-content/uploads/elementor/css/post-9685.css HTTP/1.1" 200 1707 "https://petpaloozahub.com/author/monabevins6024/?profile=true" "Mozilla/5.0 (Windows NT 10.0; Win64; x64) AppleWebKit/537.36 (KHTML, like Gecko) Chrome/143.0.0.0 Safari/537.36"
165.231.164.220 - - [06/Mar/2026:12:20:41 +0000] "GET /wp-content/plugins/header-footer-builder/assets/public/css/menu.css HTTP/1.1" 200 7534 "https://petpaloozahub.com/author/monabevins6024/?profile=true" "Mozilla/5.0 (Windows NT 10.0; Win64; x64) AppleWebKit/537.36 (KHTML, like Gecko) Chrome/143.0.0.0 Safari/537.36"
165.231.164.220 - - [06/Mar/2026:12:20:42 +0000] "GET /wp-content/themes/classiadspro/style.css HTTP/1.1" 200 636 "https://petpaloozahub.com/author/monabevins6024/?profile=true" "Mozilla/5.0 (Windows NT 10.0; Win64; x64) AppleWebKit/537.36 (KHTML, like Gecko) Chrome/143.0.0.0 Safari/537.36"
165.231.164.220 - - [06/Mar/2026:12:20:43 +0000] "GET /wp-content/themes/classiadspro/custom.css HTTP/1.1" 200 27 "https://petpaloozahub.com/author/monabevins6024/?profile=true" "Mozilla/5.0 (Windows NT 10.0; Win64; x64) AppleWebKit/537.36 (KHTML, like Gecko) Chrome/143.0.0.0 Safari/537.36"
165.231.164.220 - - [06/Mar/2026:12:20:45 +0000] "GET /wp-content/uploads/classiadspro_assets/classiadspro-dynamic.css HTTP/1.1" 200 8224 "https://petpaloozahub.com/author/monabevins6024/?profile=true" "Mozilla/5.0 (Windows NT 10.0; Win64; x64) AppleWebKit/537.36 (KHTML, like Gecko) Chrome/143.0.0.0 Safari/537.36"
165.231.164.220 - - [06/Mar/2026:12:20:46 +0000] "GET /wp-content/plugins/directorypress/assets/css/custom.css HTTP/1.1" 200 27 "https://petpaloozahub.com/author/monabevins6024/?profile=true" "Mozilla/5.0 (Windows NT 10.0; Win64; x64) AppleWebKit/537.36 (KHTML, like Gecko) Chrome/143.0.0.0 Safari/537.36"
165.231.164.220 - - [06/Mar/2026:12:20:47 +0000] "GET /wp-content/uploads/elementor/google-fonts/css/roboto.css HTTP/1.1" 200 2869 "https://petpaloozahub.com/author/monabevins6024/?profile=true" "Mozilla/5.0 (Windows NT 10.0; Win64; x64) AppleWebKit/537.36 (KHTML, like Gecko) Chrome/143.0.0.0 Safari/537.36"
165.231.164.220 - - [06/Mar/2026:12:20:48 +0000] "GET /wp-content/uploads/elementor/google-fonts/css/robotoslab.css HTTP/1.1" 200 961 "https://petpaloozahub.com/author/monabevins6024/?profile=true" "Mozilla/5.0 (Windows NT 10.0; Win64; x64) AppleWebKit/537.36 (KHTML, like Gecko) Chrome/143.0.0.0 Safari/537.36"
165.231.164.220 - - [06/Mar/2026:12:20:49 +0000] "GET /wp-content/uploads/elementor/google-fonts/css/poppins.css HTTP/1.1" 200 730 "https://petpaloozahub.com/author/monabevins6024/?profile=true" "Mozilla/5.0 (Windows NT 10.0; Win64; x64) AppleWebKit/537.36 (KHTML, like Gecko) Chrome/143.0.0.0 Safari/537.36"
165.231.164.220 - - [06/Mar/2026:12:20:50 +0000] "GET /wp-content/plugins/elementor/assets/lib/font-awesome/css/fontawesome.min.css HTTP/1.1" 200 12617 "https://petpaloozahub.com/author/monabevins6024/?profile=true" "Mozilla/5.0 (Windows NT 10.0; Win64; x64) AppleWebKit/537.36 (KHTML, like Gecko) Chrome/143.0.0.0 Safari/537.36"
165.231.164.220 - - [06/Mar/2026:12:20:52 +0000] "GET /wp-content/plugins/elementor/assets/lib/font-awesome/css/solid.min.css HTTP/1.1" 200 309 "https://petpaloozahub.com/author/monabevins6024/?profile=true" "Mozilla/5.0 (Windows NT 10.0; Win64; x64) AppleWebKit/537.36 (KHTML, like Gecko) Chrome/143.0.0.0 Safari/537.36"
165.231.164.220 - - [06/Mar/2026:12:20:53 +0000] "GET /wp-content/plugins/elementor/assets/lib/font-awesome/css/brands.min.css HTTP/1.1" 200 308 "https://petpaloozahub.com/author/monabevins6024/?profile=true" "Mozilla/5.0 (Windows NT 10.0; Win64; x64) AppleWebKit/537.36 (KHTML, like Gecko) Chrome/143.0.0.0 Safari/537.36"
165.231.164.220 - - [06/Mar/2026:12:20:54 +0000] "GET /wp-content/plugins/woocommerce/assets/client/blocks/wc-blocks.css HTTP/1.1" 200 2618 "https://petpaloozahub.com/author/monabevins6024/?profile=true" "Mozilla/5.0 (Windows NT 10.0; Win64; x64) AppleWebKit/537.36 (KHTML, like Gecko) Chrome/143.0.0.0 Safari/537.36"
165.231.164.220 - - [06/Mar/2026:12:20:55 +0000] "GET /wp-content/uploads/redux/custom-fonts/fonts.css HTTP/1.1" 200 - "https://petpaloozahub.com/author/monabevins6024/?profile=true" "Mozilla/5.0 (Windows NT 10.0; Win64; x64) AppleWebKit/537.36 (KHTML, like Gecko) Chrome/143.0.0.0 Safari/537.36"
185.28.182.156 - - [06/Mar/2026:12:20:56 +0000] "GET /wp-content/themes/classiadspro/directorypress/assets/css/listing/listing-style-10.css HTTP/1.1" 200 2208 "https://petpaloozahub.com/author/monabevins6024/?profile=true" "Mozilla/5.0 (Windows NT 10.0; Win64; x64) AppleWebKit/537.36 (KHTML, like Gecko) Chrome/143.0.0.0 Safari/537.36"
185.28.182.156 - - [06/Mar/2026:12:20:56 +0000] "GET /wp-content/uploads/directorypress_assets/directorypress-dynamic.css HTTP/1.1" 200 6302 "https://petpaloozahub.com/author/monabevins6024/?profile=true" "Mozilla/5.0 (Windows NT 10.0; Win64; x64) AppleWebKit/537.36 (KHTML, like Gecko) Chrome/143.0.0.0 Safari/537.36"
185.28.182.156 - - [06/Mar/2026:12:20:57 +0000] "GET /wp-content/plugins/elementor/assets/css/widget-divider.min.css HTTP/1.1" 200 741 "https://petpaloozahub.com/author/monabevins6024/?profile=true" "Mozilla/5.0 (Windows NT 10.0; Win64; x64) AppleWebKit/537.36 (KHTML, like Gecko) Chrome/143.0.0.0 Safari/537.36"
185.28.182.156 - - [06/Mar/2026:12:20:58 +0000] "GET /wp-content/plugins/elementor/assets/css/widget-social-icons.min.css HTTP/1.1" 200 1142 "https://petpaloozahub.com/author/monabevins6024/?profile=true" "Mozilla/5.0 (Windows NT 10.0; Win64; x64) AppleWebKit/537.36 (KHTML, like Gecko) Chrome/143.0.0.0 Safari/537.36"
