216.73.216.86 - - [06/Mar/2026:17:34:52 +0000] "GET /author/couches-for-sale-uk9893/feed/ HTTP/1.1" 200 587 "https://petpaloozahub.com/author/couches-for-sale-uk9893/feed" "Mozilla/5.0 AppleWebKit/537.36 (KHTML, like Gecko; compatible; ClaudeBot/1.0; +claudebot@anthropic.com)"
85.208.96.211 - - [06/Mar/2026:17:34:53 +0000] "GET /98970130330.htm HTTP/1.1" 404 55227 "-" "Mozilla/5.0 (compatible; SemrushBot/7~bl; +http://www.semrush.com/bot.html)"
185.191.171.12 - - [06/Mar/2026:17:35:03 +0000] "GET /9897033281.htm HTTP/1.1" 404 55226 "-" "Mozilla/5.0 (compatible; SemrushBot/7~bl; +http://www.semrush.com/bot.html)"
85.208.98.23 - - [06/Mar/2026:17:35:09 +0000] "GET /robots.txt HTTP/1.1" 200 175 "http://petpaloozahub.com/robots.txt" "Mozilla/5.0 (compatible; SemrushBot-BA; +http://www.semrush.com/bot.html)"
85.208.96.206 - - [06/Mar/2026:17:35:15 +0000] "GET /98970124667.htm HTTP/1.1" 404 55225 "-" "Mozilla/5.0 (compatible; SemrushBot/7~bl; +http://www.semrush.com/bot.html)"
185.191.171.5 - - [06/Mar/2026:17:35:22 +0000] "GET /3594563087.htm HTTP/1.1" 404 55226 "-" "Mozilla/5.0 (compatible; SemrushBot/7~bl; +http://www.semrush.com/bot.html)"
159.198.75.45 - - [06/Mar/2026:17:35:26 +0000] "POST /wp-cron.php?doing_wp_cron=1772818526.3554580211639404296875 HTTP/1.1" 200 - "-" "WordPress/6.9.1; https://petpaloozahub.com"
185.191.171.3 - - [06/Mar/2026:17:35:25 +0000] "GET /98970121167.htm HTTP/1.1" 404 55226 "-" "Mozilla/5.0 (compatible; SemrushBot/7~bl; +http://www.semrush.com/bot.html)"
85.208.98.29 - - [06/Mar/2026:17:35:40 +0000] "GET /5509335331.htm HTTP/1.1" 404 55223 "-" "Mozilla/5.0 (compatible; SemrushBot-BA; +http://www.semrush.com/bot.html)"
74.7.227.49 - - [06/Mar/2026:17:35:41 +0000] "GET /author/american-fridge-freezer-with-ice-dispenser0742/?profile=true HTTP/1.1" 200 56589 "http://sjhome.cloud:3000" "Mozilla/5.0 AppleWebKit/537.36 (KHTML, like Gecko; compatible; GPTBot/1.3; +https://openai.com/gptbot)"
74.7.227.49 - - [06/Mar/2026:17:35:43 +0000] "GET /author/american-fridge-freezer-with-ice-dispenser0742/feed/ HTTP/1.1" 200 604 "https://petpaloozahub.com/author/american-fridge-freezer-with-ice-dispenser0742/?profile=true" "Mozilla/5.0 AppleWebKit/537.36 (KHTML, like Gecko; compatible; GPTBot/1.3; +https://openai.com/gptbot)"
74.7.227.49 - - [06/Mar/2026:17:35:45 +0000] "GET /wp-json/wp/v2/users/4246 HTTP/1.1" 401 110 "https://petpaloozahub.com/author/american-fridge-freezer-with-ice-dispenser0742/?profile=true" "Mozilla/5.0 AppleWebKit/537.36 (KHTML, like Gecko; compatible; GPTBot/1.3; +https://openai.com/gptbot)"
185.191.171.4 - - [06/Mar/2026:17:35:56 +0000] "GET /9897015516.htm HTTP/1.1" 404 55225 "-" "Mozilla/5.0 (compatible; SemrushBot/7~bl; +http://www.semrush.com/bot.html)"
102.165.0.187 - - [06/Mar/2026:17:35:56 +0000] "GET /listings/adorable-20-week-old-poodle-puppies-double-the-love-double-the-fun/ HTTP/1.1" 200 65554 "https://petpaloozahub.com/" "Mozilla/5.0 (Windows NT 10.0; Win64; x64) AppleWebKit/537.36 (KHTML, like Gecko) Chrome/114.0.0.0 Safari/537.36 Vivaldi/5.3.2679.68"
102.165.0.187 - - [06/Mar/2026:17:36:00 +0000] "GET /register/ HTTP/1.1" 200 57068 "https://petpaloozahub.com/listings/adorable-20-week-old-poodle-puppies-double-the-love-double-the-fun/" "Mozilla/5.0 (Windows NT 10.0; Win64; x64) AppleWebKit/537.36 (KHTML, like Gecko) Chrome/114.0.0.0 Safari/537.36 Vivaldi/5.3.2679.68"
102.165.0.187 - - [06/Mar/2026:17:36:01 +0000] "GET /wp-content/plugins/elementor/assets/css/widget-spacer.min.css HTTP/1.1" 200 338 "https://petpaloozahub.com/register/" "Mozilla/5.0 (Windows NT 10.0; Win64; x64) AppleWebKit/537.36 (KHTML, like Gecko) Chrome/143.0.0.0 Safari/537.36"
102.165.0.187 - - [06/Mar/2026:17:36:02 +0000] "GET /wp-content/uploads/redux/custom-fonts/fonts.css HTTP/1.1" 200 - "https://petpaloozahub.com/register/" "Mozilla/5.0 (Windows NT 10.0; Win64; x64) AppleWebKit/537.36 (KHTML, like Gecko) Chrome/143.0.0.0 Safari/537.36"
102.165.0.187 - - [06/Mar/2026:17:36:02 +0000] "POST /?wpfb-form-ajax=submit HTTP/1.1" 200 129 "https://petpaloozahub.com/register/" "Mozilla/5.0 (Windows NT 10.0; Win64; x64) AppleWebKit/537.36 (KHTML, like Gecko) Chrome/114.0.0.0 Safari/537.36 Vivaldi/5.3.2679.68"
102.165.0.187 - - [06/Mar/2026:17:36:04 +0000] "GET /my-dashboard/ HTTP/1.1" 200 55876 "https://petpaloozahub.com/register/" "Mozilla/5.0 (Windows NT 10.0; Win64; x64) AppleWebKit/537.36 (KHTML, like Gecko) Chrome/114.0.0.0 Safari/537.36 Vivaldi/5.3.2679.68"
102.165.0.187 - - [06/Mar/2026:17:36:05 +0000] "GET /my-dashboard/?directory_action=profile HTTP/1.1" 200 57166 "https://petpaloozahub.com/my-dashboard/" "Mozilla/5.0 (Windows NT 10.0; Win64; x64) AppleWebKit/537.36 (KHTML, like Gecko) Chrome/114.0.0.0 Safari/537.36 Vivaldi/5.3.2679.68"
2.57.23.215 - - [06/Mar/2026:17:36:06 +0000] "GET /wp-content/uploads/redux/custom-fonts/fonts.css HTTP/1.1" 200 - "https://petpaloozahub.com/my-dashboard/?directory_action=profile" "Mozilla/5.0 (Windows NT 10.0; Win64; x64) AppleWebKit/537.36 (KHTML, like Gecko) Chrome/143.0.0.0 Safari/537.36"
102.165.0.187 - - [06/Mar/2026:17:36:07 +0000] "POST /wp-admin/admin-ajax.php HTTP/1.1" 200 63 "https://petpaloozahub.com/my-dashboard/?directory_action=profile" "Mozilla/5.0 (Windows NT 10.0; Win64; x64) AppleWebKit/537.36 (KHTML, like Gecko) Chrome/114.0.0.0 Safari/537.36 Vivaldi/5.3.2679.68"
102.165.0.187 - - [06/Mar/2026:17:36:08 +0000] "GET /author/bunk-bed-with-double-bed4405/?profile=true HTTP/1.1" 200 56574 "https://petpaloozahub.com/my-dashboard/?directory_action=profile" "Mozilla/5.0 (Windows NT 10.0; Win64; x64) AppleWebKit/537.36 (KHTML, like Gecko) Chrome/114.0.0.0 Safari/537.36 Vivaldi/5.3.2679.68"
45.133.170.210 - - [06/Mar/2026:17:36:09 +0000] "GET /author/bunk-bed-with-double-bed4405/?profile=true HTTP/1.1" 200 56562 "-" "Mozilla/5.0 (Windows NT 10.0; Win64; x64) AppleWebKit/537.36 (KHTML, like Gecko) Chrome/114.0.0.0 Safari/537.36 Vivaldi/5.3.2679.68"
185.191.171.3 - - [06/Mar/2026:17:36:10 +0000] "GET /2686084276.htm HTTP/1.1" 404 55225 "-" "Mozilla/5.0 (compatible; SemrushBot/7~bl; +http://www.semrush.com/bot.html)"
185.191.171.15 - - [06/Mar/2026:17:36:13 +0000] "GET /98970118765.htm HTTP/1.1" 404 55227 "-" "Mozilla/5.0 (compatible; SemrushBot/7~bl; +http://www.semrush.com/bot.html)"
85.208.96.194 - - [06/Mar/2026:17:36:16 +0000] "GET /9474689104.htm HTTP/1.1" 404 55226 "-" "Mozilla/5.0 (compatible; SemrushBot/7~bl; +http://www.semrush.com/bot.html)"
159.198.75.45 - - [06/Mar/2026:17:36:28 +0000] "POST /wp-cron.php?doing_wp_cron=1772818588.5661458969116210937500 HTTP/1.1" 200 - "-" "WordPress/6.9.1; https://petpaloozahub.com"
185.191.171.3 - - [06/Mar/2026:17:36:28 +0000] "GET /26860142737.htm HTTP/1.1" 404 55227 "-" "Mozilla/5.0 (compatible; SemrushBot/7~bl; +http://www.semrush.com/bot.html)"
216.73.216.86 - - [06/Mar/2026:17:36:41 +0000] "GET /Jan%20Pieter%20Heijeplein%201 HTTP/1.1" 404 55235 "-" "Mozilla/5.0 AppleWebKit/537.36 (KHTML, like Gecko; compatible; ClaudeBot/1.0; +claudebot@anthropic.com)"
85.208.96.198 - - [06/Mar/2026:17:36:45 +0000] "GET /98970128280.htm HTTP/1.1" 404 55226 "-" "Mozilla/5.0 (compatible; SemrushBot/7~bl; +http://www.semrush.com/bot.html)"
85.208.96.198 - - [06/Mar/2026:17:36:53 +0000] "GET /9897056106.htm HTTP/1.1" 404 55226 "-" "Mozilla/5.0 (compatible; SemrushBot/7~bl; +http://www.semrush.com/bot.html)"
185.191.171.2 - - [06/Mar/2026:17:37:04 +0000] "GET /2300920332.htm HTTP/1.1" 404 55225 "-" "Mozilla/5.0 (compatible; SemrushBot/7~bl; +http://www.semrush.com/bot.html)"
185.191.171.17 - - [06/Mar/2026:17:37:11 +0000] "GET /3594557596.htm HTTP/1.1" 404 55226 "-" "Mozilla/5.0 (compatible; SemrushBot/7~bl; +http://www.semrush.com/bot.html)"
185.191.171.16 - - [06/Mar/2026:17:37:20 +0000] "GET /9474698988.htm HTTP/1.1" 404 55225 "-" "Mozilla/5.0 (compatible; SemrushBot/7~bl; +http://www.semrush.com/bot.html)"
159.198.75.45 - - [06/Mar/2026:17:37:29 +0000] "POST /wp-cron.php?doing_wp_cron=1772818649.7045419216156005859375 HTTP/1.1" 200 - "-" "WordPress/6.9.1; https://petpaloozahub.com"
85.208.96.206 - - [06/Mar/2026:17:37:29 +0000] "GET /3594539117.htm HTTP/1.1" 404 55226 "-" "Mozilla/5.0 (compatible; SemrushBot/7~bl; +http://www.semrush.com/bot.html)"
85.208.96.210 - - [06/Mar/2026:17:37:32 +0000] "GET /9474612486.htm HTTP/1.1" 404 55225 "-" "Mozilla/5.0 (compatible; SemrushBot/7~bl; +http://www.semrush.com/bot.html)"
85.208.96.195 - - [06/Mar/2026:17:37:37 +0000] "GET /98970120511.htm HTTP/1.1" 404 55226 "-" "Mozilla/5.0 (compatible; SemrushBot/7~bl; +http://www.semrush.com/bot.html)"
185.191.171.9 - - [06/Mar/2026:17:37:55 +0000] "GET /98970101793.htm HTTP/1.1" 404 55227 "-" "Mozilla/5.0 (compatible; SemrushBot/7~bl; +http://www.semrush.com/bot.html)"
85.208.96.195 - - [06/Mar/2026:17:38:18 +0000] "GET /10217101652.htm HTTP/1.1" 404 55226 "-" "Mozilla/5.0 (compatible; SemrushBot/7~bl; +http://www.semrush.com/bot.html)"
159.198.75.45 - - [06/Mar/2026:17:38:57 +0000] "POST /wp-cron.php?doing_wp_cron=1772818737.0267770290374755859375 HTTP/1.1" 200 - "-" "WordPress/6.9.1; https://petpaloozahub.com"
85.208.96.195 - - [06/Mar/2026:17:38:54 +0000] "GET /94746129934.htm HTTP/1.1" 404 55227 "-" "Mozilla/5.0 (compatible; SemrushBot/7~bl; +http://www.semrush.com/bot.html)"
185.191.171.18 - - [06/Mar/2026:17:39:02 +0000] "GET /3594577324.htm HTTP/1.1" 404 55226 "-" "Mozilla/5.0 (compatible; SemrushBot/7~bl; +http://www.semrush.com/bot.html)"
85.208.96.204 - - [06/Mar/2026:17:39:16 +0000] "GET /9474616811.htm HTTP/1.1" 404 55226 "-" "Mozilla/5.0 (compatible; SemrushBot/7~bl; +http://www.semrush.com/bot.html)"
159.198.75.45 - - [06/Mar/2026:17:39:25 +0000] "POST /wp-cron.php?doing_wp_cron=1772818765.7284190654754638671875 HTTP/1.1" 200 - "-" "WordPress/6.9.1; https://petpaloozahub.com"
185.191.171.8 - - [06/Mar/2026:17:39:25 +0000] "GET /3594573889.htm HTTP/1.1" 404 55226 "-" "Mozilla/5.0 (compatible; SemrushBot/7~bl; +http://www.semrush.com/bot.html)"
85.208.96.204 - - [06/Mar/2026:17:39:29 +0000] "GET /94746106052.htm HTTP/1.1" 404 55226 "-" "Mozilla/5.0 (compatible; SemrushBot/7~bl; +http://www.semrush.com/bot.html)"
85.208.96.204 - - [06/Mar/2026:17:39:31 +0000] "GET /3594558874.htm HTTP/1.1" 404 55226 "-" "Mozilla/5.0 (compatible; SemrushBot/7~bl; +http://www.semrush.com/bot.html)"
185.191.171.17 - - [06/Mar/2026:17:39:53 +0000] "GET /2300973845.htm HTTP/1.1" 404 55226 "-" "Mozilla/5.0 (compatible; SemrushBot/7~bl; +http://www.semrush.com/bot.html)"
45.133.170.203 - - [06/Mar/2026:17:39:57 +0000] "GET /listings/adorable-20-week-old-poodle-puppies-double-the-love-double-the-fun/ HTTP/1.1" 200 65528 "https://petpaloozahub.com/" "Mozilla/5.0 (Windows NT 10.0; WOW64) AppleWebKit/537.36 (KHTML, like Gecko) Chrome/114.0.0.0 YaBrowser/22.7.0 Yowser/2.5 Safari/537.36"
45.133.170.203 - - [06/Mar/2026:17:40:02 +0000] "GET /register/ HTTP/1.1" 200 57069 "https://petpaloozahub.com/listings/adorable-20-week-old-poodle-puppies-double-the-love-double-the-fun/" "Mozilla/5.0 (Windows NT 10.0; WOW64) AppleWebKit/537.36 (KHTML, like Gecko) Chrome/114.0.0.0 YaBrowser/22.7.0 Yowser/2.5 Safari/537.36"
87.236.176.245 - - [06/Mar/2026:17:40:02 +0000] "GET / HTTP/1.1" 301 - "-" "Mozilla/5.0 (compatible; InternetMeasurement/1.0; +https://internet-measurement.com/)"
45.133.170.203 - - [06/Mar/2026:17:40:03 +0000] "GET /wp-content/uploads/redux/custom-fonts/fonts.css HTTP/1.1" 200 - "https://petpaloozahub.com/register/" "Mozilla/5.0 (Windows NT 10.0; Win64; x64) AppleWebKit/537.36 (KHTML, like Gecko) Chrome/143.0.0.0 Safari/537.36"
87.236.176.245 - - [06/Mar/2026:17:40:04 +0000] "GET / HTTP/1.1" 200 62002 "https://www.petpaloozahub.com" "Mozilla/5.0 (compatible; InternetMeasurement/1.0; +https://internet-measurement.com/)"
45.133.170.203 - - [06/Mar/2026:17:40:04 +0000] "POST /?wpfb-form-ajax=submit HTTP/1.1" 200 129 "https://petpaloozahub.com/register/" "Mozilla/5.0 (Windows NT 10.0; WOW64) AppleWebKit/537.36 (KHTML, like Gecko) Chrome/114.0.0.0 YaBrowser/22.7.0 Yowser/2.5 Safari/537.36"
45.133.170.203 - - [06/Mar/2026:17:40:05 +0000] "GET /my-dashboard/ HTTP/1.1" 200 55872 "https://petpaloozahub.com/register/" "Mozilla/5.0 (Windows NT 10.0; WOW64) AppleWebKit/537.36 (KHTML, like Gecko) Chrome/114.0.0.0 YaBrowser/22.7.0 Yowser/2.5 Safari/537.36"
185.247.137.24 - - [06/Mar/2026:17:40:06 +0000] "GET /wp-content/uploads/2024/10/cropped-IMG-151024-32x32.jpg HTTP/1.1" 200 1043 "-" "Mozilla/5.0 (compatible; InternetMeasurement/1.0; +https://internet-measurement.com/)"
185.247.137.87 - - [06/Mar/2026:17:40:06 +0000] "GET /wp-content/uploads/2024/10/cropped-IMG-151024-270x270.jpg HTTP/1.1" 200 8458 "-" "Mozilla/5.0 (compatible; InternetMeasurement/1.0; +https://internet-measurement.com/)"
87.236.176.91 - - [06/Mar/2026:17:40:06 +0000] "GET /wp-content/uploads/2024/10/cropped-IMG-151024-180x180.jpg HTTP/1.1" 200 5311 "-" "Mozilla/5.0 (compatible; InternetMeasurement/1.0; +https://internet-measurement.com/)"
87.236.176.166 - - [06/Mar/2026:17:40:06 +0000] "GET /wp-content/uploads/2024/10/cropped-IMG-151024-192x192.jpg HTTP/1.1" 200 5634 "-" "Mozilla/5.0 (compatible; InternetMeasurement/1.0; +https://internet-measurement.com/)"
185.247.137.130 - - [06/Mar/2026:17:40:06 +0000] "GET /favicon.ico HTTP/1.1" 302 - "-" "Mozilla/5.0 (compatible; InternetMeasurement/1.0; +https://internet-measurement.com/)"
45.133.170.203 - - [06/Mar/2026:17:40:07 +0000] "GET /my-dashboard/?directory_action=profile HTTP/1.1" 200 57160 "https://petpaloozahub.com/my-dashboard/" "Mozilla/5.0 (Windows NT 10.0; WOW64) AppleWebKit/537.36 (KHTML, like Gecko) Chrome/114.0.0.0 YaBrowser/22.7.0 Yowser/2.5 Safari/537.36"
185.247.137.130 - - [06/Mar/2026:17:40:08 +0000] "GET /wp-content/uploads/2024/10/cropped-IMG-151024-32x32.jpg HTTP/1.1" 200 1043 "https://petpaloozahub.com/favicon.ico" "Mozilla/5.0 (compatible; InternetMeasurement/1.0; +https://internet-measurement.com/)"
185.213.245.150 - - [06/Mar/2026:17:40:08 +0000] "GET /wp-content/uploads/redux/custom-fonts/fonts.css HTTP/1.1" 200 - "https://petpaloozahub.com/my-dashboard/?directory_action=profile" "Mozilla/5.0 (Windows NT 10.0; Win64; x64) AppleWebKit/537.36 (KHTML, like Gecko) Chrome/143.0.0.0 Safari/537.36"
45.133.170.203 - - [06/Mar/2026:17:40:08 +0000] "POST /wp-admin/admin-ajax.php HTTP/1.1" 200 63 "https://petpaloozahub.com/my-dashboard/?directory_action=profile" "Mozilla/5.0 (Windows NT 10.0; WOW64) AppleWebKit/537.36 (KHTML, like Gecko) Chrome/114.0.0.0 YaBrowser/22.7.0 Yowser/2.5 Safari/537.36"
45.133.170.203 - - [06/Mar/2026:17:40:10 +0000] "GET /author/car-keys-in-bedfordshire7000/?profile=true HTTP/1.1" 200 56481 "https://petpaloozahub.com/my-dashboard/?directory_action=profile" "Mozilla/5.0 (Windows NT 10.0; WOW64) AppleWebKit/537.36 (KHTML, like Gecko) Chrome/114.0.0.0 YaBrowser/22.7.0 Yowser/2.5 Safari/537.36"
194.53.140.121 - - [06/Mar/2026:17:40:11 +0000] "GET /author/car-keys-in-bedfordshire7000/?profile=true HTTP/1.1" 200 56473 "-" "Mozilla/5.0 (Windows NT 10.0; WOW64) AppleWebKit/537.36 (KHTML, like Gecko) Chrome/114.0.0.0 YaBrowser/22.7.0 Yowser/2.5 Safari/537.36"
85.208.96.206 - - [06/Mar/2026:17:40:17 +0000] "GET /3594567540.htm HTTP/1.1" 404 55224 "-" "Mozilla/5.0 (compatible; SemrushBot/7~bl; +http://www.semrush.com/bot.html)"
159.198.75.45 - - [06/Mar/2026:17:40:27 +0000] "POST /wp-cron.php?doing_wp_cron=1772818827.3863909244537353515625 HTTP/1.1" 200 - "-" "WordPress/6.9.1; https://petpaloozahub.com"
85.208.96.196 - - [06/Mar/2026:17:40:26 +0000] "GET /9897060972.htm HTTP/1.1" 404 55226 "-" "Mozilla/5.0 (compatible; SemrushBot/7~bl; +http://www.semrush.com/bot.html)"
185.191.171.9 - - [06/Mar/2026:17:40:32 +0000] "GET /3594569153.htm HTTP/1.1" 404 55226 "-" "Mozilla/5.0 (compatible; SemrushBot/7~bl; +http://www.semrush.com/bot.html)"
185.213.247.229 - - [06/Mar/2026:17:40:33 +0000] "GET /listings/adorable-20-week-old-poodle-puppies-double-the-love-double-the-fun/ HTTP/1.1" 200 65210 "https://petpaloozahub.com/" "Mozilla/5.0 (Windows NT 10.0; Win64; x64; Xbox; Xbox One) AppleWebKit/537.36 (KHTML, like Gecko) Chrome/114.0.0.0 Safari/537.36 Edge/44.18363.8131"
185.213.247.229 - - [06/Mar/2026:17:40:38 +0000] "GET /login/ HTTP/1.1" 200 57185 "https://petpaloozahub.com/listings/adorable-20-week-old-poodle-puppies-double-the-love-double-the-fun/" "Mozilla/5.0 (Windows NT 10.0; Win64; x64; Xbox; Xbox One) AppleWebKit/537.36 (KHTML, like Gecko) Chrome/114.0.0.0 Safari/537.36 Edge/44.18363.8131"
185.213.247.229 - - [06/Mar/2026:17:40:39 +0000] "GET /wp-content/uploads/elementor/css/post-100.css HTTP/1.1" 200 755 "https://petpaloozahub.com/login/" "Mozilla/5.0 (Windows NT 10.0; Win64; x64) AppleWebKit/537.36 (KHTML, like Gecko) Chrome/143.0.0.0 Safari/537.36"
185.213.247.229 - - [06/Mar/2026:17:40:40 +0000] "GET /wp-content/uploads/redux/custom-fonts/fonts.css HTTP/1.1" 200 - "https://petpaloozahub.com/login/" "Mozilla/5.0 (Windows NT 10.0; Win64; x64) AppleWebKit/537.36 (KHTML, like Gecko) Chrome/143.0.0.0 Safari/537.36"
185.213.246.57 - - [06/Mar/2026:17:40:40 +0000] "GET /wp-content/uploads/elementor/css/post-5409.css HTTP/1.1" 200 838 "https://petpaloozahub.com/login/" "Mozilla/5.0 (Windows NT 10.0; Win64; x64) AppleWebKit/537.36 (KHTML, like Gecko) Chrome/143.0.0.0 Safari/537.36"
185.213.247.229 - - [06/Mar/2026:17:40:41 +0000] "POST /?wpfb-form-ajax=submit HTTP/1.1" 200 102 "https://petpaloozahub.com/login/" "Mozilla/5.0 (Windows NT 10.0; Win64; x64; Xbox; Xbox One) AppleWebKit/537.36 (KHTML, like Gecko) Chrome/114.0.0.0 Safari/537.36 Edge/44.18363.8131"
57.141.2.41 - - [06/Mar/2026:17:40:43 +0000] "GET /author/pram-uk5322/?profile=true HTTP/1.1" 200 338989 "-" "meta-externalagent/1.1 (+https://developers.facebook.com/docs/sharing/webmasters/crawler)"
85.208.96.207 - - [06/Mar/2026:17:40:51 +0000] "GET /9897061218.htm HTTP/1.1" 404 55226 "-" "Mozilla/5.0 (compatible; SemrushBot/7~bl; +http://www.semrush.com/bot.html)"
185.191.171.15 - - [06/Mar/2026:17:40:55 +0000] "GET /26860148816.htm HTTP/1.1" 404 55227 "-" "Mozilla/5.0 (compatible; SemrushBot/7~bl; +http://www.semrush.com/bot.html)"
57.141.2.69 - - [06/Mar/2026:17:41:02 +0000] "GET /author/pram-uk5322/feed/ HTTP/1.1" 200 1147 "-" "meta-externalagent/1.1 (+https://developers.facebook.com/docs/sharing/webmasters/crawler)"
85.208.96.200 - - [06/Mar/2026:17:41:09 +0000] "GET /94746109969.htm HTTP/1.1" 404 55227 "-" "Mozilla/5.0 (compatible; SemrushBot/7~bl; +http://www.semrush.com/bot.html)"
185.191.171.16 - - [06/Mar/2026:17:41:19 +0000] "GET /35945124890.htm HTTP/1.1" 404 55227 "-" "Mozilla/5.0 (compatible; SemrushBot/7~bl; +http://www.semrush.com/bot.html)"
159.198.75.45 - - [06/Mar/2026:17:41:34 +0000] "POST /wp-cron.php?doing_wp_cron=1772818894.6443920135498046875000 HTTP/1.1" 200 - "-" "WordPress/6.9.1; https://petpaloozahub.com"
185.191.171.19 - - [06/Mar/2026:17:41:34 +0000] "GET /23009134900.htm HTTP/1.1" 404 55225 "-" "Mozilla/5.0 (compatible; SemrushBot/7~bl; +http://www.semrush.com/bot.html)"
185.191.171.10 - - [06/Mar/2026:17:41:39 +0000] "GET /3594567793.htm HTTP/1.1" 404 55226 "-" "Mozilla/5.0 (compatible; SemrushBot/7~bl; +http://www.semrush.com/bot.html)"
50.37.60.251 - - [06/Mar/2026:17:41:41 +0000] "GET /wp-content/uploads/2023/03/ei_1729175304894-removebg-preview.png HTTP/1.1" 200 171412 "https://buyall.us/" "Mozilla/5.0 (Windows NT 10.0; Win64; x64) AppleWebKit/537.36 (KHTML, like Gecko) Chrome/143.0.0.0 Safari/537.36"
185.191.171.6 - - [06/Mar/2026:17:41:42 +0000] "GET /3594564710.htm HTTP/1.1" 404 55225 "-" "Mozilla/5.0 (compatible; SemrushBot/7~bl; +http://www.semrush.com/bot.html)"
57.141.2.71 - - [06/Mar/2026:17:41:55 +0000] "GET /author/adhd-women-test1009/?profile=true HTTP/1.1" 200 338984 "-" "meta-externalagent/1.1 (+https://developers.facebook.com/docs/sharing/webmasters/crawler)"
185.191.171.17 - - [06/Mar/2026:17:42:10 +0000] "GET /2686029536.htm HTTP/1.1" 404 55226 "-" "Mozilla/5.0 (compatible; SemrushBot/7~bl; +http://www.semrush.com/bot.html)"
57.141.2.15 - - [06/Mar/2026:17:42:14 +0000] "GET /author/adhd-women-test1009/feed/ HTTP/1.1" 200 1171 "-" "meta-externalagent/1.1 (+https://developers.facebook.com/docs/sharing/webmasters/crawler)"
185.191.171.4 - - [06/Mar/2026:17:42:17 +0000] "GET /9897056773.htm HTTP/1.1" 404 55226 "-" "Mozilla/5.0 (compatible; SemrushBot/7~bl; +http://www.semrush.com/bot.html)"
159.198.75.45 - - [06/Mar/2026:17:42:37 +0000] "POST /wp-cron.php?doing_wp_cron=1772818957.1164999008178710937500 HTTP/1.1" 200 - "-" "WordPress/6.9.1; https://petpaloozahub.com"
85.208.96.202 - - [06/Mar/2026:17:42:36 +0000] "GET /9897010703.htm HTTP/1.1" 404 55226 "-" "Mozilla/5.0 (compatible; SemrushBot/7~bl; +http://www.semrush.com/bot.html)"
185.191.171.11 - - [06/Mar/2026:17:43:08 +0000] "GET /2686051175.htm HTTP/1.1" 404 55226 "-" "Mozilla/5.0 (compatible; SemrushBot/7~bl; +http://www.semrush.com/bot.html)"
85.208.96.209 - - [06/Mar/2026:17:43:11 +0000] "GET /3594547700.htm HTTP/1.1" 404 55226 "-" "Mozilla/5.0 (compatible; SemrushBot/7~bl; +http://www.semrush.com/bot.html)"
85.208.96.197 - - [06/Mar/2026:17:43:21 +0000] "GET /9897019458.htm HTTP/1.1" 404 55225 "-" "Mozilla/5.0 (compatible; SemrushBot/7~bl; +http://www.semrush.com/bot.html)"
159.198.75.45 - - [06/Mar/2026:17:43:28 +0000] "POST /wp-cron.php?doing_wp_cron=1772819008.5622079372406005859375 HTTP/1.1" 200 - "-" "WordPress/6.9.1; https://petpaloozahub.com"
85.208.96.211 - - [06/Mar/2026:17:43:27 +0000] "GET /3594570082.htm HTTP/1.1" 404 55225 "-" "Mozilla/5.0 (compatible; SemrushBot/7~bl; +http://www.semrush.com/bot.html)"
185.191.171.7 - - [06/Mar/2026:17:43:34 +0000] "GET /98970119033.htm HTTP/1.1" 404 55226 "-" "Mozilla/5.0 (compatible; SemrushBot/7~bl; +http://www.semrush.com/bot.html)"
85.208.96.207 - - [06/Mar/2026:17:43:37 +0000] "GET /9897010957.htm HTTP/1.1" 404 55226 "-" "Mozilla/5.0 (compatible; SemrushBot/7~bl; +http://www.semrush.com/bot.html)"
23.108.93.12 - - [06/Mar/2026:17:43:49 +0000] "GET /author/luther45w38249/?profile=true HTTP/1.1" 200 56577 "-" "Mozilla/5.0 (X11; Linux x86_64) AppleWebKit/537.36 (KHTML, like Gecko) Chrome/114.0.0.0 Safari/537.36 OPR/89.0.4447.51"
85.208.96.197 - - [06/Mar/2026:17:43:50 +0000] "GET /35945110757.htm HTTP/1.1" 404 55227 "-" "Mozilla/5.0 (compatible; SemrushBot/7~bl; +http://www.semrush.com/bot.html)"
159.198.75.45 - - [06/Mar/2026:17:44:28 +0000] "POST /wp-cron.php?doing_wp_cron=1772819068.5891389846801757812500 HTTP/1.1" 200 - "-" "WordPress/6.9.1; https://petpaloozahub.com"
185.191.171.16 - - [06/Mar/2026:17:44:25 +0000] "GET /9897010700.htm HTTP/1.1" 404 55225 "-" "Mozilla/5.0 (compatible; SemrushBot/7~bl; +http://www.semrush.com/bot.html)"
85.208.96.205 - - [06/Mar/2026:17:44:31 +0000] "GET /98970145241.htm HTTP/1.1" 404 55227 "-" "Mozilla/5.0 (compatible; SemrushBot/7~bl; +http://www.semrush.com/bot.html)"
185.191.171.13 - - [06/Mar/2026:17:44:37 +0000] "GET /3594523685.htm HTTP/1.1" 404 55226 "-" "Mozilla/5.0 (compatible; SemrushBot/7~bl; +http://www.semrush.com/bot.html)"
185.191.171.19 - - [06/Mar/2026:17:45:02 +0000] "GET /8112564671.htm HTTP/1.1" 404 55225 "-" "Mozilla/5.0 (compatible; SemrushBot/7~bl; +http://www.semrush.com/bot.html)"
185.191.171.14 - - [06/Mar/2026:17:45:07 +0000] "GET /3594516900.htm HTTP/1.1" 404 55225 "-" "Mozilla/5.0 (compatible; SemrushBot/7~bl; +http://www.semrush.com/bot.html)"
185.191.171.19 - - [06/Mar/2026:17:45:13 +0000] "GET /9897013692.htm HTTP/1.1" 404 55226 "-" "Mozilla/5.0 (compatible; SemrushBot/7~bl; +http://www.semrush.com/bot.html)"
72.189.20.100 - - [06/Mar/2026:17:45:23 +0000] "GET /wp-content/uploads/2023/03/ei_1729175304894-removebg-preview.png HTTP/1.1" 200 171412 "https://buyall.us/" "Mozilla/5.0 (Windows NT 10.0; Win64; x64) AppleWebKit/537.36 (KHTML, like Gecko) Chrome/144.0.0.0 Safari/537.36"
159.198.75.45 - - [06/Mar/2026:17:45:33 +0000] "POST /wp-cron.php?doing_wp_cron=1772819133.9006090164184570312500 HTTP/1.1" 200 - "-" "WordPress/6.9.1; https://petpaloozahub.com"
85.208.96.205 - - [06/Mar/2026:17:45:33 +0000] "GET /35945148279.htm HTTP/1.1" 404 55227 "-" "Mozilla/5.0 (compatible; SemrushBot/7~bl; +http://www.semrush.com/bot.html)"
85.208.96.196 - - [06/Mar/2026:17:45:35 +0000] "GET /3594568498.htm HTTP/1.1" 404 55226 "-" "Mozilla/5.0 (compatible; SemrushBot/7~bl; +http://www.semrush.com/bot.html)"
185.191.171.16 - - [06/Mar/2026:17:45:38 +0000] "GET /8112531769.htm HTTP/1.1" 404 55226 "-" "Mozilla/5.0 (compatible; SemrushBot/7~bl; +http://www.semrush.com/bot.html)"
185.191.171.10 - - [06/Mar/2026:17:45:44 +0000] "GET /9897017901.htm HTTP/1.1" 404 55225 "-" "Mozilla/5.0 (compatible; SemrushBot/7~bl; +http://www.semrush.com/bot.html)"
85.208.96.211 - - [06/Mar/2026:17:45:49 +0000] "GET /10217147643.htm HTTP/1.1" 404 55226 "-" "Mozilla/5.0 (compatible; SemrushBot/7~bl; +http://www.semrush.com/bot.html)"
218.152.33.179 - - [06/Mar/2026:17:45:52 +0000] "GET /register/ HTTP/1.1" 200 57029 "https://petpaloozahub.com/" "Mozilla/5.0 (X11; Linux i686) AppleWebKit/537.36 (KHTML, like Gecko) Chrome/114.0.0.0 Safari/537.36 Vivaldi/5.3.2679.68"
218.152.33.179 - - [06/Mar/2026:17:45:58 +0000] "GET /login/ HTTP/1.1" 200 57146 "https://petpaloozahub.com/register/" "Mozilla/5.0 (X11; Linux i686) AppleWebKit/537.36 (KHTML, like Gecko) Chrome/114.0.0.0 Safari/537.36 Vivaldi/5.3.2679.68"
218.152.33.179 - - [06/Mar/2026:17:46:00 +0000] "GET /wp-content/plugins/designinvento-elementor-widgets/assets/css/user-menu.css HTTP/1.1" 200 904 "https://petpaloozahub.com/login/" "Mozilla/5.0 (Windows NT 10.0; Win64; x64) AppleWebKit/537.36 (KHTML, like Gecko) Chrome/143.0.0.0 Safari/537.36"
218.152.33.179 - - [06/Mar/2026:17:46:01 +0000] "GET /wp-content/plugins/designinvento-elementor-widgets/assets/css/nav-menu.css HTTP/1.1" 200 239 "https://petpaloozahub.com/login/" "Mozilla/5.0 (Windows NT 10.0; Win64; x64) AppleWebKit/537.36 (KHTML, like Gecko) Chrome/143.0.0.0 Safari/537.36"
218.152.33.179 - - [06/Mar/2026:17:46:03 +0000] "GET /wp-content/plugins/header-footer-builder/assets/public/css/frontend.css HTTP/1.1" 200 7681 "https://petpaloozahub.com/login/" "Mozilla/5.0 (Windows NT 10.0; Win64; x64) AppleWebKit/537.36 (KHTML, like Gecko) Chrome/143.0.0.0 Safari/537.36"
185.191.171.19 - - [06/Mar/2026:17:46:04 +0000] "GET /9897048086.htm HTTP/1.1" 404 55226 "-" "Mozilla/5.0 (compatible; SemrushBot/7~bl; +http://www.semrush.com/bot.html)"
218.152.33.179 - - [06/Mar/2026:17:46:04 +0000] "GET /wp-includes/css/dashicons.min.css HTTP/1.1" 200 35721 "https://petpaloozahub.com/login/" "Mozilla/5.0 (Windows NT 10.0; Win64; x64) AppleWebKit/537.36 (KHTML, like Gecko) Chrome/143.0.0.0 Safari/537.36"
218.152.33.179 - - [06/Mar/2026:17:46:06 +0000] "GET /wp-content/plugins/bp-verified-member/assets/css/style.css HTTP/1.1" 200 2004 "https://petpaloozahub.com/login/" "Mozilla/5.0 (Windows NT 10.0; Win64; x64) AppleWebKit/537.36 (KHTML, like Gecko) Chrome/143.0.0.0 Safari/537.36"
218.152.33.179 - - [06/Mar/2026:17:46:07 +0000] "GET /wp-content/themes/classiadspro/styles/css/bootstrap.min.css HTTP/1.1" 200 33777 "https://petpaloozahub.com/login/" "Mozilla/5.0 (Windows NT 10.0; Win64; x64) AppleWebKit/537.36 (KHTML, like Gecko) Chrome/143.0.0.0 Safari/537.36"
218.152.33.179 - - [06/Mar/2026:17:46:08 +0000] "GET /wp-content/themes/classiadspro/styles/css/slick/slick.css HTTP/1.1" 200 569 "https://petpaloozahub.com/login/" "Mozilla/5.0 (Windows NT 10.0; Win64; x64) AppleWebKit/537.36 (KHTML, like Gecko) Chrome/143.0.0.0 Safari/537.36"
218.152.33.179 - - [06/Mar/2026:17:46:09 +0000] "GET /wp-content/themes/classiadspro/styles/css/slick/slick-theme.css HTTP/1.1" 200 866 "https://petpaloozahub.com/login/" "Mozilla/5.0 (Windows NT 10.0; Win64; x64) AppleWebKit/537.36 (KHTML, like Gecko) Chrome/143.0.0.0 Safari/537.36"
218.152.33.179 - - [06/Mar/2026:17:46:10 +0000] "GET /wp-content/themes/classiadspro/styles/material-icons/material-icons.min.css HTTP/1.1" 200 43656 "https://petpaloozahub.com/login/" "Mozilla/5.0 (Windows NT 10.0; Win64; x64) AppleWebKit/537.36 (KHTML, like Gecko) Chrome/143.0.0.0 Safari/537.36"
218.152.33.179 - - [06/Mar/2026:17:46:12 +0000] "GET /wp-content/themes/classiadspro/styles/css/select2.css HTTP/1.1" 200 2707 "https://petpaloozahub.com/login/" "Mozilla/5.0 (Windows NT 10.0; Win64; x64) AppleWebKit/537.36 (KHTML, like Gecko) Chrome/143.0.0.0 Safari/537.36"
218.152.33.179 - - [06/Mar/2026:17:46:13 +0000] "GET /wp-content/themes/classiadspro/styles/css/pacz-styles.css HTTP/1.1" 200 25759 "https://petpaloozahub.com/login/" "Mozilla/5.0 (Windows NT 10.0; Win64; x64) AppleWebKit/537.36 (KHTML, like Gecko) Chrome/143.0.0.0 Safari/537.36"
218.152.33.179 - - [06/Mar/2026:17:46:15 +0000] "GET /wp-content/themes/classiadspro/styles/css/post.css HTTP/1.1" 200 7353 "https://petpaloozahub.com/login/" "Mozilla/5.0 (Windows NT 10.0; Win64; x64) AppleWebKit/537.36 (KHTML, like Gecko) Chrome/143.0.0.0 Safari/537.36"
218.152.33.179 - - [06/Mar/2026:17:46:16 +0000] "GET /wp-content/themes/classiadspro/styles/css/shortcode/common-shortcode.css HTTP/1.1" 200 1190 "https://petpaloozahub.com/login/" "Mozilla/5.0 (Windows NT 10.0; Win64; x64) AppleWebKit/537.36 (KHTML, like Gecko) Chrome/143.0.0.0 Safari/537.36"
218.152.33.179 - - [06/Mar/2026:17:46:17 +0000] "GET /wp-content/themes/classiadspro/styles/css/fonticon-custom.min.css HTTP/1.1" 200 17773 "https://petpaloozahub.com/login/" "Mozilla/5.0 (Windows NT 10.0; Win64; x64) AppleWebKit/537.36 (KHTML, like Gecko) Chrome/143.0.0.0 Safari/537.36"
218.152.33.179 - - [06/Mar/2026:17:46:19 +0000] "GET /wp-content/themes/classiadspro/directorypress/assets/css/common.css HTTP/1.1" 200 14557 "https://petpaloozahub.com/login/" "Mozilla/5.0 (Windows NT 10.0; Win64; x64) AppleWebKit/537.36 (KHTML, like Gecko) Chrome/143.0.0.0 Safari/537.36"
218.152.33.179 - - [06/Mar/2026:17:46:23 +0000] "GET /wp-includes/css/buttons.min.css HTTP/1.1" 200 1470 "https://petpaloozahub.com/login/" "Mozilla/5.0 (Windows NT 10.0; Win64; x64) AppleWebKit/537.36 (KHTML, like Gecko) Chrome/143.0.0.0 Safari/537.36"
218.152.33.179 - - [06/Mar/2026:17:46:24 +0000] "GET /wp-includes/js/mediaelement/mediaelementplayer-legacy.min.css HTTP/1.1" 200 2592 "https://petpaloozahub.com/login/" "Mozilla/5.0 (Windows NT 10.0; Win64; x64) AppleWebKit/537.36 (KHTML, like Gecko) Chrome/143.0.0.0 Safari/537.36"
218.152.33.179 - - [06/Mar/2026:17:46:25 +0000] "GET /wp-includes/js/mediaelement/wp-mediaelement.min.css HTTP/1.1" 200 1156 "https://petpaloozahub.com/login/" "Mozilla/5.0 (Windows NT 10.0; Win64; x64) AppleWebKit/537.36 (KHTML, like Gecko) Chrome/143.0.0.0 Safari/537.36"
218.152.33.179 - - [06/Mar/2026:17:46:26 +0000] "GET /wp-includes/css/media-views.min.css HTTP/1.1" 200 8721 "https://petpaloozahub.com/login/" "Mozilla/5.0 (Windows NT 10.0; Win64; x64) AppleWebKit/537.36 (KHTML, like Gecko) Chrome/143.0.0.0 Safari/537.36"
218.152.33.179 - - [06/Mar/2026:17:46:27 +0000] "GET /wp-includes/js/imgareaselect/imgareaselect.css HTTP/1.1" 200 265 "https://petpaloozahub.com/login/" "Mozilla/5.0 (Windows NT 10.0; Win64; x64) AppleWebKit/537.36 (KHTML, like Gecko) Chrome/143.0.0.0 Safari/537.36"
218.152.33.179 - - [06/Mar/2026:17:46:29 +0000] "GET /wp-content/plugins/dicode-icons-pack/assets/elegant/elegant-icons.min.css HTTP/1.1" 200 3995 "https://petpaloozahub.com/login/" "Mozilla/5.0 (Windows NT 10.0; Win64; x64) AppleWebKit/537.36 (KHTML, like Gecko) Chrome/143.0.0.0 Safari/537.36"
218.152.33.179 - - [06/Mar/2026:17:46:30 +0000] "GET /wp-content/plugins/dicode-icons-pack/assets/linearicons/linearicons.min.css HTTP/1.1" 200 1577 "https://petpaloozahub.com/login/" "Mozilla/5.0 (Windows NT 10.0; Win64; x64) AppleWebKit/537.36 (KHTML, like Gecko) Chrome/143.0.0.0 Safari/537.36"
218.152.33.179 - - [06/Mar/2026:17:46:31 +0000] "GET /wp-content/plugins/dicode-icons-pack/assets/themify/themify.min.css HTTP/1.1" 200 2824 "https://petpaloozahub.com/login/" "Mozilla/5.0 (Windows NT 10.0; Win64; x64) AppleWebKit/537.36 (KHTML, like Gecko) Chrome/143.0.0.0 Safari/537.36"
218.152.33.179 - - [06/Mar/2026:17:46:32 +0000] "GET /wp-content/plugins/directorypress-frontend-messages/assets/css/style.css HTTP/1.1" 200 4380 "https://petpaloozahub.com/login/" "Mozilla/5.0 (Windows NT 10.0; Win64; x64) AppleWebKit/537.36 (KHTML, like Gecko) Chrome/143.0.0.0 Safari/537.36"
218.152.33.179 - - [06/Mar/2026:17:46:35 +0000] "GET /wp-content/plugins/directorypress-frontend-messages/assets/css/common-style.css HTTP/1.1" 200 471 "https://petpaloozahub.com/login/" "Mozilla/5.0 (Windows NT 10.0; Win64; x64) AppleWebKit/537.36 (KHTML, like Gecko) Chrome/143.0.0.0 Safari/537.36"
218.152.33.179 - - [06/Mar/2026:17:46:36 +0000] "GET /wp-content/plugins/directorypress-frontend-messages/public/css/directorypress-frontend-messages-public.css HTTP/1.1" 200 106 "https://petpaloozahub.com/login/" "Mozilla/5.0 (Windows NT 10.0; Win64; x64) AppleWebKit/537.36 (KHTML, like Gecko) Chrome/143.0.0.0 Safari/537.36"
218.152.33.179 - - [06/Mar/2026:17:46:37 +0000] "GET /wp-content/plugins/directorypress-maps/assets/css/map.css HTTP/1.1" 200 1667 "https://petpaloozahub.com/login/" "Mozilla/5.0 (Windows NT 10.0; Win64; x64) AppleWebKit/537.36 (KHTML, like Gecko) Chrome/143.0.0.0 Safari/537.36"
218.152.33.179 - - [06/Mar/2026:17:46:38 +0000] "GET /wp-content/plugins/directorypress-claim-listing/assets/css/style.css HTTP/1.1" 200 106 "https://petpaloozahub.com/login/" "Mozilla/5.0 (Windows NT 10.0; Win64; x64) AppleWebKit/537.36 (KHTML, like Gecko) Chrome/143.0.0.0 Safari/537.36"
159.198.75.45 - - [06/Mar/2026:17:46:41 +0000] "POST /wp-cron.php?doing_wp_cron=1772819201.9309849739074707031250 HTTP/1.1" 200 - "-" "WordPress/6.9.1; https://petpaloozahub.com"
57.141.2.28 - - [06/Mar/2026:17:46:39 +0000] "GET /author/justinaraujo8/?profile=true HTTP/1.1" 200 339816 "-" "meta-externalagent/1.1 (+https://developers.facebook.com/docs/sharing/webmasters/crawler)"
218.152.33.179 - - [06/Mar/2026:17:46:43 +0000] "GET /wp-content/plugins/directorypress-frontend/assets/css/directorypress-frontend-public.css HTTP/1.1" 200 13698 "https://petpaloozahub.com/login/" "Mozilla/5.0 (Windows NT 10.0; Win64; x64) AppleWebKit/537.36 (KHTML, like Gecko) Chrome/143.0.0.0 Safari/537.36"
218.152.33.179 - - [06/Mar/2026:17:46:44 +0000] "GET /wp-content/plugins/directorypress/assets/css/jqueryui/themes/smoothness/jquery-ui.min.css HTTP/1.1" 200 7688 "https://petpaloozahub.com/login/" "Mozilla/5.0 (Windows NT 10.0; Win64; x64) AppleWebKit/537.36 (KHTML, like Gecko) Chrome/143.0.0.0 Safari/537.36"
218.152.33.179 - - [06/Mar/2026:17:46:45 +0000] "GET /wp-content/plugins/directorypress/assets/lib/fontawesome/css/all.min.css HTTP/1.1" 200 12355 "https://petpaloozahub.com/login/" "Mozilla/5.0 (Windows NT 10.0; Win64; x64) AppleWebKit/537.36 (KHTML, like Gecko) Chrome/143.0.0.0 Safari/537.36"
57.141.2.67 - - [06/Mar/2026:17:46:45 +0000] "GET /listings-2/pets-category/dog/ HTTP/1.1" 404 337314 "-" "meta-externalagent/1.1 (+https://developers.facebook.com/docs/sharing/webmasters/crawler)"
218.152.33.179 - - [06/Mar/2026:17:46:47 +0000] "GET /wp-content/plugins/directorypress/assets/lib/slick-carousel/css/slick.css HTTP/1.1" 200 569 "https://petpaloozahub.com/login/" "Mozilla/5.0 (Windows NT 10.0; Win64; x64) AppleWebKit/537.36 (KHTML, like Gecko) Chrome/143.0.0.0 Safari/537.36"
218.152.33.179 - - [06/Mar/2026:17:46:48 +0000] "GET /wp-content/plugins/directorypress/assets/lib/slick-carousel/css/slick-theme.css HTTP/1.1" 200 866 "https://petpaloozahub.com/login/" "Mozilla/5.0 (Windows NT 10.0; Win64; x64) AppleWebKit/537.36 (KHTML, like Gecko) Chrome/143.0.0.0 Safari/537.36"
218.152.33.179 - - [06/Mar/2026:17:46:49 +0000] "GET /wp-content/plugins/directorypress/assets/css/directorypress-search.css HTTP/1.1" 200 4472 "https://petpaloozahub.com/login/" "Mozilla/5.0 (Windows NT 10.0; Win64; x64) AppleWebKit/537.36 (KHTML, like Gecko) Chrome/143.0.0.0 Safari/537.36"
218.152.33.179 - - [06/Mar/2026:17:46:51 +0000] "GET /wp-content/plugins/directorypress/assets/css/style.css HTTP/1.1" 200 14221 "https://petpaloozahub.com/login/" "Mozilla/5.0 (Windows NT 10.0; Win64; x64) AppleWebKit/537.36 (KHTML, like Gecko) Chrome/143.0.0.0 Safari/537.36"
218.152.33.179 - - [06/Mar/2026:17:46:53 +0000] "GET /wp-content/plugins/revslider/public/css/sr7.css HTTP/1.1" 200 1569 "https://petpaloozahub.com/login/" "Mozilla/5.0 (Windows NT 10.0; Win64; x64) AppleWebKit/537.36 (KHTML, like Gecko) Chrome/143.0.0.0 Safari/537.36"
218.152.33.179 - - [06/Mar/2026:17:46:54 +0000] "GET /wp-content/themes/classiadspro/styles/css/pacz-woocommerce.css HTTP/1.1" 200 9762 "https://petpaloozahub.com/login/" "Mozilla/5.0 (Windows NT 10.0; Win64; x64) AppleWebKit/537.36 (KHTML, like Gecko) Chrome/143.0.0.0 Safari/537.36"
218.152.33.179 - - [06/Mar/2026:17:46:55 +0000] "GET /wp-content/plugins/form-builder-wp/assets/css/style.css HTTP/1.1" 200 4028 "https://petpaloozahub.com/login/" "Mozilla/5.0 (Windows NT 10.0; Win64; x64) AppleWebKit/537.36 (KHTML, like Gecko) Chrome/143.0.0.0 Safari/537.36"
85.208.96.198 - - [06/Mar/2026:17:46:55 +0000] "GET /94746135162.htm HTTP/1.1" 404 55226 "-" "Mozilla/5.0 (compatible; SemrushBot/7~bl; +http://www.semrush.com/bot.html)"
218.152.33.179 - - [06/Mar/2026:17:46:56 +0000] "GET /wp-content/plugins/header-footer-builder/assets/public/css/header-footer-builder.css HTTP/1.1" 200 425 "https://petpaloozahub.com/login/" "Mozilla/5.0 (Windows NT 10.0; Win64; x64) AppleWebKit/537.36 (KHTML, like Gecko) Chrome/143.0.0.0 Safari/537.36"
218.152.33.179 - - [06/Mar/2026:17:46:57 +0000] "GET /wp-content/plugins/elementor/assets/lib/eicons/css/elementor-icons.min.css HTTP/1.1" 200 4429 "https://petpaloozahub.com/login/" "Mozilla/5.0 (Windows NT 10.0; Win64; x64) AppleWebKit/537.36 (KHTML, like Gecko) Chrome/143.0.0.0 Safari/537.36"
218.152.33.179 - - [06/Mar/2026:17:46:58 +0000] "GET /wp-content/plugins/elementor/assets/css/frontend.min.css HTTP/1.1" 200 7271 "https://petpaloozahub.com/login/" "Mozilla/5.0 (Windows NT 10.0; Win64; x64) AppleWebKit/537.36 (KHTML, like Gecko) Chrome/143.0.0.0 Safari/537.36"
218.152.33.179 - - [06/Mar/2026:17:46:59 +0000] "GET /wp-content/uploads/elementor/css/post-7.css HTTP/1.1" 200 376 "https://petpaloozahub.com/login/" "Mozilla/5.0 (Windows NT 10.0; Win64; x64) AppleWebKit/537.36 (KHTML, like Gecko) Chrome/143.0.0.0 Safari/537.36"
218.152.33.179 - - [06/Mar/2026:17:47:00 +0000] "GET /wp-content/plugins/elementor/assets/css/widget-spacer.min.css HTTP/1.1" 200 338 "https://petpaloozahub.com/login/" "Mozilla/5.0 (Windows NT 10.0; Win64; x64) AppleWebKit/537.36 (KHTML, like Gecko) Chrome/143.0.0.0 Safari/537.36"
57.141.2.62 - - [06/Mar/2026:17:46:59 +0000] "GET /author/darcythorton7/?profile=true HTTP/1.1" 200 338795 "-" "meta-externalagent/1.1 (+https://developers.facebook.com/docs/sharing/webmasters/crawler)"
218.152.33.179 - - [06/Mar/2026:17:47:01 +0000] "GET /wp-content/plugins/elementor/assets/css/widget-image.min.css HTTP/1.1" 200 135 "https://petpaloozahub.com/login/" "Mozilla/5.0 (Windows NT 10.0; Win64; x64) AppleWebKit/537.36 (KHTML, like Gecko) Chrome/143.0.0.0 Safari/537.36"
218.152.33.179 - - [06/Mar/2026:17:47:02 +0000] "GET /wp-content/uploads/elementor/css/post-100.css HTTP/1.1" 200 755 "https://petpaloozahub.com/login/" "Mozilla/5.0 (Windows NT 10.0; Win64; x64) AppleWebKit/537.36 (KHTML, like Gecko) Chrome/143.0.0.0 Safari/537.36"
218.152.33.179 - - [06/Mar/2026:17:47:03 +0000] "GET /wp-content/uploads/elementor/css/post-10242.css HTTP/1.1" 200 1873 "https://petpaloozahub.com/login/" "Mozilla/5.0 (Windows NT 10.0; Win64; x64) AppleWebKit/537.36 (KHTML, like Gecko) Chrome/143.0.0.0 Safari/537.36"
218.152.33.179 - - [06/Mar/2026:17:47:05 +0000] "GET /wp-content/uploads/elementor/css/post-9685.css HTTP/1.1" 200 1707 "https://petpaloozahub.com/login/" "Mozilla/5.0 (Windows NT 10.0; Win64; x64) AppleWebKit/537.36 (KHTML, like Gecko) Chrome/143.0.0.0 Safari/537.36"
218.152.33.179 - - [06/Mar/2026:17:47:06 +0000] "GET /wp-content/plugins/header-footer-builder/assets/public/css/menu.css HTTP/1.1" 200 7534 "https://petpaloozahub.com/login/" "Mozilla/5.0 (Windows NT 10.0; Win64; x64) AppleWebKit/537.36 (KHTML, like Gecko) Chrome/143.0.0.0 Safari/537.36"
218.152.33.179 - - [06/Mar/2026:17:47:08 +0000] "GET /wp-content/plugins/directorypress/reviews/css/jquery.raty.css HTTP/1.1" 200 756 "https://petpaloozahub.com/login/" "Mozilla/5.0 (Windows NT 10.0; Win64; x64) AppleWebKit/537.36 (KHTML, like Gecko) Chrome/143.0.0.0 Safari/537.36"
218.152.33.179 - - [06/Mar/2026:17:47:09 +0000] "GET /wp-content/themes/classiadspro/style.css HTTP/1.1" 200 636 "https://petpaloozahub.com/login/" "Mozilla/5.0 (Windows NT 10.0; Win64; x64) AppleWebKit/537.36 (KHTML, like Gecko) Chrome/143.0.0.0 Safari/537.36"
218.152.33.179 - - [06/Mar/2026:17:47:10 +0000] "GET /wp-content/themes/classiadspro/custom.css HTTP/1.1" 200 27 "https://petpaloozahub.com/login/" "Mozilla/5.0 (Windows NT 10.0; Win64; x64) AppleWebKit/537.36 (KHTML, like Gecko) Chrome/143.0.0.0 Safari/537.36"
218.152.33.179 - - [06/Mar/2026:17:47:11 +0000] "GET /wp-content/uploads/classiadspro_assets/classiadspro-dynamic.css HTTP/1.1" 200 8224 "https://petpaloozahub.com/login/" "Mozilla/5.0 (Windows NT 10.0; Win64; x64) AppleWebKit/537.36 (KHTML, like Gecko) Chrome/143.0.0.0 Safari/537.36"
218.152.33.179 - - [06/Mar/2026:17:47:12 +0000] "GET /wp-content/plugins/directorypress/assets/css/custom.css HTTP/1.1" 200 27 "https://petpaloozahub.com/login/" "Mozilla/5.0 (Windows NT 10.0; Win64; x64) AppleWebKit/537.36 (KHTML, like Gecko) Chrome/143.0.0.0 Safari/537.36"
218.152.33.179 - - [06/Mar/2026:17:47:13 +0000] "GET /wp-content/uploads/elementor/google-fonts/css/roboto.css HTTP/1.1" 200 2869 "https://petpaloozahub.com/login/" "Mozilla/5.0 (Windows NT 10.0; Win64; x64) AppleWebKit/537.36 (KHTML, like Gecko) Chrome/143.0.0.0 Safari/537.36"
218.152.33.179 - - [06/Mar/2026:17:47:14 +0000] "GET /wp-content/uploads/elementor/google-fonts/css/robotoslab.css HTTP/1.1" 200 961 "https://petpaloozahub.com/login/" "Mozilla/5.0 (Windows NT 10.0; Win64; x64) AppleWebKit/537.36 (KHTML, like Gecko) Chrome/143.0.0.0 Safari/537.36"
218.152.33.179 - - [06/Mar/2026:17:47:15 +0000] "GET /wp-content/uploads/elementor/google-fonts/css/lexenddeca.css HTTP/1.1" 200 629 "https://petpaloozahub.com/login/" "Mozilla/5.0 (Windows NT 10.0; Win64; x64) AppleWebKit/537.36 (KHTML, like Gecko) Chrome/143.0.0.0 Safari/537.36"
85.208.96.193 - - [06/Mar/2026:17:47:16 +0000] "GET /9897025227.htm HTTP/1.1" 404 55226 "-" "Mozilla/5.0 (compatible; SemrushBot/7~bl; +http://www.semrush.com/bot.html)"
218.152.33.179 - - [06/Mar/2026:17:47:16 +0000] "GET /wp-content/uploads/elementor/google-fonts/css/poppins.css HTTP/1.1" 200 730 "https://petpaloozahub.com/login/" "Mozilla/5.0 (Windows NT 10.0; Win64; x64) AppleWebKit/537.36 (KHTML, like Gecko) Chrome/143.0.0.0 Safari/537.36"
218.152.33.179 - - [06/Mar/2026:17:47:17 +0000] "GET /wp-content/plugins/elementor/assets/lib/font-awesome/css/fontawesome.min.css HTTP/1.1" 200 12617 "https://petpaloozahub.com/login/" "Mozilla/5.0 (Windows NT 10.0; Win64; x64) AppleWebKit/537.36 (KHTML, like Gecko) Chrome/143.0.0.0 Safari/537.36"
218.152.33.179 - - [06/Mar/2026:17:47:20 +0000] "GET /wp-content/plugins/elementor/assets/lib/font-awesome/css/solid.min.css HTTP/1.1" 200 309 "https://petpaloozahub.com/login/" "Mozilla/5.0 (Windows NT 10.0; Win64; x64) AppleWebKit/537.36 (KHTML, like Gecko) Chrome/143.0.0.0 Safari/537.36"
218.152.33.179 - - [06/Mar/2026:17:47:21 +0000] "GET /wp-content/plugins/elementor/assets/lib/font-awesome/css/brands.min.css HTTP/1.1" 200 308 "https://petpaloozahub.com/login/" "Mozilla/5.0 (Windows NT 10.0; Win64; x64) AppleWebKit/537.36 (KHTML, like Gecko) Chrome/143.0.0.0 Safari/537.36"
218.152.33.179 - - [06/Mar/2026:17:47:22 +0000] "GET /wp-content/plugins/woocommerce/assets/client/blocks/wc-blocks.css HTTP/1.1" 200 2618 "https://petpaloozahub.com/login/" "Mozilla/5.0 (Windows NT 10.0; Win64; x64) AppleWebKit/537.36 (KHTML, like Gecko) Chrome/143.0.0.0 Safari/537.36"
218.152.33.179 - - [06/Mar/2026:17:47:23 +0000] "GET /wp-content/uploads/redux/custom-fonts/fonts.css HTTP/1.1" 200 - "https://petpaloozahub.com/login/" "Mozilla/5.0 (Windows NT 10.0; Win64; x64) AppleWebKit/537.36 (KHTML, like Gecko) Chrome/143.0.0.0 Safari/537.36"
218.152.33.179 - - [06/Mar/2026:17:47:25 +0000] "GET /wp-content/uploads/elementor/css/post-5409.css HTTP/1.1" 200 838 "https://petpaloozahub.com/login/" "Mozilla/5.0 (Windows NT 10.0; Win64; x64) AppleWebKit/537.36 (KHTML, like Gecko) Chrome/143.0.0.0 Safari/537.36"
159.198.75.45 - - [06/Mar/2026:17:47:25 +0000] "POST /wp-cron.php?doing_wp_cron=1772819245.6078379154205322265625 HTTP/1.1" 200 - "-" "WordPress/6.9.1; https://petpaloozahub.com"
185.191.171.12 - - [06/Mar/2026:17:47:24 +0000] "GET /9897014274.htm HTTP/1.1" 404 55225 "-" "Mozilla/5.0 (compatible; SemrushBot/7~bl; +http://www.semrush.com/bot.html)"
218.152.33.179 - - [06/Mar/2026:17:47:26 +0000] "GET /wp-content/plugins/elementor/assets/css/widget-heading.min.css HTTP/1.1" 200 160 "https://petpaloozahub.com/login/" "Mozilla/5.0 (Windows NT 10.0; Win64; x64) AppleWebKit/537.36 (KHTML, like Gecko) Chrome/143.0.0.0 Safari/537.36"
218.152.33.179 - - [06/Mar/2026:17:47:27 +0000] "GET /wp-content/uploads/directorypress_assets/directorypress-dynamic.css HTTP/1.1" 200 6302 "https://petpaloozahub.com/login/" "Mozilla/5.0 (Windows NT 10.0; Win64; x64) AppleWebKit/537.36 (KHTML, like Gecko) Chrome/143.0.0.0 Safari/537.36"
85.208.96.196 - - [06/Mar/2026:17:47:27 +0000] "GET /9897015568.htm HTTP/1.1" 404 55224 "-" "Mozilla/5.0 (compatible; SemrushBot/7~bl; +http://www.semrush.com/bot.html)"
218.152.33.179 - - [06/Mar/2026:17:47:30 +0000] "GET /wp-content/plugins/elementor/assets/css/widget-divider.min.css HTTP/1.1" 200 741 "https://petpaloozahub.com/login/" "Mozilla/5.0 (Windows NT 10.0; Win64; x64) AppleWebKit/537.36 (KHTML, like Gecko) Chrome/143.0.0.0 Safari/537.36"
218.152.33.179 - - [06/Mar/2026:17:47:34 +0000] "GET /wp-content/plugins/elementor/assets/css/widget-social-icons.min.css HTTP/1.1" 200 1142 "https://petpaloozahub.com/login/" "Mozilla/5.0 (Windows NT 10.0; Win64; x64) AppleWebKit/537.36 (KHTML, like Gecko) Chrome/143.0.0.0 Safari/537.36"
85.208.96.212 - - [06/Mar/2026:17:47:35 +0000] "GET /3594572689.htm HTTP/1.1" 404 55226 "-" "Mozilla/5.0 (compatible; SemrushBot/7~bl; +http://www.semrush.com/bot.html)"
218.152.33.179 - - [06/Mar/2026:17:47:38 +0000] "GET /wp-content/plugins/elementor/assets/css/conditionals/apple-webkit.min.css HTTP/1.1" 200 547 "https://petpaloozahub.com/login/" "Mozilla/5.0 (Windows NT 10.0; Win64; x64) AppleWebKit/537.36 (KHTML, like Gecko) Chrome/143.0.0.0 Safari/537.36"
218.152.33.179 - - [06/Mar/2026:17:47:39 +0000] "GET /wp-content/uploads/elementor/google-fonts/css/lato.css HTTP/1.1" 200 598 "https://petpaloozahub.com/login/" "Mozilla/5.0 (Windows NT 10.0; Win64; x64) AppleWebKit/537.36 (KHTML, like Gecko) Chrome/143.0.0.0 Safari/537.36"
185.191.171.1 - - [06/Mar/2026:17:47:40 +0000] "GET /35945147462.htm HTTP/1.1" 404 55225 "-" "Mozilla/5.0 (compatible; SemrushBot/7~bl; +http://www.semrush.com/bot.html)"
218.152.33.179 - - [06/Mar/2026:17:47:40 +0000] "POST /login/ HTTP/1.1" 200 57140 "https://petpaloozahub.com/login/" "Mozilla/5.0 (X11; Linux i686) AppleWebKit/537.36 (KHTML, like Gecko) Chrome/114.0.0.0 Safari/537.36 Vivaldi/5.3.2679.68"
218.152.33.179 - - [06/Mar/2026:17:47:44 +0000] "GET /groups%22%22/ HTTP/1.1" 404 55223 "https://petpaloozahub.com/login/" "Mozilla/5.0 (X11; Linux i686) AppleWebKit/537.36 (KHTML, like Gecko) Chrome/114.0.0.0 Safari/537.36 Vivaldi/5.3.2679.68"
218.152.33.179 - - [06/Mar/2026:17:47:49 +0000] "GET /members%22%22/kateocasio1982/activity HTTP/1.1" 404 55242 "https://petpaloozahub.com/register/" "Mozilla/5.0 (X11; Linux i686) AppleWebKit/537.36 (KHTML, like Gecko) Chrome/114.0.0.0 Safari/537.36 Vivaldi/5.3.2679.68"
218.152.33.179 - - [06/Mar/2026:17:47:52 +0000] "GET /wp-includes/css/dist/block-library/style.min.css HTTP/1.1" 200 15916 "https://petpaloozahub.com/members%22%22/kateocasio1982/activity" "Mozilla/5.0 (Windows NT 10.0; Win64; x64) AppleWebKit/537.36 (KHTML, like Gecko) Chrome/143.0.0.0 Safari/537.36"
218.152.33.179 - - [06/Mar/2026:17:47:54 +0000] "GET /wp-content/uploads/redux/custom-fonts/fonts.css HTTP/1.1" 200 - "https://petpaloozahub.com/members%22%22/kateocasio1982/activity" "Mozilla/5.0 (Windows NT 10.0; Win64; x64) AppleWebKit/537.36 (KHTML, like Gecko) Chrome/143.0.0.0 Safari/537.36"
185.191.171.6 - - [06/Mar/2026:17:47:53 +0000] "GET /98970119379.htm HTTP/1.1" 404 55227 "-" "Mozilla/5.0 (compatible; SemrushBot/7~bl; +http://www.semrush.com/bot.html)"
218.152.33.179 - - [06/Mar/2026:17:47:55 +0000] "GET /wp-content/uploads/elementor/css/post-9622.css HTTP/1.1" 200 385 "https://petpaloozahub.com/members%22%22/kateocasio1982/activity" "Mozilla/5.0 (Windows NT 10.0; Win64; x64) AppleWebKit/537.36 (KHTML, like Gecko) Chrome/143.0.0.0 Safari/537.36"
85.208.96.193 - - [06/Mar/2026:17:47:56 +0000] "GET /3594518388.htm HTTP/1.1" 404 55226 "-" "Mozilla/5.0 (compatible; SemrushBot/7~bl; +http://www.semrush.com/bot.html)"
218.152.33.179 - - [06/Mar/2026:17:47:56 +0000] "GET /wp-content/plugins/elementor/assets/lib/animations/styles/fadeIn.min.css HTTP/1.1" 200 79 "https://petpaloozahub.com/members%22%22/kateocasio1982/activity" "Mozilla/5.0 (Windows NT 10.0; Win64; x64) AppleWebKit/537.36 (KHTML, like Gecko) Chrome/143.0.0.0 Safari/537.36"
159.198.75.45 - - [06/Mar/2026:17:48:26 +0000] "POST /wp-cron.php?doing_wp_cron=1772819306.6211159229278564453125 HTTP/1.1" 200 - "-" "WordPress/6.9.1; https://petpaloozahub.com"
185.191.171.2 - - [06/Mar/2026:17:48:26 +0000] "GET /9897057632.htm HTTP/1.1" 404 55226 "-" "Mozilla/5.0 (compatible; SemrushBot/7~bl; +http://www.semrush.com/bot.html)"
85.208.96.193 - - [06/Mar/2026:17:48:30 +0000] "GET /8112541355.htm HTTP/1.1" 404 55224 "-" "Mozilla/5.0 (compatible; SemrushBot/7~bl; +http://www.semrush.com/bot.html)"
