185.213.247.250 - - [06/Mar/2026:15:25:54 +0000] "GET /listings/adorable-20-week-old-poodle-puppies-double-the-love-double-the-fun/ HTTP/1.1" 200 65548 "https://petpaloozahub.com/" "Mozilla/5.0 (Macintosh; Intel Mac OS X 12_5) AppleWebKit/537.36 (KHTML, like Gecko) Chrome/114.0.0.0 Safari/537.36 Vivaldi/5.3.2679.68"
185.213.247.250 - - [06/Mar/2026:15:25:59 +0000] "GET /register/ HTTP/1.1" 200 57069 "https://petpaloozahub.com/listings/adorable-20-week-old-poodle-puppies-double-the-love-double-the-fun/" "Mozilla/5.0 (Macintosh; Intel Mac OS X 12_5) AppleWebKit/537.36 (KHTML, like Gecko) Chrome/114.0.0.0 Safari/537.36 Vivaldi/5.3.2679.68"
185.213.247.250 - - [06/Mar/2026:15:26:00 +0000] "GET /wp-content/uploads/redux/custom-fonts/fonts.css HTTP/1.1" 200 - "https://petpaloozahub.com/register/" "Mozilla/5.0 (Windows NT 10.0; Win64; x64) AppleWebKit/537.36 (KHTML, like Gecko) Chrome/143.0.0.0 Safari/537.36"
185.213.247.250 - - [06/Mar/2026:15:26:01 +0000] "POST /?wpfb-form-ajax=submit HTTP/1.1" 200 129 "https://petpaloozahub.com/register/" "Mozilla/5.0 (Macintosh; Intel Mac OS X 12_5) AppleWebKit/537.36 (KHTML, like Gecko) Chrome/114.0.0.0 Safari/537.36 Vivaldi/5.3.2679.68"
185.213.247.250 - - [06/Mar/2026:15:26:02 +0000] "GET /my-dashboard/ HTTP/1.1" 200 55874 "https://petpaloozahub.com/register/" "Mozilla/5.0 (Macintosh; Intel Mac OS X 12_5) AppleWebKit/537.36 (KHTML, like Gecko) Chrome/114.0.0.0 Safari/537.36 Vivaldi/5.3.2679.68"
185.213.247.250 - - [06/Mar/2026:15:26:04 +0000] "GET /my-dashboard/?directory_action=profile HTTP/1.1" 200 57162 "https://petpaloozahub.com/my-dashboard/" "Mozilla/5.0 (Macintosh; Intel Mac OS X 12_5) AppleWebKit/537.36 (KHTML, like Gecko) Chrome/114.0.0.0 Safari/537.36 Vivaldi/5.3.2679.68"
102.165.5.149 - - [06/Mar/2026:15:26:05 +0000] "GET /wp-content/uploads/redux/custom-fonts/fonts.css HTTP/1.1" 200 - "https://petpaloozahub.com/my-dashboard/?directory_action=profile" "Mozilla/5.0 (Windows NT 10.0; Win64; x64) AppleWebKit/537.36 (KHTML, like Gecko) Chrome/143.0.0.0 Safari/537.36"
85.208.96.206 - - [06/Mar/2026:15:26:05 +0000] "GET /98970104944.htm HTTP/1.1" 404 55226 "-" "Mozilla/5.0 (compatible; SemrushBot/7~bl; +http://www.semrush.com/bot.html)"
185.213.247.250 - - [06/Mar/2026:15:26:06 +0000] "POST /wp-admin/admin-ajax.php HTTP/1.1" 200 63 "https://petpaloozahub.com/my-dashboard/?directory_action=profile" "Mozilla/5.0 (Macintosh; Intel Mac OS X 12_5) AppleWebKit/537.36 (KHTML, like Gecko) Chrome/114.0.0.0 Safari/537.36 Vivaldi/5.3.2679.68"
185.213.247.250 - - [06/Mar/2026:15:26:07 +0000] "GET /author/buy-pain-relief-medication9659/?profile=true HTTP/1.1" 200 56513 "https://petpaloozahub.com/my-dashboard/?directory_action=profile" "Mozilla/5.0 (Macintosh; Intel Mac OS X 12_5) AppleWebKit/537.36 (KHTML, like Gecko) Chrome/114.0.0.0 Safari/537.36 Vivaldi/5.3.2679.68"
102.165.1.99 - - [06/Mar/2026:15:26:08 +0000] "GET /author/buy-pain-relief-medication9659/?profile=true HTTP/1.1" 200 56497 "-" "Mozilla/5.0 (Macintosh; Intel Mac OS X 12_5) AppleWebKit/537.36 (KHTML, like Gecko) Chrome/114.0.0.0 Safari/537.36 Vivaldi/5.3.2679.68"
185.191.171.10 - - [06/Mar/2026:15:26:14 +0000] "GET /98970144096.htm HTTP/1.1" 404 55226 "-" "Mozilla/5.0 (compatible; SemrushBot/7~bl; +http://www.semrush.com/bot.html)"
159.198.75.45 - - [06/Mar/2026:15:26:30 +0000] "POST /wp-cron.php?doing_wp_cron=1772810790.1430819034576416015625 HTTP/1.1" 200 - "-" "WordPress/6.9.1; https://petpaloozahub.com"
85.208.96.205 - - [06/Mar/2026:15:26:29 +0000] "GET /35945147058.htm HTTP/1.1" 404 55227 "-" "Mozilla/5.0 (compatible; SemrushBot/7~bl; +http://www.semrush.com/bot.html)"
85.208.96.203 - - [06/Mar/2026:15:26:31 +0000] "GET /98970132203.htm HTTP/1.1" 404 55227 "-" "Mozilla/5.0 (compatible; SemrushBot/7~bl; +http://www.semrush.com/bot.html)"
96.62.97.29 - - [06/Mar/2026:15:26:34 +0000] "GET /register/ HTTP/1.1" 200 57029 "https://petpaloozahub.com/" "Mozilla/5.0 (Macintosh; Intel Mac OS X 12_5) AppleWebKit/537.36 (KHTML, like Gecko) Chrome/114.0.0.0 Safari/537.36 OPR/89.0.4447.51"
96.62.97.29 - - [06/Mar/2026:15:26:37 +0000] "GET /login/ HTTP/1.1" 200 57146 "https://petpaloozahub.com/register/" "Mozilla/5.0 (Macintosh; Intel Mac OS X 12_5) AppleWebKit/537.36 (KHTML, like Gecko) Chrome/114.0.0.0 Safari/537.36 OPR/89.0.4447.51"
85.208.96.211 - - [06/Mar/2026:15:26:38 +0000] "GET /35945129180.htm HTTP/1.1" 404 55226 "-" "Mozilla/5.0 (compatible; SemrushBot/7~bl; +http://www.semrush.com/bot.html)"
96.62.97.29 - - [06/Mar/2026:15:26:40 +0000] "GET /wp-content/plugins/designinvento-elementor-widgets/assets/css/user-menu.css HTTP/1.1" 200 904 "https://petpaloozahub.com/login/" "Mozilla/5.0 (Windows NT 10.0; Win64; x64) AppleWebKit/537.36 (KHTML, like Gecko) Chrome/143.0.0.0 Safari/537.36"
96.62.97.29 - - [06/Mar/2026:15:26:41 +0000] "GET /wp-content/plugins/designinvento-elementor-widgets/assets/css/nav-menu.css HTTP/1.1" 200 239 "https://petpaloozahub.com/login/" "Mozilla/5.0 (Windows NT 10.0; Win64; x64) AppleWebKit/537.36 (KHTML, like Gecko) Chrome/143.0.0.0 Safari/537.36"
96.62.97.29 - - [06/Mar/2026:15:26:43 +0000] "GET /wp-content/plugins/header-footer-builder/assets/public/css/frontend.css HTTP/1.1" 200 7681 "https://petpaloozahub.com/login/" "Mozilla/5.0 (Windows NT 10.0; Win64; x64) AppleWebKit/537.36 (KHTML, like Gecko) Chrome/143.0.0.0 Safari/537.36"
96.62.97.29 - - [06/Mar/2026:15:26:44 +0000] "GET /wp-includes/css/dashicons.min.css HTTP/1.1" 200 35721 "https://petpaloozahub.com/login/" "Mozilla/5.0 (Windows NT 10.0; Win64; x64) AppleWebKit/537.36 (KHTML, like Gecko) Chrome/143.0.0.0 Safari/537.36"
96.62.97.29 - - [06/Mar/2026:15:26:46 +0000] "GET /wp-content/plugins/bp-verified-member/assets/css/style.css HTTP/1.1" 200 2004 "https://petpaloozahub.com/login/" "Mozilla/5.0 (Windows NT 10.0; Win64; x64) AppleWebKit/537.36 (KHTML, like Gecko) Chrome/143.0.0.0 Safari/537.36"
85.208.96.201 - - [06/Mar/2026:15:26:46 +0000] "GET /3594543670.htm HTTP/1.1" 404 55226 "-" "Mozilla/5.0 (compatible; SemrushBot/7~bl; +http://www.semrush.com/bot.html)"
96.62.97.29 - - [06/Mar/2026:15:26:47 +0000] "GET /wp-content/themes/classiadspro/styles/css/bootstrap.min.css HTTP/1.1" 200 33777 "https://petpaloozahub.com/login/" "Mozilla/5.0 (Windows NT 10.0; Win64; x64) AppleWebKit/537.36 (KHTML, like Gecko) Chrome/143.0.0.0 Safari/537.36"
96.62.97.29 - - [06/Mar/2026:15:26:49 +0000] "GET /wp-content/themes/classiadspro/styles/css/slick/slick.css HTTP/1.1" 200 569 "https://petpaloozahub.com/login/" "Mozilla/5.0 (Windows NT 10.0; Win64; x64) AppleWebKit/537.36 (KHTML, like Gecko) Chrome/143.0.0.0 Safari/537.36"
96.62.97.29 - - [06/Mar/2026:15:26:51 +0000] "GET /wp-content/themes/classiadspro/styles/css/slick/slick-theme.css HTTP/1.1" 200 866 "https://petpaloozahub.com/login/" "Mozilla/5.0 (Windows NT 10.0; Win64; x64) AppleWebKit/537.36 (KHTML, like Gecko) Chrome/143.0.0.0 Safari/537.36"
96.62.97.29 - - [06/Mar/2026:15:26:52 +0000] "GET /wp-content/themes/classiadspro/styles/material-icons/material-icons.min.css HTTP/1.1" 200 43656 "https://petpaloozahub.com/login/" "Mozilla/5.0 (Windows NT 10.0; Win64; x64) AppleWebKit/537.36 (KHTML, like Gecko) Chrome/143.0.0.0 Safari/537.36"
96.62.97.29 - - [06/Mar/2026:15:26:54 +0000] "GET /wp-content/themes/classiadspro/styles/css/select2.css HTTP/1.1" 200 2707 "https://petpaloozahub.com/login/" "Mozilla/5.0 (Windows NT 10.0; Win64; x64) AppleWebKit/537.36 (KHTML, like Gecko) Chrome/143.0.0.0 Safari/537.36"
96.62.97.29 - - [06/Mar/2026:15:26:56 +0000] "GET /wp-content/themes/classiadspro/styles/css/pacz-styles.css HTTP/1.1" 200 25759 "https://petpaloozahub.com/login/" "Mozilla/5.0 (Windows NT 10.0; Win64; x64) AppleWebKit/537.36 (KHTML, like Gecko) Chrome/143.0.0.0 Safari/537.36"
96.62.97.29 - - [06/Mar/2026:15:26:58 +0000] "GET /wp-content/themes/classiadspro/styles/css/post.css HTTP/1.1" 200 7353 "https://petpaloozahub.com/login/" "Mozilla/5.0 (Windows NT 10.0; Win64; x64) AppleWebKit/537.36 (KHTML, like Gecko) Chrome/143.0.0.0 Safari/537.36"
57.141.2.33 - - [06/Mar/2026:15:26:58 +0000] "GET /author/de-longhi-coffee-machine-uk6936/feed/ HTTP/1.1" 200 1207 "-" "meta-externalagent/1.1 (+https://developers.facebook.com/docs/sharing/webmasters/crawler)"
96.62.97.29 - - [06/Mar/2026:15:26:59 +0000] "GET /wp-content/themes/classiadspro/styles/css/shortcode/common-shortcode.css HTTP/1.1" 200 1190 "https://petpaloozahub.com/login/" "Mozilla/5.0 (Windows NT 10.0; Win64; x64) AppleWebKit/537.36 (KHTML, like Gecko) Chrome/143.0.0.0 Safari/537.36"
96.62.97.29 - - [06/Mar/2026:15:27:01 +0000] "GET /wp-content/themes/classiadspro/styles/css/fonticon-custom.min.css HTTP/1.1" 200 17773 "https://petpaloozahub.com/login/" "Mozilla/5.0 (Windows NT 10.0; Win64; x64) AppleWebKit/537.36 (KHTML, like Gecko) Chrome/143.0.0.0 Safari/537.36"
96.62.97.29 - - [06/Mar/2026:15:27:02 +0000] "GET /wp-content/themes/classiadspro/directorypress/assets/css/common.css HTTP/1.1" 200 14557 "https://petpaloozahub.com/login/" "Mozilla/5.0 (Windows NT 10.0; Win64; x64) AppleWebKit/537.36 (KHTML, like Gecko) Chrome/143.0.0.0 Safari/537.36"
96.62.97.29 - - [06/Mar/2026:15:27:04 +0000] "GET /wp-includes/css/buttons.min.css HTTP/1.1" 200 1470 "https://petpaloozahub.com/login/" "Mozilla/5.0 (Windows NT 10.0; Win64; x64) AppleWebKit/537.36 (KHTML, like Gecko) Chrome/143.0.0.0 Safari/537.36"
185.191.171.16 - - [06/Mar/2026:15:27:05 +0000] "GET /98970129728.htm HTTP/1.1" 404 55226 "-" "Mozilla/5.0 (compatible; SemrushBot/7~bl; +http://www.semrush.com/bot.html)"
96.62.97.29 - - [06/Mar/2026:15:27:05 +0000] "GET /wp-includes/js/mediaelement/mediaelementplayer-legacy.min.css HTTP/1.1" 200 2592 "https://petpaloozahub.com/login/" "Mozilla/5.0 (Windows NT 10.0; Win64; x64) AppleWebKit/537.36 (KHTML, like Gecko) Chrome/143.0.0.0 Safari/537.36"
96.62.97.29 - - [06/Mar/2026:15:27:07 +0000] "GET /wp-includes/js/mediaelement/wp-mediaelement.min.css HTTP/1.1" 200 1156 "https://petpaloozahub.com/login/" "Mozilla/5.0 (Windows NT 10.0; Win64; x64) AppleWebKit/537.36 (KHTML, like Gecko) Chrome/143.0.0.0 Safari/537.36"
96.62.97.29 - - [06/Mar/2026:15:27:09 +0000] "GET /wp-includes/css/media-views.min.css HTTP/1.1" 200 8721 "https://petpaloozahub.com/login/" "Mozilla/5.0 (Windows NT 10.0; Win64; x64) AppleWebKit/537.36 (KHTML, like Gecko) Chrome/143.0.0.0 Safari/537.36"
96.62.97.29 - - [06/Mar/2026:15:27:10 +0000] "GET /wp-includes/js/imgareaselect/imgareaselect.css HTTP/1.1" 200 265 "https://petpaloozahub.com/login/" "Mozilla/5.0 (Windows NT 10.0; Win64; x64) AppleWebKit/537.36 (KHTML, like Gecko) Chrome/143.0.0.0 Safari/537.36"
96.62.97.29 - - [06/Mar/2026:15:27:12 +0000] "GET /wp-content/plugins/dicode-icons-pack/assets/elegant/elegant-icons.min.css HTTP/1.1" 200 3995 "https://petpaloozahub.com/login/" "Mozilla/5.0 (Windows NT 10.0; Win64; x64) AppleWebKit/537.36 (KHTML, like Gecko) Chrome/143.0.0.0 Safari/537.36"
96.62.97.29 - - [06/Mar/2026:15:27:13 +0000] "GET /wp-content/plugins/dicode-icons-pack/assets/linearicons/linearicons.min.css HTTP/1.1" 200 1577 "https://petpaloozahub.com/login/" "Mozilla/5.0 (Windows NT 10.0; Win64; x64) AppleWebKit/537.36 (KHTML, like Gecko) Chrome/143.0.0.0 Safari/537.36"
96.62.97.29 - - [06/Mar/2026:15:27:15 +0000] "GET /wp-content/plugins/dicode-icons-pack/assets/themify/themify.min.css HTTP/1.1" 200 2824 "https://petpaloozahub.com/login/" "Mozilla/5.0 (Windows NT 10.0; Win64; x64) AppleWebKit/537.36 (KHTML, like Gecko) Chrome/143.0.0.0 Safari/537.36"
96.62.97.29 - - [06/Mar/2026:15:27:16 +0000] "GET /wp-content/plugins/directorypress-frontend-messages/assets/css/style.css HTTP/1.1" 200 4380 "https://petpaloozahub.com/login/" "Mozilla/5.0 (Windows NT 10.0; Win64; x64) AppleWebKit/537.36 (KHTML, like Gecko) Chrome/143.0.0.0 Safari/537.36"
96.62.97.29 - - [06/Mar/2026:15:27:18 +0000] "GET /wp-content/plugins/directorypress-frontend-messages/assets/css/common-style.css HTTP/1.1" 200 471 "https://petpaloozahub.com/login/" "Mozilla/5.0 (Windows NT 10.0; Win64; x64) AppleWebKit/537.36 (KHTML, like Gecko) Chrome/143.0.0.0 Safari/537.36"
96.62.97.29 - - [06/Mar/2026:15:27:19 +0000] "GET /wp-content/plugins/directorypress-frontend-messages/public/css/directorypress-frontend-messages-public.css HTTP/1.1" 200 106 "https://petpaloozahub.com/login/" "Mozilla/5.0 (Windows NT 10.0; Win64; x64) AppleWebKit/537.36 (KHTML, like Gecko) Chrome/143.0.0.0 Safari/537.36"
96.62.97.29 - - [06/Mar/2026:15:27:21 +0000] "GET /wp-content/plugins/directorypress-maps/assets/css/map.css HTTP/1.1" 200 1667 "https://petpaloozahub.com/login/" "Mozilla/5.0 (Windows NT 10.0; Win64; x64) AppleWebKit/537.36 (KHTML, like Gecko) Chrome/143.0.0.0 Safari/537.36"
85.208.96.194 - - [06/Mar/2026:15:27:20 +0000] "GET /2300976056.htm HTTP/1.1" 404 55226 "-" "Mozilla/5.0 (compatible; SemrushBot/7~bl; +http://www.semrush.com/bot.html)"
96.62.97.29 - - [06/Mar/2026:15:27:22 +0000] "GET /wp-content/plugins/directorypress-claim-listing/assets/css/style.css HTTP/1.1" 200 106 "https://petpaloozahub.com/login/" "Mozilla/5.0 (Windows NT 10.0; Win64; x64) AppleWebKit/537.36 (KHTML, like Gecko) Chrome/143.0.0.0 Safari/537.36"
96.62.97.29 - - [06/Mar/2026:15:27:24 +0000] "GET /wp-content/plugins/directorypress-frontend/assets/css/directorypress-frontend-public.css HTTP/1.1" 200 13698 "https://petpaloozahub.com/login/" "Mozilla/5.0 (Windows NT 10.0; Win64; x64) AppleWebKit/537.36 (KHTML, like Gecko) Chrome/143.0.0.0 Safari/537.36"
96.62.97.29 - - [06/Mar/2026:15:27:25 +0000] "GET /wp-content/plugins/directorypress/assets/css/jqueryui/themes/smoothness/jquery-ui.min.css HTTP/1.1" 200 7688 "https://petpaloozahub.com/login/" "Mozilla/5.0 (Windows NT 10.0; Win64; x64) AppleWebKit/537.36 (KHTML, like Gecko) Chrome/143.0.0.0 Safari/537.36"
96.62.97.29 - - [06/Mar/2026:15:27:27 +0000] "GET /wp-content/plugins/directorypress/assets/lib/fontawesome/css/all.min.css HTTP/1.1" 200 12355 "https://petpaloozahub.com/login/" "Mozilla/5.0 (Windows NT 10.0; Win64; x64) AppleWebKit/537.36 (KHTML, like Gecko) Chrome/143.0.0.0 Safari/537.36"
96.62.97.29 - - [06/Mar/2026:15:27:29 +0000] "GET /wp-content/plugins/directorypress/assets/lib/slick-carousel/css/slick.css HTTP/1.1" 200 569 "https://petpaloozahub.com/login/" "Mozilla/5.0 (Windows NT 10.0; Win64; x64) AppleWebKit/537.36 (KHTML, like Gecko) Chrome/143.0.0.0 Safari/537.36"
159.198.75.45 - - [06/Mar/2026:15:27:29 +0000] "POST /wp-cron.php?doing_wp_cron=1772810849.6582839488983154296875 HTTP/1.1" 200 - "-" "WordPress/6.9.1; https://petpaloozahub.com"
85.208.96.194 - - [06/Mar/2026:15:27:29 +0000] "GET /3594546887.htm HTTP/1.1" 404 55226 "-" "Mozilla/5.0 (compatible; SemrushBot/7~bl; +http://www.semrush.com/bot.html)"
96.62.97.29 - - [06/Mar/2026:15:27:30 +0000] "GET /wp-content/plugins/directorypress/assets/lib/slick-carousel/css/slick-theme.css HTTP/1.1" 200 866 "https://petpaloozahub.com/login/" "Mozilla/5.0 (Windows NT 10.0; Win64; x64) AppleWebKit/537.36 (KHTML, like Gecko) Chrome/143.0.0.0 Safari/537.36"
96.62.97.29 - - [06/Mar/2026:15:27:32 +0000] "GET /wp-content/plugins/directorypress/assets/css/directorypress-search.css HTTP/1.1" 200 4472 "https://petpaloozahub.com/login/" "Mozilla/5.0 (Windows NT 10.0; Win64; x64) AppleWebKit/537.36 (KHTML, like Gecko) Chrome/143.0.0.0 Safari/537.36"
171.251.238.204 - - [06/Mar/2026:15:27:32 +0000] "GET /author/chloecarver515/?profile=true HTTP/1.1" 200 56376 "https://petpaloozahub.com/" "Mozilla/5.0 (Linux x86_64; rv:114.0) Gecko/20100101 Firefox/114.0"
96.62.97.29 - - [06/Mar/2026:15:27:33 +0000] "GET /wp-content/plugins/directorypress/assets/css/style.css HTTP/1.1" 200 14221 "https://petpaloozahub.com/login/" "Mozilla/5.0 (Windows NT 10.0; Win64; x64) AppleWebKit/537.36 (KHTML, like Gecko) Chrome/143.0.0.0 Safari/537.36"
85.208.96.198 - - [06/Mar/2026:15:27:33 +0000] "GET /3594567348.htm HTTP/1.1" 404 55224 "-" "Mozilla/5.0 (compatible; SemrushBot/7~bl; +http://www.semrush.com/bot.html)"
171.251.238.204 - - [06/Mar/2026:15:27:34 +0000] "GET /wp-content/uploads/redux/custom-fonts/fonts.css HTTP/1.1" 200 - "https://petpaloozahub.com/author/chloecarver515/?profile=true" "Mozilla/5.0 (Windows NT 10.0; Win64; x64) AppleWebKit/537.36 (KHTML, like Gecko) Chrome/143.0.0.0 Safari/537.36"
96.62.97.29 - - [06/Mar/2026:15:27:35 +0000] "GET /wp-content/plugins/revslider/public/css/sr7.css HTTP/1.1" 200 1569 "https://petpaloozahub.com/login/" "Mozilla/5.0 (Windows NT 10.0; Win64; x64) AppleWebKit/537.36 (KHTML, like Gecko) Chrome/143.0.0.0 Safari/537.36"
171.251.238.204 - - [06/Mar/2026:15:27:35 +0000] "GET /author/chloecarver515/{{%20data.uploadedToLink%20}} HTTP/1.1" 301 - "https://petpaloozahub.com/author/chloecarver515/{{%20data.uploadedToLink%20}}" "Mozilla/5.0 (Linux x86_64; rv:114.0) Gecko/20100101 Firefox/114.0"
96.62.97.29 - - [06/Mar/2026:15:27:36 +0000] "GET /wp-content/themes/classiadspro/styles/css/pacz-woocommerce.css HTTP/1.1" 200 9762 "https://petpaloozahub.com/login/" "Mozilla/5.0 (Windows NT 10.0; Win64; x64) AppleWebKit/537.36 (KHTML, like Gecko) Chrome/143.0.0.0 Safari/537.36"
171.251.238.204 - - [06/Mar/2026:15:27:37 +0000] "GET /author/chloecarver515/%20data.uploadedToLink HTTP/1.1" 404 55240 "https://petpaloozahub.com/author/chloecarver515/{{%20data.uploadedToLink%20}}" "Mozilla/5.0 (Linux x86_64; rv:114.0) Gecko/20100101 Firefox/114.0"
96.62.97.29 - - [06/Mar/2026:15:27:38 +0000] "GET /wp-content/plugins/form-builder-wp/assets/css/style.css HTTP/1.1" 200 4028 "https://petpaloozahub.com/login/" "Mozilla/5.0 (Windows NT 10.0; Win64; x64) AppleWebKit/537.36 (KHTML, like Gecko) Chrome/143.0.0.0 Safari/537.36"
96.62.97.29 - - [06/Mar/2026:15:27:39 +0000] "GET /wp-content/plugins/header-footer-builder/assets/public/css/header-footer-builder.css HTTP/1.1" 200 425 "https://petpaloozahub.com/login/" "Mozilla/5.0 (Windows NT 10.0; Win64; x64) AppleWebKit/537.36 (KHTML, like Gecko) Chrome/143.0.0.0 Safari/537.36"
85.208.96.211 - - [06/Mar/2026:15:27:39 +0000] "GET /9897017356.htm HTTP/1.1" 404 55226 "-" "Mozilla/5.0 (compatible; SemrushBot/7~bl; +http://www.semrush.com/bot.html)"
171.251.238.204 - - [06/Mar/2026:15:27:39 +0000] "GET / HTTP/1.1" 200 61993 "https://petpaloozahub.com/author/chloecarver515/{{%20data.uploadedToLink%20}}" "Mozilla/5.0 (Linux x86_64; rv:114.0) Gecko/20100101 Firefox/114.0"
96.62.97.29 - - [06/Mar/2026:15:27:41 +0000] "GET /wp-content/plugins/elementor/assets/lib/eicons/css/elementor-icons.min.css HTTP/1.1" 200 4429 "https://petpaloozahub.com/login/" "Mozilla/5.0 (Windows NT 10.0; Win64; x64) AppleWebKit/537.36 (KHTML, like Gecko) Chrome/143.0.0.0 Safari/537.36"
96.62.97.29 - - [06/Mar/2026:15:27:42 +0000] "GET /wp-content/plugins/elementor/assets/css/frontend.min.css HTTP/1.1" 200 7271 "https://petpaloozahub.com/login/" "Mozilla/5.0 (Windows NT 10.0; Win64; x64) AppleWebKit/537.36 (KHTML, like Gecko) Chrome/143.0.0.0 Safari/537.36"
171.251.238.204 - - [06/Mar/2026:15:27:43 +0000] "GET /wp-content/uploads/redux/custom-fonts/fonts.css HTTP/1.1" 200 - "https://petpaloozahub.com" "Mozilla/5.0 (Windows NT 10.0; Win64; x64) AppleWebKit/537.36 (KHTML, like Gecko) Chrome/143.0.0.0 Safari/537.36"
96.62.97.29 - - [06/Mar/2026:15:27:44 +0000] "GET /wp-content/uploads/elementor/css/post-7.css HTTP/1.1" 200 376 "https://petpaloozahub.com/login/" "Mozilla/5.0 (Windows NT 10.0; Win64; x64) AppleWebKit/537.36 (KHTML, like Gecko) Chrome/143.0.0.0 Safari/537.36"
96.62.97.29 - - [06/Mar/2026:15:27:45 +0000] "GET /wp-content/plugins/elementor/assets/css/widget-spacer.min.css HTTP/1.1" 200 338 "https://petpaloozahub.com/login/" "Mozilla/5.0 (Windows NT 10.0; Win64; x64) AppleWebKit/537.36 (KHTML, like Gecko) Chrome/143.0.0.0 Safari/537.36"
57.141.2.38 - - [06/Mar/2026:15:27:45 +0000] "GET /author/mesothelioma-lawyers-louisiana2318/?profile=true HTTP/1.1" 200 339159 "-" "meta-externalagent/1.1 (+https://developers.facebook.com/docs/sharing/webmasters/crawler)"
96.62.97.29 - - [06/Mar/2026:15:27:47 +0000] "GET /wp-content/plugins/elementor/assets/css/widget-image.min.css HTTP/1.1" 200 135 "https://petpaloozahub.com/login/" "Mozilla/5.0 (Windows NT 10.0; Win64; x64) AppleWebKit/537.36 (KHTML, like Gecko) Chrome/143.0.0.0 Safari/537.36"
96.62.97.29 - - [06/Mar/2026:15:27:48 +0000] "GET /wp-content/uploads/elementor/css/post-100.css HTTP/1.1" 200 755 "https://petpaloozahub.com/login/" "Mozilla/5.0 (Windows NT 10.0; Win64; x64) AppleWebKit/537.36 (KHTML, like Gecko) Chrome/143.0.0.0 Safari/537.36"
96.62.97.29 - - [06/Mar/2026:15:27:50 +0000] "GET /wp-content/uploads/elementor/css/post-10242.css HTTP/1.1" 200 1873 "https://petpaloozahub.com/login/" "Mozilla/5.0 (Windows NT 10.0; Win64; x64) AppleWebKit/537.36 (KHTML, like Gecko) Chrome/143.0.0.0 Safari/537.36"
96.62.97.29 - - [06/Mar/2026:15:27:51 +0000] "GET /wp-content/uploads/elementor/css/post-9685.css HTTP/1.1" 200 1707 "https://petpaloozahub.com/login/" "Mozilla/5.0 (Windows NT 10.0; Win64; x64) AppleWebKit/537.36 (KHTML, like Gecko) Chrome/143.0.0.0 Safari/537.36"
96.62.97.29 - - [06/Mar/2026:15:27:53 +0000] "GET /wp-content/plugins/header-footer-builder/assets/public/css/menu.css HTTP/1.1" 200 7534 "https://petpaloozahub.com/login/" "Mozilla/5.0 (Windows NT 10.0; Win64; x64) AppleWebKit/537.36 (KHTML, like Gecko) Chrome/143.0.0.0 Safari/537.36"
96.62.97.29 - - [06/Mar/2026:15:27:54 +0000] "GET /wp-content/plugins/directorypress/reviews/css/jquery.raty.css HTTP/1.1" 200 756 "https://petpaloozahub.com/login/" "Mozilla/5.0 (Windows NT 10.0; Win64; x64) AppleWebKit/537.36 (KHTML, like Gecko) Chrome/143.0.0.0 Safari/537.36"
85.208.96.199 - - [06/Mar/2026:15:27:55 +0000] "GET /2686014669.htm HTTP/1.1" 404 55226 "-" "Mozilla/5.0 (compatible; SemrushBot/7~bl; +http://www.semrush.com/bot.html)"
96.62.97.29 - - [06/Mar/2026:15:27:56 +0000] "GET /wp-content/themes/classiadspro/style.css HTTP/1.1" 200 636 "https://petpaloozahub.com/login/" "Mozilla/5.0 (Windows NT 10.0; Win64; x64) AppleWebKit/537.36 (KHTML, like Gecko) Chrome/143.0.0.0 Safari/537.36"
96.62.97.29 - - [06/Mar/2026:15:27:57 +0000] "GET /wp-content/themes/classiadspro/custom.css HTTP/1.1" 200 27 "https://petpaloozahub.com/login/" "Mozilla/5.0 (Windows NT 10.0; Win64; x64) AppleWebKit/537.36 (KHTML, like Gecko) Chrome/143.0.0.0 Safari/537.36"
85.208.96.204 - - [06/Mar/2026:15:27:57 +0000] "GET /3594565551.htm HTTP/1.1" 404 55225 "-" "Mozilla/5.0 (compatible; SemrushBot/7~bl; +http://www.semrush.com/bot.html)"
96.62.97.29 - - [06/Mar/2026:15:27:59 +0000] "GET /wp-content/uploads/classiadspro_assets/classiadspro-dynamic.css HTTP/1.1" 200 8224 "https://petpaloozahub.com/login/" "Mozilla/5.0 (Windows NT 10.0; Win64; x64) AppleWebKit/537.36 (KHTML, like Gecko) Chrome/143.0.0.0 Safari/537.36"
96.62.97.29 - - [06/Mar/2026:15:28:00 +0000] "GET /wp-content/plugins/directorypress/assets/css/custom.css HTTP/1.1" 200 27 "https://petpaloozahub.com/login/" "Mozilla/5.0 (Windows NT 10.0; Win64; x64) AppleWebKit/537.36 (KHTML, like Gecko) Chrome/143.0.0.0 Safari/537.36"
57.141.2.67 - - [06/Mar/2026:15:28:00 +0000] "GET /author/mesothelioma-lawyers-louisiana2318/feed/ HTTP/1.1" 200 1216 "-" "meta-externalagent/1.1 (+https://developers.facebook.com/docs/sharing/webmasters/crawler)"
96.62.97.29 - - [06/Mar/2026:15:28:02 +0000] "GET /wp-content/uploads/elementor/google-fonts/css/roboto.css HTTP/1.1" 200 2869 "https://petpaloozahub.com/login/" "Mozilla/5.0 (Windows NT 10.0; Win64; x64) AppleWebKit/537.36 (KHTML, like Gecko) Chrome/143.0.0.0 Safari/537.36"
96.62.97.29 - - [06/Mar/2026:15:28:03 +0000] "GET /wp-content/uploads/elementor/google-fonts/css/robotoslab.css HTTP/1.1" 200 961 "https://petpaloozahub.com/login/" "Mozilla/5.0 (Windows NT 10.0; Win64; x64) AppleWebKit/537.36 (KHTML, like Gecko) Chrome/143.0.0.0 Safari/537.36"
57.141.2.48 - - [06/Mar/2026:15:28:03 +0000] "GET /wp-json/wp/v2/users/4746 HTTP/1.1" 401 108 "-" "meta-externalagent/1.1 (+https://developers.facebook.com/docs/sharing/webmasters/crawler)"
96.62.97.29 - - [06/Mar/2026:15:28:05 +0000] "GET /wp-content/uploads/elementor/google-fonts/css/lexenddeca.css HTTP/1.1" 200 629 "https://petpaloozahub.com/login/" "Mozilla/5.0 (Windows NT 10.0; Win64; x64) AppleWebKit/537.36 (KHTML, like Gecko) Chrome/143.0.0.0 Safari/537.36"
96.62.97.29 - - [06/Mar/2026:15:28:07 +0000] "GET /wp-content/uploads/elementor/google-fonts/css/poppins.css HTTP/1.1" 200 730 "https://petpaloozahub.com/login/" "Mozilla/5.0 (Windows NT 10.0; Win64; x64) AppleWebKit/537.36 (KHTML, like Gecko) Chrome/143.0.0.0 Safari/537.36"
96.62.97.29 - - [06/Mar/2026:15:28:08 +0000] "GET /wp-content/plugins/elementor/assets/lib/font-awesome/css/fontawesome.min.css HTTP/1.1" 200 12617 "https://petpaloozahub.com/login/" "Mozilla/5.0 (Windows NT 10.0; Win64; x64) AppleWebKit/537.36 (KHTML, like Gecko) Chrome/143.0.0.0 Safari/537.36"
96.62.97.29 - - [06/Mar/2026:15:28:10 +0000] "GET /wp-content/plugins/elementor/assets/lib/font-awesome/css/solid.min.css HTTP/1.1" 200 309 "https://petpaloozahub.com/login/" "Mozilla/5.0 (Windows NT 10.0; Win64; x64) AppleWebKit/537.36 (KHTML, like Gecko) Chrome/143.0.0.0 Safari/537.36"
96.62.97.29 - - [06/Mar/2026:15:28:11 +0000] "GET /wp-content/plugins/elementor/assets/lib/font-awesome/css/brands.min.css HTTP/1.1" 200 308 "https://petpaloozahub.com/login/" "Mozilla/5.0 (Windows NT 10.0; Win64; x64) AppleWebKit/537.36 (KHTML, like Gecko) Chrome/143.0.0.0 Safari/537.36"
96.62.97.29 - - [06/Mar/2026:15:28:13 +0000] "GET /wp-content/plugins/woocommerce/assets/client/blocks/wc-blocks.css HTTP/1.1" 200 2618 "https://petpaloozahub.com/login/" "Mozilla/5.0 (Windows NT 10.0; Win64; x64) AppleWebKit/537.36 (KHTML, like Gecko) Chrome/143.0.0.0 Safari/537.36"
96.62.97.29 - - [06/Mar/2026:15:28:14 +0000] "GET /wp-content/uploads/redux/custom-fonts/fonts.css HTTP/1.1" 200 - "https://petpaloozahub.com/login/" "Mozilla/5.0 (Windows NT 10.0; Win64; x64) AppleWebKit/537.36 (KHTML, like Gecko) Chrome/143.0.0.0 Safari/537.36"
45.3.32.81 - - [06/Mar/2026:15:28:15 +0000] "GET /wp-content/uploads/elementor/css/post-5409.css HTTP/1.1" 200 838 "https://petpaloozahub.com/login/" "Mozilla/5.0 (Windows NT 10.0; Win64; x64) AppleWebKit/537.36 (KHTML, like Gecko) Chrome/143.0.0.0 Safari/537.36"
45.3.32.81 - - [06/Mar/2026:15:28:17 +0000] "GET /wp-content/plugins/elementor/assets/css/widget-heading.min.css HTTP/1.1" 200 160 "https://petpaloozahub.com/login/" "Mozilla/5.0 (Windows NT 10.0; Win64; x64) AppleWebKit/537.36 (KHTML, like Gecko) Chrome/143.0.0.0 Safari/537.36"
45.3.32.81 - - [06/Mar/2026:15:28:18 +0000] "GET /wp-content/uploads/directorypress_assets/directorypress-dynamic.css HTTP/1.1" 200 6302 "https://petpaloozahub.com/login/" "Mozilla/5.0 (Windows NT 10.0; Win64; x64) AppleWebKit/537.36 (KHTML, like Gecko) Chrome/143.0.0.0 Safari/537.36"
45.3.32.81 - - [06/Mar/2026:15:28:19 +0000] "GET /wp-content/plugins/elementor/assets/css/widget-divider.min.css HTTP/1.1" 200 741 "https://petpaloozahub.com/login/" "Mozilla/5.0 (Windows NT 10.0; Win64; x64) AppleWebKit/537.36 (KHTML, like Gecko) Chrome/143.0.0.0 Safari/537.36"
45.3.32.81 - - [06/Mar/2026:15:28:20 +0000] "GET /wp-content/plugins/elementor/assets/css/widget-social-icons.min.css HTTP/1.1" 200 1142 "https://petpaloozahub.com/login/" "Mozilla/5.0 (Windows NT 10.0; Win64; x64) AppleWebKit/537.36 (KHTML, like Gecko) Chrome/143.0.0.0 Safari/537.36"
45.3.32.81 - - [06/Mar/2026:15:28:21 +0000] "GET /wp-content/plugins/elementor/assets/css/conditionals/apple-webkit.min.css HTTP/1.1" 200 547 "https://petpaloozahub.com/login/" "Mozilla/5.0 (Windows NT 10.0; Win64; x64) AppleWebKit/537.36 (KHTML, like Gecko) Chrome/143.0.0.0 Safari/537.36"
218.152.33.179 - - [06/Mar/2026:15:28:20 +0000] "GET /register/ HTTP/1.1" 200 57029 "https://petpaloozahub.com/" "Mozilla/5.0 (Macintosh; Intel Mac OS X 12_5) AppleWebKit/537.36 (KHTML, like Gecko) Chrome/114.0.0.0 Safari/537.36"
45.3.32.81 - - [06/Mar/2026:15:28:22 +0000] "GET /wp-content/uploads/elementor/google-fonts/css/lato.css HTTP/1.1" 200 598 "https://petpaloozahub.com/login/" "Mozilla/5.0 (Windows NT 10.0; Win64; x64) AppleWebKit/537.36 (KHTML, like Gecko) Chrome/143.0.0.0 Safari/537.36"
185.191.171.17 - - [06/Mar/2026:15:28:21 +0000] "GET /3594555912.htm HTTP/1.1" 404 55225 "-" "Mozilla/5.0 (compatible; SemrushBot/7~bl; +http://www.semrush.com/bot.html)"
96.62.97.29 - - [06/Mar/2026:15:28:24 +0000] "POST /login/ HTTP/1.1" 200 57141 "https://petpaloozahub.com/login/" "Mozilla/5.0 (Macintosh; Intel Mac OS X 12_5) AppleWebKit/537.36 (KHTML, like Gecko) Chrome/114.0.0.0 Safari/537.36 OPR/89.0.4447.51"
159.198.75.45 - - [06/Mar/2026:15:28:26 +0000] "POST /wp-cron.php?doing_wp_cron=1772810906.8292999267578125000000 HTTP/1.1" 200 - "-" "WordPress/6.9.1; https://petpaloozahub.com"
218.152.33.179 - - [06/Mar/2026:15:28:26 +0000] "GET /login/ HTTP/1.1" 200 57146 "https://petpaloozahub.com/register/" "Mozilla/5.0 (Macintosh; Intel Mac OS X 12_5) AppleWebKit/537.36 (KHTML, like Gecko) Chrome/114.0.0.0 Safari/537.36"
96.62.97.29 - - [06/Mar/2026:15:28:26 +0000] "GET /groups%22%22/ HTTP/1.1" 404 55223 "https://petpaloozahub.com/login/" "Mozilla/5.0 (Macintosh; Intel Mac OS X 12_5) AppleWebKit/537.36 (KHTML, like Gecko) Chrome/114.0.0.0 Safari/537.36 OPR/89.0.4447.51"
96.62.97.29 - - [06/Mar/2026:15:28:29 +0000] "GET /members%22%22/nganbradshaw78/activity HTTP/1.1" 404 55242 "https://petpaloozahub.com/register/" "Mozilla/5.0 (Macintosh; Intel Mac OS X 12_5) AppleWebKit/537.36 (KHTML, like Gecko) Chrome/114.0.0.0 Safari/537.36 OPR/89.0.4447.51"
218.152.33.179 - - [06/Mar/2026:15:28:30 +0000] "GET /wp-content/uploads/redux/custom-fonts/fonts.css HTTP/1.1" 200 - "https://petpaloozahub.com/login/" "Mozilla/5.0 (Windows NT 10.0; Win64; x64) AppleWebKit/537.36 (KHTML, like Gecko) Chrome/143.0.0.0 Safari/537.36"
45.3.32.81 - - [06/Mar/2026:15:28:31 +0000] "GET /wp-includes/css/dist/block-library/style.min.css HTTP/1.1" 200 15916 "https://petpaloozahub.com/members%22%22/nganbradshaw78/activity" "Mozilla/5.0 (Windows NT 10.0; Win64; x64) AppleWebKit/537.36 (KHTML, like Gecko) Chrome/143.0.0.0 Safari/537.36"
218.152.33.179 - - [06/Mar/2026:15:28:31 +0000] "POST /login/ HTTP/1.1" 200 57141 "https://petpaloozahub.com/login/" "Mozilla/5.0 (Macintosh; Intel Mac OS X 12_5) AppleWebKit/537.36 (KHTML, like Gecko) Chrome/114.0.0.0 Safari/537.36"
45.3.32.81 - - [06/Mar/2026:15:28:33 +0000] "GET /wp-content/uploads/redux/custom-fonts/fonts.css HTTP/1.1" 200 - "https://petpaloozahub.com/members%22%22/nganbradshaw78/activity" "Mozilla/5.0 (Windows NT 10.0; Win64; x64) AppleWebKit/537.36 (KHTML, like Gecko) Chrome/143.0.0.0 Safari/537.36"
216.180.245.197 - - [06/Mar/2026:15:28:34 +0000] "GET /wp-content/uploads/elementor/css/post-9622.css HTTP/1.1" 200 385 "https://petpaloozahub.com/members%22%22/nganbradshaw78/activity" "Mozilla/5.0 (Windows NT 10.0; Win64; x64) AppleWebKit/537.36 (KHTML, like Gecko) Chrome/143.0.0.0 Safari/537.36"
218.152.33.179 - - [06/Mar/2026:15:28:34 +0000] "GET /groups%22%22/ HTTP/1.1" 404 55223 "https://petpaloozahub.com/login/" "Mozilla/5.0 (Macintosh; Intel Mac OS X 12_5) AppleWebKit/537.36 (KHTML, like Gecko) Chrome/114.0.0.0 Safari/537.36"
216.180.245.197 - - [06/Mar/2026:15:28:36 +0000] "GET /wp-content/plugins/elementor/assets/lib/animations/styles/fadeIn.min.css HTTP/1.1" 200 79 "https://petpaloozahub.com/members%22%22/nganbradshaw78/activity" "Mozilla/5.0 (Windows NT 10.0; Win64; x64) AppleWebKit/537.36 (KHTML, like Gecko) Chrome/143.0.0.0 Safari/537.36"
218.152.33.179 - - [06/Mar/2026:15:28:38 +0000] "GET /members%22%22/earlenervo0571/activity HTTP/1.1" 404 55241 "https://petpaloozahub.com/register/" "Mozilla/5.0 (Macintosh; Intel Mac OS X 12_5) AppleWebKit/537.36 (KHTML, like Gecko) Chrome/114.0.0.0 Safari/537.36"
218.152.33.179 - - [06/Mar/2026:15:28:41 +0000] "GET /wp-content/uploads/redux/custom-fonts/fonts.css HTTP/1.1" 200 - "https://petpaloozahub.com/members%22%22/earlenervo0571/activity" "Mozilla/5.0 (Windows NT 10.0; Win64; x64) AppleWebKit/537.36 (KHTML, like Gecko) Chrome/143.0.0.0 Safari/537.36"
85.208.96.201 - - [06/Mar/2026:15:28:42 +0000] "GET /98970145240.htm HTTP/1.1" 404 55226 "-" "Mozilla/5.0 (compatible; SemrushBot/7~bl; +http://www.semrush.com/bot.html)"
102.165.1.101 - - [06/Mar/2026:15:29:07 +0000] "GET /listings/adorable-20-week-old-poodle-puppies-double-the-love-double-the-fun/ HTTP/1.1" 200 65209 "https://petpaloozahub.com/" "Mozilla/5.0 (Macintosh; Intel Mac OS X 12_5) AppleWebKit/537.36 (KHTML, like Gecko) Chrome/114.0.0.0 Safari/537.36"
102.165.1.101 - - [06/Mar/2026:15:29:11 +0000] "GET /register/ HTTP/1.1" 200 57069 "https://petpaloozahub.com/listings/adorable-20-week-old-poodle-puppies-double-the-love-double-the-fun/" "Mozilla/5.0 (Macintosh; Intel Mac OS X 12_5) AppleWebKit/537.36 (KHTML, like Gecko) Chrome/114.0.0.0 Safari/537.36"
85.208.96.193 - - [06/Mar/2026:15:29:12 +0000] "GET /98970122213.htm HTTP/1.1" 404 55226 "-" "Mozilla/5.0 (compatible; SemrushBot/7~bl; +http://www.semrush.com/bot.html)"
102.165.1.101 - - [06/Mar/2026:15:29:13 +0000] "GET /wp-content/plugins/designinvento-elementor-widgets/assets/css/user-menu.css HTTP/1.1" 200 904 "https://petpaloozahub.com/register/" "Mozilla/5.0 (Windows NT 10.0; Win64; x64) AppleWebKit/537.36 (KHTML, like Gecko) Chrome/143.0.0.0 Safari/537.36"
102.165.1.101 - - [06/Mar/2026:15:29:13 +0000] "GET /wp-content/plugins/designinvento-elementor-widgets/assets/css/nav-menu.css HTTP/1.1" 200 239 "https://petpaloozahub.com/register/" "Mozilla/5.0 (Windows NT 10.0; Win64; x64) AppleWebKit/537.36 (KHTML, like Gecko) Chrome/143.0.0.0 Safari/537.36"
102.165.1.101 - - [06/Mar/2026:15:29:14 +0000] "GET /wp-content/plugins/header-footer-builder/assets/public/css/frontend.css HTTP/1.1" 200 7681 "https://petpaloozahub.com/register/" "Mozilla/5.0 (Windows NT 10.0; Win64; x64) AppleWebKit/537.36 (KHTML, like Gecko) Chrome/143.0.0.0 Safari/537.36"
102.165.1.101 - - [06/Mar/2026:15:29:14 +0000] "GET /wp-includes/css/dashicons.min.css HTTP/1.1" 200 35721 "https://petpaloozahub.com/register/" "Mozilla/5.0 (Windows NT 10.0; Win64; x64) AppleWebKit/537.36 (KHTML, like Gecko) Chrome/143.0.0.0 Safari/537.36"
102.165.1.101 - - [06/Mar/2026:15:29:15 +0000] "GET /wp-content/plugins/bp-verified-member/assets/css/style.css HTTP/1.1" 200 2004 "https://petpaloozahub.com/register/" "Mozilla/5.0 (Windows NT 10.0; Win64; x64) AppleWebKit/537.36 (KHTML, like Gecko) Chrome/143.0.0.0 Safari/537.36"
102.165.1.101 - - [06/Mar/2026:15:29:15 +0000] "GET /wp-content/themes/classiadspro/styles/css/bootstrap.min.css HTTP/1.1" 200 33777 "https://petpaloozahub.com/register/" "Mozilla/5.0 (Windows NT 10.0; Win64; x64) AppleWebKit/537.36 (KHTML, like Gecko) Chrome/143.0.0.0 Safari/537.36"
102.165.1.101 - - [06/Mar/2026:15:29:16 +0000] "GET /wp-content/themes/classiadspro/styles/css/slick/slick.css HTTP/1.1" 200 569 "https://petpaloozahub.com/register/" "Mozilla/5.0 (Windows NT 10.0; Win64; x64) AppleWebKit/537.36 (KHTML, like Gecko) Chrome/143.0.0.0 Safari/537.36"
102.165.1.101 - - [06/Mar/2026:15:29:16 +0000] "GET /wp-content/themes/classiadspro/styles/css/slick/slick-theme.css HTTP/1.1" 200 866 "https://petpaloozahub.com/register/" "Mozilla/5.0 (Windows NT 10.0; Win64; x64) AppleWebKit/537.36 (KHTML, like Gecko) Chrome/143.0.0.0 Safari/537.36"
102.165.1.101 - - [06/Mar/2026:15:29:17 +0000] "GET /wp-content/themes/classiadspro/styles/material-icons/material-icons.min.css HTTP/1.1" 200 43656 "https://petpaloozahub.com/register/" "Mozilla/5.0 (Windows NT 10.0; Win64; x64) AppleWebKit/537.36 (KHTML, like Gecko) Chrome/143.0.0.0 Safari/537.36"
102.165.1.101 - - [06/Mar/2026:15:29:18 +0000] "GET /wp-content/themes/classiadspro/styles/css/select2.css HTTP/1.1" 200 2707 "https://petpaloozahub.com/register/" "Mozilla/5.0 (Windows NT 10.0; Win64; x64) AppleWebKit/537.36 (KHTML, like Gecko) Chrome/143.0.0.0 Safari/537.36"
102.165.1.101 - - [06/Mar/2026:15:29:18 +0000] "GET /wp-content/themes/classiadspro/styles/css/pacz-styles.css HTTP/1.1" 200 25759 "https://petpaloozahub.com/register/" "Mozilla/5.0 (Windows NT 10.0; Win64; x64) AppleWebKit/537.36 (KHTML, like Gecko) Chrome/143.0.0.0 Safari/537.36"
102.165.1.101 - - [06/Mar/2026:15:29:19 +0000] "GET /wp-content/themes/classiadspro/styles/css/post.css HTTP/1.1" 200 7353 "https://petpaloozahub.com/register/" "Mozilla/5.0 (Windows NT 10.0; Win64; x64) AppleWebKit/537.36 (KHTML, like Gecko) Chrome/143.0.0.0 Safari/537.36"
102.165.1.101 - - [06/Mar/2026:15:29:19 +0000] "GET /wp-content/themes/classiadspro/styles/css/shortcode/common-shortcode.css HTTP/1.1" 200 1190 "https://petpaloozahub.com/register/" "Mozilla/5.0 (Windows NT 10.0; Win64; x64) AppleWebKit/537.36 (KHTML, like Gecko) Chrome/143.0.0.0 Safari/537.36"
102.165.1.101 - - [06/Mar/2026:15:29:20 +0000] "GET /wp-content/themes/classiadspro/styles/css/fonticon-custom.min.css HTTP/1.1" 200 17773 "https://petpaloozahub.com/register/" "Mozilla/5.0 (Windows NT 10.0; Win64; x64) AppleWebKit/537.36 (KHTML, like Gecko) Chrome/143.0.0.0 Safari/537.36"
102.165.1.101 - - [06/Mar/2026:15:29:20 +0000] "GET /wp-content/themes/classiadspro/directorypress/assets/css/common.css HTTP/1.1" 200 14557 "https://petpaloozahub.com/register/" "Mozilla/5.0 (Windows NT 10.0; Win64; x64) AppleWebKit/537.36 (KHTML, like Gecko) Chrome/143.0.0.0 Safari/537.36"
102.165.1.101 - - [06/Mar/2026:15:29:21 +0000] "GET /wp-includes/css/buttons.min.css HTTP/1.1" 200 1470 "https://petpaloozahub.com/register/" "Mozilla/5.0 (Windows NT 10.0; Win64; x64) AppleWebKit/537.36 (KHTML, like Gecko) Chrome/143.0.0.0 Safari/537.36"
102.165.1.101 - - [06/Mar/2026:15:29:21 +0000] "GET /wp-includes/js/mediaelement/mediaelementplayer-legacy.min.css HTTP/1.1" 200 2592 "https://petpaloozahub.com/register/" "Mozilla/5.0 (Windows NT 10.0; Win64; x64) AppleWebKit/537.36 (KHTML, like Gecko) Chrome/143.0.0.0 Safari/537.36"
102.165.1.101 - - [06/Mar/2026:15:29:22 +0000] "GET /wp-includes/js/mediaelement/wp-mediaelement.min.css HTTP/1.1" 200 1156 "https://petpaloozahub.com/register/" "Mozilla/5.0 (Windows NT 10.0; Win64; x64) AppleWebKit/537.36 (KHTML, like Gecko) Chrome/143.0.0.0 Safari/537.36"
102.165.1.101 - - [06/Mar/2026:15:29:22 +0000] "GET /wp-includes/css/media-views.min.css HTTP/1.1" 200 8721 "https://petpaloozahub.com/register/" "Mozilla/5.0 (Windows NT 10.0; Win64; x64) AppleWebKit/537.36 (KHTML, like Gecko) Chrome/143.0.0.0 Safari/537.36"
102.165.1.101 - - [06/Mar/2026:15:29:23 +0000] "GET /wp-includes/js/imgareaselect/imgareaselect.css HTTP/1.1" 200 265 "https://petpaloozahub.com/register/" "Mozilla/5.0 (Windows NT 10.0; Win64; x64) AppleWebKit/537.36 (KHTML, like Gecko) Chrome/143.0.0.0 Safari/537.36"
85.208.96.208 - - [06/Mar/2026:15:29:23 +0000] "GET /3594569555.htm HTTP/1.1" 404 55225 "-" "Mozilla/5.0 (compatible; SemrushBot/7~bl; +http://www.semrush.com/bot.html)"
102.165.1.101 - - [06/Mar/2026:15:29:23 +0000] "GET /wp-content/plugins/dicode-icons-pack/assets/elegant/elegant-icons.min.css HTTP/1.1" 200 3995 "https://petpaloozahub.com/register/" "Mozilla/5.0 (Windows NT 10.0; Win64; x64) AppleWebKit/537.36 (KHTML, like Gecko) Chrome/143.0.0.0 Safari/537.36"
102.165.1.101 - - [06/Mar/2026:15:29:24 +0000] "GET /wp-content/plugins/dicode-icons-pack/assets/linearicons/linearicons.min.css HTTP/1.1" 200 1577 "https://petpaloozahub.com/register/" "Mozilla/5.0 (Windows NT 10.0; Win64; x64) AppleWebKit/537.36 (KHTML, like Gecko) Chrome/143.0.0.0 Safari/537.36"
102.165.1.101 - - [06/Mar/2026:15:29:24 +0000] "GET /wp-content/plugins/dicode-icons-pack/assets/themify/themify.min.css HTTP/1.1" 200 2824 "https://petpaloozahub.com/register/" "Mozilla/5.0 (Windows NT 10.0; Win64; x64) AppleWebKit/537.36 (KHTML, like Gecko) Chrome/143.0.0.0 Safari/537.36"
102.165.1.101 - - [06/Mar/2026:15:29:25 +0000] "GET /wp-content/plugins/directorypress-frontend-messages/assets/css/style.css HTTP/1.1" 200 4380 "https://petpaloozahub.com/register/" "Mozilla/5.0 (Windows NT 10.0; Win64; x64) AppleWebKit/537.36 (KHTML, like Gecko) Chrome/143.0.0.0 Safari/537.36"
159.198.75.45 - - [06/Mar/2026:15:29:25 +0000] "POST /wp-cron.php?doing_wp_cron=1772810965.5896489620208740234375 HTTP/1.1" 200 - "-" "WordPress/6.9.1; https://petpaloozahub.com"
85.208.96.198 - - [06/Mar/2026:15:29:25 +0000] "GET /98970128384.htm HTTP/1.1" 404 55227 "-" "Mozilla/5.0 (compatible; SemrushBot/7~bl; +http://www.semrush.com/bot.html)"
102.165.1.101 - - [06/Mar/2026:15:29:25 +0000] "GET /wp-content/plugins/directorypress-frontend-messages/assets/css/common-style.css HTTP/1.1" 200 471 "https://petpaloozahub.com/register/" "Mozilla/5.0 (Windows NT 10.0; Win64; x64) AppleWebKit/537.36 (KHTML, like Gecko) Chrome/143.0.0.0 Safari/537.36"
102.165.1.101 - - [06/Mar/2026:15:29:26 +0000] "GET /wp-content/plugins/directorypress-frontend-messages/public/css/directorypress-frontend-messages-public.css HTTP/1.1" 200 106 "https://petpaloozahub.com/register/" "Mozilla/5.0 (Windows NT 10.0; Win64; x64) AppleWebKit/537.36 (KHTML, like Gecko) Chrome/143.0.0.0 Safari/537.36"
102.165.1.101 - - [06/Mar/2026:15:29:26 +0000] "GET /wp-content/plugins/directorypress-maps/assets/css/map.css HTTP/1.1" 200 1667 "https://petpaloozahub.com/register/" "Mozilla/5.0 (Windows NT 10.0; Win64; x64) AppleWebKit/537.36 (KHTML, like Gecko) Chrome/143.0.0.0 Safari/537.36"
102.165.1.101 - - [06/Mar/2026:15:29:27 +0000] "GET /wp-content/plugins/directorypress-claim-listing/assets/css/style.css HTTP/1.1" 200 106 "https://petpaloozahub.com/register/" "Mozilla/5.0 (Windows NT 10.0; Win64; x64) AppleWebKit/537.36 (KHTML, like Gecko) Chrome/143.0.0.0 Safari/537.36"
102.165.1.101 - - [06/Mar/2026:15:29:27 +0000] "GET /wp-content/plugins/directorypress-frontend/assets/css/directorypress-frontend-public.css HTTP/1.1" 200 13698 "https://petpaloozahub.com/register/" "Mozilla/5.0 (Windows NT 10.0; Win64; x64) AppleWebKit/537.36 (KHTML, like Gecko) Chrome/143.0.0.0 Safari/537.36"
185.191.171.14 - - [06/Mar/2026:15:29:27 +0000] "GET /9897056014.htm HTTP/1.1" 404 55226 "-" "Mozilla/5.0 (compatible; SemrushBot/7~bl; +http://www.semrush.com/bot.html)"
102.165.1.101 - - [06/Mar/2026:15:29:28 +0000] "GET /wp-content/plugins/directorypress/assets/css/jqueryui/themes/smoothness/jquery-ui.min.css HTTP/1.1" 200 7688 "https://petpaloozahub.com/register/" "Mozilla/5.0 (Windows NT 10.0; Win64; x64) AppleWebKit/537.36 (KHTML, like Gecko) Chrome/143.0.0.0 Safari/537.36"
102.165.1.101 - - [06/Mar/2026:15:29:29 +0000] "GET /wp-content/plugins/directorypress/assets/lib/fontawesome/css/all.min.css HTTP/1.1" 200 12355 "https://petpaloozahub.com/register/" "Mozilla/5.0 (Windows NT 10.0; Win64; x64) AppleWebKit/537.36 (KHTML, like Gecko) Chrome/143.0.0.0 Safari/537.36"
102.165.1.101 - - [06/Mar/2026:15:29:29 +0000] "GET /wp-content/plugins/directorypress/assets/lib/slick-carousel/css/slick.css HTTP/1.1" 200 569 "https://petpaloozahub.com/register/" "Mozilla/5.0 (Windows NT 10.0; Win64; x64) AppleWebKit/537.36 (KHTML, like Gecko) Chrome/143.0.0.0 Safari/537.36"
102.165.1.101 - - [06/Mar/2026:15:29:29 +0000] "GET /wp-content/plugins/directorypress/assets/lib/slick-carousel/css/slick-theme.css HTTP/1.1" 200 866 "https://petpaloozahub.com/register/" "Mozilla/5.0 (Windows NT 10.0; Win64; x64) AppleWebKit/537.36 (KHTML, like Gecko) Chrome/143.0.0.0 Safari/537.36"
102.165.1.101 - - [06/Mar/2026:15:29:30 +0000] "GET /wp-content/plugins/directorypress/assets/css/directorypress-search.css HTTP/1.1" 200 4472 "https://petpaloozahub.com/register/" "Mozilla/5.0 (Windows NT 10.0; Win64; x64) AppleWebKit/537.36 (KHTML, like Gecko) Chrome/143.0.0.0 Safari/537.36"
102.165.1.101 - - [06/Mar/2026:15:29:30 +0000] "GET /wp-content/plugins/directorypress/assets/css/style.css HTTP/1.1" 200 14221 "https://petpaloozahub.com/register/" "Mozilla/5.0 (Windows NT 10.0; Win64; x64) AppleWebKit/537.36 (KHTML, like Gecko) Chrome/143.0.0.0 Safari/537.36"
102.165.1.101 - - [06/Mar/2026:15:29:31 +0000] "GET /wp-content/plugins/revslider/public/css/sr7.css HTTP/1.1" 200 1569 "https://petpaloozahub.com/register/" "Mozilla/5.0 (Windows NT 10.0; Win64; x64) AppleWebKit/537.36 (KHTML, like Gecko) Chrome/143.0.0.0 Safari/537.36"
185.191.171.13 - - [06/Mar/2026:15:29:31 +0000] "GET /98970133138.htm HTTP/1.1" 404 55227 "-" "Mozilla/5.0 (compatible; SemrushBot/7~bl; +http://www.semrush.com/bot.html)"
102.165.1.101 - - [06/Mar/2026:15:29:32 +0000] "GET /wp-content/themes/classiadspro/styles/css/pacz-woocommerce.css HTTP/1.1" 200 9762 "https://petpaloozahub.com/register/" "Mozilla/5.0 (Windows NT 10.0; Win64; x64) AppleWebKit/537.36 (KHTML, like Gecko) Chrome/143.0.0.0 Safari/537.36"
102.165.1.101 - - [06/Mar/2026:15:29:32 +0000] "GET /wp-content/plugins/form-builder-wp/assets/css/style.css HTTP/1.1" 200 4028 "https://petpaloozahub.com/register/" "Mozilla/5.0 (Windows NT 10.0; Win64; x64) AppleWebKit/537.36 (KHTML, like Gecko) Chrome/143.0.0.0 Safari/537.36"
102.165.1.101 - - [06/Mar/2026:15:29:33 +0000] "GET /wp-content/plugins/header-footer-builder/assets/public/css/header-footer-builder.css HTTP/1.1" 200 425 "https://petpaloozahub.com/register/" "Mozilla/5.0 (Windows NT 10.0; Win64; x64) AppleWebKit/537.36 (KHTML, like Gecko) Chrome/143.0.0.0 Safari/537.36"
102.165.1.101 - - [06/Mar/2026:15:29:33 +0000] "GET /wp-content/plugins/elementor/assets/lib/eicons/css/elementor-icons.min.css HTTP/1.1" 200 4429 "https://petpaloozahub.com/register/" "Mozilla/5.0 (Windows NT 10.0; Win64; x64) AppleWebKit/537.36 (KHTML, like Gecko) Chrome/143.0.0.0 Safari/537.36"
102.165.1.101 - - [06/Mar/2026:15:29:33 +0000] "GET /wp-content/plugins/elementor/assets/css/frontend.min.css HTTP/1.1" 200 7271 "https://petpaloozahub.com/register/" "Mozilla/5.0 (Windows NT 10.0; Win64; x64) AppleWebKit/537.36 (KHTML, like Gecko) Chrome/143.0.0.0 Safari/537.36"
102.165.1.101 - - [06/Mar/2026:15:29:34 +0000] "GET /wp-content/uploads/elementor/css/post-7.css HTTP/1.1" 200 376 "https://petpaloozahub.com/register/" "Mozilla/5.0 (Windows NT 10.0; Win64; x64) AppleWebKit/537.36 (KHTML, like Gecko) Chrome/143.0.0.0 Safari/537.36"
102.165.1.101 - - [06/Mar/2026:15:29:34 +0000] "GET /wp-content/plugins/elementor/assets/css/widget-spacer.min.css HTTP/1.1" 200 338 "https://petpaloozahub.com/register/" "Mozilla/5.0 (Windows NT 10.0; Win64; x64) AppleWebKit/537.36 (KHTML, like Gecko) Chrome/143.0.0.0 Safari/537.36"
102.165.1.101 - - [06/Mar/2026:15:29:35 +0000] "GET /wp-content/plugins/elementor/assets/css/widget-image.min.css HTTP/1.1" 200 135 "https://petpaloozahub.com/register/" "Mozilla/5.0 (Windows NT 10.0; Win64; x64) AppleWebKit/537.36 (KHTML, like Gecko) Chrome/143.0.0.0 Safari/537.36"
102.165.1.101 - - [06/Mar/2026:15:29:35 +0000] "GET /wp-content/plugins/elementor/assets/css/widget-heading.min.css HTTP/1.1" 200 160 "https://petpaloozahub.com/register/" "Mozilla/5.0 (Windows NT 10.0; Win64; x64) AppleWebKit/537.36 (KHTML, like Gecko) Chrome/143.0.0.0 Safari/537.36"
102.165.1.101 - - [06/Mar/2026:15:29:36 +0000] "GET /wp-content/uploads/elementor/css/post-230.css HTTP/1.1" 200 793 "https://petpaloozahub.com/register/" "Mozilla/5.0 (Windows NT 10.0; Win64; x64) AppleWebKit/537.36 (KHTML, like Gecko) Chrome/143.0.0.0 Safari/537.36"
102.165.1.101 - - [06/Mar/2026:15:29:36 +0000] "GET /wp-content/uploads/elementor/css/post-10242.css HTTP/1.1" 200 1873 "https://petpaloozahub.com/register/" "Mozilla/5.0 (Windows NT 10.0; Win64; x64) AppleWebKit/537.36 (KHTML, like Gecko) Chrome/143.0.0.0 Safari/537.36"
102.165.1.101 - - [06/Mar/2026:15:29:37 +0000] "GET /wp-content/uploads/elementor/css/post-9685.css HTTP/1.1" 200 1707 "https://petpaloozahub.com/register/" "Mozilla/5.0 (Windows NT 10.0; Win64; x64) AppleWebKit/537.36 (KHTML, like Gecko) Chrome/143.0.0.0 Safari/537.36"
102.165.1.101 - - [06/Mar/2026:15:29:37 +0000] "GET /wp-content/plugins/header-footer-builder/assets/public/css/menu.css HTTP/1.1" 200 7534 "https://petpaloozahub.com/register/" "Mozilla/5.0 (Windows NT 10.0; Win64; x64) AppleWebKit/537.36 (KHTML, like Gecko) Chrome/143.0.0.0 Safari/537.36"
102.165.1.101 - - [06/Mar/2026:15:29:38 +0000] "GET /wp-content/plugins/directorypress/reviews/css/jquery.raty.css HTTP/1.1" 200 756 "https://petpaloozahub.com/register/" "Mozilla/5.0 (Windows NT 10.0; Win64; x64) AppleWebKit/537.36 (KHTML, like Gecko) Chrome/143.0.0.0 Safari/537.36"
102.165.1.101 - - [06/Mar/2026:15:29:38 +0000] "GET /wp-content/themes/classiadspro/style.css HTTP/1.1" 200 636 "https://petpaloozahub.com/register/" "Mozilla/5.0 (Windows NT 10.0; Win64; x64) AppleWebKit/537.36 (KHTML, like Gecko) Chrome/143.0.0.0 Safari/537.36"
102.165.1.101 - - [06/Mar/2026:15:29:39 +0000] "GET /wp-content/themes/classiadspro/custom.css HTTP/1.1" 200 27 "https://petpaloozahub.com/register/" "Mozilla/5.0 (Windows NT 10.0; Win64; x64) AppleWebKit/537.36 (KHTML, like Gecko) Chrome/143.0.0.0 Safari/537.36"
102.165.1.101 - - [06/Mar/2026:15:29:39 +0000] "GET /wp-content/uploads/classiadspro_assets/classiadspro-dynamic.css HTTP/1.1" 200 8224 "https://petpaloozahub.com/register/" "Mozilla/5.0 (Windows NT 10.0; Win64; x64) AppleWebKit/537.36 (KHTML, like Gecko) Chrome/143.0.0.0 Safari/537.36"
102.165.1.101 - - [06/Mar/2026:15:29:40 +0000] "GET /wp-content/plugins/directorypress/assets/css/custom.css HTTP/1.1" 200 27 "https://petpaloozahub.com/register/" "Mozilla/5.0 (Windows NT 10.0; Win64; x64) AppleWebKit/537.36 (KHTML, like Gecko) Chrome/143.0.0.0 Safari/537.36"
102.165.1.101 - - [06/Mar/2026:15:29:40 +0000] "GET /wp-content/uploads/elementor/google-fonts/css/roboto.css HTTP/1.1" 200 2869 "https://petpaloozahub.com/register/" "Mozilla/5.0 (Windows NT 10.0; Win64; x64) AppleWebKit/537.36 (KHTML, like Gecko) Chrome/143.0.0.0 Safari/537.36"
102.165.1.101 - - [06/Mar/2026:15:29:41 +0000] "GET /wp-content/uploads/elementor/google-fonts/css/robotoslab.css HTTP/1.1" 200 961 "https://petpaloozahub.com/register/" "Mozilla/5.0 (Windows NT 10.0; Win64; x64) AppleWebKit/537.36 (KHTML, like Gecko) Chrome/143.0.0.0 Safari/537.36"
