216.73.216.14 - - [06/Mar/2026:16:28:42 +0000] "GET /whmcs-bridge/?ajax=1&ccce=js&js=assets%2Fimg%2Fmarketconnect%2Fsymantec%2Fbrowser-warning.jpg HTTP/1.1" 200 19713 "-" "Mozilla/5.0 AppleWebKit/537.36 (KHTML, like Gecko; compatible; ClaudeBot/1.0; +claudebot@anthropic.com)"
142.44.220.137 - - [06/Mar/2026:16:28:53 +0000] "GET /whmcs/index.php?rp=%2Fstore%2Fshare%2Fshared-hosting&domainselect=1&language=azerbaijani HTTP/1.1" 200 9199 "-" "Mozilla/5.0 (compatible; AhrefsBot/7.0; +http://ahrefs.com/robot/)"
159.198.75.45 - - [06/Mar/2026:16:29:32 +0000] "GET /whmcs/cart.php?a=add&domain=transfer&language=estonian&systpl=five HTTP/1.1" 200 5712 "-" "WordPress/6.9.1; https://serveredgehosting.com"
102.210.18.95 - - [06/Mar/2026:16:29:31 +0000] "GET /whmcs-bridge/?a=add&ccce=cart&domain=transfer&language=estonian&systpl=five HTTP/1.1" 200 34877 "-" "Mozilla/5.0 (Windows NT 10.0; Win64; x64) AppleWebKit/537.36 (KHTML, like Gecko) Chrome/75.0.3770.90 Safari/537.36"
159.198.75.45 - - [06/Mar/2026:16:29:43 +0000] "GET /whmcs/clientarea.php?systpl=five HTTP/1.1" 302 - "-" "WordPress/6.9.1; https://serveredgehosting.com"
159.198.75.45 - - [06/Mar/2026:16:29:43 +0000] "GET /whmcs/index.php?rp=/login&systpl=five HTTP/1.1" 200 3966 "-" "WordPress/6.9.1; https://serveredgehosting.com"
185.127.127.173 - - [06/Mar/2026:16:29:43 +0000] "GET /whmcs-bridge/?ccce=clientarea HTTP/1.1" 200 19039 "-" "Mozilla/5.0 (Windows NT 10.0; Win64; x64) AppleWebKit/537.36 (KHTML, like Gecko) Brave Chrome/86.0.4240.99 Safari/537.36"
159.198.75.45 - - [06/Mar/2026:16:29:47 +0000] "GET /whmcs/assets/img/marketconnect/symantec/multi-year-flow.png HTTP/1.1" 200 31850 "-" "WordPress/6.9.1; https://serveredgehosting.com"
159.198.75.45 - - [06/Mar/2026:16:29:47 +0000] "GET /whmcs/assets/img/marketconnect/ox/display-email.png HTTP/1.1" 200 86703 "-" "WordPress/6.9.1; https://serveredgehosting.com"
216.73.216.14 - - [06/Mar/2026:16:29:47 +0000] "GET /whmcs-bridge/?ajax=1&ccce=js&js=assets%2Fimg%2Fmarketconnect%2Fsymantec%2Fmulti-year-flow.png HTTP/1.1" 200 29020 "-" "Mozilla/5.0 AppleWebKit/537.36 (KHTML, like Gecko; compatible; ClaudeBot/1.0; +claudebot@anthropic.com)"
216.73.216.14 - - [06/Mar/2026:16:29:47 +0000] "GET /whmcs-bridge/?ajax=1&ccce=js&js=assets%2Fimg%2Fmarketconnect%2Fox%2Fdisplay-email.png HTTP/1.1" 200 85342 "-" "Mozilla/5.0 AppleWebKit/537.36 (KHTML, like Gecko; compatible; ClaudeBot/1.0; +claudebot@anthropic.com)"
159.198.75.45 - - [06/Mar/2026:16:29:54 +0000] "GET /whmcs/assets/img/marketconnect/ox/logo-inv.png HTTP/1.1" 200 20635 "-" "WordPress/6.9.1; https://serveredgehosting.com"
216.73.216.14 - - [06/Mar/2026:16:29:53 +0000] "GET /whmcs-bridge/?ajax=1&ccce=js&js=assets%2Fimg%2Fmarketconnect%2Fox%2Flogo-inv.png HTTP/1.1" 200 20395 "-" "Mozilla/5.0 AppleWebKit/537.36 (KHTML, like Gecko; compatible; ClaudeBot/1.0; +claudebot@anthropic.com)"
159.198.75.45 - - [06/Mar/2026:16:29:54 +0000] "GET /whmcs/assets/img/marketconnect/xovinow/site-audit.svg HTTP/1.1" 200 8013 "-" "WordPress/6.9.1; https://serveredgehosting.com"
216.73.216.14 - - [06/Mar/2026:16:29:53 +0000] "GET /whmcs-bridge/?ajax=1&ccce=js&js=assets%2Fimg%2Fmarketconnect%2Fxovinow%2Fsite-audit.svg HTTP/1.1" 200 8013 "-" "Mozilla/5.0 AppleWebKit/537.36 (KHTML, like Gecko; compatible; ClaudeBot/1.0; +claudebot@anthropic.com)"
159.198.75.45 - - [06/Mar/2026:16:29:54 +0000] "GET /whmcs/assets/img/marketconnect/xovinow/benchmarking.svg HTTP/1.1" 200 2372 "-" "WordPress/6.9.1; https://serveredgehosting.com"
216.73.216.14 - - [06/Mar/2026:16:29:54 +0000] "GET /whmcs-bridge/?ajax=1&ccce=js&js=assets%2Fimg%2Fmarketconnect%2Fxovinow%2Fbenchmarking.svg HTTP/1.1" 200 2372 "-" "Mozilla/5.0 AppleWebKit/537.36 (KHTML, like Gecko; compatible; ClaudeBot/1.0; +claudebot@anthropic.com)"
159.198.75.45 - - [06/Mar/2026:16:29:54 +0000] "GET /whmcs/assets/img/marketconnect/ox/icon-dark-cloud.png HTTP/1.1" 200 4213 "-" "WordPress/6.9.1; https://serveredgehosting.com"
216.73.216.14 - - [06/Mar/2026:16:29:54 +0000] "GET /whmcs-bridge/?ajax=1&ccce=js&js=assets%2Fimg%2Fmarketconnect%2Fox%2Ficon-dark-cloud.png HTTP/1.1" 200 3916 "-" "Mozilla/5.0 AppleWebKit/537.36 (KHTML, like Gecko; compatible; ClaudeBot/1.0; +claudebot@anthropic.com)"
159.198.75.45 - - [06/Mar/2026:16:29:54 +0000] "GET /whmcs/assets/img/marketconnect/symantec/safety-icon.png HTTP/1.1" 200 979 "-" "WordPress/6.9.1; https://serveredgehosting.com"
159.198.75.45 - - [06/Mar/2026:16:29:54 +0000] "GET /whmcs/assets/img/marketconnect/symantec/symantec-logo.png HTTP/1.1" 200 61129 "-" "WordPress/6.9.1; https://serveredgehosting.com"
216.73.216.14 - - [06/Mar/2026:16:29:54 +0000] "GET /whmcs-bridge/?ajax=1&ccce=js&js=assets%2Fimg%2Fmarketconnect%2Fsymantec%2Fsafety-icon.png HTTP/1.1" 200 1002 "-" "Mozilla/5.0 AppleWebKit/537.36 (KHTML, like Gecko; compatible; ClaudeBot/1.0; +claudebot@anthropic.com)"
216.73.216.14 - - [06/Mar/2026:16:29:54 +0000] "GET /whmcs-bridge/?ajax=1&ccce=js&js=assets%2Fimg%2Fmarketconnect%2Fsymantec%2Fsymantec-logo.png HTTP/1.1" 200 56515 "-" "Mozilla/5.0 AppleWebKit/537.36 (KHTML, like Gecko; compatible; ClaudeBot/1.0; +claudebot@anthropic.com)"
159.198.75.45 - - [06/Mar/2026:16:29:54 +0000] "GET /whmcs/assets/img/marketconnect/ox/pricing-yes.png HTTP/1.1" 200 3103 "-" "WordPress/6.9.1; https://serveredgehosting.com"
216.73.216.14 - - [06/Mar/2026:16:29:54 +0000] "GET /whmcs-bridge/?ajax=1&ccce=js&js=assets%2Fimg%2Fmarketconnect%2Fox%2Fpricing-yes.png HTTP/1.1" 200 3126 "-" "Mozilla/5.0 AppleWebKit/537.36 (KHTML, like Gecko; compatible; ClaudeBot/1.0; +claudebot@anthropic.com)"
159.198.75.45 - - [06/Mar/2026:16:29:54 +0000] "GET /whmcs/assets/img/marketconnect/symantec/padlock-x.png HTTP/1.1" 200 6076 "-" "WordPress/6.9.1; https://serveredgehosting.com"
216.73.216.14 - - [06/Mar/2026:16:29:54 +0000] "GET /whmcs-bridge/?ajax=1&ccce=js&js=assets%2Fimg%2Fmarketconnect%2Fsymantec%2Fpadlock-x.png HTTP/1.1" 200 6099 "-" "Mozilla/5.0 AppleWebKit/537.36 (KHTML, like Gecko; compatible; ClaudeBot/1.0; +claudebot@anthropic.com)"
159.198.75.45 - - [06/Mar/2026:16:29:54 +0000] "GET /whmcs/assets/img/marketconnect/symantec/geotrust-logo.png HTTP/1.1" 200 10050 "-" "WordPress/6.9.1; https://serveredgehosting.com"
216.73.216.14 - - [06/Mar/2026:16:29:54 +0000] "GET /whmcs-bridge/?ajax=1&ccce=js&js=assets%2Fimg%2Fmarketconnect%2Fsymantec%2Fgeotrust-logo.png HTTP/1.1" 200 10047 "-" "Mozilla/5.0 AppleWebKit/537.36 (KHTML, like Gecko; compatible; ClaudeBot/1.0; +claudebot@anthropic.com)"
159.198.75.45 - - [06/Mar/2026:16:29:54 +0000] "GET /whmcs/assets/img/marketconnect/symantec/card-library.png HTTP/1.1" 200 5879 "-" "WordPress/6.9.1; https://serveredgehosting.com"
216.73.216.14 - - [06/Mar/2026:16:29:54 +0000] "GET /whmcs-bridge/?ajax=1&ccce=js&js=assets%2Fimg%2Fmarketconnect%2Fsymantec%2Fcard-library.png HTTP/1.1" 200 5363 "-" "Mozilla/5.0 AppleWebKit/537.36 (KHTML, like Gecko; compatible; ClaudeBot/1.0; +claudebot@anthropic.com)"
159.198.75.45 - - [06/Mar/2026:16:29:54 +0000] "GET /whmcs/assets/img/marketconnect/xovinow/rank-tracker.svg HTTP/1.1" 200 5480 "-" "WordPress/6.9.1; https://serveredgehosting.com"
216.73.216.14 - - [06/Mar/2026:16:29:54 +0000] "GET /whmcs-bridge/?ajax=1&ccce=js&js=assets%2Fimg%2Fmarketconnect%2Fxovinow%2Frank-tracker.svg HTTP/1.1" 200 5480 "-" "Mozilla/5.0 AppleWebKit/537.36 (KHTML, like Gecko; compatible; ClaudeBot/1.0; +claudebot@anthropic.com)"
159.198.75.45 - - [06/Mar/2026:16:29:54 +0000] "GET /whmcs/assets/img/marketconnect/xovinow/advisor.svg HTTP/1.1" 200 5865 "-" "WordPress/6.9.1; https://serveredgehosting.com"
216.73.216.14 - - [06/Mar/2026:16:29:54 +0000] "GET /whmcs-bridge/?ajax=1&ccce=js&js=assets%2Fimg%2Fmarketconnect%2Fxovinow%2Fadvisor.svg HTTP/1.1" 200 5865 "-" "Mozilla/5.0 AppleWebKit/537.36 (KHTML, like Gecko; compatible; ClaudeBot/1.0; +claudebot@anthropic.com)"
159.198.75.45 - - [06/Mar/2026:16:29:54 +0000] "GET /whmcs/assets/img/marketconnect/nordvpn/header-image.png HTTP/1.1" 200 139894 "-" "WordPress/6.9.1; https://serveredgehosting.com"
216.73.216.14 - - [06/Mar/2026:16:29:54 +0000] "GET /whmcs-bridge/?ajax=1&ccce=js&js=assets%2Fimg%2Fmarketconnect%2Fnordvpn%2Fheader-image.png HTTP/1.1" 200 139633 "-" "Mozilla/5.0 AppleWebKit/537.36 (KHTML, like Gecko; compatible; ClaudeBot/1.0; +claudebot@anthropic.com)"
159.198.75.45 - - [06/Mar/2026:16:29:54 +0000] "GET /whmcs/assets/img/marketconnect/symantec/rapidssl-logo.png HTTP/1.1" 200 8549 "-" "WordPress/6.9.1; https://serveredgehosting.com"
216.73.216.14 - - [06/Mar/2026:16:29:54 +0000] "GET /whmcs-bridge/?ajax=1&ccce=js&js=assets%2Fimg%2Fmarketconnect%2Fsymantec%2Frapidssl-logo.png HTTP/1.1" 200 8557 "-" "Mozilla/5.0 AppleWebKit/537.36 (KHTML, like Gecko; compatible; ClaudeBot/1.0; +claudebot@anthropic.com)"
159.198.75.45 - - [06/Mar/2026:16:29:55 +0000] "GET /whmcs/assets/img/marketconnect/sitelock/logo.png HTTP/1.1" 200 19747 "-" "WordPress/6.9.1; https://serveredgehosting.com"
216.73.216.14 - - [06/Mar/2026:16:29:54 +0000] "GET /whmcs-bridge/?ajax=1&ccce=js&js=assets%2Fimg%2Fmarketconnect%2Fsitelock%2Flogo.png HTTP/1.1" 200 19350 "-" "Mozilla/5.0 AppleWebKit/537.36 (KHTML, like Gecko; compatible; ClaudeBot/1.0; +claudebot@anthropic.com)"
159.198.75.45 - - [06/Mar/2026:16:30:20 +0000] "GET /whmcs/assets/img/marketconnect/nordvpn/vpn-private.png HTTP/1.1" 200 6946 "-" "WordPress/6.9.1; https://serveredgehosting.com"
216.73.216.14 - - [06/Mar/2026:16:30:20 +0000] "GET /whmcs-bridge/?ajax=1&ccce=js&js=assets%2Fimg%2Fmarketconnect%2Fnordvpn%2Fvpn-private.png HTTP/1.1" 200 6969 "-" "Mozilla/5.0 AppleWebKit/537.36 (KHTML, like Gecko; compatible; ClaudeBot/1.0; +claudebot@anthropic.com)"
159.198.75.45 - - [06/Mar/2026:16:30:20 +0000] "GET /whmcs/assets/img/marketconnect/nordvpn/logomarks-buzzfeed.png HTTP/1.1" 200 3596 "-" "WordPress/6.9.1; https://serveredgehosting.com"
216.73.216.14 - - [06/Mar/2026:16:30:20 +0000] "GET /whmcs-bridge/?ajax=1&ccce=js&js=assets%2Fimg%2Fmarketconnect%2Fnordvpn%2Flogomarks-buzzfeed.png HTTP/1.1" 200 2940 "-" "Mozilla/5.0 AppleWebKit/537.36 (KHTML, like Gecko; compatible; ClaudeBot/1.0; +claudebot@anthropic.com)"
159.198.75.45 - - [06/Mar/2026:16:30:20 +0000] "GET /whmcs/assets/img/marketconnect/ox/icon-dark-calendar.png HTTP/1.1" 200 4561 "-" "WordPress/6.9.1; https://serveredgehosting.com"
216.73.216.14 - - [06/Mar/2026:16:30:20 +0000] "GET /whmcs-bridge/?ajax=1&ccce=js&js=assets%2Fimg%2Fmarketconnect%2Fox%2Ficon-dark-calendar.png HTTP/1.1" 200 4295 "-" "Mozilla/5.0 AppleWebKit/537.36 (KHTML, like Gecko; compatible; ClaudeBot/1.0; +claudebot@anthropic.com)"
159.198.75.45 - - [06/Mar/2026:16:30:20 +0000] "GET /whmcs/assets/img/marketconnect/xovinow/faq-googlectrchart.png HTTP/1.1" 200 26010 "-" "WordPress/6.9.1; https://serveredgehosting.com"
216.73.216.14 - - [06/Mar/2026:16:30:20 +0000] "GET /whmcs-bridge/?ajax=1&ccce=js&js=assets%2Fimg%2Fmarketconnect%2Fxovinow%2Ffaq-googlectrchart.png HTTP/1.1" 200 25643 "-" "Mozilla/5.0 AppleWebKit/537.36 (KHTML, like Gecko; compatible; ClaudeBot/1.0; +claudebot@anthropic.com)"
159.198.75.45 - - [06/Mar/2026:16:30:20 +0000] "GET /whmcs/assets/img/marketconnect/nordvpn/icon-speed.png HTTP/1.1" 200 4797 "-" "WordPress/6.9.1; https://serveredgehosting.com"
216.73.216.14 - - [06/Mar/2026:16:30:20 +0000] "GET /whmcs-bridge/?ajax=1&ccce=js&js=assets%2Fimg%2Fmarketconnect%2Fnordvpn%2Ficon-speed.png HTTP/1.1" 200 4820 "-" "Mozilla/5.0 AppleWebKit/537.36 (KHTML, like Gecko; compatible; ClaudeBot/1.0; +claudebot@anthropic.com)"
159.198.75.45 - - [06/Mar/2026:16:30:20 +0000] "GET /whmcs/assets/img/marketconnect/xovinow/screenshots/site_audit.png HTTP/1.1" 200 398495 "-" "WordPress/6.9.1; https://serveredgehosting.com"
159.198.75.45 - - [06/Mar/2026:16:30:20 +0000] "GET /whmcs/assets/img/marketconnect/xovinow/screenshots/advisor_task_details.png HTTP/1.1" 200 460331 "-" "WordPress/6.9.1; https://serveredgehosting.com"
216.73.216.14 - - [06/Mar/2026:16:30:20 +0000] "GET /whmcs-bridge/?ajax=1&ccce=js&js=assets%2Fimg%2Fmarketconnect%2Fxovinow%2Fscreenshots%2Fsite_audit.png HTTP/1.1" 200 391937 "-" "Mozilla/5.0 AppleWebKit/537.36 (KHTML, like Gecko; compatible; ClaudeBot/1.0; +claudebot@anthropic.com)"
159.198.75.45 - - [06/Mar/2026:16:30:20 +0000] "GET /whmcs/assets/img/marketconnect/nordvpn/vpn-express.png HTTP/1.1" 200 9337 "-" "WordPress/6.9.1; https://serveredgehosting.com"
216.73.216.14 - - [06/Mar/2026:16:30:20 +0000] "GET /whmcs-bridge/?ajax=1&ccce=js&js=assets%2Fimg%2Fmarketconnect%2Fnordvpn%2Fvpn-express.png HTTP/1.1" 200 9360 "-" "Mozilla/5.0 AppleWebKit/537.36 (KHTML, like Gecko; compatible; ClaudeBot/1.0; +claudebot@anthropic.com)"
216.73.216.14 - - [06/Mar/2026:16:30:20 +0000] "GET /whmcs-bridge/?ajax=1&ccce=js&js=assets%2Fimg%2Fmarketconnect%2Fxovinow%2Fscreenshots%2Fadvisor_task_details.png HTTP/1.1" 200 440524 "-" "Mozilla/5.0 AppleWebKit/537.36 (KHTML, like Gecko; compatible; ClaudeBot/1.0; +claudebot@anthropic.com)"
159.198.75.45 - - [06/Mar/2026:16:30:21 +0000] "GET /whmcs/assets/img/marketconnect/nordvpn/img-malware.png HTTP/1.1" 200 47691 "-" "WordPress/6.9.1; https://serveredgehosting.com"
216.73.216.14 - - [06/Mar/2026:16:30:20 +0000] "GET /whmcs-bridge/?ajax=1&ccce=js&js=assets%2Fimg%2Fmarketconnect%2Fnordvpn%2Fimg-malware.png HTTP/1.1" 200 47589 "-" "Mozilla/5.0 AppleWebKit/537.36 (KHTML, like Gecko; compatible; ClaudeBot/1.0; +claudebot@anthropic.com)"
159.198.75.45 - - [06/Mar/2026:16:30:21 +0000] "GET /whmcs/assets/img/marketconnect/xovinow/logo.png HTTP/1.1" 200 11667 "-" "WordPress/6.9.1; https://serveredgehosting.com"
216.73.216.14 - - [06/Mar/2026:16:30:21 +0000] "GET /whmcs-bridge/?ajax=1&ccce=js&js=assets%2Fimg%2Fmarketconnect%2Fxovinow%2Flogo.png HTTP/1.1" 200 10775 "-" "Mozilla/5.0 AppleWebKit/537.36 (KHTML, like Gecko; compatible; ClaudeBot/1.0; +claudebot@anthropic.com)"
159.198.75.45 - - [06/Mar/2026:16:30:21 +0000] "GET /whmcs/assets/img/marketconnect/symantec/card-passport.png HTTP/1.1" 200 6270 "-" "WordPress/6.9.1; https://serveredgehosting.com"
216.73.216.14 - - [06/Mar/2026:16:30:21 +0000] "GET /whmcs-bridge/?ajax=1&ccce=js&js=assets%2Fimg%2Fmarketconnect%2Fsymantec%2Fcard-passport.png HTTP/1.1" 200 5835 "-" "Mozilla/5.0 AppleWebKit/537.36 (KHTML, like Gecko; compatible; ClaudeBot/1.0; +claudebot@anthropic.com)"
159.198.75.45 - - [06/Mar/2026:16:30:21 +0000] "GET /whmcs/assets/img/marketconnect/nordvpn/header-icons.png HTTP/1.1" 200 8555 "-" "WordPress/6.9.1; https://serveredgehosting.com"
216.73.216.14 - - [06/Mar/2026:16:30:21 +0000] "GET /whmcs-bridge/?ajax=1&ccce=js&js=assets%2Fimg%2Fmarketconnect%2Fnordvpn%2Fheader-icons.png HTTP/1.1" 200 8578 "-" "Mozilla/5.0 AppleWebKit/537.36 (KHTML, like Gecko; compatible; ClaudeBot/1.0; +claudebot@anthropic.com)"
159.198.75.45 - - [06/Mar/2026:16:30:21 +0000] "GET /whmcs/assets/img/marketconnect/xovinow/screenshots/advisor_overview_column.png HTTP/1.1" 200 488111 "-" "WordPress/6.9.1; https://serveredgehosting.com"
216.73.216.14 - - [06/Mar/2026:16:30:21 +0000] "GET /whmcs-bridge/?ajax=1&ccce=js&js=assets%2Fimg%2Fmarketconnect%2Fxovinow%2Fscreenshots%2Fadvisor_overview_column.png HTTP/1.1" 200 476592 "-" "Mozilla/5.0 AppleWebKit/537.36 (KHTML, like Gecko; compatible; ClaudeBot/1.0; +claudebot@anthropic.com)"
159.198.75.45 - - [06/Mar/2026:16:30:21 +0000] "GET /whmcs/assets/img/marketconnect/ox/icon-dark-privacy.png HTTP/1.1" 200 4742 "-" "WordPress/6.9.1; https://serveredgehosting.com"
216.73.216.14 - - [06/Mar/2026:16:30:21 +0000] "GET /whmcs-bridge/?ajax=1&ccce=js&js=assets%2Fimg%2Fmarketconnect%2Fox%2Ficon-dark-privacy.png HTTP/1.1" 200 4466 "-" "Mozilla/5.0 AppleWebKit/537.36 (KHTML, like Gecko; compatible; ClaudeBot/1.0; +claudebot@anthropic.com)"
159.198.75.45 - - [06/Mar/2026:16:30:21 +0000] "GET /whmcs/assets/img/marketconnect/xovinow/faq-advisor.png HTTP/1.1" 200 564712 "-" "WordPress/6.9.1; https://serveredgehosting.com"
216.73.216.14 - - [06/Mar/2026:16:30:21 +0000] "GET /whmcs-bridge/?ajax=1&ccce=js&js=assets%2Fimg%2Fmarketconnect%2Fxovinow%2Ffaq-advisor.png HTTP/1.1" 200 561850 "-" "Mozilla/5.0 AppleWebKit/537.36 (KHTML, like Gecko; compatible; ClaudeBot/1.0; +claudebot@anthropic.com)"
159.198.75.45 - - [06/Mar/2026:16:30:21 +0000] "GET /whmcs/assets/img/marketconnect/nordvpn/icon-check.png HTTP/1.1" 200 4982 "-" "WordPress/6.9.1; https://serveredgehosting.com"
216.73.216.14 - - [06/Mar/2026:16:30:21 +0000] "GET /whmcs-bridge/?ajax=1&ccce=js&js=assets%2Fimg%2Fmarketconnect%2Fnordvpn%2Ficon-check.png HTTP/1.1" 200 5005 "-" "Mozilla/5.0 AppleWebKit/537.36 (KHTML, like Gecko; compatible; ClaudeBot/1.0; +claudebot@anthropic.com)"
159.198.75.45 - - [06/Mar/2026:16:30:21 +0000] "GET /whmcs/assets/img/marketconnect/xovinow/screenshots/dashboard.png HTTP/1.1" 200 905424 "-" "WordPress/6.9.1; https://serveredgehosting.com"
216.73.216.14 - - [06/Mar/2026:16:30:21 +0000] "GET /whmcs-bridge/?ajax=1&ccce=js&js=assets%2Fimg%2Fmarketconnect%2Fxovinow%2Fscreenshots%2Fdashboard.png HTTP/1.1" 200 902675 "-" "Mozilla/5.0 AppleWebKit/537.36 (KHTML, like Gecko; compatible; ClaudeBot/1.0; +claudebot@anthropic.com)"
159.198.75.45 - - [06/Mar/2026:16:30:21 +0000] "GET /whmcs/assets/img/marketconnect/nordvpn/icon-infinity.png HTTP/1.1" 200 4282 "-" "WordPress/6.9.1; https://serveredgehosting.com"
216.73.216.14 - - [06/Mar/2026:16:30:21 +0000] "GET /whmcs-bridge/?ajax=1&ccce=js&js=assets%2Fimg%2Fmarketconnect%2Fnordvpn%2Ficon-infinity.png HTTP/1.1" 200 4305 "-" "Mozilla/5.0 AppleWebKit/537.36 (KHTML, like Gecko; compatible; ClaudeBot/1.0; +claudebot@anthropic.com)"
159.198.75.45 - - [06/Mar/2026:16:30:21 +0000] "GET /whmcs/assets/img/marketconnect/nordvpn/icon-shield.png HTTP/1.1" 200 5268 "-" "WordPress/6.9.1; https://serveredgehosting.com"
216.73.216.14 - - [06/Mar/2026:16:30:21 +0000] "GET /whmcs-bridge/?ajax=1&ccce=js&js=assets%2Fimg%2Fmarketconnect%2Fnordvpn%2Ficon-shield.png HTTP/1.1" 200 5291 "-" "Mozilla/5.0 AppleWebKit/537.36 (KHTML, like Gecko; compatible; ClaudeBot/1.0; +claudebot@anthropic.com)"
159.198.75.45 - - [06/Mar/2026:16:30:22 +0000] "GET /whmcs/assets/img/marketconnect/xovinow/header-img.png HTTP/1.1" 200 305450 "-" "WordPress/6.9.1; https://serveredgehosting.com"
216.73.216.14 - - [06/Mar/2026:16:30:21 +0000] "GET /whmcs-bridge/?ajax=1&ccce=js&js=assets%2Fimg%2Fmarketconnect%2Fxovinow%2Fheader-img.png HTTP/1.1" 200 305169 "-" "Mozilla/5.0 AppleWebKit/537.36 (KHTML, like Gecko; compatible; ClaudeBot/1.0; +claudebot@anthropic.com)"
159.198.75.45 - - [06/Mar/2026:16:30:22 +0000] "GET /whmcs/assets/img/marketconnect/symantec/card-driving.png HTTP/1.1" 200 7949 "-" "WordPress/6.9.1; https://serveredgehosting.com"
216.73.216.14 - - [06/Mar/2026:16:30:22 +0000] "GET /whmcs-bridge/?ajax=1&ccce=js&js=assets%2Fimg%2Fmarketconnect%2Fsymantec%2Fcard-driving.png HTTP/1.1" 200 7561 "-" "Mozilla/5.0 AppleWebKit/537.36 (KHTML, like Gecko; compatible; ClaudeBot/1.0; +claudebot@anthropic.com)"
159.198.75.45 - - [06/Mar/2026:16:30:22 +0000] "GET /whmcs/assets/img/marketconnect/spamexperts/logo_white.png HTTP/1.1" 200 8458 "-" "WordPress/6.9.1; https://serveredgehosting.com"
216.73.216.14 - - [06/Mar/2026:16:30:22 +0000] "GET /whmcs-bridge/?ajax=1&ccce=js&js=assets%2Fimg%2Fmarketconnect%2Fspamexperts%2Flogo_white.png HTTP/1.1" 200 8426 "-" "Mozilla/5.0 AppleWebKit/537.36 (KHTML, like Gecko; compatible; ClaudeBot/1.0; +claudebot@anthropic.com)"
159.198.75.45 - - [06/Mar/2026:16:30:22 +0000] "GET /whmcs/assets/img/marketconnect/nordvpn/icon-hacker.png HTTP/1.1" 200 5124 "-" "WordPress/6.9.1; https://serveredgehosting.com"
216.73.216.14 - - [06/Mar/2026:16:30:22 +0000] "GET /whmcs-bridge/?ajax=1&ccce=js&js=assets%2Fimg%2Fmarketconnect%2Fnordvpn%2Ficon-hacker.png HTTP/1.1" 200 5147 "-" "Mozilla/5.0 AppleWebKit/537.36 (KHTML, like Gecko; compatible; ClaudeBot/1.0; +claudebot@anthropic.com)"
159.198.75.45 - - [06/Mar/2026:16:30:22 +0000] "GET /whmcs/assets/img/marketconnect/spamexperts/logo.png HTTP/1.1" 200 24124 "-" "WordPress/6.9.1; https://serveredgehosting.com"
216.73.216.14 - - [06/Mar/2026:16:30:22 +0000] "GET /whmcs-bridge/?ajax=1&ccce=js&js=assets%2Fimg%2Fmarketconnect%2Fspamexperts%2Flogo.png HTTP/1.1" 200 23354 "-" "Mozilla/5.0 AppleWebKit/537.36 (KHTML, like Gecko; compatible; ClaudeBot/1.0; +claudebot@anthropic.com)"
159.198.75.45 - - [06/Mar/2026:16:30:22 +0000] "GET /whmcs/assets/img/marketconnect/xovinow/keywords.svg HTTP/1.1" 200 6112 "-" "WordPress/6.9.1; https://serveredgehosting.com"
216.73.216.14 - - [06/Mar/2026:16:30:22 +0000] "GET /whmcs-bridge/?ajax=1&ccce=js&js=assets%2Fimg%2Fmarketconnect%2Fxovinow%2Fkeywords.svg HTTP/1.1" 200 6112 "-" "Mozilla/5.0 AppleWebKit/537.36 (KHTML, like Gecko; compatible; ClaudeBot/1.0; +claudebot@anthropic.com)"
159.198.75.45 - - [06/Mar/2026:16:30:22 +0000] "GET /whmcs/assets/img/marketconnect/ox/icon-dark-email.png HTTP/1.1" 200 2982 "-" "WordPress/6.9.1; https://serveredgehosting.com"
216.73.216.14 - - [06/Mar/2026:16:30:22 +0000] "GET /whmcs-bridge/?ajax=1&ccce=js&js=assets%2Fimg%2Fmarketconnect%2Fox%2Ficon-dark-email.png HTTP/1.1" 200 2677 "-" "Mozilla/5.0 AppleWebKit/537.36 (KHTML, like Gecko; compatible; ClaudeBot/1.0; +claudebot@anthropic.com)"
159.198.75.45 - - [06/Mar/2026:16:30:22 +0000] "GET /whmcs/assets/img/marketconnect/nordvpn/header-logo.png HTTP/1.1" 200 11074 "-" "WordPress/6.9.1; https://serveredgehosting.com"
216.73.216.14 - - [06/Mar/2026:16:30:22 +0000] "GET /whmcs-bridge/?ajax=1&ccce=js&js=assets%2Fimg%2Fmarketconnect%2Fnordvpn%2Fheader-logo.png HTTP/1.1" 200 11038 "-" "Mozilla/5.0 AppleWebKit/537.36 (KHTML, like Gecko; compatible; ClaudeBot/1.0; +claudebot@anthropic.com)"
159.198.75.45 - - [06/Mar/2026:16:30:22 +0000] "GET /whmcs/assets/img/marketconnect/nordvpn/icon-bug.png HTTP/1.1" 200 4996 "-" "WordPress/6.9.1; https://serveredgehosting.com"
216.73.216.14 - - [06/Mar/2026:16:30:22 +0000] "GET /whmcs-bridge/?ajax=1&ccce=js&js=assets%2Fimg%2Fmarketconnect%2Fnordvpn%2Ficon-bug.png HTTP/1.1" 200 4995 "-" "Mozilla/5.0 AppleWebKit/537.36 (KHTML, like Gecko; compatible; ClaudeBot/1.0; +claudebot@anthropic.com)"
159.198.75.45 - - [06/Mar/2026:16:30:22 +0000] "GET /whmcs/assets/img/marketconnect/xovinow/screenshots/projects.png HTTP/1.1" 200 310049 "-" "WordPress/6.9.1; https://serveredgehosting.com"
216.73.216.14 - - [06/Mar/2026:16:30:22 +0000] "GET /whmcs-bridge/?ajax=1&ccce=js&js=assets%2Fimg%2Fmarketconnect%2Fxovinow%2Fscreenshots%2Fprojects.png HTTP/1.1" 200 300940 "-" "Mozilla/5.0 AppleWebKit/537.36 (KHTML, like Gecko; compatible; ClaudeBot/1.0; +claudebot@anthropic.com)"
159.198.75.45 - - [06/Mar/2026:16:30:22 +0000] "GET /whmcs/assets/img/marketconnect/ox/icon-dark-apps.png HTTP/1.1" 200 4380 "-" "WordPress/6.9.1; https://serveredgehosting.com"
216.73.216.14 - - [06/Mar/2026:16:30:22 +0000] "GET /whmcs-bridge/?ajax=1&ccce=js&js=assets%2Fimg%2Fmarketconnect%2Fox%2Ficon-dark-apps.png HTTP/1.1" 200 4103 "-" "Mozilla/5.0 AppleWebKit/537.36 (KHTML, like Gecko; compatible; ClaudeBot/1.0; +claudebot@anthropic.com)"
159.198.75.45 - - [06/Mar/2026:16:31:06 +0000] "GET /whmcs/assets/img/marketconnect/xovinow/faq-googlectrpages.png HTTP/1.1" 200 35815 "-" "WordPress/6.9.1; https://serveredgehosting.com"
159.198.75.45 - - [06/Mar/2026:16:31:06 +0000] "GET /whmcs/assets/img/marketconnect/nordvpn/img-girl.png HTTP/1.1" 200 140178 "-" "WordPress/6.9.1; https://serveredgehosting.com"
159.198.75.45 - - [06/Mar/2026:16:31:06 +0000] "GET /whmcs/assets/img/marketconnect/nordvpn/img-world.png HTTP/1.1" 200 114005 "-" "WordPress/6.9.1; https://serveredgehosting.com"
159.198.75.45 - - [06/Mar/2026:16:31:06 +0000] "GET /whmcs/assets/img/marketconnect/xovinow/screenshots/tracked_keywords.png HTTP/1.1" 200 452767 "-" "WordPress/6.9.1; https://serveredgehosting.com"
216.73.216.14 - - [06/Mar/2026:16:31:05 +0000] "GET /whmcs-bridge/?ajax=1&ccce=js&js=assets%2Fimg%2Fmarketconnect%2Fxovinow%2Ffaq-googlectrpages.png HTTP/1.1" 200 34904 "-" "Mozilla/5.0 AppleWebKit/537.36 (KHTML, like Gecko; compatible; ClaudeBot/1.0; +claudebot@anthropic.com)"
159.198.75.45 - - [06/Mar/2026:16:31:06 +0000] "GET /whmcs/assets/img/marketconnect/xovinow/screenshots/rankings.png HTTP/1.1" 200 373745 "-" "WordPress/6.9.1; https://serveredgehosting.com"
159.198.75.45 - - [06/Mar/2026:16:31:06 +0000] "GET /whmcs/assets/img/marketconnect/nordvpn/logomarks-forbes.png HTTP/1.1" 200 3981 "-" "WordPress/6.9.1; https://serveredgehosting.com"
159.198.75.45 - - [06/Mar/2026:16:31:06 +0000] "GET /whmcs/assets/img/marketconnect/xovinow/screenshots/keyword_research_keywords.png HTTP/1.1" 200 412296 "-" "WordPress/6.9.1; https://serveredgehosting.com"
216.73.216.14 - - [06/Mar/2026:16:31:05 +0000] "GET /whmcs-bridge/?ajax=1&ccce=js&js=assets%2Fimg%2Fmarketconnect%2Fnordvpn%2Flogomarks-forbes.png HTTP/1.1" 200 3323 "-" "Mozilla/5.0 AppleWebKit/537.36 (KHTML, like Gecko; compatible; ClaudeBot/1.0; +claudebot@anthropic.com)"
159.198.75.45 - - [06/Mar/2026:16:31:06 +0000] "GET /whmcs/assets/img/marketconnect/nordvpn/logomarks-huffpost.png HTTP/1.1" 200 4776 "-" "WordPress/6.9.1; https://serveredgehosting.com"
159.198.75.45 - - [06/Mar/2026:16:31:06 +0000] "GET /whmcs/assets/img/marketconnect/nordvpn/icons-available-black.png HTTP/1.1" 200 13052 "-" "WordPress/6.9.1; https://serveredgehosting.com"
159.198.75.45 - - [06/Mar/2026:16:31:06 +0000] "GET /whmcs/assets/img/marketconnect/nordvpn/vpn-nord.png HTTP/1.1" 200 4925 "-" "WordPress/6.9.1; https://serveredgehosting.com"
216.73.216.14 - - [06/Mar/2026:16:31:05 +0000] "GET /whmcs-bridge/?ajax=1&ccce=js&js=assets%2Fimg%2Fmarketconnect%2Fnordvpn%2Flogomarks-huffpost.png HTTP/1.1" 200 4104 "-" "Mozilla/5.0 AppleWebKit/537.36 (KHTML, like Gecko; compatible; ClaudeBot/1.0; +claudebot@anthropic.com)"
216.73.216.14 - - [06/Mar/2026:16:31:05 +0000] "GET /whmcs-bridge/?ajax=1&ccce=js&js=assets%2Fimg%2Fmarketconnect%2Fnordvpn%2Ficons-available-black.png HTTP/1.1" 200 12982 "-" "Mozilla/5.0 AppleWebKit/537.36 (KHTML, like Gecko; compatible; ClaudeBot/1.0; +claudebot@anthropic.com)"
216.73.216.14 - - [06/Mar/2026:16:31:05 +0000] "GET /whmcs-bridge/?ajax=1&ccce=js&js=assets%2Fimg%2Fmarketconnect%2Fnordvpn%2Fvpn-nord.png HTTP/1.1" 200 4948 "-" "Mozilla/5.0 AppleWebKit/537.36 (KHTML, like Gecko; compatible; ClaudeBot/1.0; +claudebot@anthropic.com)"
159.198.75.45 - - [06/Mar/2026:16:31:06 +0000] "GET /whmcs/assets/img/marketconnect/nordvpn/img-protection.png HTTP/1.1" 200 53412 "-" "WordPress/6.9.1; https://serveredgehosting.com"
216.73.216.14 - - [06/Mar/2026:16:31:05 +0000] "GET /whmcs-bridge/?ajax=1&ccce=js&js=assets%2Fimg%2Fmarketconnect%2Fnordvpn%2Fimg-protection.png HTTP/1.1" 200 53277 "-" "Mozilla/5.0 AppleWebKit/537.36 (KHTML, like Gecko; compatible; ClaudeBot/1.0; +claudebot@anthropic.com)"
216.73.216.14 - - [06/Mar/2026:16:31:05 +0000] "GET /whmcs-bridge/?ajax=1&ccce=js&js=assets%2Fimg%2Fmarketconnect%2Fnordvpn%2Fimg-world.png HTTP/1.1" 200 113742 "-" "Mozilla/5.0 AppleWebKit/537.36 (KHTML, like Gecko; compatible; ClaudeBot/1.0; +claudebot@anthropic.com)"
216.73.216.14 - - [06/Mar/2026:16:31:05 +0000] "GET /whmcs-bridge/?ajax=1&ccce=js&js=assets%2Fimg%2Fmarketconnect%2Fnordvpn%2Fimg-girl.png HTTP/1.1" 200 139952 "-" "Mozilla/5.0 AppleWebKit/537.36 (KHTML, like Gecko; compatible; ClaudeBot/1.0; +claudebot@anthropic.com)"
216.73.216.14 - - [06/Mar/2026:16:31:06 +0000] "GET /whmcs-bridge/?ajax=1&ccce=js&js=assets%2Fimg%2Fmarketconnect%2Fxovinow%2Fscreenshots%2Frankings.png HTTP/1.1" 200 348272 "-" "Mozilla/5.0 AppleWebKit/537.36 (KHTML, like Gecko; compatible; ClaudeBot/1.0; +claudebot@anthropic.com)"
216.73.216.14 - - [06/Mar/2026:16:31:05 +0000] "GET /whmcs-bridge/?ajax=1&ccce=js&js=assets%2Fimg%2Fmarketconnect%2Fxovinow%2Fscreenshots%2Fkeyword_research_keywords.png HTTP/1.1" 200 399128 "-" "Mozilla/5.0 AppleWebKit/537.36 (KHTML, like Gecko; compatible; ClaudeBot/1.0; +claudebot@anthropic.com)"
216.73.216.14 - - [06/Mar/2026:16:31:05 +0000] "GET /whmcs-bridge/?ajax=1&ccce=js&js=assets%2Fimg%2Fmarketconnect%2Fxovinow%2Fscreenshots%2Ftracked_keywords.png HTTP/1.1" 200 434694 "-" "Mozilla/5.0 AppleWebKit/537.36 (KHTML, like Gecko; compatible; ClaudeBot/1.0; +claudebot@anthropic.com)"
159.198.75.45 - - [06/Mar/2026:16:31:06 +0000] "GET /whmcs/assets/img/marketconnect/nordvpn/logomarks-tedx.png HTTP/1.1" 200 3419 "-" "WordPress/6.9.1; https://serveredgehosting.com"
216.73.216.14 - - [06/Mar/2026:16:31:06 +0000] "GET /whmcs-bridge/?ajax=1&ccce=js&js=assets%2Fimg%2Fmarketconnect%2Fnordvpn%2Flogomarks-tedx.png HTTP/1.1" 200 2753 "-" "Mozilla/5.0 AppleWebKit/537.36 (KHTML, like Gecko; compatible; ClaudeBot/1.0; +claudebot@anthropic.com)"
159.198.75.45 - - [06/Mar/2026:16:31:06 +0000] "GET /whmcs/assets/img/marketconnect/nordvpn/tick-yes.png HTTP/1.1" 200 3076 "-" "WordPress/6.9.1; https://serveredgehosting.com"
216.73.216.14 - - [06/Mar/2026:16:31:06 +0000] "GET /whmcs-bridge/?ajax=1&ccce=js&js=assets%2Fimg%2Fmarketconnect%2Fnordvpn%2Ftick-yes.png HTTP/1.1" 200 3099 "-" "Mozilla/5.0 AppleWebKit/537.36 (KHTML, like Gecko; compatible; ClaudeBot/1.0; +claudebot@anthropic.com)"
159.198.75.45 - - [06/Mar/2026:16:31:06 +0000] "GET /whmcs/assets/img/marketconnect/nordvpn/icon-property.png HTTP/1.1" 200 4356 "-" "WordPress/6.9.1; https://serveredgehosting.com"
216.73.216.14 - - [06/Mar/2026:16:31:06 +0000] "GET /whmcs-bridge/?ajax=1&ccce=js&js=assets%2Fimg%2Fmarketconnect%2Fnordvpn%2Ficon-property.png HTTP/1.1" 200 4379 "-" "Mozilla/5.0 AppleWebKit/537.36 (KHTML, like Gecko; compatible; ClaudeBot/1.0; +claudebot@anthropic.com)"
159.198.75.45 - - [06/Mar/2026:16:31:06 +0000] "GET /whmcs/assets/img/marketconnect/xovinow/logo-inverse.png HTTP/1.1" 200 10802 "-" "WordPress/6.9.1; https://serveredgehosting.com"
216.73.216.14 - - [06/Mar/2026:16:31:06 +0000] "GET /whmcs-bridge/?ajax=1&ccce=js&js=assets%2Fimg%2Fmarketconnect%2Fxovinow%2Flogo-inverse.png HTTP/1.1" 200 9893 "-" "Mozilla/5.0 AppleWebKit/537.36 (KHTML, like Gecko; compatible; ClaudeBot/1.0; +claudebot@anthropic.com)"
159.198.75.45 - - [06/Mar/2026:16:31:06 +0000] "GET /whmcs/assets/img/marketconnect/nordvpn/vpn-pure.png HTTP/1.1" 200 7100 "-" "WordPress/6.9.1; https://serveredgehosting.com"
216.73.216.14 - - [06/Mar/2026:16:31:06 +0000] "GET /whmcs-bridge/?ajax=1&ccce=js&js=assets%2Fimg%2Fmarketconnect%2Fnordvpn%2Fvpn-pure.png HTTP/1.1" 200 7123 "-" "Mozilla/5.0 AppleWebKit/537.36 (KHTML, like Gecko; compatible; ClaudeBot/1.0; +claudebot@anthropic.com)"
159.198.75.45 - - [06/Mar/2026:16:31:06 +0000] "GET /whmcs/assets/img/marketconnect/nordvpn/img-app.png HTTP/1.1" 200 313993 "-" "WordPress/6.9.1; https://serveredgehosting.com"
216.73.216.14 - - [06/Mar/2026:16:31:06 +0000] "GET /whmcs-bridge/?ajax=1&ccce=js&js=assets%2Fimg%2Fmarketconnect%2Fnordvpn%2Fimg-app.png HTTP/1.1" 200 313548 "-" "Mozilla/5.0 AppleWebKit/537.36 (KHTML, like Gecko; compatible; ClaudeBot/1.0; +claudebot@anthropic.com)"
159.198.75.45 - - [06/Mar/2026:16:31:06 +0000] "GET /whmcs/assets/img/marketconnect/nordvpn/logomarks-wired.png HTTP/1.1" 200 3590 "-" "WordPress/6.9.1; https://serveredgehosting.com"
216.73.216.14 - - [06/Mar/2026:16:31:06 +0000] "GET /whmcs-bridge/?ajax=1&ccce=js&js=assets%2Fimg%2Fmarketconnect%2Fnordvpn%2Flogomarks-wired.png HTTP/1.1" 200 2910 "-" "Mozilla/5.0 AppleWebKit/537.36 (KHTML, like Gecko; compatible; ClaudeBot/1.0; +claudebot@anthropic.com)"
159.198.75.45 - - [06/Mar/2026:16:31:07 +0000] "GET /whmcs/assets/img/marketconnect/nordvpn/img-safe.png HTTP/1.1" 200 49475 "-" "WordPress/6.9.1; https://serveredgehosting.com"
216.73.216.14 - - [06/Mar/2026:16:31:06 +0000] "GET /whmcs-bridge/?ajax=1&ccce=js&js=assets%2Fimg%2Fmarketconnect%2Fnordvpn%2Fimg-safe.png HTTP/1.1" 200 49429 "-" "Mozilla/5.0 AppleWebKit/537.36 (KHTML, like Gecko; compatible; ClaudeBot/1.0; +claudebot@anthropic.com)"
159.198.75.45 - - [06/Mar/2026:16:31:07 +0000] "GET /whmcs/assets/img/marketconnect/nordvpn/tick-no.png HTTP/1.1" 200 3068 "-" "WordPress/6.9.1; https://serveredgehosting.com"
216.73.216.14 - - [06/Mar/2026:16:31:07 +0000] "GET /whmcs-bridge/?ajax=1&ccce=js&js=assets%2Fimg%2Fmarketconnect%2Fnordvpn%2Ftick-no.png HTTP/1.1" 200 3091 "-" "Mozilla/5.0 AppleWebKit/537.36 (KHTML, like Gecko; compatible; ClaudeBot/1.0; +claudebot@anthropic.com)"
159.198.75.45 - - [06/Mar/2026:16:31:07 +0000] "GET /whmcs/assets/img/marketconnect/nordvpn/vpn-proton.png HTTP/1.1" 200 7666 "-" "WordPress/6.9.1; https://serveredgehosting.com"
216.73.216.14 - - [06/Mar/2026:16:31:07 +0000] "GET /whmcs-bridge/?ajax=1&ccce=js&js=assets%2Fimg%2Fmarketconnect%2Fnordvpn%2Fvpn-proton.png HTTP/1.1" 200 7689 "-" "Mozilla/5.0 AppleWebKit/537.36 (KHTML, like Gecko; compatible; ClaudeBot/1.0; +claudebot@anthropic.com)"
159.198.75.45 - - [06/Mar/2026:16:31:07 +0000] "GET /whmcs/assets/img/marketconnect/nordvpn/logomarks-bbc.png HTTP/1.1" 200 3526 "-" "WordPress/6.9.1; https://serveredgehosting.com"
216.73.216.14 - - [06/Mar/2026:16:31:07 +0000] "GET /whmcs-bridge/?ajax=1&ccce=js&js=assets%2Fimg%2Fmarketconnect%2Fnordvpn%2Flogomarks-bbc.png HTTP/1.1" 200 2862 "-" "Mozilla/5.0 AppleWebKit/537.36 (KHTML, like Gecko; compatible; ClaudeBot/1.0; +claudebot@anthropic.com)"
159.198.75.45 - - [06/Mar/2026:16:31:07 +0000] "GET /whmcs/assets/img/marketconnect/nordvpn/icon-global.png HTTP/1.1" 200 6094 "-" "WordPress/6.9.1; https://serveredgehosting.com"
216.73.216.14 - - [06/Mar/2026:16:31:07 +0000] "GET /whmcs-bridge/?ajax=1&ccce=js&js=assets%2Fimg%2Fmarketconnect%2Fnordvpn%2Ficon-global.png HTTP/1.1" 200 6117 "-" "Mozilla/5.0 AppleWebKit/537.36 (KHTML, like Gecko; compatible; ClaudeBot/1.0; +claudebot@anthropic.com)"
159.198.75.45 - - [06/Mar/2026:16:31:07 +0000] "GET /whmcs/assets/img/marketconnect/nordvpn/icon-video.png HTTP/1.1" 200 4143 "-" "WordPress/6.9.1; https://serveredgehosting.com"
216.73.216.14 - - [06/Mar/2026:16:31:07 +0000] "GET /whmcs-bridge/?ajax=1&ccce=js&js=assets%2Fimg%2Fmarketconnect%2Fnordvpn%2Ficon-video.png HTTP/1.1" 200 4153 "-" "Mozilla/5.0 AppleWebKit/537.36 (KHTML, like Gecko; compatible; ClaudeBot/1.0; +claudebot@anthropic.com)"
159.198.75.45 - - [06/Mar/2026:16:31:07 +0000] "GET /whmcs/assets/img/marketconnect/ox/icon-dark-productivity.png HTTP/1.1" 200 4509 "-" "WordPress/6.9.1; https://serveredgehosting.com"
216.73.216.14 - - [06/Mar/2026:16:31:07 +0000] "GET /whmcs-bridge/?ajax=1&ccce=js&js=assets%2Fimg%2Fmarketconnect%2Fox%2Ficon-dark-productivity.png HTTP/1.1" 200 4247 "-" "Mozilla/5.0 AppleWebKit/537.36 (KHTML, like Gecko; compatible; ClaudeBot/1.0; +claudebot@anthropic.com)"
142.44.225.83 - - [06/Mar/2026:16:33:16 +0000] "GET /portfolio-3-columns/ HTTP/1.1" 200 15719 "-" "Mozilla/5.0 (compatible; AhrefsBot/7.0; +http://ahrefs.com/robot/)"
98.89.254.180 - - [06/Mar/2026:16:36:01 +0000] "GET /robots.txt HTTP/1.1" 200 90 "-" "Mozilla/5.0 (Macintosh; Intel Mac OS X 10_10_1) AppleWebKit/600.2.5 (KHTML, like Gecko) Version/8.0.2 Safari/600.2.5 (Gort)"
159.198.75.45 - - [06/Mar/2026:16:37:04 +0000] "GET /whmcs/modules/gateways/paypal_ppcpv/logo-icon.png HTTP/1.1" 200 31023 "-" "WordPress/6.9.1; https://serveredgehosting.com"
216.73.216.14 - - [06/Mar/2026:16:37:02 +0000] "GET /whmcs-bridge/?ajax=1&ccce=js&js=modules%2Fgateways%2Fpaypal_ppcpv%2Flogo-icon.png HTTP/1.1" 200 22160 "-" "Mozilla/5.0 AppleWebKit/537.36 (KHTML, like Gecko; compatible; ClaudeBot/1.0; +claudebot@anthropic.com)"
54.39.0.90 - - [06/Mar/2026:16:37:49 +0000] "GET /portfolio/ HTTP/1.1" 200 15814 "-" "Mozilla/5.0 (compatible; AhrefsBot/7.0; +http://ahrefs.com/robot/)"
159.198.75.45 - - [06/Mar/2026:16:40:43 +0000] "GET /whmcs/index.php?systpl=five HTTP/1.1" 200 4806 "-" "WordPress/6.9.1; https://serveredgehosting.com"
57.141.2.3 - - [06/Mar/2026:16:40:41 +0000] "GET /tag/logo-design/ HTTP/1.1" 200 73304 "-" "meta-externalagent/1.1 (+https://developers.facebook.com/docs/sharing/webmasters/crawler)"
54.39.0.246 - - [06/Mar/2026:16:41:22 +0000] "GET /services-2/ HTTP/1.1" 200 17141 "-" "Mozilla/5.0 (compatible; AhrefsBot/7.0; +http://ahrefs.com/robot/)"
45.131.195.32 - - [06/Mar/2026:16:42:05 +0000] "POST /wp-login.php HTTP/1.1" 200 7372 "-" "Mozilla/5.0"
66.249.69.67 - - [06/Mar/2026:16:43:13 +0000] "GET /detail/9979796 HTTP/1.1" 404 15330 "-" "Mozilla/5.0 (Linux; Android 6.0.1; Nexus 5X Build/MMB29P) AppleWebKit/537.36 (KHTML, like Gecko) Chrome/144.0.7559.132 Mobile Safari/537.36 (compatible; Googlebot/2.1; +http://www.google.com/bot.html)"
159.198.75.45 - - [06/Mar/2026:16:43:43 +0000] "GET /whmcs/index.php?language=croatian&rp=%2Fstore%2Fssl-certificates%2Fgo%2Fwildcard&systpl=five HTTP/1.1" 200 6077 "-" "WordPress/6.9.1; https://serveredgehosting.com"
14.171.78.42 - - [06/Mar/2026:16:43:43 +0000] "GET /whmcs-bridge/?ccce=index&language=croatian&rp=%2Fstore%2Fssl-certificates%2Fgo%2Fwildcard&systpl=five HTTP/1.1" 200 36554 "-" "Mozilla/5.0 (Macintosh; Intel Mac OS X 11_2_3) AppleWebKit/537.36 (KHTML, like Gecko) Chrome/89.0.4389.90 Safari/537.36"
148.113.130.78 - - [06/Mar/2026:16:45:09 +0000] "GET /whmcs/cart.php?a=view&language=azerbaijani HTTP/1.1" 200 10314 "-" "Mozilla/5.0 (compatible; AhrefsBot/7.0; +http://ahrefs.com/robot/)"
52.21.62.139 - - [06/Mar/2026:16:47:01 +0000] "GET /contact-us/ HTTP/1.1" 200 15395 "-" "Mozilla/5.0 AppleWebKit/537.36 (KHTML, like Gecko; compatible; Amazonbot/0.1; +https://developer.amazon.com/support/amazonbot) Chrome/119.0.6045.214 Safari/537.36"
54.39.203.52 - - [06/Mar/2026:16:48:58 +0000] "GET /whmcs/index.php?rp=%2Fstore%2Fshare%2Fshared-hosting&domainselect=1&language=estonian HTTP/1.1" 200 9069 "-" "Mozilla/5.0 (compatible; AhrefsBot/7.0; +http://ahrefs.com/robot/)"
52.70.138.176 - - [06/Mar/2026:16:51:41 +0000] "GET /wp-login.php?checkemail=registered HTTP/1.1" 200 966 "-" "Mozilla/5.0 AppleWebKit/537.36 (KHTML, like Gecko; compatible; Amazonbot/0.1; +https://developer.amazon.com/support/amazonbot) Chrome/119.0.6045.214 Safari/537.36"
100.28.44.58 - - [06/Mar/2026:16:51:49 +0000] "GET /whmcs/?language=arabic HTTP/1.1" 200 5193 "-" "Mozilla/5.0 AppleWebKit/537.36 (KHTML, like Gecko; compatible; Amazonbot/0.1; +https://developer.amazon.com/support/amazonbot) Chrome/119.0.6045.214 Safari/537.36"
148.113.130.204 - - [06/Mar/2026:16:53:15 +0000] "GET /about/ HTTP/1.1" 200 17779 "-" "Mozilla/5.0 (compatible; AhrefsBot/7.0; +http://ahrefs.com/robot/)"
51.222.168.113 - - [06/Mar/2026:16:57:38 +0000] "GET /whmcs/cart.php?a=view&language=swedish HTTP/1.1" 200 10259 "-" "Mozilla/5.0 (compatible; AhrefsBot/7.0; +http://ahrefs.com/robot/)"
159.198.75.45 - - [06/Mar/2026:17:01:38 +0000] "POST /wp-cron.php?doing_wp_cron=1772816498.0295879840850830078125 HTTP/1.1" 200 - "-" "WordPress/6.9.1; https://serveredgehosting.com"
142.44.225.83 - - [06/Mar/2026:17:01:36 +0000] "GET /checkout-2/ HTTP/1.1" 200 15373 "-" "Mozilla/5.0 (compatible; AhrefsBot/7.0; +http://ahrefs.com/robot/)"
188.255.196.143 - - [06/Mar/2026:17:02:57 +0000] "GET /pkey.sql HTTP/1.1" 404 68754 "-" "Mozilla/5.0 (iPhone; CPU iPhone OS 18_0 like Mac OS X) AppleWebKit/605.1.15 (KHTML, like Gecko) Version/18.0 Mobile/15E148 Safari/604.1"
45.131.195.8 - - [06/Mar/2026:17:04:19 +0000] "POST /wp-login.php HTTP/1.1" 200 7372 "-" "Mozilla/5.0"
142.44.220.59 - - [06/Mar/2026:17:04:55 +0000] "GET /whmcs/index.php?rp=%2Fstore%2Fshare%2Fshared-hosting&domainselect=1&language=english HTTP/1.1" 200 8730 "-" "Mozilla/5.0 (compatible; AhrefsBot/7.0; +http://ahrefs.com/robot/)"
103.158.239.112 - - [06/Mar/2026:17:05:38 +0000] "GET /contact-us/ HTTP/1.1" 200 15395 "-" "Mozilla/5.0 (Windows NT 10.0; WOW64; x64) AppleWebKit/537.36 (KHTML, like Gecko) Chrome/114.0.0.0 Safari/537.36 OPR/89.0.4447.51"
103.158.239.112 - - [06/Mar/2026:17:05:41 +0000] "POST /wp-content/plugins/the_maxhost_extensions/modules/contact-form.php HTTP/1.1" 200 88 "https://serveredgehosting.com/contact-us/" "Mozilla/5.0 (Windows NT 10.0; WOW64; x64) AppleWebKit/537.36 (KHTML, like Gecko) Chrome/114.0.0.0 Safari/537.36 OPR/89.0.4447.51"
54.39.0.155 - - [06/Mar/2026:17:09:58 +0000] "GET /whmcs/index.php?rp=%2Fstore%2Fshare&language=english HTTP/1.1" 200 5361 "-" "Mozilla/5.0 (compatible; AhrefsBot/7.0; +http://ahrefs.com/robot/)"
113.165.35.106 - - [06/Mar/2026:17:10:44 +0000] "GET /whmcs/index.php?language=hungarian&rp=%2Fpassword%2Freset HTTP/1.1" 200 4134 "-" "Mozilla/5.0 (Windows NT 6.1; Win64; x64) AppleWebKit/537.36 (KHTML, like Gecko) Chrome/70.0.3538.102 Safari/537.36"
51.161.37.131 - - [06/Mar/2026:17:15:39 +0000] "GET /sitemap.xml HTTP/1.1" 301 - "-" "Mozilla/5.0 (compatible; AhrefsBot/7.0; +http://ahrefs.com/robot/)"
51.161.37.131 - - [06/Mar/2026:17:15:41 +0000] "GET /wp-sitemap.xml HTTP/1.1" 200 248 "-" "Mozilla/5.0 (compatible; AhrefsBot/7.0; +http://ahrefs.com/robot/)"
54.39.0.118 - - [06/Mar/2026:17:15:44 +0000] "GET /wp-sitemap-posts-post-1.xml HTTP/1.1" 200 428 "-" "Mozilla/5.0 (compatible; AhrefsBot/7.0; +http://ahrefs.com/robot/)"
15.235.98.115 - - [06/Mar/2026:17:15:48 +0000] "GET /wp-sitemap-posts-page-1.xml HTTP/1.1" 200 1068 "-" "Mozilla/5.0 (compatible; AhrefsBot/7.0; +http://ahrefs.com/robot/)"
54.39.89.97 - - [06/Mar/2026:17:15:52 +0000] "GET /wp-sitemap-posts-maxhost_mega_menu-1.xml HTTP/1.1" 200 273 "-" "Mozilla/5.0 (compatible; AhrefsBot/7.0; +http://ahrefs.com/robot/)"
51.161.37.28 - - [06/Mar/2026:17:15:56 +0000] "GET /wp-sitemap-taxonomies-category-1.xml HTTP/1.1" 200 239 "-" "Mozilla/5.0 (compatible; AhrefsBot/7.0; +http://ahrefs.com/robot/)"
51.161.37.161 - - [06/Mar/2026:17:16:00 +0000] "GET /wp-sitemap-taxonomies-post_tag-1.xml HTTP/1.1" 200 249 "-" "Mozilla/5.0 (compatible; AhrefsBot/7.0; +http://ahrefs.com/robot/)"
15.235.27.213 - - [06/Mar/2026:17:16:03 +0000] "GET /wp-sitemap-users-1.xml HTTP/1.1" 200 191 "-" "Mozilla/5.0 (compatible; AhrefsBot/7.0; +http://ahrefs.com/robot/)"
185.191.171.7 - - [06/Mar/2026:17:18:05 +0000] "GET /robots.txt HTTP/1.1" 200 90 "-" "Mozilla/5.0 (compatible; SemrushBot/7~bl; +http://www.semrush.com/bot.html)"
185.191.171.4 - - [06/Mar/2026:17:18:09 +0000] "GET /whmcs/index.php?language=farsi&rp=%2Fannouncements%2Fview%2F2024-11 HTTP/1.1" 200 5237 "-" "Mozilla/5.0 (compatible; SemrushBot/7~bl; +http://www.semrush.com/bot.html)"
47.82.13.25 - - [06/Mar/2026:17:22:44 +0000] "GET /whmcs/index.php?language=croatian&rp=%2Fstore%2Fssl-certificates%2Fgo%2Fev HTTP/1.1" 200 6243 "-" "Mozilla/5.0 (Macintosh; Intel Mac OS X 10_15_7) AppleWebKit/537.36 (KHTML, like Gecko) Chrome/146.0.0.0 Safari/537.36"
159.198.75.45 - - [06/Mar/2026:17:23:47 +0000] "GET /whmcs/index.php?language=croatian&rp=%2Fstore%2F360monitoring&systpl=five HTTP/1.1" 200 17745 "-" "WordPress/6.9.1; https://serveredgehosting.com"
14.171.137.168 - - [06/Mar/2026:17:23:46 +0000] "GET /whmcs-bridge/?ccce=index&language=croatian&rp=%2Fstore%2F360monitoring&systpl=five HTTP/1.1" 200 84088 "-" "Mozilla/5.0 (Windows NT 10.0; Win64; x64) AppleWebKit/537.36 (KHTML, like Gecko) Chrome/72.0.3626.121 Safari/537.36"
45.131.195.21 - - [06/Mar/2026:17:26:36 +0000] "POST /wp-login.php HTTP/1.1" 200 7372 "-" "Mozilla/5.0"
159.198.75.45 - - [06/Mar/2026:17:31:53 +0000] "GET /whmcs/index.php?language=catalan&rp=%2Fstore%2Fprofessional-email&systpl=five HTTP/1.1" 200 7172 "-" "WordPress/6.9.1; https://serveredgehosting.com"
103.135.77.253 - - [06/Mar/2026:17:31:52 +0000] "GET /whmcs-bridge/?ccce=index&language=catalan&rp=%2Fstore%2Fprofessional-email&systpl=five HTTP/1.1" 200 41179 "-" "Mozilla/5.0 (Macintosh; Intel Mac OS X 10_10_5) AppleWebKit/537.36 (KHTML, like Gecko) Chrome/87.0.4280.88 Safari/537.36"
47.82.15.113 - - [06/Mar/2026:17:34:44 +0000] "GET /whmcs/index.php?language=russian&rp=%2Fstore%2Fprofessional-email HTTP/1.1" 200 8278 "-" "Mozilla/5.0 (Windows NT 10.0; Win64; x64) AppleWebKit/537.36 (KHTML, like Gecko) Chrome/145.0.0.0 Safari/537.36"
47.82.14.162 - - [06/Mar/2026:17:36:36 +0000] "GET /whmcs/index.php?language=spanish&rp=%2Fstore%2Fprofessional-email HTTP/1.1" 200 7114 "-" "Mozilla/5.0 (Macintosh; Intel Mac OS X 10_15_7) AppleWebKit/537.36 (KHTML, like Gecko) Chrome/147.0.0.0 Safari/537.36"
188.255.196.143 - - [06/Mar/2026:17:40:15 +0000] "GET /public_html.sql HTTP/1.1" 404 68754 "-" "Mozilla/5.0 (X11; Linux x86_64) AppleWebKit/537.36 (KHTML, like Gecko) Chrome/107.0.0.0 Safari/537.36"
205.185.117.70 - - [06/Mar/2026:17:47:23 +0000] "GET /wp-login.php HTTP/1.1" 200 7134 "-" "Mozilla/5.0 (iPhone; CPU iPhone OS 7_0_4 like Mac OS X) AppleWebKit/537.51.1 (KHTML, like Gecko) Version/7.0 Mobile/11B554a Safari/9537.53"
205.185.117.70 - - [06/Mar/2026:17:47:24 +0000] "POST /wp-login.php HTTP/1.1" 200 7390 "-" "Mozilla/5.0 (iPhone; CPU iPhone OS 7_0_4 like Mac OS X) AppleWebKit/537.51.1 (KHTML, like Gecko) Version/7.0 Mobile/11B554a Safari/9537.53"
54.39.6.240 - - [06/Mar/2026:17:47:51 +0000] "GET /whmcs/index.php?rp=%2Fstore%2Fshare&language=portuguese-br HTTP/1.1" 200 5573 "-" "Mozilla/5.0 (compatible; AhrefsBot/7.0; +http://ahrefs.com/robot/)"
47.82.13.239 - - [06/Mar/2026:17:48:58 +0000] "GET /whmcs/index.php?language=hebrew&rp=%2Fannouncements%2F1%2FThank-you-for-choosing-WHMCS.html HTTP/1.1" 200 5247 "-" "Mozilla/5.0 (Windows NT 10.0; Win64; x64) AppleWebKit/537.36 (KHTML, like Gecko) Chrome/147.0.0.0 Safari/537.36"
45.131.195.4 - - [06/Mar/2026:17:49:04 +0000] "POST /wp-login.php HTTP/1.1" 200 7372 "-" "Mozilla/5.0"
216.75.132.159 - - [06/Mar/2026:17:51:28 +0000] "GET /wp-json/wp/v2/pages/1135 HTTP/1.1" 200 5975 "-" "Mozilla/5.0 (Macintosh; Intel Mac OS X 10_15_7) AppleWebKit/537.36 (KHTML, like Gecko) Chrome/135.0.0.0 Safari/537.36"
47.79.51.42 - - [06/Mar/2026:17:52:44 +0000] "GET /whmcs/index.php?language=spanish&rp=%2Fstore%2Fssl-certificates%2Fgo%2Fdv HTTP/1.1" 200 5938 "-" "Mozilla/5.0 (Windows NT 10.0; Win64; x64) AppleWebKit/537.36 (KHTML, like Gecko) Chrome/143.0.0.0 Safari/537.36"
159.198.75.45 - - [06/Mar/2026:17:56:45 +0000] "GET /whmcs/index.php?rp=%2Fstore&systpl=five HTTP/1.1" 302 - "-" "WordPress/6.9.1; https://serveredgehosting.com"
159.198.75.45 - - [06/Mar/2026:17:56:45 +0000] "GET /whmcs/index.php?rp=/store/share&systpl=five HTTP/1.1" 200 5370 "-" "WordPress/6.9.1; https://serveredgehosting.com"
159.198.75.45 - - [06/Mar/2026:17:56:46 +0000] "POST /wp-cron.php?doing_wp_cron=1772819806.1193370819091796875000 HTTP/1.1" 200 - "-" "WordPress/6.9.1; https://serveredgehosting.com"
123.25.251.0 - - [06/Mar/2026:17:56:44 +0000] "GET /whmcs-bridge/?ccce=index&rp=%2Fstore HTTP/1.1" 200 33705 "-" "Mozilla/5.0 (Macintosh; Intel Mac OS X 10_15_7) AppleWebKit/537.36 (KHTML, like Gecko) Chrome/94.0.4606.61 Safari/537.36"
136.144.35.162 - - [06/Mar/2026:17:56:54 +0000] "GET /wp-login.php HTTP/1.1" 200 2109 "-" "Mozilla/5.0"
136.144.35.162 - - [06/Mar/2026:17:56:54 +0000] "GET /?author=1 HTTP/1.1" 301 - "-" "Mozilla/5.0"
136.144.35.162 - - [06/Mar/2026:17:56:54 +0000] "GET /?rest_route=/wp/v2/users HTTP/1.1" 200 364 "-" "Mozilla/5.0"
159.198.75.45 - - [06/Mar/2026:17:56:55 +0000] "GET /whmcs/index.php?author=2&systpl=five HTTP/1.1" 200 4812 "-" "WordPress/6.9.1; https://serveredgehosting.com"
136.144.35.162 - - [06/Mar/2026:17:56:55 +0000] "GET /?author=2 HTTP/1.1" 200 15856 "-" "Mozilla/5.0"
136.144.35.162 - - [06/Mar/2026:17:56:55 +0000] "GET /?rest_route=/wp/v2/users HTTP/1.1" 200 364 "-" "Mozilla/5.0"
209.141.54.4 - - [06/Mar/2026:17:57:41 +0000] "GET /wp-login.php HTTP/1.1" 200 7134 "-" "Mozilla/5.0 (Windows NT 10.0; Win64; x64)"
209.141.54.4 - - [06/Mar/2026:17:57:42 +0000] "POST /wp-login.php HTTP/1.1" 200 7390 "-" "Mozilla/5.0 (Windows NT 10.0; Win64; x64)"
14.180.160.103 - - [06/Mar/2026:18:01:01 +0000] "GET /whmcs/index.php?language=swedish&rp=%2Flogin HTTP/1.1" 200 4143 "-" "Mozilla/5.0 (Windows NT 6.3; Win64; x64) AppleWebKit/537.36 (KHTML, like Gecko) Chrome/83.0.4103.97 Safari/537.36"
159.198.75.45 - - [06/Mar/2026:18:02:53 +0000] "GET /whmcs/cart.php?a=view&language=portuguese-pt&systpl=five HTTP/1.1" 200 10251 "-" "WordPress/6.9.1; https://serveredgehosting.com"
14.185.109.205 - - [06/Mar/2026:18:02:51 +0000] "GET /whmcs-bridge/?a=view&ccce=cart&language=portuguese-pt&systpl=five HTTP/1.1" 200 54259 "-" "Mozilla/5.0 (Macintosh; Intel Mac OS X 10_15_7) AppleWebKit/537.36 (KHTML, like Gecko) Chrome/103.0.0.0 Safari/537.36"
216.73.216.14 - - [06/Mar/2026:18:06:37 +0000] "GET /robots.txt HTTP/1.1" 200 90 "-" "Mozilla/5.0 AppleWebKit/537.36 (KHTML, like Gecko; compatible; ClaudeBot/1.0; +claudebot@anthropic.com)"
216.73.216.14 - - [06/Mar/2026:18:06:37 +0000] "GET /sitemap.xml HTTP/1.1" 301 - "-" "Mozilla/5.0 AppleWebKit/537.36 (KHTML, like Gecko; compatible; ClaudeBot/1.0; +claudebot@anthropic.com)"
216.73.216.14 - - [06/Mar/2026:18:06:38 +0000] "GET /wp-sitemap.xml HTTP/1.1" 200 248 "https://serveredgehosting.com/sitemap.xml" "Mozilla/5.0 AppleWebKit/537.36 (KHTML, like Gecko; compatible; ClaudeBot/1.0; +claudebot@anthropic.com)"
136.144.35.167 - - [06/Mar/2026:18:08:38 +0000] "POST /wp-login.php HTTP/1.1" 200 7372 "-" "Mozilla/5.0"
45.131.195.5 - - [06/Mar/2026:18:11:32 +0000] "POST /wp-login.php HTTP/1.1" 200 7372 "-" "Mozilla/5.0"
15.235.98.112 - - [06/Mar/2026:18:13:23 +0000] "GET /cms-hosting-joomla/ HTTP/1.1" 200 17291 "-" "Mozilla/5.0 (compatible; AhrefsBot/7.0; +http://ahrefs.com/robot/)"
188.255.196.81 - - [06/Mar/2026:18:17:42 +0000] "GET /public_html1.sql HTTP/1.1" 404 68754 "-" "Mozilla/5.0 (iPhone; CPU iPhone OS 17_0 like Mac OS X) AppleWebKit/605.1.15 (KHTML, like Gecko) Version/17.0 Mobile/15E148 Safari/604.1"
66.93.167.35 - - [06/Mar/2026:18:17:41 +0000] "GET /public_html1.sql HTTP/1.1" 404 68754 "-" "Mozilla/5.0 (Macintosh; Intel Mac OS X 12_7) AppleWebKit/605.1.15 (KHTML, like Gecko) Version/15.6.1 Safari/605.1.15"
113.168.94.62 - - [06/Mar/2026:18:22:38 +0000] "GET /whmcs/index.php?language=norwegian&rp=%2Fstore%2Fssl-certificates%2Fgo%2Fdv HTTP/1.1" 200 5865 "-" "Mozilla/5.0 (Windows NT 10.0; Win64; x64) AppleWebKit/537.36 (KHTML, like Gecko) Chrome/101.0.4951.67 Safari/537.36"
136.144.35.178 - - [06/Mar/2026:18:23:50 +0000] "POST /wp-login.php HTTP/1.1" 200 7372 "-" "Mozilla/5.0"
